Nov 06 22:16:05 user devstack@keystone.service[46282]: WARNING py.warnings [None req-77627d0f-cd53-4f4d-a5a0-7f19d218730a admin admin] /opt/stack/data/venv/lib/python3.10/site-packages/oslo_policy/policy.py:1130: UserWarning: Policy "identity:list_roles": "role:reader and system_scope:all" failed scope check. The token used to make the request was project scoped but the policy requires ['system'] scope. This behavior may change in the future where using the intended scope is required
Nov 06 22:16:05 user devstack@keystone.service[46282]: warnings.warn(msg)
Nov 06 22:16:05 user devstack@keystone.service[46282]:
Nov 06 22:16:05 user devstack@keystone.service[46282]: DEBUG keystone.common.rbac_enforcer.enforcer [None req-77627d0f-cd53-4f4d-a5a0-7f19d218730a admin admin] RBAC: Authorization granted {{(pid=46282) enforce_call /opt/stack/keystone/keystone/common/rbac_enforcer/enforcer.py:457}}
Nov 06 22:16:05 user devstack@keystone.service[46280]: DEBUG keystone.server.flask.request_processing.req_logging [None req-c19e369f-f362-424b-aa05-adb8432239a0 None None] REQUEST_METHOD: `GET` {{(pid=46280) log_request_info /opt/stack/keystone/keystone/server/flask/request_processing/req_logging.py:27}}
Nov 06 22:16:05 user devstack@keystone.service[46280]: DEBUG keystone.server.flask.request_processing.req_logging [None req-c19e369f-f362-424b-aa05-adb8432239a0 None None] SCRIPT_NAME: `/identity` {{(pid=46280) log_request_info /opt/stack/keystone/keystone/server/flask/request_processing/req_logging.py:28}}
Nov 06 22:16:05 user devstack@keystone.service[46280]: DEBUG keystone.server.flask.request_processing.req_logging [None req-c19e369f-f362-424b-aa05-adb8432239a0 None None] PATH_INFO: `/` {{(pid=46280) log_request_info /opt/stack/keystone/keystone/server/flask/request_processing/req_logging.py:29}}
Nov 06 22:16:05 user devstack@keystone.service[46280]: [pid: 46280|app: 0|req: 83/239] 10.0.0.210 () {54 vars in 921 bytes} [Mon Nov 6 22:16:05 2023] GET /identity => generated 269 bytes in 3 msecs (HTTP/1.1 300) 6 headers in 233 bytes (1 switches on core 0)
Nov 06 22:16:05 user devstack@keystone.service[46282]: [pid: 46282|app: 0|req: 78/240] 10.0.0.210 () {56 vars in 1127 bytes} [Mon Nov 6 22:16:05 2023] GET /identity/v3/roles?name=anotherrole => generated 332 bytes in 35 msecs (HTTP/1.1 200) 5 headers in 177 bytes (1 switches on core 0)
Nov 06 22:16:05 user devstack@keystone.service[46280]: DEBUG keystone.server.flask.request_processing.middleware.auth_context [None req-c19e369f-f362-424b-aa05-adb8432239a0 None None] Authenticating user token {{(pid=46280) process_request /opt/stack/data/venv/lib/python3.10/site-packages/keystonemiddleware/auth_token/__init__.py:406}}
Nov 06 22:16:05 user devstack@keystone.service[46282]: DEBUG keystone.server.flask.request_processing.middleware.auth_context [None req-77627d0f-cd53-4f4d-a5a0-7f19d218730a admin admin] Authenticating user token {{(pid=46282) process_request /opt/stack/data/venv/lib/python3.10/site-packages/keystonemiddleware/auth_token/__init__.py:406}}
Nov 06 22:16:05 user devstack@keystone.service[46280]: DEBUG keystone.server.flask.request_processing.middleware.auth_context [None req-c19e369f-f362-424b-aa05-adb8432239a0 None None] Validating token access rules against request {{(pid=46280) validate_allowed_request /opt/stack/data/venv/lib/python3.10/site-packages/keystonemiddleware/auth_token/__init__.py:544}}
Nov 06 22:16:05 user devstack@keystone.service[46282]: DEBUG keystone.server.flask.request_processing.middleware.auth_context [None req-77627d0f-cd53-4f4d-a5a0-7f19d218730a admin admin] Validating token access rules against request {{(pid=46282) validate_allowed_request /opt/stack/data/venv/lib/python3.10/site-packages/keystonemiddleware/auth_token/__init__.py:544}}
Nov 06 22:16:05 user devstack@keystone.service[46280]: DEBUG keystone.server.flask.request_processing.middleware.auth_context [None req-bd9fc6bc-7676-4a89-8267-ae9e829e044d admin admin] RBAC: auth_context: {'token': , 'domain_id': None, 'trust_id': None, 'trustor_id': None, 'trustee_id': None, 'domain_name': None, 'group_ids': [], 'user_id': 'dc93dcbc17284a0ab2f781a7cace9062', 'user_domain_id': 'default', 'system_scope': None, 'project_id': '2c67dd7782834ebda48ea084ff9298ea', 'project_domain_id': 'default', 'roles': ['reader', 'manager', 'member', 'admin'], 'is_admin_project': True, 'service_user_id': None, 'service_user_domain_id': None, 'service_project_id': None, 'service_project_domain_id': None, 'service_roles': []} {{(pid=46280) fill_context /opt/stack/keystone/keystone/server/flask/request_processing/middleware/auth_context.py:480}}
Nov 06 22:16:05 user devstack@keystone.service[46280]: DEBUG keystone.server.flask.request_processing.req_logging [None req-bd9fc6bc-7676-4a89-8267-ae9e829e044d admin admin] REQUEST_METHOD: `GET` {{(pid=46280) log_request_info /opt/stack/keystone/keystone/server/flask/request_processing/req_logging.py:27}}
Nov 06 22:16:05 user devstack@keystone.service[46280]: DEBUG keystone.server.flask.request_processing.req_logging [None req-bd9fc6bc-7676-4a89-8267-ae9e829e044d admin admin] SCRIPT_NAME: `/identity` {{(pid=46280) log_request_info /opt/stack/keystone/keystone/server/flask/request_processing/req_logging.py:28}}
Nov 06 22:16:05 user devstack@keystone.service[46280]: DEBUG keystone.server.flask.request_processing.req_logging [None req-bd9fc6bc-7676-4a89-8267-ae9e829e044d admin admin] PATH_INFO: `/v3/roles/admin` {{(pid=46280) log_request_info /opt/stack/keystone/keystone/server/flask/request_processing/req_logging.py:29}}
Nov 06 22:16:05 user devstack@keystone.service[46282]: DEBUG keystone.server.flask.request_processing.middleware.auth_context [None req-e6455e92-0922-4c76-8989-20e677aef64a admin admin] RBAC: auth_context: {'token': , 'domain_id': None, 'trust_id': None, 'trustor_id': None, 'trustee_id': None, 'domain_name': None, 'group_ids': [], 'user_id': 'dc93dcbc17284a0ab2f781a7cace9062', 'user_domain_id': 'default', 'system_scope': None, 'project_id': '2c67dd7782834ebda48ea084ff9298ea', 'project_domain_id': 'default', 'roles': ['reader', 'manager', 'member', 'admin'], 'is_admin_project': True, 'service_user_id': None, 'service_user_domain_id': None, 'service_project_id': None, 'service_project_domain_id': None, 'service_roles': []} {{(pid=46282) fill_context /opt/stack/keystone/keystone/server/flask/request_processing/middleware/auth_context.py:480}}
Nov 06 22:16:05 user devstack@keystone.service[46282]: DEBUG keystone.server.flask.request_processing.req_logging [None req-e6455e92-0922-4c76-8989-20e677aef64a admin admin] REQUEST_METHOD: `GET` {{(pid=46282) log_request_info /opt/stack/keystone/keystone/server/flask/request_processing/req_logging.py:27}}
Nov 06 22:16:05 user devstack@keystone.service[46282]: DEBUG keystone.server.flask.request_processing.req_logging [None req-e6455e92-0922-4c76-8989-20e677aef64a admin admin] SCRIPT_NAME: `/identity` {{(pid=46282) log_request_info /opt/stack/keystone/keystone/server/flask/request_processing/req_logging.py:28}}
Nov 06 22:16:05 user devstack@keystone.service[46282]: DEBUG keystone.server.flask.request_processing.req_logging [None req-e6455e92-0922-4c76-8989-20e677aef64a admin admin] PATH_INFO: `/v3/groups/3934488fbd104f708ef30027c288394f` {{(pid=46282) log_request_info /opt/stack/keystone/keystone/server/flask/request_processing/req_logging.py:29}}
Nov 06 22:16:05 user devstack@keystone.service[46281]: DEBUG keystone.server.flask.request_processing.middleware.auth_context [None req-b58b3418-4227-4e02-9398-93bfeb05d98c None None] Validating token access rules against request {{(pid=46281) validate_allowed_request /opt/stack/data/venv/lib/python3.10/site-packages/keystonemiddleware/auth_token/__init__.py:544}}
Nov 06 22:16:05 user devstack@keystone.service[46282]: DEBUG keystone.common.rbac_enforcer.enforcer [None req-e6455e92-0922-4c76-8989-20e677aef64a admin admin] RBAC: Authorizing `identity:get_group(group_id=3934488fbd104f708ef30027c288394f)` {{(pid=46282) enforce_call /opt/stack/keystone/keystone/common/rbac_enforcer/enforcer.py:449}}
Nov 06 22:16:05 user devstack@keystone.service[46282]: DEBUG keystone.common.rbac_enforcer.enforcer [None req-e6455e92-0922-4c76-8989-20e677aef64a admin admin] RBAC: Authorization granted {{(pid=46282) enforce_call /opt/stack/keystone/keystone/common/rbac_enforcer/enforcer.py:457}}
Nov 06 22:16:05 user devstack@keystone.service[46282]: [pid: 46282|app: 0|req: 79/241] 10.0.0.210 () {56 vars in 1196 bytes} [Mon Nov 6 22:16:05 2023] GET /identity/v3/groups/3934488fbd104f708ef30027c288394f => generated 225 bytes in 28 msecs (HTTP/1.1 200) 5 headers in 177 bytes (2 switches on core 0)
Nov 06 22:16:05 user devstack@keystone.service[46280]: DEBUG keystone.common.rbac_enforcer.enforcer [None req-bd9fc6bc-7676-4a89-8267-ae9e829e044d admin admin] Extracting inferred target data resulted in "NOT FOUND (404)". {{(pid=46280) enforce_call /opt/stack/keystone/keystone/common/rbac_enforcer/enforcer.py:409}}
Nov 06 22:16:05 user devstack@keystone.service[46280]: ERROR keystone.server.flask.application [None req-bd9fc6bc-7676-4a89-8267-ae9e829e044d admin admin] Could not find role: admin.: keystone.exception.RoleNotFound: Could not find role: admin.
Nov 06 22:16:05 user devstack@keystone.service[46280]: ERROR keystone.server.flask.application
Traceback (most recent call last):
Nov 06 22:16:05 user devstack@keystone.service[46280]: ERROR keystone.server.flask.application
File "/opt/stack/data/venv/lib/python3.10/site-packages/flask/app.py", line 1823, in full_dispatch_request
Nov 06 22:16:05 user devstack@keystone.service[46280]: ERROR keystone.server.flask.application rv = self.dispatch_request()
Nov 06 22:16:05 user devstack@keystone.service[46280]: ERROR keystone.server.flask.application
File "/opt/stack/data/venv/lib/python3.10/site-packages/flask/app.py", line 1799, in dispatch_request
Nov 06 22:16:05 user devstack@keystone.service[46280]: ERROR keystone.server.flask.application return self.ensure_sync(self.view_functions[rule.endpoint])(**view_args)
Nov 06 22:16:05 user devstack@keystone.service[46280]: ERROR keystone.server.flask.application
File "/opt/stack/data/venv/lib/python3.10/site-packages/flask_restful/__init__.py", line 489, in wrapper
Nov 06 22:16:05 user devstack@keystone.service[46280]: ERROR keystone.server.flask.application resp = resource(*args, **kwargs)
Nov 06 22:16:05 user devstack@keystone.service[46280]: ERROR keystone.server.flask.application
File "/opt/stack/data/venv/lib/python3.10/site-packages/flask/views.py", line 107, in view
Nov 06 22:16:05 user devstack@keystone.service[46280]: ERROR keystone.server.flask.application return current_app.ensure_sync(self.dispatch_request)(**kwargs)
Nov 06 22:16:05 user devstack@keystone.service[46280]: ERROR keystone.server.flask.application
File "/opt/stack/data/venv/lib/python3.10/site-packages/flask_restful/__init__.py", line 604, in dispatch_request
Nov 06 22:16:05 user devstack@keystone.service[46280]: ERROR keystone.server.flask.application resp = meth(*args, **kwargs)
Nov 06 22:16:05 user devstack@keystone.service[46280]: ERROR keystone.server.flask.application
File "/opt/stack/keystone/keystone/api/roles.py", line 50, in get
Nov 06 22:16:05 user devstack@keystone.service[46280]: ERROR keystone.server.flask.application return self._get_role(role_id)
Nov 06 22:16:05 user devstack@keystone.service[46280]: ERROR keystone.server.flask.application
File "/opt/stack/keystone/keystone/api/roles.py", line 70, in _get_role
Nov 06 22:16:05 user devstack@keystone.service[46280]: ERROR keystone.server.flask.application ENFORCER.enforce_call(action='identity:get_role')
Nov 06 22:16:05 user devstack@keystone.service[46280]: ERROR keystone.server.flask.application
File "/opt/stack/keystone/keystone/common/rbac_enforcer/enforcer.py", line 402, in enforce_call
Nov 06 22:16:05 user devstack@keystone.service[46280]: ERROR keystone.server.flask.application policy_dict.update(cls._extract_member_target_data(
Nov 06 22:16:05 user devstack@keystone.service[46280]: ERROR keystone.server.flask.application
File "/opt/stack/keystone/keystone/common/rbac_enforcer/enforcer.py", line 234, in _extract_member_target_data
Nov 06 22:16:05 user devstack@keystone.service[46280]: ERROR keystone.server.flask.application member_name: func(flask.request.view_args[key])
Nov 06 22:16:05 user devstack@keystone.service[46280]: ERROR keystone.server.flask.application
File "/opt/stack/keystone/keystone/common/manager.py", line 115, in wrapped
Nov 06 22:16:05 user devstack@keystone.service[46280]: ERROR keystone.server.flask.application __ret_val = __f(*args, **kwargs)
Nov 06 22:16:05 user devstack@keystone.service[46280]: ERROR keystone.server.flask.application
File "/opt/stack/data/venv/lib/python3.10/site-packages/decorator.py", line 232, in fun
Nov 06 22:16:05 user devstack@keystone.service[46280]: ERROR keystone.server.flask.application return caller(func, *(extras + args), **kw)
Nov 06 22:16:05 user devstack@keystone.service[46280]: ERROR keystone.server.flask.application
File "/opt/stack/data/venv/lib/python3.10/site-packages/dogpile/cache/region.py", line 1594, in get_or_create_for_user_func
Nov 06 22:16:05 user devstack@keystone.service[46280]: ERROR keystone.server.flask.application return self.get_or_create(
Nov 06 22:16:05 user devstack@keystone.service[46280]: ERROR keystone.server.flask.application
File "/opt/stack/data/venv/lib/python3.10/site-packages/dogpile/cache/region.py", line 1054, in get_or_create
Nov 06 22:16:05 user devstack@keystone.service[46280]: ERROR keystone.server.flask.application with Lock(
Nov 06 22:16:05 user devstack@keystone.service[46280]: ERROR keystone.server.flask.application
File "/opt/stack/data/venv/lib/python3.10/site-packages/dogpile/lock.py", line 185, in __enter__
Nov 06 22:16:05 user devstack@keystone.service[46280]: ERROR keystone.server.flask.application return self._enter()
Nov 06 22:16:05 user devstack@keystone.service[46280]: ERROR keystone.server.flask.application
File "/opt/stack/data/venv/lib/python3.10/site-packages/dogpile/lock.py", line 94, in _enter
Nov 06 22:16:05 user devstack@keystone.service[46280]: ERROR keystone.server.flask.application generated = self._enter_create(value, createdtime)
Nov 06 22:16:05 user devstack@keystone.service[46280]: ERROR keystone.server.flask.application
File "/opt/stack/data/venv/lib/python3.10/site-packages/dogpile/lock.py", line 178, in _enter_create
Nov 06 22:16:05 user devstack@keystone.service[46280]: ERROR keystone.server.flask.application return self.creator()
Nov 06 22:16:05 user devstack@keystone.service[46280]: ERROR keystone.server.flask.application
File "/opt/stack/data/venv/lib/python3.10/site-packages/dogpile/cache/region.py", line 1007, in gen_value
Nov 06 22:16:05 user devstack@keystone.service[46280]: ERROR keystone.server.flask.application created_value = creator(
Nov 06 22:16:05 user devstack@keystone.service[46280]: ERROR keystone.server.flask.application
File "/opt/stack/keystone/keystone/assignment/core.py", line 1276, in get_role
Nov 06 22:16:05 user devstack@keystone.service[46280]: ERROR keystone.server.flask.application return self.driver.get_role(role_id)
Nov 06 22:16:05 user devstack@keystone.service[46280]: ERROR keystone.server.flask.application
File "/opt/stack/keystone/keystone/assignment/role_backends/sql.py", line 70, in get_role
Nov 06 22:16:05 user devstack@keystone.service[46280]: ERROR keystone.server.flask.application return self._get_role(session, role_id).to_dict()
Nov 06 22:16:05 user devstack@keystone.service[46280]: ERROR keystone.server.flask.application
File "/opt/stack/keystone/keystone/assignment/role_backends/sql.py", line 65, in _get_role
Nov 06 22:16:05 user devstack@keystone.service[46280]: ERROR keystone.server.flask.application raise exception.RoleNotFound(role_id=role_id)
Nov 06 22:16:05 user devstack@keystone.service[46280]: ERROR keystone.server.flask.application keystone.exception.RoleNotFound: Could not find role: admin.
Nov 06 22:16:05 user devstack@keystone.service[46280]: ERROR keystone.server.flask.application
Nov 06 22:16:05 user devstack@keystone.service[46280]: [pid: 46280|app: 0|req: 84/242] 10.0.0.210 () {56 vars in 1112 bytes} [Mon Nov 6 22:16:05 2023] GET /identity/v3/roles/admin => generated 83 bytes in 38 msecs (HTTP/1.1 404) 5 headers in 183 bytes (1 switches on core 0)
Nov 06 22:16:05 user devstack@keystone.service[46282]: DEBUG keystone.server.flask.request_processing.middleware.auth_context [None req-e6455e92-0922-4c76-8989-20e677aef64a admin admin] Authenticating user token {{(pid=46282) process_request /opt/stack/data/venv/lib/python3.10/site-packages/keystonemiddleware/auth_token/__init__.py:406}}
Nov 06 22:16:05 user devstack@keystone.service[46280]: DEBUG keystone.server.flask.request_processing.middleware.auth_context [None req-bd9fc6bc-7676-4a89-8267-ae9e829e044d admin admin] Authenticating user token {{(pid=46280) process_request /opt/stack/data/venv/lib/python3.10/site-packages/keystonemiddleware/auth_token/__init__.py:406}}
Nov 06 22:16:05 user devstack@keystone.service[46280]: DEBUG keystone.server.flask.request_processing.middleware.auth_context [None req-bd9fc6bc-7676-4a89-8267-ae9e829e044d admin admin] Validating token access rules against request {{(pid=46280) validate_allowed_request /opt/stack/data/venv/lib/python3.10/site-packages/keystonemiddleware/auth_token/__init__.py:544}}
Nov 06 22:16:05 user devstack@keystone.service[46282]: DEBUG keystone.server.flask.request_processing.middleware.auth_context [None req-e6455e92-0922-4c76-8989-20e677aef64a admin admin] Validating token access rules against request {{(pid=46282) validate_allowed_request /opt/stack/data/venv/lib/python3.10/site-packages/keystonemiddleware/auth_token/__init__.py:544}}
Nov 06 22:16:05 user devstack@keystone.service[46280]: DEBUG keystone.server.flask.request_processing.middleware.auth_context [None req-1590aeb1-9fdb-4a61-8a53-5dc9989e979b admin admin] RBAC: auth_context: {'token': , 'domain_id': None, 'trust_id': None, 'trustor_id': None, 'trustee_id': None, 'domain_name': None, 'group_ids': [], 'user_id': 'dc93dcbc17284a0ab2f781a7cace9062', 'user_domain_id': 'default', 'system_scope': None, 'project_id': '2c67dd7782834ebda48ea084ff9298ea', 'project_domain_id': 'default', 'roles': ['reader', 'manager', 'member', 'admin'], 'is_admin_project': True, 'service_user_id': None, 'service_user_domain_id': None, 'service_project_id': None, 'service_project_domain_id': None, 'service_roles': []} {{(pid=46280) fill_context /opt/stack/keystone/keystone/server/flask/request_processing/middleware/auth_context.py:480}}
Nov 06 22:16:05 user devstack@keystone.service[46280]: DEBUG keystone.server.flask.request_processing.req_logging [None req-1590aeb1-9fdb-4a61-8a53-5dc9989e979b admin admin] REQUEST_METHOD: `GET` {{(pid=46280) log_request_info /opt/stack/keystone/keystone/server/flask/request_processing/req_logging.py:27}}
Nov 06 22:16:05 user devstack@keystone.service[46280]: DEBUG keystone.server.flask.request_processing.req_logging [None req-1590aeb1-9fdb-4a61-8a53-5dc9989e979b admin admin] SCRIPT_NAME: `/identity` {{(pid=46280) log_request_info /opt/stack/keystone/keystone/server/flask/request_processing/req_logging.py:28}}
Nov 06 22:16:05 user devstack@keystone.service[46280]: DEBUG keystone.server.flask.request_processing.req_logging [None req-1590aeb1-9fdb-4a61-8a53-5dc9989e979b admin admin] PATH_INFO: `/v3/roles` {{(pid=46280) log_request_info /opt/stack/keystone/keystone/server/flask/request_processing/req_logging.py:29}}
Nov 06 22:16:05 user devstack@keystone.service[46280]: DEBUG keystone.common.rbac_enforcer.enforcer [None req-1590aeb1-9fdb-4a61-8a53-5dc9989e979b admin admin] RBAC: Adding query filter params (name=admin) {{(pid=46280) _extract_filter_values /opt/stack/keystone/keystone/common/rbac_enforcer/enforcer.py:167}}
Nov 06 22:16:05 user devstack@keystone.service[46282]: DEBUG keystone.server.flask.request_processing.middleware.auth_context [None req-54155e9c-6b86-42fa-add6-9e0f93eeb5a0 admin admin] RBAC: auth_context: {'token': , 'domain_id': None, 'trust_id': None, 'trustor_id': None, 'trustee_id': None, 'domain_name': None, 'group_ids': [], 'user_id': 'dc93dcbc17284a0ab2f781a7cace9062', 'user_domain_id': 'default', 'system_scope': None, 'project_id': '2c67dd7782834ebda48ea084ff9298ea', 'project_domain_id': 'default', 'roles': ['reader', 'manager', 'member', 'admin'], 'is_admin_project': True, 'service_user_id': None, 'service_user_domain_id': None, 'service_project_id': None, 'service_project_domain_id': None, 'service_roles': []} {{(pid=46282) fill_context /opt/stack/keystone/keystone/server/flask/request_processing/middleware/auth_context.py:480}}
Nov 06 22:16:05 user devstack@keystone.service[46280]: DEBUG keystone.common.rbac_enforcer.enforcer [None req-1590aeb1-9fdb-4a61-8a53-5dc9989e979b admin admin] RBAC: Authorizing `identity:list_roles()` {{(pid=46280) enforce_call /opt/stack/keystone/keystone/common/rbac_enforcer/enforcer.py:449}}
Nov 06 22:16:05 user devstack@keystone.service[46280]: DEBUG keystone.common.rbac_enforcer.enforcer [None req-1590aeb1-9fdb-4a61-8a53-5dc9989e979b admin admin] RBAC: Authorization granted {{(pid=46280) enforce_call /opt/stack/keystone/keystone/common/rbac_enforcer/enforcer.py:457}}
Nov 06 22:16:05 user devstack@keystone.service[46282]: DEBUG keystone.server.flask.request_processing.req_logging [None req-54155e9c-6b86-42fa-add6-9e0f93eeb5a0 admin admin] REQUEST_METHOD: `GET` {{(pid=46282) log_request_info /opt/stack/keystone/keystone/server/flask/request_processing/req_logging.py:27}}
Nov 06 22:16:05 user devstack@keystone.service[46282]: DEBUG keystone.server.flask.request_processing.req_logging [None req-54155e9c-6b86-42fa-add6-9e0f93eeb5a0 admin admin] SCRIPT_NAME: `/identity` {{(pid=46282) log_request_info /opt/stack/keystone/keystone/server/flask/request_processing/req_logging.py:28}}
Nov 06 22:16:05 user devstack@keystone.service[46281]: DEBUG keystone.server.flask.request_processing.middleware.auth_context [None req-65617980-1ca2-463a-9982-9cc5be192ee6 None admin] RBAC: auth_context: {'token': , 'domain_id': None, 'trust_id': None, 'trustor_id': None, 'trustee_id': None, 'domain_name': None, 'group_ids': [], 'user_id': 'dc93dcbc17284a0ab2f781a7cace9062', 'user_domain_id': 'default', 'system_scope': 'all', 'project_id': None, 'project_domain_id': None, 'roles': ['admin', 'manager', 'member', 'reader'], 'is_admin_project': True, 'service_user_id': None, 'service_user_domain_id': None, 'service_project_id': None, 'service_project_domain_id': None, 'service_roles': []} {{(pid=46281) fill_context /opt/stack/keystone/keystone/server/flask/request_processing/middleware/auth_context.py:480}}
Nov 06 22:16:05 user devstack@keystone.service[46282]: DEBUG keystone.server.flask.request_processing.req_logging [None req-54155e9c-6b86-42fa-add6-9e0f93eeb5a0 admin admin] PATH_INFO: `/v3/projects/f0d0c0c1df9a40e89aa0f5697e1a22ce` {{(pid=46282) log_request_info /opt/stack/keystone/keystone/server/flask/request_processing/req_logging.py:29}}
Nov 06 22:16:05 user devstack@keystone.service[46281]: DEBUG keystone.server.flask.request_processing.req_logging [None req-65617980-1ca2-463a-9982-9cc5be192ee6 None admin] REQUEST_METHOD: `GET` {{(pid=46281) log_request_info /opt/stack/keystone/keystone/server/flask/request_processing/req_logging.py:27}}
Nov 06 22:16:05 user devstack@keystone.service[46281]: DEBUG keystone.server.flask.request_processing.req_logging [None req-65617980-1ca2-463a-9982-9cc5be192ee6 None admin] SCRIPT_NAME: `/identity` {{(pid=46281) log_request_info /opt/stack/keystone/keystone/server/flask/request_processing/req_logging.py:28}}
Nov 06 22:16:05 user devstack@keystone.service[46281]: DEBUG keystone.server.flask.request_processing.req_logging [None req-65617980-1ca2-463a-9982-9cc5be192ee6 None admin] PATH_INFO: `/v3/roles` {{(pid=46281) log_request_info /opt/stack/keystone/keystone/server/flask/request_processing/req_logging.py:29}}
Nov 06 22:16:05 user devstack@keystone.service[46281]: DEBUG keystone.common.rbac_enforcer.enforcer [None req-65617980-1ca2-463a-9982-9cc5be192ee6 None admin] RBAC: Adding query filter params (name=reader) {{(pid=46281) _extract_filter_values /opt/stack/keystone/keystone/common/rbac_enforcer/enforcer.py:167}}
Nov 06 22:16:05 user devstack@keystone.service[46281]: DEBUG keystone.common.rbac_enforcer.enforcer [None req-65617980-1ca2-463a-9982-9cc5be192ee6 None admin] RBAC: Authorizing `identity:list_roles()` {{(pid=46281) enforce_call /opt/stack/keystone/keystone/common/rbac_enforcer/enforcer.py:449}}
Nov 06 22:16:05 user devstack@keystone.service[46282]: DEBUG keystone.common.rbac_enforcer.enforcer [None req-54155e9c-6b86-42fa-add6-9e0f93eeb5a0 admin admin] RBAC: Authorizing `identity:get_project(project_id=f0d0c0c1df9a40e89aa0f5697e1a22ce)` {{(pid=46282) enforce_call /opt/stack/keystone/keystone/common/rbac_enforcer/enforcer.py:449}}
Nov 06 22:16:05 user devstack@keystone.service[46281]: DEBUG keystone.common.rbac_enforcer.enforcer [None req-65617980-1ca2-463a-9982-9cc5be192ee6 None admin] RBAC: Authorization granted {{(pid=46281) enforce_call /opt/stack/keystone/keystone/common/rbac_enforcer/enforcer.py:457}}
Nov 06 22:16:05 user devstack@keystone.service[46280]: [pid: 46280|app: 0|req: 85/243] 10.0.0.210 () {56 vars in 1115 bytes} [Mon Nov 6 22:16:05 2023] GET /identity/v3/roles?name=admin => generated 337 bytes in 29 msecs (HTTP/1.1 200) 5 headers in 177 bytes (1 switches on core 0)
Nov 06 22:16:05 user devstack@keystone.service[46282]: DEBUG keystone.common.rbac_enforcer.enforcer [None req-54155e9c-6b86-42fa-add6-9e0f93eeb5a0 admin admin] RBAC: Authorization granted {{(pid=46282) enforce_call /opt/stack/keystone/keystone/common/rbac_enforcer/enforcer.py:457}}
Nov 06 22:16:05 user devstack@keystone.service[46280]: DEBUG keystone.server.flask.request_processing.middleware.auth_context [None req-1590aeb1-9fdb-4a61-8a53-5dc9989e979b admin admin] Authenticating user token {{(pid=46280) process_request /opt/stack/data/venv/lib/python3.10/site-packages/keystonemiddleware/auth_token/__init__.py:406}}
Nov 06 22:16:05 user devstack@keystone.service[46281]: [pid: 46281|app: 0|req: 80/244] 10.0.0.210 () {56 vars in 1096 bytes} [Mon Nov 6 22:16:05 2023] GET /identity/v3/roles?name=reader => generated 339 bytes in 163 msecs (HTTP/1.1 200) 5 headers in 177 bytes (1 switches on core 0)
Nov 06 22:16:05 user devstack@keystone.service[46282]: [pid: 46282|app: 0|req: 80/245] 10.0.0.210 () {56 vars in 1202 bytes} [Mon Nov 6 22:16:05 2023] GET /identity/v3/projects/f0d0c0c1df9a40e89aa0f5697e1a22ce => generated 301 bytes in 42 msecs (HTTP/1.1 200) 5 headers in 177 bytes (1 switches on core 0)
Nov 06 22:16:05 user devstack@keystone.service[46281]: DEBUG keystone.server.flask.request_processing.middleware.auth_context [None req-65617980-1ca2-463a-9982-9cc5be192ee6 None admin] Authenticating user token {{(pid=46281) process_request /opt/stack/data/venv/lib/python3.10/site-packages/keystonemiddleware/auth_token/__init__.py:406}}
Nov 06 22:16:05 user devstack@keystone.service[46282]: DEBUG keystone.server.flask.request_processing.middleware.auth_context [None req-54155e9c-6b86-42fa-add6-9e0f93eeb5a0 admin admin] Authenticating user token {{(pid=46282) process_request /opt/stack/data/venv/lib/python3.10/site-packages/keystonemiddleware/auth_token/__init__.py:406}}
Nov 06 22:16:05 user devstack@keystone.service[46280]: DEBUG keystone.server.flask.request_processing.middleware.auth_context [None req-1590aeb1-9fdb-4a61-8a53-5dc9989e979b admin admin] Validating token access rules against request {{(pid=46280) validate_allowed_request /opt/stack/data/venv/lib/python3.10/site-packages/keystonemiddleware/auth_token/__init__.py:544}}
Nov 06 22:16:05 user devstack@keystone.service[46280]: DEBUG keystone.server.flask.request_processing.middleware.auth_context [None req-5afe10d8-5b26-47d8-9593-b1fa5f8f9700 admin admin] RBAC: auth_context: {'token': , 'domain_id': None, 'trust_id': None, 'trustor_id': None, 'trustee_id': None, 'domain_name': None, 'group_ids': [], 'user_id': 'dc93dcbc17284a0ab2f781a7cace9062', 'user_domain_id': 'default', 'system_scope': None, 'project_id': '2c67dd7782834ebda48ea084ff9298ea', 'project_domain_id': 'default', 'roles': ['reader', 'manager', 'member', 'admin'], 'is_admin_project': True, 'service_user_id': None, 'service_user_domain_id': None, 'service_project_id': None, 'service_project_domain_id': None, 'service_roles': []} {{(pid=46280) fill_context /opt/stack/keystone/keystone/server/flask/request_processing/middleware/auth_context.py:480}}
Nov 06 22:16:05 user devstack@keystone.service[46280]: DEBUG keystone.server.flask.request_processing.req_logging [None req-5afe10d8-5b26-47d8-9593-b1fa5f8f9700 admin admin] REQUEST_METHOD: `GET` {{(pid=46280) log_request_info /opt/stack/keystone/keystone/server/flask/request_processing/req_logging.py:27}}
Nov 06 22:16:05 user devstack@keystone.service[46280]: DEBUG keystone.server.flask.request_processing.req_logging [None req-5afe10d8-5b26-47d8-9593-b1fa5f8f9700 admin admin] SCRIPT_NAME: `/identity` {{(pid=46280) log_request_info /opt/stack/keystone/keystone/server/flask/request_processing/req_logging.py:28}}
Nov 06 22:16:05 user devstack@keystone.service[46280]: DEBUG keystone.server.flask.request_processing.req_logging [None req-5afe10d8-5b26-47d8-9593-b1fa5f8f9700 admin admin] PATH_INFO: `/v3/groups/8de6ef7b805d407d998e2a7954fc7330` {{(pid=46280) log_request_info /opt/stack/keystone/keystone/server/flask/request_processing/req_logging.py:29}}
Nov 06 22:16:05 user devstack@keystone.service[46282]: DEBUG keystone.server.flask.request_processing.middleware.auth_context [None req-54155e9c-6b86-42fa-add6-9e0f93eeb5a0 admin admin] Validating token access rules against request {{(pid=46282) validate_allowed_request /opt/stack/data/venv/lib/python3.10/site-packages/keystonemiddleware/auth_token/__init__.py:544}}
Nov 06 22:16:05 user devstack@keystone.service[46280]: DEBUG keystone.common.rbac_enforcer.enforcer [None req-5afe10d8-5b26-47d8-9593-b1fa5f8f9700 admin admin] RBAC: Authorizing `identity:get_group(group_id=8de6ef7b805d407d998e2a7954fc7330)` {{(pid=46280) enforce_call /opt/stack/keystone/keystone/common/rbac_enforcer/enforcer.py:449}}
Nov 06 22:16:05 user devstack@keystone.service[46282]: DEBUG keystone.server.flask.request_processing.middleware.auth_context [None req-be168414-3ec7-4ba9-aee6-beacd22fe672 admin admin] RBAC: auth_context: {'token': , 'domain_id': None, 'trust_id': None, 'trustor_id': None, 'trustee_id': None, 'domain_name': None, 'group_ids': [], 'user_id': 'dc93dcbc17284a0ab2f781a7cace9062', 'user_domain_id': 'default', 'system_scope': None, 'project_id': '2c67dd7782834ebda48ea084ff9298ea', 'project_domain_id': 'default', 'roles': ['reader', 'manager', 'member', 'admin'], 'is_admin_project': True, 'service_user_id': None, 'service_user_domain_id': None, 'service_project_id': None, 'service_project_domain_id': None, 'service_roles': []} {{(pid=46282) fill_context /opt/stack/keystone/keystone/server/flask/request_processing/middleware/auth_context.py:480}}
Nov 06 22:16:05 user devstack@keystone.service[46282]: DEBUG keystone.server.flask.request_processing.req_logging [None req-be168414-3ec7-4ba9-aee6-beacd22fe672 admin admin] REQUEST_METHOD: `PUT` {{(pid=46282) log_request_info /opt/stack/keystone/keystone/server/flask/request_processing/req_logging.py:27}}
Nov 06 22:16:05 user devstack@keystone.service[46282]: DEBUG keystone.server.flask.request_processing.req_logging [None req-be168414-3ec7-4ba9-aee6-beacd22fe672 admin admin] SCRIPT_NAME: `/identity` {{(pid=46282) log_request_info /opt/stack/keystone/keystone/server/flask/request_processing/req_logging.py:28}}
Nov 06 22:16:05 user devstack@keystone.service[46280]: DEBUG keystone.common.rbac_enforcer.enforcer [None req-5afe10d8-5b26-47d8-9593-b1fa5f8f9700 admin admin] RBAC: Authorization granted {{(pid=46280) enforce_call /opt/stack/keystone/keystone/common/rbac_enforcer/enforcer.py:457}}
Nov 06 22:16:05 user devstack@keystone.service[46282]: DEBUG keystone.server.flask.request_processing.req_logging [None req-be168414-3ec7-4ba9-aee6-beacd22fe672 admin admin] PATH_INFO: `/v3/projects/f0d0c0c1df9a40e89aa0f5697e1a22ce/groups/3934488fbd104f708ef30027c288394f/roles/bcd00660965244fea81ec24b1e009a33` {{(pid=46282) log_request_info /opt/stack/keystone/keystone/server/flask/request_processing/req_logging.py:29}}
Nov 06 22:16:05 user devstack@keystone.service[46280]: [pid: 46280|app: 0|req: 86/246] 10.0.0.210 () {56 vars in 1196 bytes} [Mon Nov 6 22:16:05 2023] GET /identity/v3/groups/8de6ef7b805d407d998e2a7954fc7330 => generated 228 bytes in 27 msecs (HTTP/1.1 200) 5 headers in 177 bytes (2 switches on core 0)
Nov 06 22:16:05 user devstack@keystone.service[46282]: DEBUG keystone.common.rbac_enforcer.enforcer [None req-be168414-3ec7-4ba9-aee6-beacd22fe672 admin admin] RBAC: Authorizing `identity:create_grant(project_id=f0d0c0c1df9a40e89aa0f5697e1a22ce, group_id=3934488fbd104f708ef30027c288394f, role_id=bcd00660965244fea81ec24b1e009a33)` {{(pid=46282) enforce_call /opt/stack/keystone/keystone/common/rbac_enforcer/enforcer.py:449}}
Nov 06 22:16:05 user devstack@keystone.service[46280]: DEBUG keystone.server.flask.request_processing.middleware.auth_context [None req-5afe10d8-5b26-47d8-9593-b1fa5f8f9700 admin admin] Authenticating user token {{(pid=46280) process_request /opt/stack/data/venv/lib/python3.10/site-packages/keystonemiddleware/auth_token/__init__.py:406}}
Nov 06 22:16:05 user devstack@keystone.service[46282]: DEBUG keystone.common.rbac_enforcer.enforcer [None req-be168414-3ec7-4ba9-aee6-beacd22fe672 admin admin] RBAC: Authorization granted {{(pid=46282) enforce_call /opt/stack/keystone/keystone/common/rbac_enforcer/enforcer.py:457}}
Nov 06 22:16:05 user devstack@keystone.service[46280]: DEBUG keystone.server.flask.request_processing.middleware.auth_context [None req-5afe10d8-5b26-47d8-9593-b1fa5f8f9700 admin admin] Validating token access rules against request {{(pid=46280) validate_allowed_request /opt/stack/data/venv/lib/python3.10/site-packages/keystonemiddleware/auth_token/__init__.py:544}}
Nov 06 22:16:05 user devstack@keystone.service[46282]: [pid: 46282|app: 0|req: 81/247] 10.0.0.210 () {58 vars in 1458 bytes} [Mon Nov 6 22:16:05 2023] PUT /identity/v3/projects/f0d0c0c1df9a40e89aa0f5697e1a22ce/groups/3934488fbd104f708ef30027c288394f/roles/bcd00660965244fea81ec24b1e009a33 => generated 0 bytes in 42 msecs (HTTP/1.1 204) 3 headers in 132 bytes (0 switches on core 0)
Nov 06 22:16:05 user devstack@keystone.service[46280]: DEBUG keystone.server.flask.request_processing.middleware.auth_context [None req-e8c6da7e-5801-457c-9d45-92905323784f admin admin] RBAC: auth_context: {'token': , 'domain_id': None, 'trust_id': None, 'trustor_id': None, 'trustee_id': None, 'domain_name': None, 'group_ids': [], 'user_id': 'dc93dcbc17284a0ab2f781a7cace9062', 'user_domain_id': 'default', 'system_scope': None, 'project_id': '2c67dd7782834ebda48ea084ff9298ea', 'project_domain_id': 'default', 'roles': ['reader', 'manager', 'member', 'admin'], 'is_admin_project': True, 'service_user_id': None, 'service_user_domain_id': None, 'service_project_id': None, 'service_project_domain_id': None, 'service_roles': []} {{(pid=46280) fill_context /opt/stack/keystone/keystone/server/flask/request_processing/middleware/auth_context.py:480}}
Nov 06 22:16:05 user devstack@keystone.service[46280]: DEBUG keystone.server.flask.request_processing.req_logging [None req-e8c6da7e-5801-457c-9d45-92905323784f admin admin] REQUEST_METHOD: `GET` {{(pid=46280) log_request_info /opt/stack/keystone/keystone/server/flask/request_processing/req_logging.py:27}}
Nov 06 22:16:05 user devstack@keystone.service[46280]: DEBUG keystone.server.flask.request_processing.req_logging [None req-e8c6da7e-5801-457c-9d45-92905323784f admin admin] SCRIPT_NAME: `/identity` {{(pid=46280) log_request_info /opt/stack/keystone/keystone/server/flask/request_processing/req_logging.py:28}}
Nov 06 22:16:05 user devstack@keystone.service[46280]: DEBUG keystone.server.flask.request_processing.req_logging [None req-e8c6da7e-5801-457c-9d45-92905323784f admin admin] PATH_INFO: `/v3/projects/2c67dd7782834ebda48ea084ff9298ea` {{(pid=46280) log_request_info /opt/stack/keystone/keystone/server/flask/request_processing/req_logging.py:29}}
Nov 06 22:16:05 user devstack@keystone.service[46280]: DEBUG keystone.common.rbac_enforcer.enforcer [None req-e8c6da7e-5801-457c-9d45-92905323784f admin admin] RBAC: Authorizing `identity:get_project(project_id=2c67dd7782834ebda48ea084ff9298ea)` {{(pid=46280) enforce_call /opt/stack/keystone/keystone/common/rbac_enforcer/enforcer.py:449}}
Nov 06 22:16:05 user devstack@keystone.service[46280]: DEBUG keystone.common.rbac_enforcer.enforcer [None req-e8c6da7e-5801-457c-9d45-92905323784f admin admin] RBAC: Authorization granted {{(pid=46280) enforce_call /opt/stack/keystone/keystone/common/rbac_enforcer/enforcer.py:457}}
Nov 06 22:16:05 user devstack@keystone.service[46280]: [pid: 46280|app: 0|req: 87/248] 10.0.0.210 () {56 vars in 1202 bytes} [Mon Nov 6 22:16:05 2023] GET /identity/v3/projects/2c67dd7782834ebda48ea084ff9298ea => generated 343 bytes in 76 msecs (HTTP/1.1 200) 5 headers in 177 bytes (1 switches on core 0)
Nov 06 22:16:05 user devstack@keystone.service[46282]: DEBUG keystone.server.flask.request_processing.middleware.auth_context [None req-be168414-3ec7-4ba9-aee6-beacd22fe672 admin admin] Authenticating user token {{(pid=46282) process_request /opt/stack/data/venv/lib/python3.10/site-packages/keystonemiddleware/auth_token/__init__.py:406}}
Nov 06 22:16:05 user devstack@keystone.service[46281]: DEBUG keystone.server.flask.request_processing.middleware.auth_context [None req-65617980-1ca2-463a-9982-9cc5be192ee6 None admin] Validating token access rules against request {{(pid=46281) validate_allowed_request /opt/stack/data/venv/lib/python3.10/site-packages/keystonemiddleware/auth_token/__init__.py:544}}
Nov 06 22:16:05 user devstack@keystone.service[46282]: DEBUG keystone.server.flask.request_processing.middleware.auth_context [None req-be168414-3ec7-4ba9-aee6-beacd22fe672 admin admin] Validating token access rules against request {{(pid=46282) validate_allowed_request /opt/stack/data/venv/lib/python3.10/site-packages/keystonemiddleware/auth_token/__init__.py:544}}
Nov 06 22:16:05 user devstack@keystone.service[46282]: DEBUG keystone.server.flask.request_processing.middleware.auth_context [None req-a9e813b3-905b-4836-83d0-d7e402f08247 admin admin] RBAC: auth_context: {'token': , 'domain_id': None, 'trust_id': None, 'trustor_id': None, 'trustee_id': None, 'domain_name': None, 'group_ids': [], 'user_id': 'dc93dcbc17284a0ab2f781a7cace9062', 'user_domain_id': 'default', 'system_scope': None, 'project_id': '2c67dd7782834ebda48ea084ff9298ea', 'project_domain_id': 'default', 'roles': ['reader', 'manager', 'member', 'admin'], 'is_admin_project': True, 'service_user_id': None, 'service_user_domain_id': None, 'service_project_id': None, 'service_project_domain_id': None, 'service_roles': []} {{(pid=46282) fill_context /opt/stack/keystone/keystone/server/flask/request_processing/middleware/auth_context.py:480}}
Nov 06 22:16:05 user devstack@keystone.service[46282]: DEBUG keystone.server.flask.request_processing.req_logging [None req-a9e813b3-905b-4836-83d0-d7e402f08247 admin admin] REQUEST_METHOD: `PUT` {{(pid=46282) log_request_info /opt/stack/keystone/keystone/server/flask/request_processing/req_logging.py:27}}
Nov 06 22:16:05 user devstack@keystone.service[46282]: DEBUG keystone.server.flask.request_processing.req_logging [None req-a9e813b3-905b-4836-83d0-d7e402f08247 admin admin] SCRIPT_NAME: `/identity` {{(pid=46282) log_request_info /opt/stack/keystone/keystone/server/flask/request_processing/req_logging.py:28}}
Nov 06 22:16:05 user devstack@keystone.service[46282]: DEBUG keystone.server.flask.request_processing.req_logging [None req-a9e813b3-905b-4836-83d0-d7e402f08247 admin admin] PATH_INFO: `/v3/projects/2c67dd7782834ebda48ea084ff9298ea/groups/8de6ef7b805d407d998e2a7954fc7330/roles/daff6fa95db241f2a7bf627a1f76be97` {{(pid=46282) log_request_info /opt/stack/keystone/keystone/server/flask/request_processing/req_logging.py:29}}
Nov 06 22:16:05 user devstack@keystone.service[46282]: DEBUG keystone.common.rbac_enforcer.enforcer [None req-a9e813b3-905b-4836-83d0-d7e402f08247 admin admin] RBAC: Authorizing `identity:create_grant(project_id=2c67dd7782834ebda48ea084ff9298ea, group_id=8de6ef7b805d407d998e2a7954fc7330, role_id=daff6fa95db241f2a7bf627a1f76be97)` {{(pid=46282) enforce_call /opt/stack/keystone/keystone/common/rbac_enforcer/enforcer.py:449}}
Nov 06 22:16:05 user devstack@keystone.service[46282]: DEBUG keystone.common.rbac_enforcer.enforcer [None req-a9e813b3-905b-4836-83d0-d7e402f08247 admin admin] RBAC: Authorization granted {{(pid=46282) enforce_call /opt/stack/keystone/keystone/common/rbac_enforcer/enforcer.py:457}}
Nov 06 22:16:05 user devstack@keystone.service[46281]: DEBUG keystone.server.flask.request_processing.middleware.auth_context [None req-46e84b23-77d1-447d-af22-815b5b52680a None admin] RBAC: auth_context: {'token': , 'domain_id': None, 'trust_id': None, 'trustor_id': None, 'trustee_id': None, 'domain_name': None, 'group_ids': [], 'user_id': 'dc93dcbc17284a0ab2f781a7cace9062', 'user_domain_id': 'default', 'system_scope': 'all', 'project_id': None, 'project_domain_id': None, 'roles': ['admin', 'manager', 'member', 'reader'], 'is_admin_project': True, 'service_user_id': None, 'service_user_domain_id': None, 'service_project_id': None, 'service_project_domain_id': None, 'service_roles': []} {{(pid=46281) fill_context /opt/stack/keystone/keystone/server/flask/request_processing/middleware/auth_context.py:480}}
Nov 06 22:16:05 user devstack@keystone.service[46281]: DEBUG keystone.server.flask.request_processing.req_logging [None req-46e84b23-77d1-447d-af22-815b5b52680a None admin] REQUEST_METHOD: `GET` {{(pid=46281) log_request_info /opt/stack/keystone/keystone/server/flask/request_processing/req_logging.py:27}}
Nov 06 22:16:05 user devstack@keystone.service[46281]: DEBUG keystone.server.flask.request_processing.req_logging [None req-46e84b23-77d1-447d-af22-815b5b52680a None admin] SCRIPT_NAME: `/identity` {{(pid=46281) log_request_info /opt/stack/keystone/keystone/server/flask/request_processing/req_logging.py:28}}
Nov 06 22:16:05 user devstack@keystone.service[46281]: DEBUG keystone.server.flask.request_processing.req_logging [None req-46e84b23-77d1-447d-af22-815b5b52680a None admin] PATH_INFO: `/v3/users/ce839f8f32424f0eacfe2704018d7301` {{(pid=46281) log_request_info /opt/stack/keystone/keystone/server/flask/request_processing/req_logging.py:29}}
Nov 06 22:16:05 user devstack@keystone.service[46281]: DEBUG keystone.common.rbac_enforcer.enforcer [None req-46e84b23-77d1-447d-af22-815b5b52680a None admin] RBAC: Authorizing `identity:get_user(user_id=ce839f8f32424f0eacfe2704018d7301)` {{(pid=46281) enforce_call /opt/stack/keystone/keystone/common/rbac_enforcer/enforcer.py:449}}
Nov 06 22:16:05 user devstack@keystone.service[46281]: DEBUG keystone.common.rbac_enforcer.enforcer [None req-46e84b23-77d1-447d-af22-815b5b52680a None admin] RBAC: Authorization granted {{(pid=46281) enforce_call /opt/stack/keystone/keystone/common/rbac_enforcer/enforcer.py:457}}
Nov 06 22:16:05 user devstack@keystone.service[46281]: [pid: 46281|app: 0|req: 81/249] 10.0.0.210 () {56 vars in 1172 bytes} [Mon Nov 6 22:16:05 2023] GET /identity/v3/users/ce839f8f32424f0eacfe2704018d7301 => generated 292 bytes in 154 msecs (HTTP/1.1 200) 5 headers in 177 bytes (1 switches on core 0)
Nov 06 22:16:05 user devstack@keystone.service[46280]: DEBUG keystone.server.flask.request_processing.middleware.auth_context [None req-e8c6da7e-5801-457c-9d45-92905323784f admin admin] Authenticating user token {{(pid=46280) process_request /opt/stack/data/venv/lib/python3.10/site-packages/keystonemiddleware/auth_token/__init__.py:406}}
Nov 06 22:16:05 user devstack@keystone.service[46282]: [pid: 46282|app: 0|req: 82/250] 10.0.0.210 () {58 vars in 1458 bytes} [Mon Nov 6 22:16:05 2023] PUT /identity/v3/projects/2c67dd7782834ebda48ea084ff9298ea/groups/8de6ef7b805d407d998e2a7954fc7330/roles/daff6fa95db241f2a7bf627a1f76be97 => generated 0 bytes in 176 msecs (HTTP/1.1 204) 3 headers in 132 bytes (0 switches on core 0)
Nov 06 22:16:05 user devstack@keystone.service[46280]: DEBUG keystone.server.flask.request_processing.middleware.auth_context [None req-e8c6da7e-5801-457c-9d45-92905323784f admin admin] Validating token access rules against request {{(pid=46280) validate_allowed_request /opt/stack/data/venv/lib/python3.10/site-packages/keystonemiddleware/auth_token/__init__.py:544}}
Nov 06 22:16:05 user devstack@keystone.service[46280]: DEBUG keystone.server.flask.request_processing.middleware.auth_context [None req-89af1193-cfc3-471f-a1a1-39fefb7aec72 None admin] RBAC: auth_context: {'token': , 'domain_id': None, 'trust_id': None, 'trustor_id': None, 'trustee_id': None, 'domain_name': None, 'group_ids': [], 'user_id': 'dc93dcbc17284a0ab2f781a7cace9062', 'user_domain_id': 'default', 'system_scope': 'all', 'project_id': None, 'project_domain_id': None, 'roles': ['admin', 'manager', 'member', 'reader'], 'is_admin_project': True, 'service_user_id': None, 'service_user_domain_id': None, 'service_project_id': None, 'service_project_domain_id': None, 'service_roles': []} {{(pid=46280) fill_context /opt/stack/keystone/keystone/server/flask/request_processing/middleware/auth_context.py:480}}
Nov 06 22:16:05 user devstack@keystone.service[46280]: DEBUG keystone.server.flask.request_processing.req_logging [None req-89af1193-cfc3-471f-a1a1-39fefb7aec72 None admin] REQUEST_METHOD: `GET` {{(pid=46280) log_request_info /opt/stack/keystone/keystone/server/flask/request_processing/req_logging.py:27}}
Nov 06 22:16:05 user devstack@keystone.service[46280]: DEBUG keystone.server.flask.request_processing.req_logging [None req-89af1193-cfc3-471f-a1a1-39fefb7aec72 None admin] SCRIPT_NAME: `/identity` {{(pid=46280) log_request_info /opt/stack/keystone/keystone/server/flask/request_processing/req_logging.py:28}}
Nov 06 22:16:05 user devstack@keystone.service[46280]: DEBUG keystone.server.flask.request_processing.req_logging [None req-89af1193-cfc3-471f-a1a1-39fefb7aec72 None admin] PATH_INFO: `/v3/role_assignments` {{(pid=46280) log_request_info /opt/stack/keystone/keystone/server/flask/request_processing/req_logging.py:29}}
Nov 06 22:16:05 user devstack@keystone.service[46280]: DEBUG keystone.common.rbac_enforcer.enforcer [None req-89af1193-cfc3-471f-a1a1-39fefb7aec72 None admin] RBAC: Adding query filter params (role.id=7daa399bb478400683e811294eebc352, user.id=ce839f8f32424f0eacfe2704018d7301, scope.system=all) {{(pid=46280) _extract_filter_values /opt/stack/keystone/keystone/common/rbac_enforcer/enforcer.py:167}}
Nov 06 22:16:05 user devstack@keystone.service[46280]: DEBUG keystone.common.rbac_enforcer.enforcer [None req-89af1193-cfc3-471f-a1a1-39fefb7aec72 None admin] RBAC: Authorizing `identity:list_role_assignments()` {{(pid=46280) enforce_call /opt/stack/keystone/keystone/common/rbac_enforcer/enforcer.py:449}}
Nov 06 22:16:05 user devstack@keystone.service[46280]: DEBUG keystone.common.rbac_enforcer.enforcer [None req-89af1193-cfc3-471f-a1a1-39fefb7aec72 None admin] RBAC: Authorization granted {{(pid=46280) enforce_call /opt/stack/keystone/keystone/common/rbac_enforcer/enforcer.py:457}}
Nov 06 22:16:05 user devstack@keystone.service[46280]: [pid: 46280|app: 0|req: 88/251] 10.0.0.210 () {56 vars in 1303 bytes} [Mon Nov 6 22:16:05 2023] GET /identity/v3/role_assignments?user.id=ce839f8f32424f0eacfe2704018d7301&scope.system=all&role.id=7daa399bb478400683e811294eebc352 => generated 508 bytes in 152 msecs (HTTP/1.1 200) 5 headers in 177 bytes (1 switches on core 0)
Nov 06 22:16:06 user devstack@keystone.service[46281]: DEBUG keystone.server.flask.request_processing.req_logging [None req-ead2861e-dfba-47d3-8991-25ecb215b428 None None] REQUEST_METHOD: `GET` {{(pid=46281) log_request_info /opt/stack/keystone/keystone/server/flask/request_processing/req_logging.py:27}}
Nov 06 22:16:06 user devstack@keystone.service[46281]: DEBUG keystone.server.flask.request_processing.req_logging [None req-ead2861e-dfba-47d3-8991-25ecb215b428 None None] SCRIPT_NAME: `/identity` {{(pid=46281) log_request_info /opt/stack/keystone/keystone/server/flask/request_processing/req_logging.py:28}}
Nov 06 22:16:06 user devstack@keystone.service[46281]: DEBUG keystone.server.flask.request_processing.req_logging [None req-ead2861e-dfba-47d3-8991-25ecb215b428 None None] PATH_INFO: `/` {{(pid=46281) log_request_info /opt/stack/keystone/keystone/server/flask/request_processing/req_logging.py:29}}
Nov 06 22:16:06 user devstack@keystone.service[46281]: [pid: 46281|app: 0|req: 82/252] 10.0.0.210 () {54 vars in 921 bytes} [Mon Nov 6 22:16:06 2023] GET /identity => generated 269 bytes in 3 msecs (HTTP/1.1 300) 6 headers in 233 bytes (1 switches on core 0)
Nov 06 22:16:06 user devstack@keystone.service[46282]: DEBUG keystone.server.flask.request_processing.middleware.auth_context [None req-a9e813b3-905b-4836-83d0-d7e402f08247 admin admin] Authenticating user token {{(pid=46282) process_request /opt/stack/data/venv/lib/python3.10/site-packages/keystonemiddleware/auth_token/__init__.py:406}}
Nov 06 22:16:06 user devstack@keystone.service[46280]: DEBUG keystone.server.flask.request_processing.req_logging [None req-bda02b97-0194-490e-8cc7-ad860f9f79ee None None] REQUEST_METHOD: `GET` {{(pid=46280) log_request_info /opt/stack/keystone/keystone/server/flask/request_processing/req_logging.py:27}}
