Nov 06 22:15:55 user devstack@keystone.service[46282]: DEBUG keystone.server.flask.request_processing.middleware.auth_context [None req-e4d95a68-2bf8-4b7f-bbbd-a2398567569b None admin] Authenticating user token {{(pid=46282) process_request /opt/stack/data/venv/lib/python3.10/site-packages/keystonemiddleware/auth_token/__init__.py:406}}
Nov 06 22:15:55 user devstack@keystone.service[46280]: DEBUG keystone.server.flask.request_processing.middleware.auth_context [None req-50eebbc3-d1d7-4b40-8a41-141b97dc8885 None admin] Validating token access rules against request {{(pid=46280) validate_allowed_request /opt/stack/data/venv/lib/python3.10/site-packages/keystonemiddleware/auth_token/__init__.py:544}}
Nov 06 22:15:55 user devstack@keystone.service[46280]: DEBUG keystone.server.flask.request_processing.middleware.auth_context [None req-d831dd9c-2cb3-4561-8fd3-fe4874bdc0f6 None admin] RBAC: auth_context: {'token': , 'domain_id': None, 'trust_id': None, 'trustor_id': None, 'trustee_id': None, 'domain_name': None, 'group_ids': [], 'user_id': 'dc93dcbc17284a0ab2f781a7cace9062', 'user_domain_id': 'default', 'system_scope': 'all', 'project_id': None, 'project_domain_id': None, 'roles': ['admin', 'manager', 'member', 'reader'], 'is_admin_project': True, 'service_user_id': None, 'service_user_domain_id': None, 'service_project_id': None, 'service_project_domain_id': None, 'service_roles': []} {{(pid=46280) fill_context /opt/stack/keystone/keystone/server/flask/request_processing/middleware/auth_context.py:480}}
Nov 06 22:15:55 user devstack@keystone.service[46280]: DEBUG keystone.server.flask.request_processing.req_logging [None req-d831dd9c-2cb3-4561-8fd3-fe4874bdc0f6 None admin] REQUEST_METHOD: `GET` {{(pid=46280) log_request_info /opt/stack/keystone/keystone/server/flask/request_processing/req_logging.py:27}}
Nov 06 22:15:55 user devstack@keystone.service[46280]: DEBUG keystone.server.flask.request_processing.req_logging [None req-d831dd9c-2cb3-4561-8fd3-fe4874bdc0f6 None admin] SCRIPT_NAME: `/identity` {{(pid=46280) log_request_info /opt/stack/keystone/keystone/server/flask/request_processing/req_logging.py:28}}
Nov 06 22:15:55 user devstack@keystone.service[46280]: DEBUG keystone.server.flask.request_processing.req_logging [None req-d831dd9c-2cb3-4561-8fd3-fe4874bdc0f6 None admin] PATH_INFO: `/v3/users/7579a6e34e4d41eebce083d88947afa6` {{(pid=46280) log_request_info /opt/stack/keystone/keystone/server/flask/request_processing/req_logging.py:29}}
Nov 06 22:15:55 user devstack@keystone.service[46282]: DEBUG keystone.server.flask.request_processing.middleware.auth_context [None req-e4d95a68-2bf8-4b7f-bbbd-a2398567569b None admin] Validating token access rules against request {{(pid=46282) validate_allowed_request /opt/stack/data/venv/lib/python3.10/site-packages/keystonemiddleware/auth_token/__init__.py:544}}
Nov 06 22:15:55 user devstack@keystone.service[46280]: DEBUG keystone.common.rbac_enforcer.enforcer [None req-d831dd9c-2cb3-4561-8fd3-fe4874bdc0f6 None admin] RBAC: Authorizing `identity:get_user(user_id=7579a6e34e4d41eebce083d88947afa6)` {{(pid=46280) enforce_call /opt/stack/keystone/keystone/common/rbac_enforcer/enforcer.py:449}}
Nov 06 22:15:55 user devstack@keystone.service[46280]: DEBUG keystone.common.rbac_enforcer.enforcer [None req-d831dd9c-2cb3-4561-8fd3-fe4874bdc0f6 None admin] RBAC: Authorization granted {{(pid=46280) enforce_call /opt/stack/keystone/keystone/common/rbac_enforcer/enforcer.py:457}}
Nov 06 22:15:55 user devstack@keystone.service[46280]: [pid: 46280|app: 0|req: 57/168] 10.0.0.210 () {56 vars in 1172 bytes} [Mon Nov 6 22:15:55 2023] GET /identity/v3/users/7579a6e34e4d41eebce083d88947afa6 => generated 296 bytes in 213 msecs (HTTP/1.1 200) 5 headers in 177 bytes (1 switches on core 0)
Nov 06 22:15:55 user devstack@keystone.service[46281]: DEBUG keystone.server.flask.request_processing.middleware.auth_context [None req-dfbe8513-644d-48b1-abf0-78a092b3c7f8 None admin] Authenticating user token {{(pid=46281) process_request /opt/stack/data/venv/lib/python3.10/site-packages/keystonemiddleware/auth_token/__init__.py:406}}
Nov 06 22:15:55 user devstack@keystone.service[46282]: DEBUG keystone.server.flask.request_processing.middleware.auth_context [None req-7bce61a2-a4ea-4ed0-8c99-d200dd707865 None admin] RBAC: auth_context: {'token': , 'domain_id': None, 'trust_id': None, 'trustor_id': None, 'trustee_id': None, 'domain_name': None, 'group_ids': [], 'user_id': 'dc93dcbc17284a0ab2f781a7cace9062', 'user_domain_id': 'default', 'system_scope': 'all', 'project_id': None, 'project_domain_id': None, 'roles': ['admin', 'manager', 'member', 'reader'], 'is_admin_project': True, 'service_user_id': None, 'service_user_domain_id': None, 'service_project_id': None, 'service_project_domain_id': None, 'service_roles': []} {{(pid=46282) fill_context /opt/stack/keystone/keystone/server/flask/request_processing/middleware/auth_context.py:480}}
Nov 06 22:15:55 user devstack@keystone.service[46282]: DEBUG keystone.server.flask.request_processing.req_logging [None req-7bce61a2-a4ea-4ed0-8c99-d200dd707865 None admin] REQUEST_METHOD: `GET` {{(pid=46282) log_request_info /opt/stack/keystone/keystone/server/flask/request_processing/req_logging.py:27}}
Nov 06 22:15:55 user devstack@keystone.service[46282]: DEBUG keystone.server.flask.request_processing.req_logging [None req-7bce61a2-a4ea-4ed0-8c99-d200dd707865 None admin] SCRIPT_NAME: `/identity` {{(pid=46282) log_request_info /opt/stack/keystone/keystone/server/flask/request_processing/req_logging.py:28}}
Nov 06 22:15:55 user devstack@keystone.service[46282]: DEBUG keystone.server.flask.request_processing.req_logging [None req-7bce61a2-a4ea-4ed0-8c99-d200dd707865 None admin] PATH_INFO: `/v3/roles` {{(pid=46282) log_request_info /opt/stack/keystone/keystone/server/flask/request_processing/req_logging.py:29}}
Nov 06 22:15:55 user devstack@keystone.service[46282]: DEBUG keystone.common.rbac_enforcer.enforcer [None req-7bce61a2-a4ea-4ed0-8c99-d200dd707865 None admin] RBAC: Adding query filter params (name=member) {{(pid=46282) _extract_filter_values /opt/stack/keystone/keystone/common/rbac_enforcer/enforcer.py:167}}
Nov 06 22:15:55 user devstack@keystone.service[46282]: DEBUG keystone.common.rbac_enforcer.enforcer [None req-7bce61a2-a4ea-4ed0-8c99-d200dd707865 None admin] RBAC: Authorizing `identity:list_roles()` {{(pid=46282) enforce_call /opt/stack/keystone/keystone/common/rbac_enforcer/enforcer.py:449}}
Nov 06 22:15:55 user devstack@keystone.service[46282]: DEBUG keystone.common.rbac_enforcer.enforcer [None req-7bce61a2-a4ea-4ed0-8c99-d200dd707865 None admin] RBAC: Authorization granted {{(pid=46282) enforce_call /opt/stack/keystone/keystone/common/rbac_enforcer/enforcer.py:457}}
Nov 06 22:15:55 user devstack@keystone.service[46282]: [pid: 46282|app: 0|req: 55/169] 10.0.0.210 () {56 vars in 1096 bytes} [Mon Nov 6 22:15:55 2023] GET /identity/v3/roles?name=member => generated 339 bytes in 153 msecs (HTTP/1.1 200) 5 headers in 177 bytes (1 switches on core 0)
Nov 06 22:15:55 user devstack@keystone.service[46280]: DEBUG keystone.server.flask.request_processing.middleware.auth_context [None req-d831dd9c-2cb3-4561-8fd3-fe4874bdc0f6 None admin] Authenticating user token {{(pid=46280) process_request /opt/stack/data/venv/lib/python3.10/site-packages/keystonemiddleware/auth_token/__init__.py:406}}
Nov 06 22:15:55 user devstack@keystone.service[46281]: DEBUG keystone.server.flask.request_processing.middleware.auth_context [None req-dfbe8513-644d-48b1-abf0-78a092b3c7f8 None admin] Validating token access rules against request {{(pid=46281) validate_allowed_request /opt/stack/data/venv/lib/python3.10/site-packages/keystonemiddleware/auth_token/__init__.py:544}}
Nov 06 22:15:55 user devstack@keystone.service[46280]: DEBUG keystone.server.flask.request_processing.middleware.auth_context [None req-d831dd9c-2cb3-4561-8fd3-fe4874bdc0f6 None admin] Validating token access rules against request {{(pid=46280) validate_allowed_request /opt/stack/data/venv/lib/python3.10/site-packages/keystonemiddleware/auth_token/__init__.py:544}}
Nov 06 22:15:55 user devstack@keystone.service[46281]: DEBUG keystone.server.flask.request_processing.middleware.auth_context [None req-4c9dc6fc-1e8b-4ff2-9c72-c6efa4db8865 None admin] RBAC: auth_context: {'token': , 'domain_id': None, 'trust_id': None, 'trustor_id': None, 'trustee_id': None, 'domain_name': None, 'group_ids': [], 'user_id': 'dc93dcbc17284a0ab2f781a7cace9062', 'user_domain_id': 'default', 'system_scope': 'all', 'project_id': None, 'project_domain_id': None, 'roles': ['admin', 'manager', 'member', 'reader'], 'is_admin_project': True, 'service_user_id': None, 'service_user_domain_id': None, 'service_project_id': None, 'service_project_domain_id': None, 'service_roles': []} {{(pid=46281) fill_context /opt/stack/keystone/keystone/server/flask/request_processing/middleware/auth_context.py:480}}
Nov 06 22:15:55 user devstack@keystone.service[46281]: DEBUG keystone.server.flask.request_processing.req_logging [None req-4c9dc6fc-1e8b-4ff2-9c72-c6efa4db8865 None admin] REQUEST_METHOD: `GET` {{(pid=46281) log_request_info /opt/stack/keystone/keystone/server/flask/request_processing/req_logging.py:27}}
Nov 06 22:15:55 user devstack@keystone.service[46281]: DEBUG keystone.server.flask.request_processing.req_logging [None req-4c9dc6fc-1e8b-4ff2-9c72-c6efa4db8865 None admin] SCRIPT_NAME: `/identity` {{(pid=46281) log_request_info /opt/stack/keystone/keystone/server/flask/request_processing/req_logging.py:28}}
Nov 06 22:15:55 user devstack@keystone.service[46281]: DEBUG keystone.server.flask.request_processing.req_logging [None req-4c9dc6fc-1e8b-4ff2-9c72-c6efa4db8865 None admin] PATH_INFO: `/v3/projects/f0d0c0c1df9a40e89aa0f5697e1a22ce` {{(pid=46281) log_request_info /opt/stack/keystone/keystone/server/flask/request_processing/req_logging.py:29}}
Nov 06 22:15:55 user devstack@keystone.service[46281]: DEBUG keystone.common.rbac_enforcer.enforcer [None req-4c9dc6fc-1e8b-4ff2-9c72-c6efa4db8865 None admin] RBAC: Authorizing `identity:get_project(project_id=f0d0c0c1df9a40e89aa0f5697e1a22ce)` {{(pid=46281) enforce_call /opt/stack/keystone/keystone/common/rbac_enforcer/enforcer.py:449}}
Nov 06 22:15:55 user devstack@keystone.service[46281]: DEBUG keystone.common.rbac_enforcer.enforcer [None req-4c9dc6fc-1e8b-4ff2-9c72-c6efa4db8865 None admin] RBAC: Authorization granted {{(pid=46281) enforce_call /opt/stack/keystone/keystone/common/rbac_enforcer/enforcer.py:457}}
Nov 06 22:15:55 user devstack@keystone.service[46281]: [pid: 46281|app: 0|req: 58/170] 10.0.0.210 () {56 vars in 1181 bytes} [Mon Nov 6 22:15:55 2023] GET /identity/v3/projects/f0d0c0c1df9a40e89aa0f5697e1a22ce => generated 301 bytes in 169 msecs (HTTP/1.1 200) 5 headers in 177 bytes (1 switches on core 0)
Nov 06 22:15:55 user devstack@keystone.service[46280]: DEBUG keystone.server.flask.request_processing.middleware.auth_context [None req-82d46667-8e68-4778-8a78-1ffc60dea720 None admin] RBAC: auth_context: {'token': , 'domain_id': None, 'trust_id': None, 'trustor_id': None, 'trustee_id': None, 'domain_name': None, 'group_ids': [], 'user_id': 'dc93dcbc17284a0ab2f781a7cace9062', 'user_domain_id': 'default', 'system_scope': 'all', 'project_id': None, 'project_domain_id': None, 'roles': ['admin', 'manager', 'member', 'reader'], 'is_admin_project': True, 'service_user_id': None, 'service_user_domain_id': None, 'service_project_id': None, 'service_project_domain_id': None, 'service_roles': []} {{(pid=46280) fill_context /opt/stack/keystone/keystone/server/flask/request_processing/middleware/auth_context.py:480}}
Nov 06 22:15:55 user devstack@keystone.service[46280]: DEBUG keystone.server.flask.request_processing.req_logging [None req-82d46667-8e68-4778-8a78-1ffc60dea720 None admin] REQUEST_METHOD: `GET` {{(pid=46280) log_request_info /opt/stack/keystone/keystone/server/flask/request_processing/req_logging.py:27}}
Nov 06 22:15:55 user devstack@keystone.service[46280]: DEBUG keystone.server.flask.request_processing.req_logging [None req-82d46667-8e68-4778-8a78-1ffc60dea720 None admin] SCRIPT_NAME: `/identity` {{(pid=46280) log_request_info /opt/stack/keystone/keystone/server/flask/request_processing/req_logging.py:28}}
Nov 06 22:15:55 user devstack@keystone.service[46280]: DEBUG keystone.server.flask.request_processing.req_logging [None req-82d46667-8e68-4778-8a78-1ffc60dea720 None admin] PATH_INFO: `/v3/users/d156fe81c44948cf961f3de374ae6438` {{(pid=46280) log_request_info /opt/stack/keystone/keystone/server/flask/request_processing/req_logging.py:29}}
Nov 06 22:15:55 user devstack@keystone.service[46282]: DEBUG keystone.server.flask.request_processing.middleware.auth_context [None req-7bce61a2-a4ea-4ed0-8c99-d200dd707865 None admin] Authenticating user token {{(pid=46282) process_request /opt/stack/data/venv/lib/python3.10/site-packages/keystonemiddleware/auth_token/__init__.py:406}}
Nov 06 22:15:55 user devstack@keystone.service[46280]: DEBUG keystone.common.rbac_enforcer.enforcer [None req-82d46667-8e68-4778-8a78-1ffc60dea720 None admin] RBAC: Authorizing `identity:get_user(user_id=d156fe81c44948cf961f3de374ae6438)` {{(pid=46280) enforce_call /opt/stack/keystone/keystone/common/rbac_enforcer/enforcer.py:449}}
Nov 06 22:15:55 user devstack@keystone.service[46280]: DEBUG keystone.common.rbac_enforcer.enforcer [None req-82d46667-8e68-4778-8a78-1ffc60dea720 None admin] RBAC: Authorization granted {{(pid=46280) enforce_call /opt/stack/keystone/keystone/common/rbac_enforcer/enforcer.py:457}}
Nov 06 22:15:55 user devstack@keystone.service[46280]: [pid: 46280|app: 0|req: 58/171] 10.0.0.210 () {56 vars in 1172 bytes} [Mon Nov 6 22:15:55 2023] GET /identity/v3/users/d156fe81c44948cf961f3de374ae6438 => generated 296 bytes in 137 msecs (HTTP/1.1 200) 5 headers in 177 bytes (1 switches on core 0)
Nov 06 22:15:55 user devstack@keystone.service[46281]: DEBUG keystone.server.flask.request_processing.middleware.auth_context [None req-4c9dc6fc-1e8b-4ff2-9c72-c6efa4db8865 None admin] Authenticating user token {{(pid=46281) process_request /opt/stack/data/venv/lib/python3.10/site-packages/keystonemiddleware/auth_token/__init__.py:406}}
Nov 06 22:15:56 user devstack@keystone.service[46282]: DEBUG keystone.server.flask.request_processing.middleware.auth_context [None req-7bce61a2-a4ea-4ed0-8c99-d200dd707865 None admin] Validating token access rules against request {{(pid=46282) validate_allowed_request /opt/stack/data/venv/lib/python3.10/site-packages/keystonemiddleware/auth_token/__init__.py:544}}
Nov 06 22:15:56 user devstack@keystone.service[46281]: DEBUG keystone.server.flask.request_processing.middleware.auth_context [None req-4c9dc6fc-1e8b-4ff2-9c72-c6efa4db8865 None admin] Validating token access rules against request {{(pid=46281) validate_allowed_request /opt/stack/data/venv/lib/python3.10/site-packages/keystonemiddleware/auth_token/__init__.py:544}}
Nov 06 22:15:56 user devstack@keystone.service[46282]: DEBUG keystone.server.flask.request_processing.middleware.auth_context [None req-50431206-84c4-458a-bf12-d3aefca6e4cc None admin] RBAC: auth_context: {'token': , 'domain_id': None, 'trust_id': None, 'trustor_id': None, 'trustee_id': None, 'domain_name': None, 'group_ids': [], 'user_id': 'dc93dcbc17284a0ab2f781a7cace9062', 'user_domain_id': 'default', 'system_scope': 'all', 'project_id': None, 'project_domain_id': None, 'roles': ['admin', 'manager', 'member', 'reader'], 'is_admin_project': True, 'service_user_id': None, 'service_user_domain_id': None, 'service_project_id': None, 'service_project_domain_id': None, 'service_roles': []} {{(pid=46282) fill_context /opt/stack/keystone/keystone/server/flask/request_processing/middleware/auth_context.py:480}}
Nov 06 22:15:56 user devstack@keystone.service[46281]: DEBUG keystone.server.flask.request_processing.middleware.auth_context [None req-114d12e2-4ccd-407f-aad1-5f4c43bd7876 None admin] RBAC: auth_context: {'token': , 'domain_id': None, 'trust_id': None, 'trustor_id': None, 'trustee_id': None, 'domain_name': None, 'group_ids': [], 'user_id': 'dc93dcbc17284a0ab2f781a7cace9062', 'user_domain_id': 'default', 'system_scope': 'all', 'project_id': None, 'project_domain_id': None, 'roles': ['admin', 'manager', 'member', 'reader'], 'is_admin_project': True, 'service_user_id': None, 'service_user_domain_id': None, 'service_project_id': None, 'service_project_domain_id': None, 'service_roles': []} {{(pid=46281) fill_context /opt/stack/keystone/keystone/server/flask/request_processing/middleware/auth_context.py:480}}
Nov 06 22:15:56 user devstack@keystone.service[46281]: DEBUG keystone.server.flask.request_processing.req_logging [None req-114d12e2-4ccd-407f-aad1-5f4c43bd7876 None admin] REQUEST_METHOD: `GET` {{(pid=46281) log_request_info /opt/stack/keystone/keystone/server/flask/request_processing/req_logging.py:27}}
Nov 06 22:15:56 user devstack@keystone.service[46282]: DEBUG keystone.server.flask.request_processing.req_logging [None req-50431206-84c4-458a-bf12-d3aefca6e4cc None admin] REQUEST_METHOD: `PUT` {{(pid=46282) log_request_info /opt/stack/keystone/keystone/server/flask/request_processing/req_logging.py:27}}
Nov 06 22:15:56 user devstack@keystone.service[46281]: DEBUG keystone.server.flask.request_processing.req_logging [None req-114d12e2-4ccd-407f-aad1-5f4c43bd7876 None admin] SCRIPT_NAME: `/identity` {{(pid=46281) log_request_info /opt/stack/keystone/keystone/server/flask/request_processing/req_logging.py:28}}
Nov 06 22:15:56 user devstack@keystone.service[46281]: DEBUG keystone.server.flask.request_processing.req_logging [None req-114d12e2-4ccd-407f-aad1-5f4c43bd7876 None admin] PATH_INFO: `/v3/auth/tokens` {{(pid=46281) log_request_info /opt/stack/keystone/keystone/server/flask/request_processing/req_logging.py:29}}
Nov 06 22:15:56 user devstack@keystone.service[46282]: DEBUG keystone.server.flask.request_processing.req_logging [None req-50431206-84c4-458a-bf12-d3aefca6e4cc None admin] SCRIPT_NAME: `/identity` {{(pid=46282) log_request_info /opt/stack/keystone/keystone/server/flask/request_processing/req_logging.py:28}}
Nov 06 22:15:56 user devstack@keystone.service[46282]: DEBUG keystone.server.flask.request_processing.req_logging [None req-50431206-84c4-458a-bf12-d3aefca6e4cc None admin] PATH_INFO: `/v3/projects/f0d0c0c1df9a40e89aa0f5697e1a22ce/users/7579a6e34e4d41eebce083d88947afa6/roles/7daa399bb478400683e811294eebc352` {{(pid=46282) log_request_info /opt/stack/keystone/keystone/server/flask/request_processing/req_logging.py:29}}
Nov 06 22:15:56 user devstack@keystone.service[46282]: DEBUG keystone.common.rbac_enforcer.enforcer [None req-50431206-84c4-458a-bf12-d3aefca6e4cc None admin] RBAC: Authorizing `identity:create_grant(project_id=f0d0c0c1df9a40e89aa0f5697e1a22ce, user_id=7579a6e34e4d41eebce083d88947afa6, role_id=7daa399bb478400683e811294eebc352)` {{(pid=46282) enforce_call /opt/stack/keystone/keystone/common/rbac_enforcer/enforcer.py:449}}
Nov 06 22:15:56 user devstack@keystone.service[46282]: DEBUG keystone.common.rbac_enforcer.enforcer [None req-50431206-84c4-458a-bf12-d3aefca6e4cc None admin] RBAC: Authorization granted {{(pid=46282) enforce_call /opt/stack/keystone/keystone/common/rbac_enforcer/enforcer.py:457}}
Nov 06 22:15:56 user devstack@keystone.service[46282]: [pid: 46282|app: 0|req: 56/172] 10.0.0.210 () {58 vars in 1434 bytes} [Mon Nov 6 22:15:55 2023] PUT /identity/v3/projects/f0d0c0c1df9a40e89aa0f5697e1a22ce/users/7579a6e34e4d41eebce083d88947afa6/roles/7daa399bb478400683e811294eebc352 => generated 0 bytes in 159 msecs (HTTP/1.1 204) 3 headers in 132 bytes (0 switches on core 0)
Nov 06 22:15:56 user devstack@keystone.service[46281]: DEBUG keystone.common.rbac_enforcer.enforcer [None req-114d12e2-4ccd-407f-aad1-5f4c43bd7876 None admin] RBAC: Authorizing `identity:validate_token()` {{(pid=46281) enforce_call /opt/stack/keystone/keystone/common/rbac_enforcer/enforcer.py:449}}
Nov 06 22:15:56 user devstack@keystone.service[46281]: DEBUG keystone.common.rbac_enforcer.enforcer [None req-114d12e2-4ccd-407f-aad1-5f4c43bd7876 None admin] RBAC: Authorization granted {{(pid=46281) enforce_call /opt/stack/keystone/keystone/common/rbac_enforcer/enforcer.py:457}}
Nov 06 22:15:56 user devstack@keystone.service[46281]: [pid: 46281|app: 0|req: 59/173] 10.0.0.210 () {58 vars in 1277 bytes} [Mon Nov 6 22:15:55 2023] GET /identity/v3/auth/tokens => generated 861 bytes in 305 msecs (HTTP/1.1 200) 6 headers in 358 bytes (1 switches on core 0)
Nov 06 22:15:56 user devstack@keystone.service[46280]: DEBUG keystone.server.flask.request_processing.middleware.auth_context [None req-82d46667-8e68-4778-8a78-1ffc60dea720 None admin] Authenticating user token {{(pid=46280) process_request /opt/stack/data/venv/lib/python3.10/site-packages/keystonemiddleware/auth_token/__init__.py:406}}
Nov 06 22:15:56 user devstack@keystone.service[46280]: DEBUG keystone.server.flask.request_processing.middleware.auth_context [None req-82d46667-8e68-4778-8a78-1ffc60dea720 None admin] Validating token access rules against request {{(pid=46280) validate_allowed_request /opt/stack/data/venv/lib/python3.10/site-packages/keystonemiddleware/auth_token/__init__.py:544}}
Nov 06 22:15:56 user devstack@keystone.service[46280]: DEBUG keystone.server.flask.request_processing.middleware.auth_context [None req-e28b7f1f-871b-43c1-8187-0c2f764100be None admin] RBAC: auth_context: {'token': , 'domain_id': None, 'trust_id': None, 'trustor_id': None, 'trustee_id': None, 'domain_name': None, 'group_ids': [], 'user_id': 'dc93dcbc17284a0ab2f781a7cace9062', 'user_domain_id': 'default', 'system_scope': 'all', 'project_id': None, 'project_domain_id': None, 'roles': ['admin', 'manager', 'member', 'reader'], 'is_admin_project': True, 'service_user_id': None, 'service_user_domain_id': None, 'service_project_id': None, 'service_project_domain_id': None, 'service_roles': []} {{(pid=46280) fill_context /opt/stack/keystone/keystone/server/flask/request_processing/middleware/auth_context.py:480}}
Nov 06 22:15:56 user devstack@keystone.service[46280]: DEBUG keystone.server.flask.request_processing.req_logging [None req-e28b7f1f-871b-43c1-8187-0c2f764100be None admin] REQUEST_METHOD: `GET` {{(pid=46280) log_request_info /opt/stack/keystone/keystone/server/flask/request_processing/req_logging.py:27}}
Nov 06 22:15:56 user devstack@keystone.service[46280]: DEBUG keystone.server.flask.request_processing.req_logging [None req-e28b7f1f-871b-43c1-8187-0c2f764100be None admin] SCRIPT_NAME: `/identity` {{(pid=46280) log_request_info /opt/stack/keystone/keystone/server/flask/request_processing/req_logging.py:28}}
Nov 06 22:15:56 user devstack@keystone.service[46280]: DEBUG keystone.server.flask.request_processing.req_logging [None req-e28b7f1f-871b-43c1-8187-0c2f764100be None admin] PATH_INFO: `/v3/projects/f0d0c0c1df9a40e89aa0f5697e1a22ce` {{(pid=46280) log_request_info /opt/stack/keystone/keystone/server/flask/request_processing/req_logging.py:29}}
Nov 06 22:15:56 user devstack@keystone.service[46280]: DEBUG keystone.common.rbac_enforcer.enforcer [None req-e28b7f1f-871b-43c1-8187-0c2f764100be None admin] RBAC: Authorizing `identity:get_project(project_id=f0d0c0c1df9a40e89aa0f5697e1a22ce)` {{(pid=46280) enforce_call /opt/stack/keystone/keystone/common/rbac_enforcer/enforcer.py:449}}
Nov 06 22:15:56 user devstack@keystone.service[46280]: DEBUG keystone.common.rbac_enforcer.enforcer [None req-e28b7f1f-871b-43c1-8187-0c2f764100be None admin] RBAC: Authorization granted {{(pid=46280) enforce_call /opt/stack/keystone/keystone/common/rbac_enforcer/enforcer.py:457}}
Nov 06 22:15:56 user devstack@keystone.service[46280]: [pid: 46280|app: 0|req: 59/174] 10.0.0.210 () {56 vars in 1181 bytes} [Mon Nov 6 22:15:56 2023] GET /identity/v3/projects/f0d0c0c1df9a40e89aa0f5697e1a22ce => generated 301 bytes in 135 msecs (HTTP/1.1 200) 5 headers in 177 bytes (1 switches on core 0)
Nov 06 22:15:56 user devstack@keystone.service[46282]: DEBUG keystone.server.flask.request_processing.middleware.auth_context [None req-50431206-84c4-458a-bf12-d3aefca6e4cc None admin] Authenticating user token {{(pid=46282) process_request /opt/stack/data/venv/lib/python3.10/site-packages/keystonemiddleware/auth_token/__init__.py:406}}
Nov 06 22:15:56 user devstack@keystone.service[46282]: DEBUG keystone.server.flask.request_processing.middleware.auth_context [None req-50431206-84c4-458a-bf12-d3aefca6e4cc None admin] Validating token access rules against request {{(pid=46282) validate_allowed_request /opt/stack/data/venv/lib/python3.10/site-packages/keystonemiddleware/auth_token/__init__.py:544}}
Nov 06 22:15:56 user devstack@keystone.service[46282]: DEBUG keystone.server.flask.request_processing.middleware.auth_context [None req-c67c2be1-7cf1-48ef-9e8e-334477f9bc55 None admin] RBAC: auth_context: {'token': , 'domain_id': None, 'trust_id': None, 'trustor_id': None, 'trustee_id': None, 'domain_name': None, 'group_ids': [], 'user_id': 'dc93dcbc17284a0ab2f781a7cace9062', 'user_domain_id': 'default', 'system_scope': 'all', 'project_id': None, 'project_domain_id': None, 'roles': ['admin', 'manager', 'member', 'reader'], 'is_admin_project': True, 'service_user_id': None, 'service_user_domain_id': None, 'service_project_id': None, 'service_project_domain_id': None, 'service_roles': []} {{(pid=46282) fill_context /opt/stack/keystone/keystone/server/flask/request_processing/middleware/auth_context.py:480}}
Nov 06 22:15:56 user devstack@keystone.service[46282]: DEBUG keystone.server.flask.request_processing.req_logging [None req-c67c2be1-7cf1-48ef-9e8e-334477f9bc55 None admin] REQUEST_METHOD: `GET` {{(pid=46282) log_request_info /opt/stack/keystone/keystone/server/flask/request_processing/req_logging.py:27}}
Nov 06 22:15:56 user devstack@keystone.service[46282]: DEBUG keystone.server.flask.request_processing.req_logging [None req-c67c2be1-7cf1-48ef-9e8e-334477f9bc55 None admin] SCRIPT_NAME: `/identity` {{(pid=46282) log_request_info /opt/stack/keystone/keystone/server/flask/request_processing/req_logging.py:28}}
Nov 06 22:15:56 user devstack@keystone.service[46282]: DEBUG keystone.server.flask.request_processing.req_logging [None req-c67c2be1-7cf1-48ef-9e8e-334477f9bc55 None admin] PATH_INFO: `/v3/role_assignments` {{(pid=46282) log_request_info /opt/stack/keystone/keystone/server/flask/request_processing/req_logging.py:29}}
Nov 06 22:15:56 user devstack@keystone.service[46282]: DEBUG keystone.common.rbac_enforcer.enforcer [None req-c67c2be1-7cf1-48ef-9e8e-334477f9bc55 None admin] RBAC: Adding query filter params (role.id=8f47db3c6da04c2d9faa8ce3d4c5d52d, scope.project.id=f0d0c0c1df9a40e89aa0f5697e1a22ce, user.id=d156fe81c44948cf961f3de374ae6438) {{(pid=46282) _extract_filter_values /opt/stack/keystone/keystone/common/rbac_enforcer/enforcer.py:167}}
Nov 06 22:15:56 user devstack@keystone.service[46282]: DEBUG keystone.common.rbac_enforcer.enforcer [None req-c67c2be1-7cf1-48ef-9e8e-334477f9bc55 None admin] RBAC: Authorizing `identity:list_role_assignments()` {{(pid=46282) enforce_call /opt/stack/keystone/keystone/common/rbac_enforcer/enforcer.py:449}}
Nov 06 22:15:56 user devstack@keystone.service[46282]: DEBUG keystone.common.rbac_enforcer.enforcer [None req-c67c2be1-7cf1-48ef-9e8e-334477f9bc55 None admin] RBAC: Authorization granted {{(pid=46282) enforce_call /opt/stack/keystone/keystone/common/rbac_enforcer/enforcer.py:457}}
Nov 06 22:15:56 user devstack@keystone.service[46282]: [pid: 46282|app: 0|req: 57/175] 10.0.0.210 () {56 vars in 1369 bytes} [Mon Nov 6 22:15:56 2023] GET /identity/v3/role_assignments?user.id=d156fe81c44948cf961f3de374ae6438&scope.project.id=f0d0c0c1df9a40e89aa0f5697e1a22ce&role.id=8f47db3c6da04c2d9faa8ce3d4c5d52d => generated 606 bytes in 143 msecs (HTTP/1.1 200) 5 headers in 177 bytes (1 switches on core 0)
Nov 06 22:15:57 user devstack@keystone.service[46281]: DEBUG keystone.server.flask.request_processing.req_logging [None req-c65f9c5e-4995-42a0-bcff-632c90f784b3 None None] REQUEST_METHOD: `GET` {{(pid=46281) log_request_info /opt/stack/keystone/keystone/server/flask/request_processing/req_logging.py:27}}
Nov 06 22:15:57 user devstack@keystone.service[46281]: DEBUG keystone.server.flask.request_processing.req_logging [None req-c65f9c5e-4995-42a0-bcff-632c90f784b3 None None] SCRIPT_NAME: `/identity` {{(pid=46281) log_request_info /opt/stack/keystone/keystone/server/flask/request_processing/req_logging.py:28}}
Nov 06 22:15:57 user devstack@keystone.service[46281]: DEBUG keystone.server.flask.request_processing.req_logging [None req-c65f9c5e-4995-42a0-bcff-632c90f784b3 None None] PATH_INFO: `/` {{(pid=46281) log_request_info /opt/stack/keystone/keystone/server/flask/request_processing/req_logging.py:29}}
Nov 06 22:15:57 user devstack@keystone.service[46281]: [pid: 46281|app: 0|req: 60/176] 10.0.0.210 () {54 vars in 921 bytes} [Mon Nov 6 22:15:57 2023] GET /identity => generated 269 bytes in 3 msecs (HTTP/1.1 300) 6 headers in 233 bytes (1 switches on core 0)
Nov 06 22:15:57 user devstack@keystone.service[46280]: DEBUG keystone.server.flask.request_processing.middleware.auth_context [None req-e28b7f1f-871b-43c1-8187-0c2f764100be None admin] Authenticating user token {{(pid=46280) process_request /opt/stack/data/venv/lib/python3.10/site-packages/keystonemiddleware/auth_token/__init__.py:406}}
Nov 06 22:15:57 user devstack@keystone.service[46282]: DEBUG keystone.server.flask.request_processing.req_logging [None req-c8b821a8-2320-4a63-b79b-7ea7b538cb2d None None] REQUEST_METHOD: `GET` {{(pid=46282) log_request_info /opt/stack/keystone/keystone/server/flask/request_processing/req_logging.py:27}}
Nov 06 22:15:57 user devstack@keystone.service[46282]: DEBUG keystone.server.flask.request_processing.req_logging [None req-c8b821a8-2320-4a63-b79b-7ea7b538cb2d None None] SCRIPT_NAME: `/identity` {{(pid=46282) log_request_info /opt/stack/keystone/keystone/server/flask/request_processing/req_logging.py:28}}
Nov 06 22:15:57 user devstack@keystone.service[46282]: DEBUG keystone.server.flask.request_processing.req_logging [None req-c8b821a8-2320-4a63-b79b-7ea7b538cb2d None None] PATH_INFO: `/` {{(pid=46282) log_request_info /opt/stack/keystone/keystone/server/flask/request_processing/req_logging.py:29}}
Nov 06 22:15:57 user devstack@keystone.service[46282]: [pid: 46282|app: 0|req: 58/177] 10.0.0.210 () {54 vars in 921 bytes} [Mon Nov 6 22:15:57 2023] GET /identity => generated 269 bytes in 3 msecs (HTTP/1.1 300) 6 headers in 233 bytes (1 switches on core 0)
Nov 06 22:15:57 user devstack@keystone.service[46281]: DEBUG keystone.server.flask.request_processing.middleware.auth_context [None req-c65f9c5e-4995-42a0-bcff-632c90f784b3 None None] Authenticating user token {{(pid=46281) process_request /opt/stack/data/venv/lib/python3.10/site-packages/keystonemiddleware/auth_token/__init__.py:406}}
Nov 06 22:15:57 user devstack@keystone.service[46280]: DEBUG keystone.server.flask.request_processing.middleware.auth_context [None req-e28b7f1f-871b-43c1-8187-0c2f764100be None admin] Validating token access rules against request {{(pid=46280) validate_allowed_request /opt/stack/data/venv/lib/python3.10/site-packages/keystonemiddleware/auth_token/__init__.py:544}}
Nov 06 22:15:57 user devstack@keystone.service[46281]: DEBUG keystone.server.flask.request_processing.middleware.auth_context [None req-c65f9c5e-4995-42a0-bcff-632c90f784b3 None None] Validating token access rules against request {{(pid=46281) validate_allowed_request /opt/stack/data/venv/lib/python3.10/site-packages/keystonemiddleware/auth_token/__init__.py:544}}
Nov 06 22:15:57 user devstack@keystone.service[46280]: DEBUG keystone.server.flask.request_processing.middleware.auth_context [None req-22b59ec8-9d62-4554-a7fb-9de2d79fdfaf None admin] RBAC: auth_context: {'token': , 'domain_id': None, 'trust_id': None, 'trustor_id': None, 'trustee_id': None, 'domain_name': None, 'group_ids': [], 'user_id': 'dc93dcbc17284a0ab2f781a7cace9062', 'user_domain_id': 'default', 'system_scope': 'all', 'project_id': None, 'project_domain_id': None, 'roles': ['admin', 'manager', 'member', 'reader'], 'is_admin_project': True, 'service_user_id': None, 'service_user_domain_id': None, 'service_project_id': None, 'service_project_domain_id': None, 'service_roles': []} {{(pid=46280) fill_context /opt/stack/keystone/keystone/server/flask/request_processing/middleware/auth_context.py:480}}
Nov 06 22:15:57 user devstack@keystone.service[46280]: DEBUG keystone.server.flask.request_processing.req_logging [None req-22b59ec8-9d62-4554-a7fb-9de2d79fdfaf None admin] REQUEST_METHOD: `GET` {{(pid=46280) log_request_info /opt/stack/keystone/keystone/server/flask/request_processing/req_logging.py:27}}
Nov 06 22:15:57 user devstack@keystone.service[46280]: DEBUG keystone.server.flask.request_processing.req_logging [None req-22b59ec8-9d62-4554-a7fb-9de2d79fdfaf None admin] SCRIPT_NAME: `/identity` {{(pid=46280) log_request_info /opt/stack/keystone/keystone/server/flask/request_processing/req_logging.py:28}}
Nov 06 22:15:57 user devstack@keystone.service[46280]: DEBUG keystone.server.flask.request_processing.req_logging [None req-22b59ec8-9d62-4554-a7fb-9de2d79fdfaf None admin] PATH_INFO: `/v3/domains/default` {{(pid=46280) log_request_info /opt/stack/keystone/keystone/server/flask/request_processing/req_logging.py:29}}
Nov 06 22:15:57 user devstack@keystone.service[46280]: DEBUG keystone.common.rbac_enforcer.enforcer [None req-22b59ec8-9d62-4554-a7fb-9de2d79fdfaf None admin] RBAC: Authorizing `identity:get_domain(domain_id=default)` {{(pid=46280) enforce_call /opt/stack/keystone/keystone/common/rbac_enforcer/enforcer.py:449}}
Nov 06 22:15:57 user devstack@keystone.service[46280]: DEBUG keystone.common.rbac_enforcer.enforcer [None req-22b59ec8-9d62-4554-a7fb-9de2d79fdfaf None admin] RBAC: Authorization granted {{(pid=46280) enforce_call /opt/stack/keystone/keystone/common/rbac_enforcer/enforcer.py:457}}
Nov 06 22:15:57 user devstack@keystone.service[46280]: [pid: 46280|app: 0|req: 60/178] 10.0.0.210 () {56 vars in 1103 bytes} [Mon Nov 6 22:15:57 2023] GET /identity/v3/domains/default => generated 198 bytes in 135 msecs (HTTP/1.1 200) 5 headers in 177 bytes (1 switches on core 0)
Nov 06 22:15:57 user devstack@keystone.service[46282]: DEBUG keystone.server.flask.request_processing.middleware.auth_context [None req-c8b821a8-2320-4a63-b79b-7ea7b538cb2d None None] Authenticating user token {{(pid=46282) process_request /opt/stack/data/venv/lib/python3.10/site-packages/keystonemiddleware/auth_token/__init__.py:406}}
Nov 06 22:15:57 user devstack@keystone.service[46281]: DEBUG keystone.server.flask.request_processing.middleware.auth_context [None req-3d8f0a27-4121-40c9-a43a-e0ce282ed152 None admin] RBAC: auth_context: {'token': , 'domain_id': None, 'trust_id': None, 'trustor_id': None, 'trustee_id': None, 'domain_name': None, 'group_ids': [], 'user_id': 'dc93dcbc17284a0ab2f781a7cace9062', 'user_domain_id': 'default', 'system_scope': 'all', 'project_id': None, 'project_domain_id': None, 'roles': ['admin', 'manager', 'member', 'reader'], 'is_admin_project': True, 'service_user_id': None, 'service_user_domain_id': None, 'service_project_id': None, 'service_project_domain_id': None, 'service_roles': []} {{(pid=46281) fill_context /opt/stack/keystone/keystone/server/flask/request_processing/middleware/auth_context.py:480}}
Nov 06 22:15:57 user devstack@keystone.service[46281]: DEBUG keystone.server.flask.request_processing.req_logging [None req-3d8f0a27-4121-40c9-a43a-e0ce282ed152 None admin] REQUEST_METHOD: `GET` {{(pid=46281) log_request_info /opt/stack/keystone/keystone/server/flask/request_processing/req_logging.py:27}}
Nov 06 22:15:57 user devstack@keystone.service[46281]: DEBUG keystone.server.flask.request_processing.req_logging [None req-3d8f0a27-4121-40c9-a43a-e0ce282ed152 None admin] SCRIPT_NAME: `/identity` {{(pid=46281) log_request_info /opt/stack/keystone/keystone/server/flask/request_processing/req_logging.py:28}}
Nov 06 22:15:57 user devstack@keystone.service[46281]: DEBUG keystone.server.flask.request_processing.req_logging [None req-3d8f0a27-4121-40c9-a43a-e0ce282ed152 None admin] PATH_INFO: `/v3/roles/member` {{(pid=46281) log_request_info /opt/stack/keystone/keystone/server/flask/request_processing/req_logging.py:29}}
Nov 06 22:15:57 user devstack@keystone.service[46281]: DEBUG keystone.common.rbac_enforcer.enforcer [None req-3d8f0a27-4121-40c9-a43a-e0ce282ed152 None admin] Extracting inferred target data resulted in "NOT FOUND (404)". {{(pid=46281) enforce_call /opt/stack/keystone/keystone/common/rbac_enforcer/enforcer.py:409}}
Nov 06 22:15:57 user devstack@keystone.service[46281]: ERROR keystone.server.flask.application [None req-3d8f0a27-4121-40c9-a43a-e0ce282ed152 None admin] Could not find role: member.: keystone.exception.RoleNotFound: Could not find role: member.
Nov 06 22:15:57 user devstack@keystone.service[46281]: ERROR keystone.server.flask.application
Traceback (most recent call last):
Nov 06 22:15:57 user devstack@keystone.service[46281]: ERROR keystone.server.flask.application
File "/opt/stack/data/venv/lib/python3.10/site-packages/flask/app.py", line 1823, in full_dispatch_request
Nov 06 22:15:57 user devstack@keystone.service[46281]: ERROR keystone.server.flask.application rv = self.dispatch_request()
Nov 06 22:15:57 user devstack@keystone.service[46281]: ERROR keystone.server.flask.application
File "/opt/stack/data/venv/lib/python3.10/site-packages/flask/app.py", line 1799, in dispatch_request
Nov 06 22:15:57 user devstack@keystone.service[46281]: ERROR keystone.server.flask.application return self.ensure_sync(self.view_functions[rule.endpoint])(**view_args)
Nov 06 22:15:57 user devstack@keystone.service[46281]: ERROR keystone.server.flask.application
File "/opt/stack/data/venv/lib/python3.10/site-packages/flask_restful/__init__.py", line 489, in wrapper
Nov 06 22:15:57 user devstack@keystone.service[46281]: ERROR keystone.server.flask.application resp = resource(*args, **kwargs)
Nov 06 22:15:57 user devstack@keystone.service[46281]: ERROR keystone.server.flask.application
File "/opt/stack/data/venv/lib/python3.10/site-packages/flask/views.py", line 107, in view
Nov 06 22:15:57 user devstack@keystone.service[46281]: ERROR keystone.server.flask.application return current_app.ensure_sync(self.dispatch_request)(**kwargs)
Nov 06 22:15:57 user devstack@keystone.service[46281]: ERROR keystone.server.flask.application
File "/opt/stack/data/venv/lib/python3.10/site-packages/flask_restful/__init__.py", line 604, in dispatch_request
Nov 06 22:15:57 user devstack@keystone.service[46281]: ERROR keystone.server.flask.application resp = meth(*args, **kwargs)
Nov 06 22:15:57 user devstack@keystone.service[46281]: ERROR keystone.server.flask.application
File "/opt/stack/keystone/keystone/api/roles.py", line 50, in get
Nov 06 22:15:57 user devstack@keystone.service[46281]: ERROR keystone.server.flask.application return self._get_role(role_id)
Nov 06 22:15:57 user devstack@keystone.service[46281]: ERROR keystone.server.flask.application
File "/opt/stack/keystone/keystone/api/roles.py", line 70, in _get_role
Nov 06 22:15:57 user devstack@keystone.service[46281]: ERROR keystone.server.flask.application ENFORCER.enforce_call(action='identity:get_role')
Nov 06 22:15:57 user devstack@keystone.service[46281]: ERROR keystone.server.flask.application
File "/opt/stack/keystone/keystone/common/rbac_enforcer/enforcer.py", line 402, in enforce_call
Nov 06 22:15:57 user devstack@keystone.service[46281]: ERROR keystone.server.flask.application policy_dict.update(cls._extract_member_target_data(
Nov 06 22:15:57 user devstack@keystone.service[46281]: ERROR keystone.server.flask.application
File "/opt/stack/keystone/keystone/common/rbac_enforcer/enforcer.py", line 234, in _extract_member_target_data
Nov 06 22:15:57 user devstack@keystone.service[46281]: ERROR keystone.server.flask.application member_name: func(flask.request.view_args[key])
Nov 06 22:15:57 user devstack@keystone.service[46281]: ERROR keystone.server.flask.application
File "/opt/stack/keystone/keystone/common/manager.py", line 115, in wrapped
Nov 06 22:15:57 user devstack@keystone.service[46281]: ERROR keystone.server.flask.application __ret_val = __f(*args, **kwargs)
Nov 06 22:15:57 user devstack@keystone.service[46281]: ERROR keystone.server.flask.application
File "/opt/stack/data/venv/lib/python3.10/site-packages/decorator.py", line 232, in fun
Nov 06 22:15:57 user devstack@keystone.service[46281]: ERROR keystone.server.flask.application return caller(func, *(extras + args), **kw)
Nov 06 22:15:57 user devstack@keystone.service[46281]: ERROR keystone.server.flask.application
File "/opt/stack/data/venv/lib/python3.10/site-packages/dogpile/cache/region.py", line 1594, in get_or_create_for_user_func
Nov 06 22:15:57 user devstack@keystone.service[46281]: ERROR keystone.server.flask.application return self.get_or_create(
Nov 06 22:15:57 user devstack@keystone.service[46281]: ERROR keystone.server.flask.application
File "/opt/stack/data/venv/lib/python3.10/site-packages/dogpile/cache/region.py", line 1054, in get_or_create
Nov 06 22:15:57 user devstack@keystone.service[46281]: ERROR keystone.server.flask.application with Lock(
Nov 06 22:15:57 user devstack@keystone.service[46281]: ERROR keystone.server.flask.application
File "/opt/stack/data/venv/lib/python3.10/site-packages/dogpile/lock.py", line 185, in __enter__
Nov 06 22:15:57 user devstack@keystone.service[46281]: ERROR keystone.server.flask.application return self._enter()
Nov 06 22:15:57 user devstack@keystone.service[46281]: ERROR keystone.server.flask.application
File "/opt/stack/data/venv/lib/python3.10/site-packages/dogpile/lock.py", line 94, in _enter
Nov 06 22:15:57 user devstack@keystone.service[46281]: ERROR keystone.server.flask.application generated = self._enter_create(value, createdtime)
Nov 06 22:15:57 user devstack@keystone.service[46281]: ERROR keystone.server.flask.application
File "/opt/stack/data/venv/lib/python3.10/site-packages/dogpile/lock.py", line 178, in _enter_create
Nov 06 22:15:57 user devstack@keystone.service[46281]: ERROR keystone.server.flask.application return self.creator()
Nov 06 22:15:57 user devstack@keystone.service[46281]: ERROR keystone.server.flask.application
File "/opt/stack/data/venv/lib/python3.10/site-packages/dogpile/cache/region.py", line 1007, in gen_value
Nov 06 22:15:57 user devstack@keystone.service[46281]: ERROR keystone.server.flask.application created_value = creator(
Nov 06 22:15:57 user devstack@keystone.service[46281]: ERROR keystone.server.flask.application
File "/opt/stack/keystone/keystone/assignment/core.py", line 1276, in get_role
Nov 06 22:15:57 user devstack@keystone.service[46281]: ERROR keystone.server.flask.application return self.driver.get_role(role_id)
Nov 06 22:15:57 user devstack@keystone.service[46281]: ERROR keystone.server.flask.application
File "/opt/stack/keystone/keystone/assignment/role_backends/sql.py", line 70, in get_role
Nov 06 22:15:57 user devstack@keystone.service[46281]: ERROR keystone.server.flask.application return self._get_role(session, role_id).to_dict()
Nov 06 22:15:57 user devstack@keystone.service[46281]: ERROR keystone.server.flask.application
File "/opt/stack/keystone/keystone/assignment/role_backends/sql.py", line 65, in _get_role
Nov 06 22:15:57 user devstack@keystone.service[46281]: ERROR keystone.server.flask.application raise exception.RoleNotFound(role_id=role_id)
Nov 06 22:15:57 user devstack@keystone.service[46281]: ERROR keystone.server.flask.application keystone.exception.RoleNotFound: Could not find role: member.
Nov 06 22:15:57 user devstack@keystone.service[46281]: ERROR keystone.server.flask.application
Nov 06 22:15:57 user devstack@keystone.service[46281]: [pid: 46281|app: 0|req: 61/179] 10.0.0.210 () {56 vars in 1094 bytes} [Mon Nov 6 22:15:57 2023] GET /identity/v3/roles/member => generated 84 bytes in 144 msecs (HTTP/1.1 404) 5 headers in 183 bytes (1 switches on core 0)
Nov 06 22:15:57 user devstack@keystone.service[46280]: DEBUG keystone.server.flask.request_processing.middleware.auth_context [None req-22b59ec8-9d62-4554-a7fb-9de2d79fdfaf None admin] Authenticating user token {{(pid=46280) process_request /opt/stack/data/venv/lib/python3.10/site-packages/keystonemiddleware/auth_token/__init__.py:406}}
Nov 06 22:15:57 user devstack@keystone.service[46282]: DEBUG keystone.server.flask.request_processing.middleware.auth_context [None req-c8b821a8-2320-4a63-b79b-7ea7b538cb2d None None] Validating token access rules against request {{(pid=46282) validate_allowed_request /opt/stack/data/venv/lib/python3.10/site-packages/keystonemiddleware/auth_token/__init__.py:544}}
Nov 06 22:15:57 user devstack@keystone.service[46282]: DEBUG keystone.server.flask.request_processing.middleware.auth_context [None req-bd7caa19-c3b9-438d-9f8d-7e8031b711bb None admin] RBAC: auth_context: {'token': , 'domain_id': None, 'trust_id': None, 'trustor_id': None, 'trustee_id': None, 'domain_name': None, 'group_ids': [], 'user_id': 'dc93dcbc17284a0ab2f781a7cace9062', 'user_domain_id': 'default', 'system_scope': 'all', 'project_id': None, 'project_domain_id': None, 'roles': ['admin', 'manager', 'member', 'reader'], 'is_admin_project': True, 'service_user_id': None, 'service_user_domain_id': None, 'service_project_id': None, 'service_project_domain_id': None, 'service_roles': []} {{(pid=46282) fill_context /opt/stack/keystone/keystone/server/flask/request_processing/middleware/auth_context.py:480}}
Nov 06 22:15:57 user devstack@keystone.service[46282]: DEBUG keystone.server.flask.request_processing.req_logging [None req-bd7caa19-c3b9-438d-9f8d-7e8031b711bb None admin] REQUEST_METHOD: `POST` {{(pid=46282) log_request_info /opt/stack/keystone/keystone/server/flask/request_processing/req_logging.py:27}}
Nov 06 22:15:57 user devstack@keystone.service[46280]: DEBUG keystone.server.flask.request_processing.middleware.auth_context [None req-22b59ec8-9d62-4554-a7fb-9de2d79fdfaf None admin] Validating token access rules against request {{(pid=46280) validate_allowed_request /opt/stack/data/venv/lib/python3.10/site-packages/keystonemiddleware/auth_token/__init__.py:544}}
Nov 06 22:15:57 user devstack@keystone.service[46282]: DEBUG keystone.server.flask.request_processing.req_logging [None req-bd7caa19-c3b9-438d-9f8d-7e8031b711bb None admin] SCRIPT_NAME: `/identity` {{(pid=46282) log_request_info /opt/stack/keystone/keystone/server/flask/request_processing/req_logging.py:28}}
Nov 06 22:15:57 user devstack@keystone.service[46282]: DEBUG keystone.server.flask.request_processing.req_logging [None req-bd7caa19-c3b9-438d-9f8d-7e8031b711bb None admin] PATH_INFO: `/v3/users` {{(pid=46282) log_request_info /opt/stack/keystone/keystone/server/flask/request_processing/req_logging.py:29}}
Nov 06 22:15:57 user devstack@keystone.service[46282]: DEBUG keystone.common.rbac_enforcer.enforcer [None req-bd7caa19-c3b9-438d-9f8d-7e8031b711bb None admin] RBAC: Authorizing `identity:create_user()` {{(pid=46282) enforce_call /opt/stack/keystone/keystone/common/rbac_enforcer/enforcer.py:449}}
Nov 06 22:15:57 user devstack@keystone.service[46282]: DEBUG keystone.common.rbac_enforcer.enforcer [None req-bd7caa19-c3b9-438d-9f8d-7e8031b711bb None admin] RBAC: Authorization granted {{(pid=46282) enforce_call /opt/stack/keystone/keystone/common/rbac_enforcer/enforcer.py:457}}
Nov 06 22:15:57 user devstack@keystone.service[46282]: WARNING keystone.common.password_hashing [None req-bd7caa19-c3b9-438d-9f8d-7e8031b711bb None admin] Truncating password to algorithm specific maximum length 72 characters.
Nov 06 22:15:57 user devstack@keystone.service[46282]: [pid: 46282|app: 0|req: 59/180] 10.0.0.210 () {60 vars in 1127 bytes} [Mon Nov 6 22:15:57 2023] POST /identity/v3/users => generated 292 bytes in 160 msecs (HTTP/1.1 201) 5 headers in 182 bytes (1 switches on core 0)
Nov 06 22:15:57 user devstack@keystone.service[46280]: DEBUG keystone.server.flask.request_processing.middleware.auth_context [None req-e0802781-d757-4c18-b573-e56d80ee7d4f None admin] RBAC: auth_context: {'token': , 'domain_id': None, 'trust_id': None, 'trustor_id': None, 'trustee_id': None, 'domain_name': None, 'group_ids': [], 'user_id': 'dc93dcbc17284a0ab2f781a7cace9062', 'user_domain_id': 'default', 'system_scope': 'all', 'project_id': None, 'project_domain_id': None, 'roles': ['admin', 'manager', 'member', 'reader'], 'is_admin_project': True, 'service_user_id': None, 'service_user_domain_id': None, 'service_project_id': None, 'service_project_domain_id': None, 'service_roles': []} {{(pid=46280) fill_context /opt/stack/keystone/keystone/server/flask/request_processing/middleware/auth_context.py:480}}
Nov 06 22:15:57 user devstack@keystone.service[46280]: DEBUG keystone.server.flask.request_processing.req_logging [None req-e0802781-d757-4c18-b573-e56d80ee7d4f None admin] REQUEST_METHOD: `GET` {{(pid=46280) log_request_info /opt/stack/keystone/keystone/server/flask/request_processing/req_logging.py:27}}
Nov 06 22:15:57 user devstack@keystone.service[46280]: DEBUG keystone.server.flask.request_processing.req_logging [None req-e0802781-d757-4c18-b573-e56d80ee7d4f None admin] SCRIPT_NAME: `/identity` {{(pid=46280) log_request_info /opt/stack/keystone/keystone/server/flask/request_processing/req_logging.py:28}}
Nov 06 22:15:57 user devstack@keystone.service[46280]: DEBUG keystone.server.flask.request_processing.req_logging [None req-e0802781-d757-4c18-b573-e56d80ee7d4f None admin] PATH_INFO: `/v3/roles` {{(pid=46280) log_request_info /opt/stack/keystone/keystone/server/flask/request_processing/req_logging.py:29}}
Nov 06 22:15:57 user devstack@keystone.service[46280]: DEBUG keystone.common.rbac_enforcer.enforcer [None req-e0802781-d757-4c18-b573-e56d80ee7d4f None admin] RBAC: Adding query filter params (name=member) {{(pid=46280) _extract_filter_values /opt/stack/keystone/keystone/common/rbac_enforcer/enforcer.py:167}}
