Nov 15 02:32:04 user devstack@keystone.service[46587]: DEBUG keystone.server.flask.request_processing.middleware.auth_context [None req-2bfef391-2416-47fe-9cb2-19fff04ad5f3 None admin] RBAC: auth_context: {'token': , 'domain_id': None, 'trust_id': None, 'trustor_id': None, 'trustee_id': None, 'domain_name': None, 'group_ids': [], 'user_id': '4568f4425e1d431da38edbcb8514c8e0', 'user_domain_id': 'default', 'system_scope': 'all', 'project_id': None, 'project_domain_id': None, 'roles': ['admin', 'manager', 'member', 'reader'], 'is_admin_project': True, 'service_user_id': None, 'service_user_domain_id': None, 'service_project_id': None, 'service_project_domain_id': None, 'service_roles': []} {{(pid=46587) fill_context /opt/stack/keystone/keystone/server/flask/request_processing/middleware/auth_context.py:480}}
Nov 15 02:32:04 user devstack@keystone.service[46587]: DEBUG keystone.server.flask.request_processing.req_logging [None req-2bfef391-2416-47fe-9cb2-19fff04ad5f3 None admin] REQUEST_METHOD: `PUT` {{(pid=46587) log_request_info /opt/stack/keystone/keystone/server/flask/request_processing/req_logging.py:27}}
Nov 15 02:32:04 user devstack@keystone.service[46587]: DEBUG keystone.server.flask.request_processing.req_logging [None req-2bfef391-2416-47fe-9cb2-19fff04ad5f3 None admin] SCRIPT_NAME: `/identity` {{(pid=46587) log_request_info /opt/stack/keystone/keystone/server/flask/request_processing/req_logging.py:28}}
Nov 15 02:32:04 user devstack@keystone.service[46587]: DEBUG keystone.server.flask.request_processing.req_logging [None req-2bfef391-2416-47fe-9cb2-19fff04ad5f3 None admin] PATH_INFO: `/v3/projects/165b744674c14367b4f63a2fccd7eb4a/users/d6d41b80a850440fa91cbe94bd18624e/roles/5bb51df325364525be4ba48fdf0bf934` {{(pid=46587) log_request_info /opt/stack/keystone/keystone/server/flask/request_processing/req_logging.py:29}}
Nov 15 02:32:04 user devstack@keystone.service[46587]: DEBUG keystone.common.rbac_enforcer.enforcer [None req-2bfef391-2416-47fe-9cb2-19fff04ad5f3 None admin] RBAC: Authorizing `identity:create_grant(project_id=165b744674c14367b4f63a2fccd7eb4a, user_id=d6d41b80a850440fa91cbe94bd18624e, role_id=5bb51df325364525be4ba48fdf0bf934)` {{(pid=46587) enforce_call /opt/stack/keystone/keystone/common/rbac_enforcer/enforcer.py:449}}
Nov 15 02:32:04 user devstack@keystone.service[46585]: DEBUG keystone.server.flask.request_processing.middleware.auth_context [None req-383c32b8-786e-4b30-82fa-df80d6c1cd66 None admin] Authenticating user token {{(pid=46585) process_request /opt/stack/data/venv/lib/python3.10/site-packages/keystonemiddleware/auth_token/__init__.py:406}}
Nov 15 02:32:04 user devstack@keystone.service[46587]: DEBUG keystone.common.rbac_enforcer.enforcer [None req-2bfef391-2416-47fe-9cb2-19fff04ad5f3 None admin] RBAC: Authorization granted {{(pid=46587) enforce_call /opt/stack/keystone/keystone/common/rbac_enforcer/enforcer.py:457}}
Nov 15 02:32:04 user devstack@keystone.service[46587]: [pid: 46587|app: 0|req: 56/155] 10.0.0.210 () {58 vars in 1434 bytes} [Wed Nov 15 02:32:04 2023] PUT /identity/v3/projects/165b744674c14367b4f63a2fccd7eb4a/users/d6d41b80a850440fa91cbe94bd18624e/roles/5bb51df325364525be4ba48fdf0bf934 => generated 0 bytes in 177 msecs (HTTP/1.1 204) 3 headers in 132 bytes (1 switches on core 0)
Nov 15 02:32:04 user devstack@keystone.service[46586]: DEBUG keystone.common.rbac_enforcer.enforcer [None req-e6d4afdb-5026-419f-a0bc-8273da804b1a None admin] RBAC: Authorizing `identity:validate_token()` {{(pid=46586) enforce_call /opt/stack/keystone/keystone/common/rbac_enforcer/enforcer.py:449}}
Nov 15 02:32:04 user devstack@keystone.service[46586]: DEBUG keystone.common.rbac_enforcer.enforcer [None req-e6d4afdb-5026-419f-a0bc-8273da804b1a None admin] RBAC: Authorization granted {{(pid=46586) enforce_call /opt/stack/keystone/keystone/common/rbac_enforcer/enforcer.py:457}}
Nov 15 02:32:04 user devstack@keystone.service[46585]: DEBUG keystone.server.flask.request_processing.middleware.auth_context [None req-383c32b8-786e-4b30-82fa-df80d6c1cd66 None admin] Validating token access rules against request {{(pid=46585) validate_allowed_request /opt/stack/data/venv/lib/python3.10/site-packages/keystonemiddleware/auth_token/__init__.py:544}}
Nov 15 02:32:04 user devstack@keystone.service[46586]: [pid: 46586|app: 0|req: 53/156] 10.0.0.210 () {58 vars in 1277 bytes} [Wed Nov 15 02:32:04 2023] GET /identity/v3/auth/tokens => generated 861 bytes in 297 msecs (HTTP/1.1 200) 6 headers in 358 bytes (1 switches on core 0)
Nov 15 02:32:05 user devstack@keystone.service[46587]: DEBUG keystone.server.flask.request_processing.middleware.auth_context [None req-2bfef391-2416-47fe-9cb2-19fff04ad5f3 None admin] Authenticating user token {{(pid=46587) process_request /opt/stack/data/venv/lib/python3.10/site-packages/keystonemiddleware/auth_token/__init__.py:406}}
Nov 15 02:32:05 user devstack@keystone.service[46585]: DEBUG keystone.server.flask.request_processing.middleware.auth_context [None req-21e76020-e5af-4cba-b567-6b2f5c361e01 None admin] RBAC: auth_context: {'token': , 'domain_id': None, 'trust_id': None, 'trustor_id': None, 'trustee_id': None, 'domain_name': None, 'group_ids': [], 'user_id': '4568f4425e1d431da38edbcb8514c8e0', 'user_domain_id': 'default', 'system_scope': 'all', 'project_id': None, 'project_domain_id': None, 'roles': ['admin', 'manager', 'member', 'reader'], 'is_admin_project': True, 'service_user_id': None, 'service_user_domain_id': None, 'service_project_id': None, 'service_project_domain_id': None, 'service_roles': []} {{(pid=46585) fill_context /opt/stack/keystone/keystone/server/flask/request_processing/middleware/auth_context.py:480}}
Nov 15 02:32:05 user devstack@keystone.service[46585]: DEBUG keystone.server.flask.request_processing.req_logging [None req-21e76020-e5af-4cba-b567-6b2f5c361e01 None admin] REQUEST_METHOD: `GET` {{(pid=46585) log_request_info /opt/stack/keystone/keystone/server/flask/request_processing/req_logging.py:27}}
Nov 15 02:32:05 user devstack@keystone.service[46585]: DEBUG keystone.server.flask.request_processing.req_logging [None req-21e76020-e5af-4cba-b567-6b2f5c361e01 None admin] SCRIPT_NAME: `/identity` {{(pid=46585) log_request_info /opt/stack/keystone/keystone/server/flask/request_processing/req_logging.py:28}}
Nov 15 02:32:05 user devstack@keystone.service[46585]: DEBUG keystone.server.flask.request_processing.req_logging [None req-21e76020-e5af-4cba-b567-6b2f5c361e01 None admin] PATH_INFO: `/v3/role_assignments` {{(pid=46585) log_request_info /opt/stack/keystone/keystone/server/flask/request_processing/req_logging.py:29}}
Nov 15 02:32:05 user devstack@keystone.service[46585]: DEBUG keystone.common.rbac_enforcer.enforcer [None req-21e76020-e5af-4cba-b567-6b2f5c361e01 None admin] RBAC: Adding query filter params (role.id=e652c3d794194cd3bb11bbcfe3437ab1, scope.project.id=165b744674c14367b4f63a2fccd7eb4a, user.id=7fef2cad5e6c408bbd05a1e4e763a6e7) {{(pid=46585) _extract_filter_values /opt/stack/keystone/keystone/common/rbac_enforcer/enforcer.py:167}}
Nov 15 02:32:05 user devstack@keystone.service[46585]: DEBUG keystone.common.rbac_enforcer.enforcer [None req-21e76020-e5af-4cba-b567-6b2f5c361e01 None admin] RBAC: Authorizing `identity:list_role_assignments()` {{(pid=46585) enforce_call /opt/stack/keystone/keystone/common/rbac_enforcer/enforcer.py:449}}
Nov 15 02:32:05 user devstack@keystone.service[46585]: DEBUG keystone.common.rbac_enforcer.enforcer [None req-21e76020-e5af-4cba-b567-6b2f5c361e01 None admin] RBAC: Authorization granted {{(pid=46585) enforce_call /opt/stack/keystone/keystone/common/rbac_enforcer/enforcer.py:457}}
Nov 15 02:32:05 user devstack@keystone.service[46585]: [pid: 46585|app: 0|req: 48/157] 10.0.0.210 () {56 vars in 1369 bytes} [Wed Nov 15 02:32:04 2023] GET /identity/v3/role_assignments?user.id=7fef2cad5e6c408bbd05a1e4e763a6e7&scope.project.id=165b744674c14367b4f63a2fccd7eb4a&role.id=e652c3d794194cd3bb11bbcfe3437ab1 => generated 606 bytes in 189 msecs (HTTP/1.1 200) 5 headers in 177 bytes (1 switches on core 0)
Nov 15 02:32:05 user devstack@keystone.service[46587]: DEBUG keystone.server.flask.request_processing.middleware.auth_context [None req-2bfef391-2416-47fe-9cb2-19fff04ad5f3 None admin] Validating token access rules against request {{(pid=46587) validate_allowed_request /opt/stack/data/venv/lib/python3.10/site-packages/keystonemiddleware/auth_token/__init__.py:544}}
Nov 15 02:32:05 user devstack@keystone.service[46587]: DEBUG keystone.server.flask.request_processing.middleware.auth_context [None req-c7614ce6-6950-4c51-8419-9d618fb61606 None admin] RBAC: auth_context: {'token': , 'domain_id': None, 'trust_id': None, 'trustor_id': None, 'trustee_id': None, 'domain_name': None, 'group_ids': [], 'user_id': '4568f4425e1d431da38edbcb8514c8e0', 'user_domain_id': 'default', 'system_scope': 'all', 'project_id': None, 'project_domain_id': None, 'roles': ['admin', 'manager', 'member', 'reader'], 'is_admin_project': True, 'service_user_id': None, 'service_user_domain_id': None, 'service_project_id': None, 'service_project_domain_id': None, 'service_roles': []} {{(pid=46587) fill_context /opt/stack/keystone/keystone/server/flask/request_processing/middleware/auth_context.py:480}}
Nov 15 02:32:05 user devstack@keystone.service[46587]: DEBUG keystone.server.flask.request_processing.req_logging [None req-c7614ce6-6950-4c51-8419-9d618fb61606 None admin] REQUEST_METHOD: `GET` {{(pid=46587) log_request_info /opt/stack/keystone/keystone/server/flask/request_processing/req_logging.py:27}}
Nov 15 02:32:05 user devstack@keystone.service[46587]: DEBUG keystone.server.flask.request_processing.req_logging [None req-c7614ce6-6950-4c51-8419-9d618fb61606 None admin] SCRIPT_NAME: `/identity` {{(pid=46587) log_request_info /opt/stack/keystone/keystone/server/flask/request_processing/req_logging.py:28}}
Nov 15 02:32:05 user devstack@keystone.service[46587]: DEBUG keystone.server.flask.request_processing.req_logging [None req-c7614ce6-6950-4c51-8419-9d618fb61606 None admin] PATH_INFO: `/v3/projects/165b744674c14367b4f63a2fccd7eb4a` {{(pid=46587) log_request_info /opt/stack/keystone/keystone/server/flask/request_processing/req_logging.py:29}}
Nov 15 02:32:05 user devstack@keystone.service[46587]: DEBUG keystone.common.rbac_enforcer.enforcer [None req-c7614ce6-6950-4c51-8419-9d618fb61606 None admin] RBAC: Authorizing `identity:get_project(project_id=165b744674c14367b4f63a2fccd7eb4a)` {{(pid=46587) enforce_call /opt/stack/keystone/keystone/common/rbac_enforcer/enforcer.py:449}}
Nov 15 02:32:05 user devstack@keystone.service[46587]: DEBUG keystone.common.rbac_enforcer.enforcer [None req-c7614ce6-6950-4c51-8419-9d618fb61606 None admin] RBAC: Authorization granted {{(pid=46587) enforce_call /opt/stack/keystone/keystone/common/rbac_enforcer/enforcer.py:457}}
Nov 15 02:32:05 user devstack@keystone.service[46587]: [pid: 46587|app: 0|req: 57/158] 10.0.0.210 () {56 vars in 1181 bytes} [Wed Nov 15 02:32:04 2023] GET /identity/v3/projects/165b744674c14367b4f63a2fccd7eb4a => generated 301 bytes in 154 msecs (HTTP/1.1 200) 5 headers in 177 bytes (1 switches on core 0)
Nov 15 02:32:05 user devstack@keystone.service[46586]: DEBUG keystone.server.flask.request_processing.middleware.auth_context [None req-e6d4afdb-5026-419f-a0bc-8273da804b1a None admin] Authenticating user token {{(pid=46586) process_request /opt/stack/data/venv/lib/python3.10/site-packages/keystonemiddleware/auth_token/__init__.py:406}}
Nov 15 02:32:05 user devstack@keystone.service[46586]: DEBUG keystone.server.flask.request_processing.middleware.auth_context [None req-e6d4afdb-5026-419f-a0bc-8273da804b1a None admin] Validating token access rules against request {{(pid=46586) validate_allowed_request /opt/stack/data/venv/lib/python3.10/site-packages/keystonemiddleware/auth_token/__init__.py:544}}
Nov 15 02:32:05 user devstack@keystone.service[46586]: DEBUG keystone.server.flask.request_processing.middleware.auth_context [None req-a3cea4e9-2165-459a-b5ea-a58ffa4c327f None admin] RBAC: auth_context: {'token': , 'domain_id': None, 'trust_id': None, 'trustor_id': None, 'trustee_id': None, 'domain_name': None, 'group_ids': [], 'user_id': '4568f4425e1d431da38edbcb8514c8e0', 'user_domain_id': 'default', 'system_scope': 'all', 'project_id': None, 'project_domain_id': None, 'roles': ['admin', 'manager', 'member', 'reader'], 'is_admin_project': True, 'service_user_id': None, 'service_user_domain_id': None, 'service_project_id': None, 'service_project_domain_id': None, 'service_roles': []} {{(pid=46586) fill_context /opt/stack/keystone/keystone/server/flask/request_processing/middleware/auth_context.py:480}}
Nov 15 02:32:05 user devstack@keystone.service[46586]: DEBUG keystone.server.flask.request_processing.req_logging [None req-a3cea4e9-2165-459a-b5ea-a58ffa4c327f None admin] REQUEST_METHOD: `GET` {{(pid=46586) log_request_info /opt/stack/keystone/keystone/server/flask/request_processing/req_logging.py:27}}
Nov 15 02:32:05 user devstack@keystone.service[46586]: DEBUG keystone.server.flask.request_processing.req_logging [None req-a3cea4e9-2165-459a-b5ea-a58ffa4c327f None admin] SCRIPT_NAME: `/identity` {{(pid=46586) log_request_info /opt/stack/keystone/keystone/server/flask/request_processing/req_logging.py:28}}
Nov 15 02:32:05 user devstack@keystone.service[46586]: DEBUG keystone.server.flask.request_processing.req_logging [None req-a3cea4e9-2165-459a-b5ea-a58ffa4c327f None admin] PATH_INFO: `/v3/role_assignments` {{(pid=46586) log_request_info /opt/stack/keystone/keystone/server/flask/request_processing/req_logging.py:29}}
Nov 15 02:32:05 user devstack@keystone.service[46586]: DEBUG keystone.common.rbac_enforcer.enforcer [None req-a3cea4e9-2165-459a-b5ea-a58ffa4c327f None admin] RBAC: Adding query filter params (role.id=d3e7a94b9eec48b08d7543f8cf2c4d33, scope.project.id=165b744674c14367b4f63a2fccd7eb4a, user.id=7fef2cad5e6c408bbd05a1e4e763a6e7) {{(pid=46586) _extract_filter_values /opt/stack/keystone/keystone/common/rbac_enforcer/enforcer.py:167}}
Nov 15 02:32:05 user devstack@keystone.service[46586]: DEBUG keystone.common.rbac_enforcer.enforcer [None req-a3cea4e9-2165-459a-b5ea-a58ffa4c327f None admin] RBAC: Authorizing `identity:list_role_assignments()` {{(pid=46586) enforce_call /opt/stack/keystone/keystone/common/rbac_enforcer/enforcer.py:449}}
Nov 15 02:32:05 user devstack@keystone.service[46586]: DEBUG keystone.common.rbac_enforcer.enforcer [None req-a3cea4e9-2165-459a-b5ea-a58ffa4c327f None admin] RBAC: Authorization granted {{(pid=46586) enforce_call /opt/stack/keystone/keystone/common/rbac_enforcer/enforcer.py:457}}
Nov 15 02:32:05 user devstack@keystone.service[46586]: [pid: 46586|app: 0|req: 54/159] 10.0.0.210 () {56 vars in 1369 bytes} [Wed Nov 15 02:32:05 2023] GET /identity/v3/role_assignments?user.id=7fef2cad5e6c408bbd05a1e4e763a6e7&scope.project.id=165b744674c14367b4f63a2fccd7eb4a&role.id=d3e7a94b9eec48b08d7543f8cf2c4d33 => generated 606 bytes in 145 msecs (HTTP/1.1 200) 5 headers in 177 bytes (1 switches on core 0)
Nov 15 02:32:06 user devstack@keystone.service[46585]: DEBUG keystone.server.flask.request_processing.req_logging [None req-e9530439-aae4-421e-9430-76b8d3b7bcf5 None None] REQUEST_METHOD: `GET` {{(pid=46585) log_request_info /opt/stack/keystone/keystone/server/flask/request_processing/req_logging.py:27}}
Nov 15 02:32:06 user devstack@keystone.service[46585]: DEBUG keystone.server.flask.request_processing.req_logging [None req-e9530439-aae4-421e-9430-76b8d3b7bcf5 None None] SCRIPT_NAME: `/identity` {{(pid=46585) log_request_info /opt/stack/keystone/keystone/server/flask/request_processing/req_logging.py:28}}
Nov 15 02:32:06 user devstack@keystone.service[46585]: DEBUG keystone.server.flask.request_processing.req_logging [None req-e9530439-aae4-421e-9430-76b8d3b7bcf5 None None] PATH_INFO: `/` {{(pid=46585) log_request_info /opt/stack/keystone/keystone/server/flask/request_processing/req_logging.py:29}}
Nov 15 02:32:06 user devstack@keystone.service[46585]: [pid: 46585|app: 0|req: 49/160] 10.0.0.210 () {54 vars in 921 bytes} [Wed Nov 15 02:32:06 2023] GET /identity => generated 269 bytes in 3 msecs (HTTP/1.1 300) 6 headers in 233 bytes (1 switches on core 0)
Nov 15 02:32:06 user devstack@keystone.service[46587]: DEBUG keystone.server.flask.request_processing.middleware.auth_context [None req-c7614ce6-6950-4c51-8419-9d618fb61606 None admin] Authenticating user token {{(pid=46587) process_request /opt/stack/data/venv/lib/python3.10/site-packages/keystonemiddleware/auth_token/__init__.py:406}}
Nov 15 02:32:06 user devstack@keystone.service[46586]: DEBUG keystone.server.flask.request_processing.req_logging [None req-6c72c675-3b68-4479-873a-067b8ab60d3f None None] REQUEST_METHOD: `GET` {{(pid=46586) log_request_info /opt/stack/keystone/keystone/server/flask/request_processing/req_logging.py:27}}
Nov 15 02:32:06 user devstack@keystone.service[46586]: DEBUG keystone.server.flask.request_processing.req_logging [None req-6c72c675-3b68-4479-873a-067b8ab60d3f None None] SCRIPT_NAME: `/identity` {{(pid=46586) log_request_info /opt/stack/keystone/keystone/server/flask/request_processing/req_logging.py:28}}
Nov 15 02:32:06 user devstack@keystone.service[46586]: DEBUG keystone.server.flask.request_processing.req_logging [None req-6c72c675-3b68-4479-873a-067b8ab60d3f None None] PATH_INFO: `/` {{(pid=46586) log_request_info /opt/stack/keystone/keystone/server/flask/request_processing/req_logging.py:29}}
Nov 15 02:32:06 user devstack@keystone.service[46586]: [pid: 46586|app: 0|req: 55/161] 10.0.0.210 () {54 vars in 921 bytes} [Wed Nov 15 02:32:06 2023] GET /identity => generated 269 bytes in 3 msecs (HTTP/1.1 300) 6 headers in 233 bytes (1 switches on core 0)
Nov 15 02:32:06 user devstack@keystone.service[46585]: DEBUG keystone.server.flask.request_processing.middleware.auth_context [None req-e9530439-aae4-421e-9430-76b8d3b7bcf5 None None] Authenticating user token {{(pid=46585) process_request /opt/stack/data/venv/lib/python3.10/site-packages/keystonemiddleware/auth_token/__init__.py:406}}
Nov 15 02:32:06 user devstack@keystone.service[46587]: DEBUG keystone.server.flask.request_processing.middleware.auth_context [None req-c7614ce6-6950-4c51-8419-9d618fb61606 None admin] Validating token access rules against request {{(pid=46587) validate_allowed_request /opt/stack/data/venv/lib/python3.10/site-packages/keystonemiddleware/auth_token/__init__.py:544}}
Nov 15 02:32:06 user devstack@keystone.service[46585]: DEBUG keystone.server.flask.request_processing.middleware.auth_context [None req-e9530439-aae4-421e-9430-76b8d3b7bcf5 None None] Validating token access rules against request {{(pid=46585) validate_allowed_request /opt/stack/data/venv/lib/python3.10/site-packages/keystonemiddleware/auth_token/__init__.py:544}}
Nov 15 02:32:06 user devstack@keystone.service[46587]: DEBUG keystone.server.flask.request_processing.middleware.auth_context [None req-83d9b41d-5cae-49ed-a175-3b7ea4bac5b2 None admin] RBAC: auth_context: {'token': , 'domain_id': None, 'trust_id': None, 'trustor_id': None, 'trustee_id': None, 'domain_name': None, 'group_ids': [], 'user_id': '4568f4425e1d431da38edbcb8514c8e0', 'user_domain_id': 'default', 'system_scope': 'all', 'project_id': None, 'project_domain_id': None, 'roles': ['admin', 'manager', 'member', 'reader'], 'is_admin_project': True, 'service_user_id': None, 'service_user_domain_id': None, 'service_project_id': None, 'service_project_domain_id': None, 'service_roles': []} {{(pid=46587) fill_context /opt/stack/keystone/keystone/server/flask/request_processing/middleware/auth_context.py:480}}
Nov 15 02:32:06 user devstack@keystone.service[46587]: DEBUG keystone.server.flask.request_processing.req_logging [None req-83d9b41d-5cae-49ed-a175-3b7ea4bac5b2 None admin] REQUEST_METHOD: `GET` {{(pid=46587) log_request_info /opt/stack/keystone/keystone/server/flask/request_processing/req_logging.py:27}}
Nov 15 02:32:06 user devstack@keystone.service[46587]: DEBUG keystone.server.flask.request_processing.req_logging [None req-83d9b41d-5cae-49ed-a175-3b7ea4bac5b2 None admin] SCRIPT_NAME: `/identity` {{(pid=46587) log_request_info /opt/stack/keystone/keystone/server/flask/request_processing/req_logging.py:28}}
Nov 15 02:32:06 user devstack@keystone.service[46587]: DEBUG keystone.server.flask.request_processing.req_logging [None req-83d9b41d-5cae-49ed-a175-3b7ea4bac5b2 None admin] PATH_INFO: `/v3/roles/reader` {{(pid=46587) log_request_info /opt/stack/keystone/keystone/server/flask/request_processing/req_logging.py:29}}
Nov 15 02:32:06 user devstack@keystone.service[46585]: DEBUG keystone.server.flask.request_processing.middleware.auth_context [None req-43c3dbf9-0c35-4ebe-baa2-e236a3d0dd67 None admin] RBAC: auth_context: {'token': , 'domain_id': None, 'trust_id': None, 'trustor_id': None, 'trustee_id': None, 'domain_name': None, 'group_ids': [], 'user_id': '4568f4425e1d431da38edbcb8514c8e0', 'user_domain_id': 'default', 'system_scope': 'all', 'project_id': None, 'project_domain_id': None, 'roles': ['admin', 'manager', 'member', 'reader'], 'is_admin_project': True, 'service_user_id': None, 'service_user_domain_id': None, 'service_project_id': None, 'service_project_domain_id': None, 'service_roles': []} {{(pid=46585) fill_context /opt/stack/keystone/keystone/server/flask/request_processing/middleware/auth_context.py:480}}
Nov 15 02:32:06 user devstack@keystone.service[46585]: DEBUG keystone.server.flask.request_processing.req_logging [None req-43c3dbf9-0c35-4ebe-baa2-e236a3d0dd67 None admin] REQUEST_METHOD: `GET` {{(pid=46585) log_request_info /opt/stack/keystone/keystone/server/flask/request_processing/req_logging.py:27}}
Nov 15 02:32:06 user devstack@keystone.service[46585]: DEBUG keystone.server.flask.request_processing.req_logging [None req-43c3dbf9-0c35-4ebe-baa2-e236a3d0dd67 None admin] SCRIPT_NAME: `/identity` {{(pid=46585) log_request_info /opt/stack/keystone/keystone/server/flask/request_processing/req_logging.py:28}}
Nov 15 02:32:06 user devstack@keystone.service[46585]: DEBUG keystone.server.flask.request_processing.req_logging [None req-43c3dbf9-0c35-4ebe-baa2-e236a3d0dd67 None admin] PATH_INFO: `/v3/domains/default` {{(pid=46585) log_request_info /opt/stack/keystone/keystone/server/flask/request_processing/req_logging.py:29}}
Nov 15 02:32:06 user devstack@keystone.service[46587]: DEBUG keystone.common.rbac_enforcer.enforcer [None req-83d9b41d-5cae-49ed-a175-3b7ea4bac5b2 None admin] Extracting inferred target data resulted in "NOT FOUND (404)". {{(pid=46587) enforce_call /opt/stack/keystone/keystone/common/rbac_enforcer/enforcer.py:409}}
Nov 15 02:32:06 user devstack@keystone.service[46585]: DEBUG keystone.common.rbac_enforcer.enforcer [None req-43c3dbf9-0c35-4ebe-baa2-e236a3d0dd67 None admin] RBAC: Authorizing `identity:get_domain(domain_id=default)` {{(pid=46585) enforce_call /opt/stack/keystone/keystone/common/rbac_enforcer/enforcer.py:449}}
Nov 15 02:32:06 user devstack@keystone.service[46585]: DEBUG keystone.common.rbac_enforcer.enforcer [None req-43c3dbf9-0c35-4ebe-baa2-e236a3d0dd67 None admin] RBAC: Authorization granted {{(pid=46585) enforce_call /opt/stack/keystone/keystone/common/rbac_enforcer/enforcer.py:457}}
Nov 15 02:32:06 user devstack@keystone.service[46585]: [pid: 46585|app: 0|req: 50/162] 10.0.0.210 () {56 vars in 1103 bytes} [Wed Nov 15 02:32:06 2023] GET /identity/v3/domains/default => generated 198 bytes in 144 msecs (HTTP/1.1 200) 5 headers in 177 bytes (1 switches on core 0)
Nov 15 02:32:06 user devstack@keystone.service[46587]: ERROR keystone.server.flask.application [None req-83d9b41d-5cae-49ed-a175-3b7ea4bac5b2 None admin] Could not find role: reader.: keystone.exception.RoleNotFound: Could not find role: reader.
Nov 15 02:32:06 user devstack@keystone.service[46587]: ERROR keystone.server.flask.application
Traceback (most recent call last):
Nov 15 02:32:06 user devstack@keystone.service[46587]: ERROR keystone.server.flask.application
File "/opt/stack/data/venv/lib/python3.10/site-packages/flask/app.py", line 1823, in full_dispatch_request
Nov 15 02:32:06 user devstack@keystone.service[46587]: ERROR keystone.server.flask.application rv = self.dispatch_request()
Nov 15 02:32:06 user devstack@keystone.service[46587]: ERROR keystone.server.flask.application
File "/opt/stack/data/venv/lib/python3.10/site-packages/flask/app.py", line 1799, in dispatch_request
Nov 15 02:32:06 user devstack@keystone.service[46587]: ERROR keystone.server.flask.application return self.ensure_sync(self.view_functions[rule.endpoint])(**view_args)
Nov 15 02:32:06 user devstack@keystone.service[46587]: ERROR keystone.server.flask.application
File "/opt/stack/data/venv/lib/python3.10/site-packages/flask_restful/__init__.py", line 489, in wrapper
Nov 15 02:32:06 user devstack@keystone.service[46587]: ERROR keystone.server.flask.application resp = resource(*args, **kwargs)
Nov 15 02:32:06 user devstack@keystone.service[46587]: ERROR keystone.server.flask.application
File "/opt/stack/data/venv/lib/python3.10/site-packages/flask/views.py", line 107, in view
Nov 15 02:32:06 user devstack@keystone.service[46587]: ERROR keystone.server.flask.application return current_app.ensure_sync(self.dispatch_request)(**kwargs)
Nov 15 02:32:06 user devstack@keystone.service[46587]: ERROR keystone.server.flask.application
File "/opt/stack/data/venv/lib/python3.10/site-packages/flask_restful/__init__.py", line 604, in dispatch_request
Nov 15 02:32:06 user devstack@keystone.service[46587]: ERROR keystone.server.flask.application resp = meth(*args, **kwargs)
Nov 15 02:32:06 user devstack@keystone.service[46587]: ERROR keystone.server.flask.application
File "/opt/stack/keystone/keystone/api/roles.py", line 50, in get
Nov 15 02:32:06 user devstack@keystone.service[46587]: ERROR keystone.server.flask.application return self._get_role(role_id)
Nov 15 02:32:06 user devstack@keystone.service[46587]: ERROR keystone.server.flask.application
File "/opt/stack/keystone/keystone/api/roles.py", line 70, in _get_role
Nov 15 02:32:06 user devstack@keystone.service[46587]: ERROR keystone.server.flask.application ENFORCER.enforce_call(action='identity:get_role')
Nov 15 02:32:06 user devstack@keystone.service[46587]: ERROR keystone.server.flask.application
File "/opt/stack/keystone/keystone/common/rbac_enforcer/enforcer.py", line 402, in enforce_call
Nov 15 02:32:06 user devstack@keystone.service[46587]: ERROR keystone.server.flask.application policy_dict.update(cls._extract_member_target_data(
Nov 15 02:32:06 user devstack@keystone.service[46587]: ERROR keystone.server.flask.application
File "/opt/stack/keystone/keystone/common/rbac_enforcer/enforcer.py", line 234, in _extract_member_target_data
Nov 15 02:32:06 user devstack@keystone.service[46587]: ERROR keystone.server.flask.application member_name: func(flask.request.view_args[key])
Nov 15 02:32:06 user devstack@keystone.service[46587]: ERROR keystone.server.flask.application
File "/opt/stack/keystone/keystone/common/manager.py", line 115, in wrapped
Nov 15 02:32:06 user devstack@keystone.service[46587]: ERROR keystone.server.flask.application __ret_val = __f(*args, **kwargs)
Nov 15 02:32:06 user devstack@keystone.service[46587]: ERROR keystone.server.flask.application
File "/opt/stack/data/venv/lib/python3.10/site-packages/decorator.py", line 232, in fun
Nov 15 02:32:06 user devstack@keystone.service[46587]: ERROR keystone.server.flask.application return caller(func, *(extras + args), **kw)
Nov 15 02:32:06 user devstack@keystone.service[46587]: ERROR keystone.server.flask.application
File "/opt/stack/data/venv/lib/python3.10/site-packages/dogpile/cache/region.py", line 1594, in get_or_create_for_user_func
Nov 15 02:32:06 user devstack@keystone.service[46587]: ERROR keystone.server.flask.application return self.get_or_create(
Nov 15 02:32:06 user devstack@keystone.service[46587]: ERROR keystone.server.flask.application
File "/opt/stack/data/venv/lib/python3.10/site-packages/dogpile/cache/region.py", line 1054, in get_or_create
Nov 15 02:32:06 user devstack@keystone.service[46587]: ERROR keystone.server.flask.application with Lock(
Nov 15 02:32:06 user devstack@keystone.service[46587]: ERROR keystone.server.flask.application
File "/opt/stack/data/venv/lib/python3.10/site-packages/dogpile/lock.py", line 185, in __enter__
Nov 15 02:32:06 user devstack@keystone.service[46587]: ERROR keystone.server.flask.application return self._enter()
Nov 15 02:32:06 user devstack@keystone.service[46587]: ERROR keystone.server.flask.application
File "/opt/stack/data/venv/lib/python3.10/site-packages/dogpile/lock.py", line 94, in _enter
Nov 15 02:32:06 user devstack@keystone.service[46587]: ERROR keystone.server.flask.application generated = self._enter_create(value, createdtime)
Nov 15 02:32:06 user devstack@keystone.service[46587]: ERROR keystone.server.flask.application
File "/opt/stack/data/venv/lib/python3.10/site-packages/dogpile/lock.py", line 178, in _enter_create
Nov 15 02:32:06 user devstack@keystone.service[46587]: ERROR keystone.server.flask.application return self.creator()
Nov 15 02:32:06 user devstack@keystone.service[46587]: ERROR keystone.server.flask.application
File "/opt/stack/data/venv/lib/python3.10/site-packages/dogpile/cache/region.py", line 1007, in gen_value
Nov 15 02:32:06 user devstack@keystone.service[46587]: ERROR keystone.server.flask.application created_value = creator(
Nov 15 02:32:06 user devstack@keystone.service[46587]: ERROR keystone.server.flask.application
File "/opt/stack/keystone/keystone/assignment/core.py", line 1276, in get_role
Nov 15 02:32:06 user devstack@keystone.service[46587]: ERROR keystone.server.flask.application return self.driver.get_role(role_id)
Nov 15 02:32:06 user devstack@keystone.service[46587]: ERROR keystone.server.flask.application
File "/opt/stack/keystone/keystone/assignment/role_backends/sql.py", line 70, in get_role
Nov 15 02:32:06 user devstack@keystone.service[46587]: ERROR keystone.server.flask.application return self._get_role(session, role_id).to_dict()
Nov 15 02:32:06 user devstack@keystone.service[46587]: ERROR keystone.server.flask.application
File "/opt/stack/keystone/keystone/assignment/role_backends/sql.py", line 65, in _get_role
Nov 15 02:32:06 user devstack@keystone.service[46587]: ERROR keystone.server.flask.application raise exception.RoleNotFound(role_id=role_id)
Nov 15 02:32:06 user devstack@keystone.service[46587]: ERROR keystone.server.flask.application keystone.exception.RoleNotFound: Could not find role: reader.
Nov 15 02:32:06 user devstack@keystone.service[46587]: ERROR keystone.server.flask.application
Nov 15 02:32:06 user devstack@keystone.service[46587]: [pid: 46587|app: 0|req: 58/163] 10.0.0.210 () {56 vars in 1094 bytes} [Wed Nov 15 02:32:06 2023] GET /identity/v3/roles/reader => generated 84 bytes in 201 msecs (HTTP/1.1 404) 5 headers in 183 bytes (1 switches on core 0)
Nov 15 02:32:06 user devstack@keystone.service[46586]: DEBUG keystone.server.flask.request_processing.middleware.auth_context [None req-6c72c675-3b68-4479-873a-067b8ab60d3f None None] Authenticating user token {{(pid=46586) process_request /opt/stack/data/venv/lib/python3.10/site-packages/keystonemiddleware/auth_token/__init__.py:406}}
Nov 15 02:32:06 user devstack@keystone.service[46585]: DEBUG keystone.server.flask.request_processing.middleware.auth_context [None req-43c3dbf9-0c35-4ebe-baa2-e236a3d0dd67 None admin] Authenticating user token {{(pid=46585) process_request /opt/stack/data/venv/lib/python3.10/site-packages/keystonemiddleware/auth_token/__init__.py:406}}
Nov 15 02:32:06 user devstack@keystone.service[46587]: DEBUG keystone.server.flask.request_processing.req_logging [None req-d401ad13-6800-435e-85e8-4d05325c71f7 None None] REQUEST_METHOD: `GET` {{(pid=46587) log_request_info /opt/stack/keystone/keystone/server/flask/request_processing/req_logging.py:27}}
Nov 15 02:32:06 user devstack@keystone.service[46587]: DEBUG keystone.server.flask.request_processing.req_logging [None req-d401ad13-6800-435e-85e8-4d05325c71f7 None None] SCRIPT_NAME: `/identity` {{(pid=46587) log_request_info /opt/stack/keystone/keystone/server/flask/request_processing/req_logging.py:28}}
Nov 15 02:32:06 user devstack@keystone.service[46587]: DEBUG keystone.server.flask.request_processing.req_logging [None req-d401ad13-6800-435e-85e8-4d05325c71f7 None None] PATH_INFO: `/` {{(pid=46587) log_request_info /opt/stack/keystone/keystone/server/flask/request_processing/req_logging.py:29}}
Nov 15 02:32:06 user devstack@keystone.service[46587]: [pid: 46587|app: 0|req: 59/164] 10.0.0.210 () {54 vars in 921 bytes} [Wed Nov 15 02:32:06 2023] GET /identity => generated 269 bytes in 4 msecs (HTTP/1.1 300) 6 headers in 233 bytes (1 switches on core 0)
Nov 15 02:32:06 user devstack@keystone.service[46586]: DEBUG keystone.server.flask.request_processing.middleware.auth_context [None req-6c72c675-3b68-4479-873a-067b8ab60d3f None None] Validating token access rules against request {{(pid=46586) validate_allowed_request /opt/stack/data/venv/lib/python3.10/site-packages/keystonemiddleware/auth_token/__init__.py:544}}
Nov 15 02:32:06 user devstack@keystone.service[46587]: DEBUG keystone.server.flask.request_processing.middleware.auth_context [None req-d401ad13-6800-435e-85e8-4d05325c71f7 None None] Authenticating user token {{(pid=46587) process_request /opt/stack/data/venv/lib/python3.10/site-packages/keystonemiddleware/auth_token/__init__.py:406}}
Nov 15 02:32:06 user devstack@keystone.service[46585]: DEBUG keystone.server.flask.request_processing.middleware.auth_context [None req-43c3dbf9-0c35-4ebe-baa2-e236a3d0dd67 None admin] Validating token access rules against request {{(pid=46585) validate_allowed_request /opt/stack/data/venv/lib/python3.10/site-packages/keystonemiddleware/auth_token/__init__.py:544}}
Nov 15 02:32:06 user devstack@keystone.service[46586]: DEBUG keystone.server.flask.request_processing.middleware.auth_context [None req-4819ec13-eb32-487e-8203-f5bf652972e1 None admin] RBAC: auth_context: {'token': , 'domain_id': None, 'trust_id': None, 'trustor_id': None, 'trustee_id': None, 'domain_name': None, 'group_ids': [], 'user_id': '4568f4425e1d431da38edbcb8514c8e0', 'user_domain_id': 'default', 'system_scope': 'all', 'project_id': None, 'project_domain_id': None, 'roles': ['admin', 'manager', 'member', 'reader'], 'is_admin_project': True, 'service_user_id': None, 'service_user_domain_id': None, 'service_project_id': None, 'service_project_domain_id': None, 'service_roles': []} {{(pid=46586) fill_context /opt/stack/keystone/keystone/server/flask/request_processing/middleware/auth_context.py:480}}
Nov 15 02:32:06 user devstack@keystone.service[46586]: DEBUG keystone.server.flask.request_processing.req_logging [None req-4819ec13-eb32-487e-8203-f5bf652972e1 None admin] REQUEST_METHOD: `POST` {{(pid=46586) log_request_info /opt/stack/keystone/keystone/server/flask/request_processing/req_logging.py:27}}
Nov 15 02:32:06 user devstack@keystone.service[46586]: DEBUG keystone.server.flask.request_processing.req_logging [None req-4819ec13-eb32-487e-8203-f5bf652972e1 None admin] SCRIPT_NAME: `/identity` {{(pid=46586) log_request_info /opt/stack/keystone/keystone/server/flask/request_processing/req_logging.py:28}}
Nov 15 02:32:06 user devstack@keystone.service[46586]: DEBUG keystone.server.flask.request_processing.req_logging [None req-4819ec13-eb32-487e-8203-f5bf652972e1 None admin] PATH_INFO: `/v3/users` {{(pid=46586) log_request_info /opt/stack/keystone/keystone/server/flask/request_processing/req_logging.py:29}}
Nov 15 02:32:06 user devstack@keystone.service[46586]: DEBUG keystone.common.rbac_enforcer.enforcer [None req-4819ec13-eb32-487e-8203-f5bf652972e1 None admin] RBAC: Authorizing `identity:create_user()` {{(pid=46586) enforce_call /opt/stack/keystone/keystone/common/rbac_enforcer/enforcer.py:449}}
Nov 15 02:32:06 user devstack@keystone.service[46586]: DEBUG keystone.common.rbac_enforcer.enforcer [None req-4819ec13-eb32-487e-8203-f5bf652972e1 None admin] RBAC: Authorization granted {{(pid=46586) enforce_call /opt/stack/keystone/keystone/common/rbac_enforcer/enforcer.py:457}}
Nov 15 02:32:06 user devstack@keystone.service[46586]: WARNING keystone.common.password_hashing [None req-4819ec13-eb32-487e-8203-f5bf652972e1 None admin] Truncating password to algorithm specific maximum length 72 characters.
Nov 15 02:32:06 user devstack@keystone.service[46585]: DEBUG keystone.server.flask.request_processing.middleware.auth_context [None req-121c21d8-6046-46aa-970c-02635885fca7 None admin] RBAC: auth_context: {'token': , 'domain_id': None, 'trust_id': None, 'trustor_id': None, 'trustee_id': None, 'domain_name': None, 'group_ids': [], 'user_id': '4568f4425e1d431da38edbcb8514c8e0', 'user_domain_id': 'default', 'system_scope': 'all', 'project_id': None, 'project_domain_id': None, 'roles': ['admin', 'manager', 'member', 'reader'], 'is_admin_project': True, 'service_user_id': None, 'service_user_domain_id': None, 'service_project_id': None, 'service_project_domain_id': None, 'service_roles': []} {{(pid=46585) fill_context /opt/stack/keystone/keystone/server/flask/request_processing/middleware/auth_context.py:480}}
Nov 15 02:32:06 user devstack@keystone.service[46585]: DEBUG keystone.server.flask.request_processing.req_logging [None req-121c21d8-6046-46aa-970c-02635885fca7 None admin] REQUEST_METHOD: `GET` {{(pid=46585) log_request_info /opt/stack/keystone/keystone/server/flask/request_processing/req_logging.py:27}}
Nov 15 02:32:06 user devstack@keystone.service[46585]: DEBUG keystone.server.flask.request_processing.req_logging [None req-121c21d8-6046-46aa-970c-02635885fca7 None admin] SCRIPT_NAME: `/identity` {{(pid=46585) log_request_info /opt/stack/keystone/keystone/server/flask/request_processing/req_logging.py:28}}
Nov 15 02:32:06 user devstack@keystone.service[46585]: DEBUG keystone.server.flask.request_processing.req_logging [None req-121c21d8-6046-46aa-970c-02635885fca7 None admin] PATH_INFO: `/v3/roles` {{(pid=46585) log_request_info /opt/stack/keystone/keystone/server/flask/request_processing/req_logging.py:29}}
Nov 15 02:32:06 user devstack@keystone.service[46585]: DEBUG keystone.common.rbac_enforcer.enforcer [None req-121c21d8-6046-46aa-970c-02635885fca7 None admin] RBAC: Adding query filter params (name=reader) {{(pid=46585) _extract_filter_values /opt/stack/keystone/keystone/common/rbac_enforcer/enforcer.py:167}}
Nov 15 02:32:06 user devstack@keystone.service[46585]: DEBUG keystone.common.rbac_enforcer.enforcer [None req-121c21d8-6046-46aa-970c-02635885fca7 None admin] RBAC: Authorizing `identity:list_roles()` {{(pid=46585) enforce_call /opt/stack/keystone/keystone/common/rbac_enforcer/enforcer.py:449}}
Nov 15 02:32:06 user devstack@keystone.service[46585]: DEBUG keystone.common.rbac_enforcer.enforcer [None req-121c21d8-6046-46aa-970c-02635885fca7 None admin] RBAC: Authorization granted {{(pid=46585) enforce_call /opt/stack/keystone/keystone/common/rbac_enforcer/enforcer.py:457}}
Nov 15 02:32:06 user devstack@keystone.service[46585]: [pid: 46585|app: 0|req: 51/165] 10.0.0.210 () {56 vars in 1096 bytes} [Wed Nov 15 02:32:06 2023] GET /identity/v3/roles?name=reader => generated 339 bytes in 148 msecs (HTTP/1.1 200) 5 headers in 177 bytes (1 switches on core 0)
Nov 15 02:32:06 user devstack@keystone.service[46586]: [pid: 46586|app: 0|req: 56/166] 10.0.0.210 () {60 vars in 1127 bytes} [Wed Nov 15 02:32:06 2023] POST /identity/v3/users => generated 292 bytes in 153 msecs (HTTP/1.1 201) 5 headers in 182 bytes (1 switches on core 0)
Nov 15 02:32:06 user devstack@keystone.service[46585]: DEBUG keystone.server.flask.request_processing.middleware.auth_context [None req-121c21d8-6046-46aa-970c-02635885fca7 None admin] Authenticating user token {{(pid=46585) process_request /opt/stack/data/venv/lib/python3.10/site-packages/keystonemiddleware/auth_token/__init__.py:406}}
Nov 15 02:32:06 user devstack@keystone.service[46587]: DEBUG keystone.server.flask.request_processing.middleware.auth_context [None req-d401ad13-6800-435e-85e8-4d05325c71f7 None None] Validating token access rules against request {{(pid=46587) validate_allowed_request /opt/stack/data/venv/lib/python3.10/site-packages/keystonemiddleware/auth_token/__init__.py:544}}
Nov 15 02:32:06 user devstack@keystone.service[46585]: DEBUG keystone.server.flask.request_processing.middleware.auth_context [None req-121c21d8-6046-46aa-970c-02635885fca7 None admin] Validating token access rules against request {{(pid=46585) validate_allowed_request /opt/stack/data/venv/lib/python3.10/site-packages/keystonemiddleware/auth_token/__init__.py:544}}
Nov 15 02:32:06 user devstack@keystone.service[46587]: DEBUG keystone.server.flask.request_processing.middleware.auth_context [None req-1ab23b08-0d5a-48b3-84af-c5effbcf3147 None admin] RBAC: auth_context: {'token': , 'domain_id': None, 'trust_id': None, 'trustor_id': None, 'trustee_id': None, 'domain_name': None, 'group_ids': [], 'user_id': '4568f4425e1d431da38edbcb8514c8e0', 'user_domain_id': 'default', 'system_scope': 'all', 'project_id': None, 'project_domain_id': None, 'roles': ['admin', 'manager', 'member', 'reader'], 'is_admin_project': True, 'service_user_id': None, 'service_user_domain_id': None, 'service_project_id': None, 'service_project_domain_id': None, 'service_roles': []} {{(pid=46587) fill_context /opt/stack/keystone/keystone/server/flask/request_processing/middleware/auth_context.py:480}}
Nov 15 02:32:06 user devstack@keystone.service[46587]: DEBUG keystone.server.flask.request_processing.req_logging [None req-1ab23b08-0d5a-48b3-84af-c5effbcf3147 None admin] REQUEST_METHOD: `GET` {{(pid=46587) log_request_info /opt/stack/keystone/keystone/server/flask/request_processing/req_logging.py:27}}
Nov 15 02:32:06 user devstack@keystone.service[46587]: DEBUG keystone.server.flask.request_processing.req_logging [None req-1ab23b08-0d5a-48b3-84af-c5effbcf3147 None admin] SCRIPT_NAME: `/identity` {{(pid=46587) log_request_info /opt/stack/keystone/keystone/server/flask/request_processing/req_logging.py:28}}
Nov 15 02:32:06 user devstack@keystone.service[46587]: DEBUG keystone.server.flask.request_processing.req_logging [None req-1ab23b08-0d5a-48b3-84af-c5effbcf3147 None admin] PATH_INFO: `/v3/roles/member` {{(pid=46587) log_request_info /opt/stack/keystone/keystone/server/flask/request_processing/req_logging.py:29}}
Nov 15 02:32:06 user devstack@keystone.service[46587]: DEBUG keystone.common.rbac_enforcer.enforcer [None req-1ab23b08-0d5a-48b3-84af-c5effbcf3147 None admin] Extracting inferred target data resulted in "NOT FOUND (404)". {{(pid=46587) enforce_call /opt/stack/keystone/keystone/common/rbac_enforcer/enforcer.py:409}}
Nov 15 02:32:06 user devstack@keystone.service[46587]: ERROR keystone.server.flask.application [None req-1ab23b08-0d5a-48b3-84af-c5effbcf3147 None admin] Could not find role: member.: keystone.exception.RoleNotFound: Could not find role: member.
Nov 15 02:32:06 user devstack@keystone.service[46587]: ERROR keystone.server.flask.application
Traceback (most recent call last):
Nov 15 02:32:06 user devstack@keystone.service[46587]: ERROR keystone.server.flask.application
File "/opt/stack/data/venv/lib/python3.10/site-packages/flask/app.py", line 1823, in full_dispatch_request
Nov 15 02:32:06 user devstack@keystone.service[46587]: ERROR keystone.server.flask.application rv = self.dispatch_request()
Nov 15 02:32:06 user devstack@keystone.service[46587]: ERROR keystone.server.flask.application
File "/opt/stack/data/venv/lib/python3.10/site-packages/flask/app.py", line 1799, in dispatch_request
Nov 15 02:32:06 user devstack@keystone.service[46587]: ERROR keystone.server.flask.application return self.ensure_sync(self.view_functions[rule.endpoint])(**view_args)
Nov 15 02:32:06 user devstack@keystone.service[46587]: ERROR keystone.server.flask.application
File "/opt/stack/data/venv/lib/python3.10/site-packages/flask_restful/__init__.py", line 489, in wrapper
Nov 15 02:32:06 user devstack@keystone.service[46587]: ERROR keystone.server.flask.application resp = resource(*args, **kwargs)
Nov 15 02:32:06 user devstack@keystone.service[46587]: ERROR keystone.server.flask.application
File "/opt/stack/data/venv/lib/python3.10/site-packages/flask/views.py", line 107, in view
Nov 15 02:32:06 user devstack@keystone.service[46587]: ERROR keystone.server.flask.application return current_app.ensure_sync(self.dispatch_request)(**kwargs)
Nov 15 02:32:06 user devstack@keystone.service[46587]: ERROR keystone.server.flask.application
File "/opt/stack/data/venv/lib/python3.10/site-packages/flask_restful/__init__.py", line 604, in dispatch_request
Nov 15 02:32:06 user devstack@keystone.service[46587]: ERROR keystone.server.flask.application resp = meth(*args, **kwargs)
Nov 15 02:32:06 user devstack@keystone.service[46587]: ERROR keystone.server.flask.application
File "/opt/stack/keystone/keystone/api/roles.py", line 50, in get
Nov 15 02:32:06 user devstack@keystone.service[46587]: ERROR keystone.server.flask.application return self._get_role(role_id)
Nov 15 02:32:06 user devstack@keystone.service[46587]: ERROR keystone.server.flask.application
File "/opt/stack/keystone/keystone/api/roles.py", line 70, in _get_role
Nov 15 02:32:06 user devstack@keystone.service[46587]: ERROR keystone.server.flask.application ENFORCER.enforce_call(action='identity:get_role')
Nov 15 02:32:06 user devstack@keystone.service[46587]: ERROR keystone.server.flask.application
File "/opt/stack/keystone/keystone/common/rbac_enforcer/enforcer.py", line 402, in enforce_call
Nov 15 02:32:06 user devstack@keystone.service[46587]: ERROR keystone.server.flask.application policy_dict.update(cls._extract_member_target_data(
Nov 15 02:32:06 user devstack@keystone.service[46587]: ERROR keystone.server.flask.application
File "/opt/stack/keystone/keystone/common/rbac_enforcer/enforcer.py", line 234, in _extract_member_target_data
Nov 15 02:32:06 user devstack@keystone.service[46587]: ERROR keystone.server.flask.application member_name: func(flask.request.view_args[key])
Nov 15 02:32:06 user devstack@keystone.service[46587]: ERROR keystone.server.flask.application
File "/opt/stack/keystone/keystone/common/manager.py", line 115, in wrapped
Nov 15 02:32:06 user devstack@keystone.service[46587]: ERROR keystone.server.flask.application __ret_val = __f(*args, **kwargs)
Nov 15 02:32:06 user devstack@keystone.service[46587]: ERROR keystone.server.flask.application
File "/opt/stack/data/venv/lib/python3.10/site-packages/decorator.py", line 232, in fun
Nov 15 02:32:06 user devstack@keystone.service[46587]: ERROR keystone.server.flask.application return caller(func, *(extras + args), **kw)
Nov 15 02:32:06 user devstack@keystone.service[46587]: ERROR keystone.server.flask.application
File "/opt/stack/data/venv/lib/python3.10/site-packages/dogpile/cache/region.py", line 1594, in get_or_create_for_user_func
Nov 15 02:32:06 user devstack@keystone.service[46587]: ERROR keystone.server.flask.application return self.get_or_create(
Nov 15 02:32:06 user devstack@keystone.service[46587]: ERROR keystone.server.flask.application
File "/opt/stack/data/venv/lib/python3.10/site-packages/dogpile/cache/region.py", line 1054, in get_or_create
Nov 15 02:32:06 user devstack@keystone.service[46587]: ERROR keystone.server.flask.application with Lock(
Nov 15 02:32:06 user devstack@keystone.service[46587]: ERROR keystone.server.flask.application
File "/opt/stack/data/venv/lib/python3.10/site-packages/dogpile/lock.py", line 185, in __enter__
Nov 15 02:32:06 user devstack@keystone.service[46587]: ERROR keystone.server.flask.application return self._enter()
Nov 15 02:32:06 user devstack@keystone.service[46587]: ERROR keystone.server.flask.application
File "/opt/stack/data/venv/lib/python3.10/site-packages/dogpile/lock.py", line 94, in _enter
Nov 15 02:32:06 user devstack@keystone.service[46587]: ERROR keystone.server.flask.application generated = self._enter_create(value, createdtime)
Nov 15 02:32:06 user devstack@keystone.service[46587]: ERROR keystone.server.flask.application
File "/opt/stack/data/venv/lib/python3.10/site-packages/dogpile/lock.py", line 178, in _enter_create
Nov 15 02:32:06 user devstack@keystone.service[46587]: ERROR keystone.server.flask.application return self.creator()
Nov 15 02:32:06 user devstack@keystone.service[46587]: ERROR keystone.server.flask.application
File "/opt/stack/data/venv/lib/python3.10/site-packages/dogpile/cache/region.py", line 1007, in gen_value
Nov 15 02:32:06 user devstack@keystone.service[46587]: ERROR keystone.server.flask.application created_value = creator(
Nov 15 02:32:06 user devstack@keystone.service[46587]: ERROR keystone.server.flask.application
File "/opt/stack/keystone/keystone/assignment/core.py", line 1276, in get_role
Nov 15 02:32:06 user devstack@keystone.service[46587]: ERROR keystone.server.flask.application return self.driver.get_role(role_id)
Nov 15 02:32:06 user devstack@keystone.service[46587]: ERROR keystone.server.flask.application
File "/opt/stack/keystone/keystone/assignment/role_backends/sql.py", line 70, in get_role
Nov 15 02:32:06 user devstack@keystone.service[46587]: ERROR keystone.server.flask.application return self._get_role(session, role_id).to_dict()
Nov 15 02:32:06 user devstack@keystone.service[46587]: ERROR keystone.server.flask.application
File "/opt/stack/keystone/keystone/assignment/role_backends/sql.py", line 65, in _get_role
Nov 15 02:32:06 user devstack@keystone.service[46587]: ERROR keystone.server.flask.application raise exception.RoleNotFound(role_id=role_id)
Nov 15 02:32:06 user devstack@keystone.service[46587]: ERROR keystone.server.flask.application keystone.exception.RoleNotFound: Could not find role: member.
Nov 15 02:32:06 user devstack@keystone.service[46587]: ERROR keystone.server.flask.application
