Nov 15 02:32:04 user devstack@keystone.service[46587]: DEBUG keystone.server.flask.request_processing.req_logging [None req-89f33eeb-35c5-4e0d-b8b1-ac46c15f8ae0 None admin] SCRIPT_NAME: `/identity` {{(pid=46587) log_request_info /opt/stack/keystone/keystone/server/flask/request_processing/req_logging.py:28}}
Nov 15 02:32:04 user devstack@keystone.service[46587]: DEBUG keystone.server.flask.request_processing.req_logging [None req-89f33eeb-35c5-4e0d-b8b1-ac46c15f8ae0 None admin] PATH_INFO: `/v3/roles` {{(pid=46587) log_request_info /opt/stack/keystone/keystone/server/flask/request_processing/req_logging.py:29}}
Nov 15 02:32:04 user devstack@keystone.service[46587]: DEBUG keystone.common.rbac_enforcer.enforcer [None req-89f33eeb-35c5-4e0d-b8b1-ac46c15f8ae0 None admin] RBAC: Adding query filter params (name=admin) {{(pid=46587) _extract_filter_values /opt/stack/keystone/keystone/common/rbac_enforcer/enforcer.py:167}}
Nov 15 02:32:04 user devstack@keystone.service[46587]: DEBUG keystone.common.rbac_enforcer.enforcer [None req-89f33eeb-35c5-4e0d-b8b1-ac46c15f8ae0 None admin] RBAC: Authorizing `identity:list_roles()` {{(pid=46587) enforce_call /opt/stack/keystone/keystone/common/rbac_enforcer/enforcer.py:449}}
Nov 15 02:32:04 user devstack@keystone.service[46587]: DEBUG keystone.common.rbac_enforcer.enforcer [None req-89f33eeb-35c5-4e0d-b8b1-ac46c15f8ae0 None admin] RBAC: Authorization granted {{(pid=46587) enforce_call /opt/stack/keystone/keystone/common/rbac_enforcer/enforcer.py:457}}
Nov 15 02:32:04 user devstack@keystone.service[46587]: [pid: 46587|app: 0|req: 51/142] 10.0.0.210 () {56 vars in 1094 bytes} [Wed Nov 15 02:32:04 2023] GET /identity/v3/roles?name=admin => generated 337 bytes in 142 msecs (HTTP/1.1 200) 5 headers in 177 bytes (1 switches on core 0)
Nov 15 02:32:04 user devstack@keystone.service[46587]: DEBUG keystone.server.flask.request_processing.req_logging [None req-12d4b0b8-7ad1-4208-b902-4bb865929cdb None None] REQUEST_METHOD: `GET` {{(pid=46587) log_request_info /opt/stack/keystone/keystone/server/flask/request_processing/req_logging.py:27}}
Nov 15 02:32:04 user devstack@keystone.service[46587]: DEBUG keystone.server.flask.request_processing.req_logging [None req-12d4b0b8-7ad1-4208-b902-4bb865929cdb None None] SCRIPT_NAME: `/identity` {{(pid=46587) log_request_info /opt/stack/keystone/keystone/server/flask/request_processing/req_logging.py:28}}
Nov 15 02:32:04 user devstack@keystone.service[46587]: DEBUG keystone.server.flask.request_processing.req_logging [None req-12d4b0b8-7ad1-4208-b902-4bb865929cdb None None] PATH_INFO: `/` {{(pid=46587) log_request_info /opt/stack/keystone/keystone/server/flask/request_processing/req_logging.py:29}}
Nov 15 02:32:04 user devstack@keystone.service[46587]: [pid: 46587|app: 0|req: 52/143] 10.0.0.210 () {54 vars in 921 bytes} [Wed Nov 15 02:32:04 2023] GET /identity => generated 269 bytes in 2 msecs (HTTP/1.1 300) 6 headers in 233 bytes (1 switches on core 0)
Nov 15 02:32:04 user devstack@keystone.service[46587]: DEBUG keystone.server.flask.request_processing.middleware.auth_context [None req-12d4b0b8-7ad1-4208-b902-4bb865929cdb None None] Authenticating user token {{(pid=46587) process_request /opt/stack/data/venv/lib/python3.10/site-packages/keystonemiddleware/auth_token/__init__.py:406}}
Nov 15 02:32:04 user devstack@keystone.service[46585]: DEBUG keystone.server.flask.request_processing.middleware.auth_context [None req-5f86293d-1c2f-48b8-af27-2e7fa7d164cd None admin] RBAC: auth_context: {'token': , 'domain_id': None, 'trust_id': None, 'trustor_id': None, 'trustee_id': None, 'domain_name': None, 'group_ids': [], 'user_id': '4568f4425e1d431da38edbcb8514c8e0', 'user_domain_id': 'default', 'system_scope': 'all', 'project_id': None, 'project_domain_id': None, 'roles': ['admin', 'manager', 'member', 'reader'], 'is_admin_project': True, 'service_user_id': None, 'service_user_domain_id': None, 'service_project_id': None, 'service_project_domain_id': None, 'service_roles': []} {{(pid=46585) fill_context /opt/stack/keystone/keystone/server/flask/request_processing/middleware/auth_context.py:480}}
Nov 15 02:32:04 user devstack@keystone.service[46585]: DEBUG keystone.server.flask.request_processing.req_logging [None req-5f86293d-1c2f-48b8-af27-2e7fa7d164cd None admin] REQUEST_METHOD: `GET` {{(pid=46585) log_request_info /opt/stack/keystone/keystone/server/flask/request_processing/req_logging.py:27}}
Nov 15 02:32:04 user devstack@keystone.service[46585]: DEBUG keystone.server.flask.request_processing.req_logging [None req-5f86293d-1c2f-48b8-af27-2e7fa7d164cd None admin] SCRIPT_NAME: `/identity` {{(pid=46585) log_request_info /opt/stack/keystone/keystone/server/flask/request_processing/req_logging.py:28}}
Nov 15 02:32:04 user devstack@keystone.service[46585]: DEBUG keystone.server.flask.request_processing.req_logging [None req-5f86293d-1c2f-48b8-af27-2e7fa7d164cd None admin] PATH_INFO: `/v3/domains/default` {{(pid=46585) log_request_info /opt/stack/keystone/keystone/server/flask/request_processing/req_logging.py:29}}
Nov 15 02:32:04 user devstack@keystone.service[46585]: DEBUG keystone.common.rbac_enforcer.enforcer [None req-5f86293d-1c2f-48b8-af27-2e7fa7d164cd None admin] RBAC: Authorizing `identity:get_domain(domain_id=default)` {{(pid=46585) enforce_call /opt/stack/keystone/keystone/common/rbac_enforcer/enforcer.py:449}}
Nov 15 02:32:04 user devstack@keystone.service[46586]: DEBUG keystone.server.flask.request_processing.middleware.auth_context [None req-dec68e22-b9eb-4aec-8b90-db187f3246bb None admin] Validating token access rules against request {{(pid=46586) validate_allowed_request /opt/stack/data/venv/lib/python3.10/site-packages/keystonemiddleware/auth_token/__init__.py:544}}
Nov 15 02:32:04 user devstack@keystone.service[46585]: DEBUG keystone.common.rbac_enforcer.enforcer [None req-5f86293d-1c2f-48b8-af27-2e7fa7d164cd None admin] RBAC: Authorization granted {{(pid=46585) enforce_call /opt/stack/keystone/keystone/common/rbac_enforcer/enforcer.py:457}}
Nov 15 02:32:04 user devstack@keystone.service[46585]: [pid: 46585|app: 0|req: 44/144] 10.0.0.210 () {56 vars in 1103 bytes} [Wed Nov 15 02:32:04 2023] GET /identity/v3/domains/default => generated 198 bytes in 143 msecs (HTTP/1.1 200) 5 headers in 177 bytes (2 switches on core 0)
Nov 15 02:32:04 user devstack@keystone.service[46585]: DEBUG keystone.server.flask.request_processing.middleware.auth_context [None req-5f86293d-1c2f-48b8-af27-2e7fa7d164cd None admin] Authenticating user token {{(pid=46585) process_request /opt/stack/data/venv/lib/python3.10/site-packages/keystonemiddleware/auth_token/__init__.py:406}}
Nov 15 02:32:04 user devstack@keystone.service[46586]: DEBUG keystone.server.flask.request_processing.middleware.auth_context [None req-95611bde-1135-4545-add3-4e681b0b5681 None admin] RBAC: auth_context: {'token': , 'domain_id': None, 'trust_id': None, 'trustor_id': None, 'trustee_id': None, 'domain_name': None, 'group_ids': [], 'user_id': '4568f4425e1d431da38edbcb8514c8e0', 'user_domain_id': 'default', 'system_scope': 'all', 'project_id': None, 'project_domain_id': None, 'roles': ['admin', 'manager', 'member', 'reader'], 'is_admin_project': True, 'service_user_id': None, 'service_user_domain_id': None, 'service_project_id': None, 'service_project_domain_id': None, 'service_roles': []} {{(pid=46586) fill_context /opt/stack/keystone/keystone/server/flask/request_processing/middleware/auth_context.py:480}}
Nov 15 02:32:04 user devstack@keystone.service[46586]: DEBUG keystone.server.flask.request_processing.req_logging [None req-95611bde-1135-4545-add3-4e681b0b5681 None admin] REQUEST_METHOD: `GET` {{(pid=46586) log_request_info /opt/stack/keystone/keystone/server/flask/request_processing/req_logging.py:27}}
Nov 15 02:32:04 user devstack@keystone.service[46586]: DEBUG keystone.server.flask.request_processing.req_logging [None req-95611bde-1135-4545-add3-4e681b0b5681 None admin] SCRIPT_NAME: `/identity` {{(pid=46586) log_request_info /opt/stack/keystone/keystone/server/flask/request_processing/req_logging.py:28}}
Nov 15 02:32:04 user devstack@keystone.service[46586]: DEBUG keystone.server.flask.request_processing.req_logging [None req-95611bde-1135-4545-add3-4e681b0b5681 None admin] PATH_INFO: `/v3/roles` {{(pid=46586) log_request_info /opt/stack/keystone/keystone/server/flask/request_processing/req_logging.py:29}}
Nov 15 02:32:04 user devstack@keystone.service[46586]: DEBUG keystone.common.rbac_enforcer.enforcer [None req-95611bde-1135-4545-add3-4e681b0b5681 None admin] RBAC: Adding query filter params (name=member) {{(pid=46586) _extract_filter_values /opt/stack/keystone/keystone/common/rbac_enforcer/enforcer.py:167}}
Nov 15 02:32:04 user devstack@keystone.service[46586]: DEBUG keystone.common.rbac_enforcer.enforcer [None req-95611bde-1135-4545-add3-4e681b0b5681 None admin] RBAC: Authorizing `identity:list_roles()` {{(pid=46586) enforce_call /opt/stack/keystone/keystone/common/rbac_enforcer/enforcer.py:449}}
Nov 15 02:32:04 user devstack@keystone.service[46586]: DEBUG keystone.common.rbac_enforcer.enforcer [None req-95611bde-1135-4545-add3-4e681b0b5681 None admin] RBAC: Authorization granted {{(pid=46586) enforce_call /opt/stack/keystone/keystone/common/rbac_enforcer/enforcer.py:457}}
Nov 15 02:32:04 user devstack@keystone.service[46586]: [pid: 46586|app: 0|req: 49/145] 10.0.0.210 () {56 vars in 1096 bytes} [Wed Nov 15 02:32:04 2023] GET /identity/v3/roles?name=member => generated 339 bytes in 137 msecs (HTTP/1.1 200) 5 headers in 177 bytes (1 switches on core 0)
Nov 15 02:32:04 user devstack@keystone.service[46586]: DEBUG keystone.server.flask.request_processing.middleware.auth_context [None req-95611bde-1135-4545-add3-4e681b0b5681 None admin] Authenticating user token {{(pid=46586) process_request /opt/stack/data/venv/lib/python3.10/site-packages/keystonemiddleware/auth_token/__init__.py:406}}
Nov 15 02:32:04 user devstack@keystone.service[46587]: DEBUG keystone.server.flask.request_processing.middleware.auth_context [None req-12d4b0b8-7ad1-4208-b902-4bb865929cdb None None] Validating token access rules against request {{(pid=46587) validate_allowed_request /opt/stack/data/venv/lib/python3.10/site-packages/keystonemiddleware/auth_token/__init__.py:544}}
Nov 15 02:32:04 user devstack@keystone.service[46585]: DEBUG keystone.server.flask.request_processing.middleware.auth_context [None req-5f86293d-1c2f-48b8-af27-2e7fa7d164cd None admin] Validating token access rules against request {{(pid=46585) validate_allowed_request /opt/stack/data/venv/lib/python3.10/site-packages/keystonemiddleware/auth_token/__init__.py:544}}
Nov 15 02:32:04 user devstack@keystone.service[46587]: DEBUG keystone.server.flask.request_processing.middleware.auth_context [None req-a0cb6a1e-5cd9-40f0-b64f-a999f4f657fd None admin] RBAC: auth_context: {'token': , 'domain_id': None, 'trust_id': None, 'trustor_id': None, 'trustee_id': None, 'domain_name': None, 'group_ids': [], 'user_id': '4568f4425e1d431da38edbcb8514c8e0', 'user_domain_id': 'default', 'system_scope': 'all', 'project_id': None, 'project_domain_id': None, 'roles': ['admin', 'manager', 'member', 'reader'], 'is_admin_project': True, 'service_user_id': None, 'service_user_domain_id': None, 'service_project_id': None, 'service_project_domain_id': None, 'service_roles': []} {{(pid=46587) fill_context /opt/stack/keystone/keystone/server/flask/request_processing/middleware/auth_context.py:480}}
Nov 15 02:32:04 user devstack@keystone.service[46587]: DEBUG keystone.server.flask.request_processing.req_logging [None req-a0cb6a1e-5cd9-40f0-b64f-a999f4f657fd None admin] REQUEST_METHOD: `GET` {{(pid=46587) log_request_info /opt/stack/keystone/keystone/server/flask/request_processing/req_logging.py:27}}
Nov 15 02:32:04 user devstack@keystone.service[46587]: DEBUG keystone.server.flask.request_processing.req_logging [None req-a0cb6a1e-5cd9-40f0-b64f-a999f4f657fd None admin] SCRIPT_NAME: `/identity` {{(pid=46587) log_request_info /opt/stack/keystone/keystone/server/flask/request_processing/req_logging.py:28}}
Nov 15 02:32:04 user devstack@keystone.service[46587]: DEBUG keystone.server.flask.request_processing.req_logging [None req-a0cb6a1e-5cd9-40f0-b64f-a999f4f657fd None admin] PATH_INFO: `/v3/users/7fef2cad5e6c408bbd05a1e4e763a6e7` {{(pid=46587) log_request_info /opt/stack/keystone/keystone/server/flask/request_processing/req_logging.py:29}}
Nov 15 02:32:04 user devstack@keystone.service[46587]: DEBUG keystone.common.rbac_enforcer.enforcer [None req-a0cb6a1e-5cd9-40f0-b64f-a999f4f657fd None admin] RBAC: Authorizing `identity:get_user(user_id=7fef2cad5e6c408bbd05a1e4e763a6e7)` {{(pid=46587) enforce_call /opt/stack/keystone/keystone/common/rbac_enforcer/enforcer.py:449}}
Nov 15 02:32:04 user devstack@keystone.service[46587]: DEBUG keystone.common.rbac_enforcer.enforcer [None req-a0cb6a1e-5cd9-40f0-b64f-a999f4f657fd None admin] RBAC: Authorization granted {{(pid=46587) enforce_call /opt/stack/keystone/keystone/common/rbac_enforcer/enforcer.py:457}}
Nov 15 02:32:04 user devstack@keystone.service[46587]: [pid: 46587|app: 0|req: 53/146] 10.0.0.210 () {56 vars in 1172 bytes} [Wed Nov 15 02:32:04 2023] GET /identity/v3/users/7fef2cad5e6c408bbd05a1e4e763a6e7 => generated 282 bytes in 136 msecs (HTTP/1.1 200) 5 headers in 177 bytes (2 switches on core 0)
Nov 15 02:32:04 user devstack@keystone.service[46587]: DEBUG keystone.server.flask.request_processing.middleware.auth_context [None req-a0cb6a1e-5cd9-40f0-b64f-a999f4f657fd None admin] Authenticating user token {{(pid=46587) process_request /opt/stack/data/venv/lib/python3.10/site-packages/keystonemiddleware/auth_token/__init__.py:406}}
Nov 15 02:32:04 user devstack@keystone.service[46585]: DEBUG keystone.server.flask.request_processing.middleware.auth_context [None req-50186e4e-bef0-4943-a264-fc40f5876ff9 None admin] RBAC: auth_context: {'token': , 'domain_id': None, 'trust_id': None, 'trustor_id': None, 'trustee_id': None, 'domain_name': None, 'group_ids': [], 'user_id': '4568f4425e1d431da38edbcb8514c8e0', 'user_domain_id': 'default', 'system_scope': 'all', 'project_id': None, 'project_domain_id': None, 'roles': ['admin', 'manager', 'member', 'reader'], 'is_admin_project': True, 'service_user_id': None, 'service_user_domain_id': None, 'service_project_id': None, 'service_project_domain_id': None, 'service_roles': []} {{(pid=46585) fill_context /opt/stack/keystone/keystone/server/flask/request_processing/middleware/auth_context.py:480}}
Nov 15 02:32:04 user devstack@keystone.service[46585]: DEBUG keystone.server.flask.request_processing.req_logging [None req-50186e4e-bef0-4943-a264-fc40f5876ff9 None admin] REQUEST_METHOD: `GET` {{(pid=46585) log_request_info /opt/stack/keystone/keystone/server/flask/request_processing/req_logging.py:27}}
Nov 15 02:32:04 user devstack@keystone.service[46585]: DEBUG keystone.server.flask.request_processing.req_logging [None req-50186e4e-bef0-4943-a264-fc40f5876ff9 None admin] SCRIPT_NAME: `/identity` {{(pid=46585) log_request_info /opt/stack/keystone/keystone/server/flask/request_processing/req_logging.py:28}}
Nov 15 02:32:04 user devstack@keystone.service[46585]: DEBUG keystone.server.flask.request_processing.req_logging [None req-50186e4e-bef0-4943-a264-fc40f5876ff9 None admin] PATH_INFO: `/v3/roles/anotherrole` {{(pid=46585) log_request_info /opt/stack/keystone/keystone/server/flask/request_processing/req_logging.py:29}}
Nov 15 02:32:04 user devstack@keystone.service[46586]: DEBUG keystone.server.flask.request_processing.middleware.auth_context [None req-95611bde-1135-4545-add3-4e681b0b5681 None admin] Validating token access rules against request {{(pid=46586) validate_allowed_request /opt/stack/data/venv/lib/python3.10/site-packages/keystonemiddleware/auth_token/__init__.py:544}}
Nov 15 02:32:04 user devstack@keystone.service[46585]: DEBUG keystone.common.rbac_enforcer.enforcer [None req-50186e4e-bef0-4943-a264-fc40f5876ff9 None admin] Extracting inferred target data resulted in "NOT FOUND (404)". {{(pid=46585) enforce_call /opt/stack/keystone/keystone/common/rbac_enforcer/enforcer.py:409}}
Nov 15 02:32:04 user devstack@keystone.service[46585]: ERROR keystone.server.flask.application [None req-50186e4e-bef0-4943-a264-fc40f5876ff9 None admin] Could not find role: anotherrole.: keystone.exception.RoleNotFound: Could not find role: anotherrole.
Nov 15 02:32:04 user devstack@keystone.service[46585]: ERROR keystone.server.flask.application
Traceback (most recent call last):
Nov 15 02:32:04 user devstack@keystone.service[46585]: ERROR keystone.server.flask.application
File "/opt/stack/data/venv/lib/python3.10/site-packages/flask/app.py", line 1823, in full_dispatch_request
Nov 15 02:32:04 user devstack@keystone.service[46585]: ERROR keystone.server.flask.application rv = self.dispatch_request()
Nov 15 02:32:04 user devstack@keystone.service[46585]: ERROR keystone.server.flask.application
File "/opt/stack/data/venv/lib/python3.10/site-packages/flask/app.py", line 1799, in dispatch_request
Nov 15 02:32:04 user devstack@keystone.service[46585]: ERROR keystone.server.flask.application return self.ensure_sync(self.view_functions[rule.endpoint])(**view_args)
Nov 15 02:32:04 user devstack@keystone.service[46585]: ERROR keystone.server.flask.application
File "/opt/stack/data/venv/lib/python3.10/site-packages/flask_restful/__init__.py", line 489, in wrapper
Nov 15 02:32:04 user devstack@keystone.service[46585]: ERROR keystone.server.flask.application resp = resource(*args, **kwargs)
Nov 15 02:32:04 user devstack@keystone.service[46585]: ERROR keystone.server.flask.application
File "/opt/stack/data/venv/lib/python3.10/site-packages/flask/views.py", line 107, in view
Nov 15 02:32:04 user devstack@keystone.service[46585]: ERROR keystone.server.flask.application return current_app.ensure_sync(self.dispatch_request)(**kwargs)
Nov 15 02:32:04 user devstack@keystone.service[46585]: ERROR keystone.server.flask.application
File "/opt/stack/data/venv/lib/python3.10/site-packages/flask_restful/__init__.py", line 604, in dispatch_request
Nov 15 02:32:04 user devstack@keystone.service[46585]: ERROR keystone.server.flask.application resp = meth(*args, **kwargs)
Nov 15 02:32:04 user devstack@keystone.service[46585]: ERROR keystone.server.flask.application
File "/opt/stack/keystone/keystone/api/roles.py", line 50, in get
Nov 15 02:32:04 user devstack@keystone.service[46585]: ERROR keystone.server.flask.application return self._get_role(role_id)
Nov 15 02:32:04 user devstack@keystone.service[46585]: ERROR keystone.server.flask.application
File "/opt/stack/keystone/keystone/api/roles.py", line 70, in _get_role
Nov 15 02:32:04 user devstack@keystone.service[46585]: ERROR keystone.server.flask.application ENFORCER.enforce_call(action='identity:get_role')
Nov 15 02:32:04 user devstack@keystone.service[46585]: ERROR keystone.server.flask.application
File "/opt/stack/keystone/keystone/common/rbac_enforcer/enforcer.py", line 402, in enforce_call
Nov 15 02:32:04 user devstack@keystone.service[46585]: ERROR keystone.server.flask.application policy_dict.update(cls._extract_member_target_data(
Nov 15 02:32:04 user devstack@keystone.service[46585]: ERROR keystone.server.flask.application
File "/opt/stack/keystone/keystone/common/rbac_enforcer/enforcer.py", line 234, in _extract_member_target_data
Nov 15 02:32:04 user devstack@keystone.service[46585]: ERROR keystone.server.flask.application member_name: func(flask.request.view_args[key])
Nov 15 02:32:04 user devstack@keystone.service[46585]: ERROR keystone.server.flask.application
File "/opt/stack/keystone/keystone/common/manager.py", line 115, in wrapped
Nov 15 02:32:04 user devstack@keystone.service[46585]: ERROR keystone.server.flask.application __ret_val = __f(*args, **kwargs)
Nov 15 02:32:04 user devstack@keystone.service[46585]: ERROR keystone.server.flask.application
File "/opt/stack/data/venv/lib/python3.10/site-packages/decorator.py", line 232, in fun
Nov 15 02:32:04 user devstack@keystone.service[46585]: ERROR keystone.server.flask.application return caller(func, *(extras + args), **kw)
Nov 15 02:32:04 user devstack@keystone.service[46585]: ERROR keystone.server.flask.application
File "/opt/stack/data/venv/lib/python3.10/site-packages/dogpile/cache/region.py", line 1594, in get_or_create_for_user_func
Nov 15 02:32:04 user devstack@keystone.service[46585]: ERROR keystone.server.flask.application return self.get_or_create(
Nov 15 02:32:04 user devstack@keystone.service[46585]: ERROR keystone.server.flask.application
File "/opt/stack/data/venv/lib/python3.10/site-packages/dogpile/cache/region.py", line 1054, in get_or_create
Nov 15 02:32:04 user devstack@keystone.service[46585]: ERROR keystone.server.flask.application with Lock(
Nov 15 02:32:04 user devstack@keystone.service[46585]: ERROR keystone.server.flask.application
File "/opt/stack/data/venv/lib/python3.10/site-packages/dogpile/lock.py", line 185, in __enter__
Nov 15 02:32:04 user devstack@keystone.service[46585]: ERROR keystone.server.flask.application return self._enter()
Nov 15 02:32:04 user devstack@keystone.service[46585]: ERROR keystone.server.flask.application
File "/opt/stack/data/venv/lib/python3.10/site-packages/dogpile/lock.py", line 94, in _enter
Nov 15 02:32:04 user devstack@keystone.service[46585]: ERROR keystone.server.flask.application generated = self._enter_create(value, createdtime)
Nov 15 02:32:04 user devstack@keystone.service[46585]: ERROR keystone.server.flask.application
File "/opt/stack/data/venv/lib/python3.10/site-packages/dogpile/lock.py", line 178, in _enter_create
Nov 15 02:32:04 user devstack@keystone.service[46585]: ERROR keystone.server.flask.application return self.creator()
Nov 15 02:32:04 user devstack@keystone.service[46585]: ERROR keystone.server.flask.application
File "/opt/stack/data/venv/lib/python3.10/site-packages/dogpile/cache/region.py", line 1007, in gen_value
Nov 15 02:32:04 user devstack@keystone.service[46585]: ERROR keystone.server.flask.application created_value = creator(
Nov 15 02:32:04 user devstack@keystone.service[46585]: ERROR keystone.server.flask.application
File "/opt/stack/keystone/keystone/assignment/core.py", line 1276, in get_role
Nov 15 02:32:04 user devstack@keystone.service[46585]: ERROR keystone.server.flask.application return self.driver.get_role(role_id)
Nov 15 02:32:04 user devstack@keystone.service[46585]: ERROR keystone.server.flask.application
File "/opt/stack/keystone/keystone/assignment/role_backends/sql.py", line 70, in get_role
Nov 15 02:32:04 user devstack@keystone.service[46585]: ERROR keystone.server.flask.application return self._get_role(session, role_id).to_dict()
Nov 15 02:32:04 user devstack@keystone.service[46585]: ERROR keystone.server.flask.application
File "/opt/stack/keystone/keystone/assignment/role_backends/sql.py", line 65, in _get_role
Nov 15 02:32:04 user devstack@keystone.service[46585]: ERROR keystone.server.flask.application raise exception.RoleNotFound(role_id=role_id)
Nov 15 02:32:04 user devstack@keystone.service[46585]: ERROR keystone.server.flask.application keystone.exception.RoleNotFound: Could not find role: anotherrole.
Nov 15 02:32:04 user devstack@keystone.service[46585]: ERROR keystone.server.flask.application
Nov 15 02:32:04 user devstack@keystone.service[46585]: [pid: 46585|app: 0|req: 45/147] 10.0.0.210 () {56 vars in 1109 bytes} [Wed Nov 15 02:32:04 2023] GET /identity/v3/roles/anotherrole => generated 89 bytes in 148 msecs (HTTP/1.1 404) 5 headers in 183 bytes (1 switches on core 0)
Nov 15 02:32:04 user devstack@keystone.service[46585]: DEBUG keystone.server.flask.request_processing.middleware.auth_context [None req-50186e4e-bef0-4943-a264-fc40f5876ff9 None admin] Authenticating user token {{(pid=46585) process_request /opt/stack/data/venv/lib/python3.10/site-packages/keystonemiddleware/auth_token/__init__.py:406}}
Nov 15 02:32:04 user devstack@keystone.service[46586]: DEBUG keystone.server.flask.request_processing.middleware.auth_context [None req-8846f833-dfd6-4638-b81b-45ba38337dc4 None admin] RBAC: auth_context: {'token': , 'domain_id': None, 'trust_id': None, 'trustor_id': None, 'trustee_id': None, 'domain_name': None, 'group_ids': [], 'user_id': '4568f4425e1d431da38edbcb8514c8e0', 'user_domain_id': 'default', 'system_scope': 'all', 'project_id': None, 'project_domain_id': None, 'roles': ['admin', 'manager', 'member', 'reader'], 'is_admin_project': True, 'service_user_id': None, 'service_user_domain_id': None, 'service_project_id': None, 'service_project_domain_id': None, 'service_roles': []} {{(pid=46586) fill_context /opt/stack/keystone/keystone/server/flask/request_processing/middleware/auth_context.py:480}}
Nov 15 02:32:04 user devstack@keystone.service[46586]: DEBUG keystone.server.flask.request_processing.req_logging [None req-8846f833-dfd6-4638-b81b-45ba38337dc4 None admin] REQUEST_METHOD: `POST` {{(pid=46586) log_request_info /opt/stack/keystone/keystone/server/flask/request_processing/req_logging.py:27}}
Nov 15 02:32:04 user devstack@keystone.service[46586]: DEBUG keystone.server.flask.request_processing.req_logging [None req-8846f833-dfd6-4638-b81b-45ba38337dc4 None admin] SCRIPT_NAME: `/identity` {{(pid=46586) log_request_info /opt/stack/keystone/keystone/server/flask/request_processing/req_logging.py:28}}
Nov 15 02:32:04 user devstack@keystone.service[46586]: DEBUG keystone.server.flask.request_processing.req_logging [None req-8846f833-dfd6-4638-b81b-45ba38337dc4 None admin] PATH_INFO: `/v3/users` {{(pid=46586) log_request_info /opt/stack/keystone/keystone/server/flask/request_processing/req_logging.py:29}}
Nov 15 02:32:04 user devstack@keystone.service[46586]: DEBUG keystone.common.rbac_enforcer.enforcer [None req-8846f833-dfd6-4638-b81b-45ba38337dc4 None admin] RBAC: Authorizing `identity:create_user()` {{(pid=46586) enforce_call /opt/stack/keystone/keystone/common/rbac_enforcer/enforcer.py:449}}
Nov 15 02:32:04 user devstack@keystone.service[46586]: DEBUG keystone.common.rbac_enforcer.enforcer [None req-8846f833-dfd6-4638-b81b-45ba38337dc4 None admin] RBAC: Authorization granted {{(pid=46586) enforce_call /opt/stack/keystone/keystone/common/rbac_enforcer/enforcer.py:457}}
Nov 15 02:32:04 user devstack@keystone.service[46586]: WARNING keystone.common.password_hashing [None req-8846f833-dfd6-4638-b81b-45ba38337dc4 None admin] Truncating password to algorithm specific maximum length 72 characters.
Nov 15 02:32:04 user devstack@keystone.service[46586]: [pid: 46586|app: 0|req: 50/148] 10.0.0.210 () {60 vars in 1127 bytes} [Wed Nov 15 02:32:04 2023] POST /identity/v3/users => generated 296 bytes in 149 msecs (HTTP/1.1 201) 5 headers in 182 bytes (1 switches on core 0)
Nov 15 02:32:04 user devstack@keystone.service[46586]: DEBUG keystone.server.flask.request_processing.middleware.auth_context [None req-8846f833-dfd6-4638-b81b-45ba38337dc4 None admin] Authenticating user token {{(pid=46586) process_request /opt/stack/data/venv/lib/python3.10/site-packages/keystonemiddleware/auth_token/__init__.py:406}}
Nov 15 02:32:04 user devstack@keystone.service[46587]: DEBUG keystone.server.flask.request_processing.middleware.auth_context [None req-a0cb6a1e-5cd9-40f0-b64f-a999f4f657fd None admin] Validating token access rules against request {{(pid=46587) validate_allowed_request /opt/stack/data/venv/lib/python3.10/site-packages/keystonemiddleware/auth_token/__init__.py:544}}
Nov 15 02:32:04 user devstack@keystone.service[46585]: DEBUG keystone.server.flask.request_processing.middleware.auth_context [None req-50186e4e-bef0-4943-a264-fc40f5876ff9 None admin] Validating token access rules against request {{(pid=46585) validate_allowed_request /opt/stack/data/venv/lib/python3.10/site-packages/keystonemiddleware/auth_token/__init__.py:544}}
Nov 15 02:32:04 user devstack@keystone.service[46587]: DEBUG keystone.server.flask.request_processing.middleware.auth_context [None req-bf7e286c-c477-4852-a5b6-0686a6c29e5b None admin] RBAC: auth_context: {'token': , 'domain_id': None, 'trust_id': None, 'trustor_id': None, 'trustee_id': None, 'domain_name': None, 'group_ids': [], 'user_id': '4568f4425e1d431da38edbcb8514c8e0', 'user_domain_id': 'default', 'system_scope': 'all', 'project_id': None, 'project_domain_id': None, 'roles': ['admin', 'manager', 'member', 'reader'], 'is_admin_project': True, 'service_user_id': None, 'service_user_domain_id': None, 'service_project_id': None, 'service_project_domain_id': None, 'service_roles': []} {{(pid=46587) fill_context /opt/stack/keystone/keystone/server/flask/request_processing/middleware/auth_context.py:480}}
Nov 15 02:32:04 user devstack@keystone.service[46587]: DEBUG keystone.server.flask.request_processing.req_logging [None req-bf7e286c-c477-4852-a5b6-0686a6c29e5b None admin] REQUEST_METHOD: `GET` {{(pid=46587) log_request_info /opt/stack/keystone/keystone/server/flask/request_processing/req_logging.py:27}}
Nov 15 02:32:04 user devstack@keystone.service[46587]: DEBUG keystone.server.flask.request_processing.req_logging [None req-bf7e286c-c477-4852-a5b6-0686a6c29e5b None admin] SCRIPT_NAME: `/identity` {{(pid=46587) log_request_info /opt/stack/keystone/keystone/server/flask/request_processing/req_logging.py:28}}
Nov 15 02:32:04 user devstack@keystone.service[46587]: DEBUG keystone.server.flask.request_processing.req_logging [None req-bf7e286c-c477-4852-a5b6-0686a6c29e5b None admin] PATH_INFO: `/v3/users/d6d41b80a850440fa91cbe94bd18624e` {{(pid=46587) log_request_info /opt/stack/keystone/keystone/server/flask/request_processing/req_logging.py:29}}
Nov 15 02:32:04 user devstack@keystone.service[46587]: DEBUG keystone.common.rbac_enforcer.enforcer [None req-bf7e286c-c477-4852-a5b6-0686a6c29e5b None admin] RBAC: Authorizing `identity:get_user(user_id=d6d41b80a850440fa91cbe94bd18624e)` {{(pid=46587) enforce_call /opt/stack/keystone/keystone/common/rbac_enforcer/enforcer.py:449}}
Nov 15 02:32:04 user devstack@keystone.service[46587]: DEBUG keystone.common.rbac_enforcer.enforcer [None req-bf7e286c-c477-4852-a5b6-0686a6c29e5b None admin] RBAC: Authorization granted {{(pid=46587) enforce_call /opt/stack/keystone/keystone/common/rbac_enforcer/enforcer.py:457}}
Nov 15 02:32:04 user devstack@keystone.service[46587]: [pid: 46587|app: 0|req: 54/149] 10.0.0.210 () {56 vars in 1172 bytes} [Wed Nov 15 02:32:04 2023] GET /identity/v3/users/d6d41b80a850440fa91cbe94bd18624e => generated 296 bytes in 158 msecs (HTTP/1.1 200) 5 headers in 177 bytes (1 switches on core 0)
Nov 15 02:32:04 user devstack@keystone.service[46586]: DEBUG keystone.server.flask.request_processing.middleware.auth_context [None req-8846f833-dfd6-4638-b81b-45ba38337dc4 None admin] Validating token access rules against request {{(pid=46586) validate_allowed_request /opt/stack/data/venv/lib/python3.10/site-packages/keystonemiddleware/auth_token/__init__.py:544}}
Nov 15 02:32:04 user devstack@keystone.service[46587]: DEBUG keystone.server.flask.request_processing.middleware.auth_context [None req-bf7e286c-c477-4852-a5b6-0686a6c29e5b None admin] Authenticating user token {{(pid=46587) process_request /opt/stack/data/venv/lib/python3.10/site-packages/keystonemiddleware/auth_token/__init__.py:406}}
Nov 15 02:32:04 user devstack@keystone.service[46585]: DEBUG keystone.server.flask.request_processing.middleware.auth_context [None req-4099e58d-6370-4bbd-8111-742c268f99b7 None admin] RBAC: auth_context: {'token': , 'domain_id': None, 'trust_id': None, 'trustor_id': None, 'trustee_id': None, 'domain_name': None, 'group_ids': [], 'user_id': '4568f4425e1d431da38edbcb8514c8e0', 'user_domain_id': 'default', 'system_scope': 'all', 'project_id': None, 'project_domain_id': None, 'roles': ['admin', 'manager', 'member', 'reader'], 'is_admin_project': True, 'service_user_id': None, 'service_user_domain_id': None, 'service_project_id': None, 'service_project_domain_id': None, 'service_roles': []} {{(pid=46585) fill_context /opt/stack/keystone/keystone/server/flask/request_processing/middleware/auth_context.py:480}}
Nov 15 02:32:04 user devstack@keystone.service[46585]: DEBUG keystone.server.flask.request_processing.req_logging [None req-4099e58d-6370-4bbd-8111-742c268f99b7 None admin] REQUEST_METHOD: `GET` {{(pid=46585) log_request_info /opt/stack/keystone/keystone/server/flask/request_processing/req_logging.py:27}}
Nov 15 02:32:04 user devstack@keystone.service[46585]: DEBUG keystone.server.flask.request_processing.req_logging [None req-4099e58d-6370-4bbd-8111-742c268f99b7 None admin] SCRIPT_NAME: `/identity` {{(pid=46585) log_request_info /opt/stack/keystone/keystone/server/flask/request_processing/req_logging.py:28}}
Nov 15 02:32:04 user devstack@keystone.service[46585]: DEBUG keystone.server.flask.request_processing.req_logging [None req-4099e58d-6370-4bbd-8111-742c268f99b7 None admin] PATH_INFO: `/v3/auth/tokens` {{(pid=46585) log_request_info /opt/stack/keystone/keystone/server/flask/request_processing/req_logging.py:29}}
Nov 15 02:32:04 user devstack@keystone.service[46586]: DEBUG keystone.server.flask.request_processing.middleware.auth_context [None req-f4992044-5a4d-49cb-b3bf-9df7ca9e9fce None admin] RBAC: auth_context: {'token': , 'domain_id': None, 'trust_id': None, 'trustor_id': None, 'trustee_id': None, 'domain_name': None, 'group_ids': [], 'user_id': '4568f4425e1d431da38edbcb8514c8e0', 'user_domain_id': 'default', 'system_scope': 'all', 'project_id': None, 'project_domain_id': None, 'roles': ['admin', 'manager', 'member', 'reader'], 'is_admin_project': True, 'service_user_id': None, 'service_user_domain_id': None, 'service_project_id': None, 'service_project_domain_id': None, 'service_roles': []} {{(pid=46586) fill_context /opt/stack/keystone/keystone/server/flask/request_processing/middleware/auth_context.py:480}}
Nov 15 02:32:04 user devstack@keystone.service[46586]: DEBUG keystone.server.flask.request_processing.req_logging [None req-f4992044-5a4d-49cb-b3bf-9df7ca9e9fce None admin] REQUEST_METHOD: `GET` {{(pid=46586) log_request_info /opt/stack/keystone/keystone/server/flask/request_processing/req_logging.py:27}}
Nov 15 02:32:04 user devstack@keystone.service[46586]: DEBUG keystone.server.flask.request_processing.req_logging [None req-f4992044-5a4d-49cb-b3bf-9df7ca9e9fce None admin] SCRIPT_NAME: `/identity` {{(pid=46586) log_request_info /opt/stack/keystone/keystone/server/flask/request_processing/req_logging.py:28}}
Nov 15 02:32:04 user devstack@keystone.service[46586]: DEBUG keystone.server.flask.request_processing.req_logging [None req-f4992044-5a4d-49cb-b3bf-9df7ca9e9fce None admin] PATH_INFO: `/v3/roles` {{(pid=46586) log_request_info /opt/stack/keystone/keystone/server/flask/request_processing/req_logging.py:29}}
Nov 15 02:32:04 user devstack@keystone.service[46586]: DEBUG keystone.common.rbac_enforcer.enforcer [None req-f4992044-5a4d-49cb-b3bf-9df7ca9e9fce None admin] RBAC: Adding query filter params (name=anotherrole) {{(pid=46586) _extract_filter_values /opt/stack/keystone/keystone/common/rbac_enforcer/enforcer.py:167}}
Nov 15 02:32:04 user devstack@keystone.service[46586]: DEBUG keystone.common.rbac_enforcer.enforcer [None req-f4992044-5a4d-49cb-b3bf-9df7ca9e9fce None admin] RBAC: Authorizing `identity:list_roles()` {{(pid=46586) enforce_call /opt/stack/keystone/keystone/common/rbac_enforcer/enforcer.py:449}}
Nov 15 02:32:04 user devstack@keystone.service[46586]: DEBUG keystone.common.rbac_enforcer.enforcer [None req-f4992044-5a4d-49cb-b3bf-9df7ca9e9fce None admin] RBAC: Authorization granted {{(pid=46586) enforce_call /opt/stack/keystone/keystone/common/rbac_enforcer/enforcer.py:457}}
Nov 15 02:32:04 user devstack@keystone.service[46586]: [pid: 46586|app: 0|req: 51/150] 10.0.0.210 () {56 vars in 1106 bytes} [Wed Nov 15 02:32:04 2023] GET /identity/v3/roles?name=anotherrole => generated 332 bytes in 135 msecs (HTTP/1.1 200) 5 headers in 177 bytes (1 switches on core 0)
Nov 15 02:32:04 user devstack@keystone.service[46586]: DEBUG keystone.server.flask.request_processing.middleware.auth_context [None req-f4992044-5a4d-49cb-b3bf-9df7ca9e9fce None admin] Authenticating user token {{(pid=46586) process_request /opt/stack/data/venv/lib/python3.10/site-packages/keystonemiddleware/auth_token/__init__.py:406}}
Nov 15 02:32:04 user devstack@keystone.service[46585]: DEBUG keystone.common.rbac_enforcer.enforcer [None req-4099e58d-6370-4bbd-8111-742c268f99b7 None admin] RBAC: Authorizing `identity:validate_token()` {{(pid=46585) enforce_call /opt/stack/keystone/keystone/common/rbac_enforcer/enforcer.py:449}}
Nov 15 02:32:04 user devstack@keystone.service[46585]: DEBUG keystone.common.rbac_enforcer.enforcer [None req-4099e58d-6370-4bbd-8111-742c268f99b7 None admin] RBAC: Authorization granted {{(pid=46585) enforce_call /opt/stack/keystone/keystone/common/rbac_enforcer/enforcer.py:457}}
Nov 15 02:32:04 user devstack@keystone.service[46587]: DEBUG keystone.server.flask.request_processing.middleware.auth_context [None req-bf7e286c-c477-4852-a5b6-0686a6c29e5b None admin] Validating token access rules against request {{(pid=46587) validate_allowed_request /opt/stack/data/venv/lib/python3.10/site-packages/keystonemiddleware/auth_token/__init__.py:544}}
Nov 15 02:32:04 user devstack@keystone.service[46586]: DEBUG keystone.server.flask.request_processing.middleware.auth_context [None req-f4992044-5a4d-49cb-b3bf-9df7ca9e9fce None admin] Validating token access rules against request {{(pid=46586) validate_allowed_request /opt/stack/data/venv/lib/python3.10/site-packages/keystonemiddleware/auth_token/__init__.py:544}}
Nov 15 02:32:04 user devstack@keystone.service[46587]: DEBUG keystone.server.flask.request_processing.middleware.auth_context [None req-b0bd9180-f424-4239-bbb3-571a51463853 None admin] RBAC: auth_context: {'token': , 'domain_id': None, 'trust_id': None, 'trustor_id': None, 'trustee_id': None, 'domain_name': None, 'group_ids': [], 'user_id': '4568f4425e1d431da38edbcb8514c8e0', 'user_domain_id': 'default', 'system_scope': 'all', 'project_id': None, 'project_domain_id': None, 'roles': ['admin', 'manager', 'member', 'reader'], 'is_admin_project': True, 'service_user_id': None, 'service_user_domain_id': None, 'service_project_id': None, 'service_project_domain_id': None, 'service_roles': []} {{(pid=46587) fill_context /opt/stack/keystone/keystone/server/flask/request_processing/middleware/auth_context.py:480}}
Nov 15 02:32:04 user devstack@keystone.service[46587]: DEBUG keystone.server.flask.request_processing.req_logging [None req-b0bd9180-f424-4239-bbb3-571a51463853 None admin] REQUEST_METHOD: `GET` {{(pid=46587) log_request_info /opt/stack/keystone/keystone/server/flask/request_processing/req_logging.py:27}}
Nov 15 02:32:04 user devstack@keystone.service[46587]: DEBUG keystone.server.flask.request_processing.req_logging [None req-b0bd9180-f424-4239-bbb3-571a51463853 None admin] SCRIPT_NAME: `/identity` {{(pid=46587) log_request_info /opt/stack/keystone/keystone/server/flask/request_processing/req_logging.py:28}}
Nov 15 02:32:04 user devstack@keystone.service[46587]: DEBUG keystone.server.flask.request_processing.req_logging [None req-b0bd9180-f424-4239-bbb3-571a51463853 None admin] PATH_INFO: `/v3/projects/165b744674c14367b4f63a2fccd7eb4a` {{(pid=46587) log_request_info /opt/stack/keystone/keystone/server/flask/request_processing/req_logging.py:29}}
Nov 15 02:32:04 user devstack@keystone.service[46587]: DEBUG keystone.common.rbac_enforcer.enforcer [None req-b0bd9180-f424-4239-bbb3-571a51463853 None admin] RBAC: Authorizing `identity:get_project(project_id=165b744674c14367b4f63a2fccd7eb4a)` {{(pid=46587) enforce_call /opt/stack/keystone/keystone/common/rbac_enforcer/enforcer.py:449}}
Nov 15 02:32:04 user devstack@keystone.service[46587]: DEBUG keystone.common.rbac_enforcer.enforcer [None req-b0bd9180-f424-4239-bbb3-571a51463853 None admin] RBAC: Authorization granted {{(pid=46587) enforce_call /opt/stack/keystone/keystone/common/rbac_enforcer/enforcer.py:457}}
Nov 15 02:32:04 user devstack@keystone.service[46587]: [pid: 46587|app: 0|req: 55/151] 10.0.0.210 () {56 vars in 1181 bytes} [Wed Nov 15 02:32:04 2023] GET /identity/v3/projects/165b744674c14367b4f63a2fccd7eb4a => generated 301 bytes in 171 msecs (HTTP/1.1 200) 5 headers in 177 bytes (1 switches on core 0)
Nov 15 02:32:04 user devstack@keystone.service[46587]: DEBUG keystone.server.flask.request_processing.middleware.auth_context [None req-b0bd9180-f424-4239-bbb3-571a51463853 None admin] Authenticating user token {{(pid=46587) process_request /opt/stack/data/venv/lib/python3.10/site-packages/keystonemiddleware/auth_token/__init__.py:406}}
Nov 15 02:32:04 user devstack@keystone.service[46586]: DEBUG keystone.server.flask.request_processing.middleware.auth_context [None req-c3ed6f28-b7a1-485e-859b-1ae292878186 None admin] RBAC: auth_context: {'token': , 'domain_id': None, 'trust_id': None, 'trustor_id': None, 'trustee_id': None, 'domain_name': None, 'group_ids': [], 'user_id': '4568f4425e1d431da38edbcb8514c8e0', 'user_domain_id': 'default', 'system_scope': 'all', 'project_id': None, 'project_domain_id': None, 'roles': ['admin', 'manager', 'member', 'reader'], 'is_admin_project': True, 'service_user_id': None, 'service_user_domain_id': None, 'service_project_id': None, 'service_project_domain_id': None, 'service_roles': []} {{(pid=46586) fill_context /opt/stack/keystone/keystone/server/flask/request_processing/middleware/auth_context.py:480}}
Nov 15 02:32:04 user devstack@keystone.service[46586]: DEBUG keystone.server.flask.request_processing.req_logging [None req-c3ed6f28-b7a1-485e-859b-1ae292878186 None admin] REQUEST_METHOD: `GET` {{(pid=46586) log_request_info /opt/stack/keystone/keystone/server/flask/request_processing/req_logging.py:27}}
Nov 15 02:32:04 user devstack@keystone.service[46586]: DEBUG keystone.server.flask.request_processing.req_logging [None req-c3ed6f28-b7a1-485e-859b-1ae292878186 None admin] SCRIPT_NAME: `/identity` {{(pid=46586) log_request_info /opt/stack/keystone/keystone/server/flask/request_processing/req_logging.py:28}}
Nov 15 02:32:04 user devstack@keystone.service[46586]: DEBUG keystone.server.flask.request_processing.req_logging [None req-c3ed6f28-b7a1-485e-859b-1ae292878186 None admin] PATH_INFO: `/v3/users/7fef2cad5e6c408bbd05a1e4e763a6e7` {{(pid=46586) log_request_info /opt/stack/keystone/keystone/server/flask/request_processing/req_logging.py:29}}
Nov 15 02:32:04 user devstack@keystone.service[46586]: DEBUG keystone.common.rbac_enforcer.enforcer [None req-c3ed6f28-b7a1-485e-859b-1ae292878186 None admin] RBAC: Authorizing `identity:get_user(user_id=7fef2cad5e6c408bbd05a1e4e763a6e7)` {{(pid=46586) enforce_call /opt/stack/keystone/keystone/common/rbac_enforcer/enforcer.py:449}}
Nov 15 02:32:04 user devstack@keystone.service[46586]: DEBUG keystone.common.rbac_enforcer.enforcer [None req-c3ed6f28-b7a1-485e-859b-1ae292878186 None admin] RBAC: Authorization granted {{(pid=46586) enforce_call /opt/stack/keystone/keystone/common/rbac_enforcer/enforcer.py:457}}
Nov 15 02:32:04 user devstack@keystone.service[46585]: [pid: 46585|app: 0|req: 46/152] 10.0.0.210 () {58 vars in 1277 bytes} [Wed Nov 15 02:32:04 2023] GET /identity/v3/auth/tokens => generated 861 bytes in 325 msecs (HTTP/1.1 200) 6 headers in 358 bytes (1 switches on core 0)
Nov 15 02:32:04 user devstack@keystone.service[46586]: [pid: 46586|app: 0|req: 52/153] 10.0.0.210 () {56 vars in 1172 bytes} [Wed Nov 15 02:32:04 2023] GET /identity/v3/users/7fef2cad5e6c408bbd05a1e4e763a6e7 => generated 282 bytes in 143 msecs (HTTP/1.1 200) 5 headers in 177 bytes (2 switches on core 0)
Nov 15 02:32:04 user devstack@keystone.service[46585]: DEBUG keystone.server.flask.request_processing.middleware.auth_context [None req-4099e58d-6370-4bbd-8111-742c268f99b7 None admin] Authenticating user token {{(pid=46585) process_request /opt/stack/data/venv/lib/python3.10/site-packages/keystonemiddleware/auth_token/__init__.py:406}}
Nov 15 02:32:04 user devstack@keystone.service[46586]: DEBUG keystone.server.flask.request_processing.middleware.auth_context [None req-c3ed6f28-b7a1-485e-859b-1ae292878186 None admin] Authenticating user token {{(pid=46586) process_request /opt/stack/data/venv/lib/python3.10/site-packages/keystonemiddleware/auth_token/__init__.py:406}}
Nov 15 02:32:04 user devstack@keystone.service[46585]: DEBUG keystone.server.flask.request_processing.middleware.auth_context [None req-4099e58d-6370-4bbd-8111-742c268f99b7 None admin] Validating token access rules against request {{(pid=46585) validate_allowed_request /opt/stack/data/venv/lib/python3.10/site-packages/keystonemiddleware/auth_token/__init__.py:544}}
Nov 15 02:32:04 user devstack@keystone.service[46586]: DEBUG keystone.server.flask.request_processing.middleware.auth_context [None req-c3ed6f28-b7a1-485e-859b-1ae292878186 None admin] Validating token access rules against request {{(pid=46586) validate_allowed_request /opt/stack/data/venv/lib/python3.10/site-packages/keystonemiddleware/auth_token/__init__.py:544}}
Nov 15 02:32:04 user devstack@keystone.service[46587]: DEBUG keystone.server.flask.request_processing.middleware.auth_context [None req-b0bd9180-f424-4239-bbb3-571a51463853 None admin] Validating token access rules against request {{(pid=46587) validate_allowed_request /opt/stack/data/venv/lib/python3.10/site-packages/keystonemiddleware/auth_token/__init__.py:544}}
Nov 15 02:32:04 user devstack@keystone.service[46585]: DEBUG keystone.server.flask.request_processing.middleware.auth_context [None req-383c32b8-786e-4b30-82fa-df80d6c1cd66 None admin] RBAC: auth_context: {'token': , 'domain_id': None, 'trust_id': None, 'trustor_id': None, 'trustee_id': None, 'domain_name': None, 'group_ids': [], 'user_id': '4568f4425e1d431da38edbcb8514c8e0', 'user_domain_id': 'default', 'system_scope': 'all', 'project_id': None, 'project_domain_id': None, 'roles': ['admin', 'manager', 'member', 'reader'], 'is_admin_project': True, 'service_user_id': None, 'service_user_domain_id': None, 'service_project_id': None, 'service_project_domain_id': None, 'service_roles': []} {{(pid=46585) fill_context /opt/stack/keystone/keystone/server/flask/request_processing/middleware/auth_context.py:480}}
Nov 15 02:32:04 user devstack@keystone.service[46586]: DEBUG keystone.server.flask.request_processing.middleware.auth_context [None req-e6d4afdb-5026-419f-a0bc-8273da804b1a None admin] RBAC: auth_context: {'token': , 'domain_id': None, 'trust_id': None, 'trustor_id': None, 'trustee_id': None, 'domain_name': None, 'group_ids': [], 'user_id': '4568f4425e1d431da38edbcb8514c8e0', 'user_domain_id': 'default', 'system_scope': 'all', 'project_id': None, 'project_domain_id': None, 'roles': ['admin', 'manager', 'member', 'reader'], 'is_admin_project': True, 'service_user_id': None, 'service_user_domain_id': None, 'service_project_id': None, 'service_project_domain_id': None, 'service_roles': []} {{(pid=46586) fill_context /opt/stack/keystone/keystone/server/flask/request_processing/middleware/auth_context.py:480}}
Nov 15 02:32:04 user devstack@keystone.service[46585]: DEBUG keystone.server.flask.request_processing.req_logging [None req-383c32b8-786e-4b30-82fa-df80d6c1cd66 None admin] REQUEST_METHOD: `GET` {{(pid=46585) log_request_info /opt/stack/keystone/keystone/server/flask/request_processing/req_logging.py:27}}
Nov 15 02:32:04 user devstack@keystone.service[46586]: DEBUG keystone.server.flask.request_processing.req_logging [None req-e6d4afdb-5026-419f-a0bc-8273da804b1a None admin] REQUEST_METHOD: `GET` {{(pid=46586) log_request_info /opt/stack/keystone/keystone/server/flask/request_processing/req_logging.py:27}}
Nov 15 02:32:04 user devstack@keystone.service[46585]: DEBUG keystone.server.flask.request_processing.req_logging [None req-383c32b8-786e-4b30-82fa-df80d6c1cd66 None admin] SCRIPT_NAME: `/identity` {{(pid=46585) log_request_info /opt/stack/keystone/keystone/server/flask/request_processing/req_logging.py:28}}
Nov 15 02:32:04 user devstack@keystone.service[46586]: DEBUG keystone.server.flask.request_processing.req_logging [None req-e6d4afdb-5026-419f-a0bc-8273da804b1a None admin] SCRIPT_NAME: `/identity` {{(pid=46586) log_request_info /opt/stack/keystone/keystone/server/flask/request_processing/req_logging.py:28}}
Nov 15 02:32:04 user devstack@keystone.service[46586]: DEBUG keystone.server.flask.request_processing.req_logging [None req-e6d4afdb-5026-419f-a0bc-8273da804b1a None admin] PATH_INFO: `/v3/auth/tokens` {{(pid=46586) log_request_info /opt/stack/keystone/keystone/server/flask/request_processing/req_logging.py:29}}
Nov 15 02:32:04 user devstack@keystone.service[46585]: DEBUG keystone.server.flask.request_processing.req_logging [None req-383c32b8-786e-4b30-82fa-df80d6c1cd66 None admin] PATH_INFO: `/v3/projects/165b744674c14367b4f63a2fccd7eb4a` {{(pid=46585) log_request_info /opt/stack/keystone/keystone/server/flask/request_processing/req_logging.py:29}}
Nov 15 02:32:04 user devstack@keystone.service[46585]: DEBUG keystone.common.rbac_enforcer.enforcer [None req-383c32b8-786e-4b30-82fa-df80d6c1cd66 None admin] RBAC: Authorizing `identity:get_project(project_id=165b744674c14367b4f63a2fccd7eb4a)` {{(pid=46585) enforce_call /opt/stack/keystone/keystone/common/rbac_enforcer/enforcer.py:449}}
Nov 15 02:32:04 user devstack@keystone.service[46585]: DEBUG keystone.common.rbac_enforcer.enforcer [None req-383c32b8-786e-4b30-82fa-df80d6c1cd66 None admin] RBAC: Authorization granted {{(pid=46585) enforce_call /opt/stack/keystone/keystone/common/rbac_enforcer/enforcer.py:457}}
Nov 15 02:32:04 user devstack@keystone.service[46585]: [pid: 46585|app: 0|req: 47/154] 10.0.0.210 () {56 vars in 1181 bytes} [Wed Nov 15 02:32:04 2023] GET /identity/v3/projects/165b744674c14367b4f63a2fccd7eb4a => generated 301 bytes in 141 msecs (HTTP/1.1 200) 5 headers in 177 bytes (1 switches on core 0)
