Jul 22 15:08:36 user devstack@c-api.service[71268]: DEBUG cinder.api.middleware.request_id [None req-4ee155f6-9ad6-4d63-8e3b-d92b1f7a4f68 None None] RequestId filter calling following filter/app {{(pid=71268) _context_setter /opt/stack/cinder/cinder/api/middleware/request_id.py:62}}
Jul 22 15:08:36 user devstack@c-api.service[71268]: INFO cinder.api.openstack.wsgi [None req-4ee155f6-9ad6-4d63-8e3b-d92b1f7a4f68 tempest-GroupSnapshotsTest-7881222 tempest-GroupSnapshotsTest-7881222-project-member] GET http://10.0.0.210/volume/v3/870b1e4589ca444fa36f375e71952471/group_snapshots/9869417a-575d-4506-8ccc-05c59176bc94
Jul 22 15:08:36 user devstack@c-api.service[71268]: DEBUG cinder.api.openstack.wsgi [None req-4ee155f6-9ad6-4d63-8e3b-d92b1f7a4f68 tempest-GroupSnapshotsTest-7881222 tempest-GroupSnapshotsTest-7881222-project-member] Empty body provided in request {{(pid=71268) get_body /opt/stack/cinder/cinder/api/openstack/wsgi.py:715}}
Jul 22 15:08:36 user devstack@c-api.service[71268]: DEBUG cinder.api.openstack.wsgi [None req-4ee155f6-9ad6-4d63-8e3b-d92b1f7a4f68 tempest-GroupSnapshotsTest-7881222 tempest-GroupSnapshotsTest-7881222-project-member] Calling method 'version_select' {{(pid=71268) _process_stack /opt/stack/cinder/cinder/api/openstack/wsgi.py:868}}
Jul 22 15:08:36 user devstack@c-api.service[71268]: DEBUG cinder.api.v3.group_snapshots [None req-4ee155f6-9ad6-4d63-8e3b-d92b1f7a4f68 tempest-GroupSnapshotsTest-7881222 tempest-GroupSnapshotsTest-7881222-project-member] show called for member 9869417a-575d-4506-8ccc-05c59176bc94 {{(pid=71268) show /opt/stack/cinder/cinder/api/v3/group_snapshots.py:58}}
Jul 22 15:08:36 user devstack@c-api.service[71268]: /usr/local/lib/python3.10/dist-packages/oslo_context/context.py:100: DeprecationWarning: Policy enforcement is depending on the value of is_admin. This key is deprecated. Please update your policy file to use the standard policy values.
Jul 22 15:08:36 user devstack@c-api.service[71268]: warnings.warn('Policy enforcement is depending on the value of '
Jul 22 15:08:36 user devstack@c-api.service[71268]: INFO cinder.api.openstack.wsgi [None req-4ee155f6-9ad6-4d63-8e3b-d92b1f7a4f68 tempest-GroupSnapshotsTest-7881222 tempest-GroupSnapshotsTest-7881222-project-member] http://10.0.0.210/volume/v3/870b1e4589ca444fa36f375e71952471/group_snapshots/9869417a-575d-4506-8ccc-05c59176bc94 returned with HTTP 200
Jul 22 15:08:36 user devstack@c-api.service[71268]: [pid: 71268|app: 0|req: 75/233] 10.0.0.210 () {64 vars in 1467 bytes} [Sat Jul 22 15:08:36 2023] GET /volume/v3/870b1e4589ca444fa36f375e71952471/group_snapshots/9869417a-575d-4506-8ccc-05c59176bc94 => generated 326 bytes in 35 msecs (HTTP/1.1 200) 7 headers in 286 bytes (1 switches on core 0)
Jul 22 15:08:36 user devstack@c-api.service[71269]: DEBUG cinder.api.middleware.request_id [None req-4e08b449-1fdb-45cc-8d96-a2ab83d10361 None None] RequestId filter calling following filter/app {{(pid=71269) _context_setter /opt/stack/cinder/cinder/api/middleware/request_id.py:62}}
Jul 22 15:08:36 user devstack@c-api.service[71269]: INFO cinder.api.openstack.wsgi [None req-4e08b449-1fdb-45cc-8d96-a2ab83d10361 tempest-VolumeQuotaClassesTest-297869543 tempest-VolumeQuotaClassesTest-297869543-project-admin] GET http://10.0.0.210/volume/v3/328700d61305439e95ac2c89e1dec623/os-quota-class-sets/default
Jul 22 15:08:36 user devstack@c-api.service[71269]: DEBUG cinder.api.openstack.wsgi [None req-4e08b449-1fdb-45cc-8d96-a2ab83d10361 tempest-VolumeQuotaClassesTest-297869543 tempest-VolumeQuotaClassesTest-297869543-project-admin] Empty body provided in request {{(pid=71269) get_body /opt/stack/cinder/cinder/api/openstack/wsgi.py:715}}
Jul 22 15:08:36 user devstack@c-api.service[71269]: DEBUG cinder.api.openstack.wsgi [None req-4e08b449-1fdb-45cc-8d96-a2ab83d10361 tempest-VolumeQuotaClassesTest-297869543 tempest-VolumeQuotaClassesTest-297869543-project-admin] Calling method 'show' {{(pid=71269) _process_stack /opt/stack/cinder/cinder/api/openstack/wsgi.py:868}}
Jul 22 15:08:36 user devstack@c-api.service[71269]: INFO cinder.api.openstack.wsgi [None req-4e08b449-1fdb-45cc-8d96-a2ab83d10361 tempest-VolumeQuotaClassesTest-297869543 tempest-VolumeQuotaClassesTest-297869543-project-admin] http://10.0.0.210/volume/v3/328700d61305439e95ac2c89e1dec623/os-quota-class-sets/default returned with HTTP 200
Jul 22 15:08:36 user devstack@c-api.service[71269]: [pid: 71269|app: 0|req: 79/234] 10.0.0.210 () {62 vars in 1351 bytes} [Sat Jul 22 15:08:36 2023] GET /volume/v3/328700d61305439e95ac2c89e1dec623/os-quota-class-sets/default => generated 541 bytes in 217 msecs (HTTP/1.1 200) 7 headers in 285 bytes (1 switches on core 0)
Jul 22 15:08:36 user devstack@c-api.service[71267]: DEBUG cinder.api.middleware.request_id [None req-350eefc1-f06a-4027-baf0-add15e0ec725 None None] RequestId filter calling following filter/app {{(pid=71267) _context_setter /opt/stack/cinder/cinder/api/middleware/request_id.py:62}}
Jul 22 15:08:36 user devstack@c-api.service[71267]: INFO cinder.api.openstack.wsgi [None req-350eefc1-f06a-4027-baf0-add15e0ec725 tempest-VolumeQuotaClassesTest-297869543 tempest-VolumeQuotaClassesTest-297869543-project-admin] GET http://10.0.0.210/volume/v3/328700d61305439e95ac2c89e1dec623/os-quota-class-sets/default
Jul 22 15:08:36 user devstack@c-api.service[71267]: DEBUG cinder.api.openstack.wsgi [None req-350eefc1-f06a-4027-baf0-add15e0ec725 tempest-VolumeQuotaClassesTest-297869543 tempest-VolumeQuotaClassesTest-297869543-project-admin] Empty body provided in request {{(pid=71267) get_body /opt/stack/cinder/cinder/api/openstack/wsgi.py:715}}
Jul 22 15:08:36 user devstack@c-api.service[71267]: DEBUG cinder.api.openstack.wsgi [None req-350eefc1-f06a-4027-baf0-add15e0ec725 tempest-VolumeQuotaClassesTest-297869543 tempest-VolumeQuotaClassesTest-297869543-project-admin] Calling method 'show' {{(pid=71267) _process_stack /opt/stack/cinder/cinder/api/openstack/wsgi.py:868}}
Jul 22 15:08:37 user devstack@c-api.service[71267]: INFO cinder.api.openstack.wsgi [None req-350eefc1-f06a-4027-baf0-add15e0ec725 tempest-VolumeQuotaClassesTest-297869543 tempest-VolumeQuotaClassesTest-297869543-project-admin] http://10.0.0.210/volume/v3/328700d61305439e95ac2c89e1dec623/os-quota-class-sets/default returned with HTTP 200
Jul 22 15:08:37 user devstack@c-api.service[71267]: [pid: 71267|app: 0|req: 81/235] 10.0.0.210 () {62 vars in 1351 bytes} [Sat Jul 22 15:08:36 2023] GET /volume/v3/328700d61305439e95ac2c89e1dec623/os-quota-class-sets/default => generated 541 bytes in 84 msecs (HTTP/1.1 200) 7 headers in 285 bytes (1 switches on core 0)
Jul 22 15:08:37 user devstack@c-api.service[71268]: DEBUG cinder.api.middleware.request_id [None req-5d8a1f18-cae1-4858-8a06-70688ee1db99 None None] RequestId filter calling following filter/app {{(pid=71268) _context_setter /opt/stack/cinder/cinder/api/middleware/request_id.py:62}}
Jul 22 15:08:37 user devstack@c-api.service[71268]: INFO cinder.api.openstack.wsgi [None req-5d8a1f18-cae1-4858-8a06-70688ee1db99 tempest-VolumeQuotaClassesTest-297869543 tempest-VolumeQuotaClassesTest-297869543-project-admin] POST http://10.0.0.210/volume/v3/328700d61305439e95ac2c89e1dec623/types
Jul 22 15:08:37 user devstack@c-api.service[71268]: DEBUG cinder.api.openstack.wsgi [None req-5d8a1f18-cae1-4858-8a06-70688ee1db99 tempest-VolumeQuotaClassesTest-297869543 tempest-VolumeQuotaClassesTest-297869543-project-admin] Action: 'create', calling method: _create, body: {"volume_type": {"name": "tempest-VolumeQuotaClassesTest-volume-type-1875751349"}} {{(pid=71268) _process_stack /opt/stack/cinder/cinder/api/openstack/wsgi.py:866}}
Jul 22 15:08:37 user devstack@c-api.service[71268]: INFO cinder.api.openstack.wsgi [None req-5d8a1f18-cae1-4858-8a06-70688ee1db99 tempest-VolumeQuotaClassesTest-297869543 tempest-VolumeQuotaClassesTest-297869543-project-admin] http://10.0.0.210/volume/v3/328700d61305439e95ac2c89e1dec623/types returned with HTTP 200
Jul 22 15:08:37 user devstack@c-api.service[71268]: [pid: 71268|app: 0|req: 76/236] 10.0.0.210 () {64 vars in 1306 bytes} [Sat Jul 22 15:08:37 2023] POST /volume/v3/328700d61305439e95ac2c89e1dec623/types => generated 228 bytes in 38 msecs (HTTP/1.1 200) 7 headers in 285 bytes (1 switches on core 0)
Jul 22 15:08:37 user devstack@c-api.service[71269]: DEBUG cinder.api.middleware.request_id [None req-312de852-e607-424f-be9d-9ff781599545 None None] RequestId filter calling following filter/app {{(pid=71269) _context_setter /opt/stack/cinder/cinder/api/middleware/request_id.py:62}}
Jul 22 15:08:37 user devstack@c-api.service[71269]: INFO cinder.api.openstack.wsgi [None req-312de852-e607-424f-be9d-9ff781599545 tempest-VolumeQuotaClassesTest-297869543 tempest-VolumeQuotaClassesTest-297869543-project-admin] PUT http://10.0.0.210/volume/v3/328700d61305439e95ac2c89e1dec623/os-quota-class-sets/default
Jul 22 15:08:37 user devstack@c-api.service[71269]: DEBUG cinder.api.openstack.wsgi [None req-312de852-e607-424f-be9d-9ff781599545 tempest-VolumeQuotaClassesTest-297869543 tempest-VolumeQuotaClassesTest-297869543-project-admin] Action: 'update', calling method: update, body: {"quota_class_set": {"volumes": 11, "per_volume_gigabytes": -1, "snapshots": 11, "gigabytes": 1001, "backups": 11, "backup_gigabytes": 1001, "volumes_tempest-VolumeQuotaClassesTest-volume-type-1875751349": 5, "snapshots_tempest-VolumeQuotaClassesTest-volume-type-1875751349": 7, "gigabytes_tempest-VolumeQuotaClassesTest-volume-type-1875751349": 7}} {{(pid=71269) _process_stack /opt/stack/cinder/cinder/api/openstack/wsgi.py:866}}
Jul 22 15:08:37 user devstack@c-api.service[71267]: DEBUG cinder.api.middleware.request_id [None req-db43853f-4445-4c76-b47a-3c338e6d2b98 None None] RequestId filter calling following filter/app {{(pid=71267) _context_setter /opt/stack/cinder/cinder/api/middleware/request_id.py:62}}
Jul 22 15:08:37 user devstack@c-api.service[71267]: INFO cinder.api.openstack.wsgi [None req-db43853f-4445-4c76-b47a-3c338e6d2b98 tempest-VolumeSnapshotQuotasNegativeTestJSON-628461537 tempest-VolumeSnapshotQuotasNegativeTestJSON-628461537-project-member] GET http://10.0.0.210/volume/v3/84af70d82e9b4aa89f98242bd713ab1f/volumes/592b6e8e-6367-43e9-a3c9-b07cbc0ac1e2
Jul 22 15:08:37 user devstack@c-api.service[71267]: DEBUG cinder.api.openstack.wsgi [None req-db43853f-4445-4c76-b47a-3c338e6d2b98 tempest-VolumeSnapshotQuotasNegativeTestJSON-628461537 tempest-VolumeSnapshotQuotasNegativeTestJSON-628461537-project-member] Empty body provided in request {{(pid=71267) get_body /opt/stack/cinder/cinder/api/openstack/wsgi.py:715}}
Jul 22 15:08:37 user devstack@c-api.service[71267]: DEBUG cinder.api.openstack.wsgi [None req-db43853f-4445-4c76-b47a-3c338e6d2b98 tempest-VolumeSnapshotQuotasNegativeTestJSON-628461537 tempest-VolumeSnapshotQuotasNegativeTestJSON-628461537-project-member] Calling method 'show' {{(pid=71267) _process_stack /opt/stack/cinder/cinder/api/openstack/wsgi.py:868}}
Jul 22 15:08:37 user devstack@c-api.service[71267]: /usr/local/lib/python3.10/dist-packages/oslo_context/context.py:100: DeprecationWarning: Policy enforcement is depending on the value of is_admin. This key is deprecated. Please update your policy file to use the standard policy values.
Jul 22 15:08:37 user devstack@c-api.service[71267]: warnings.warn('Policy enforcement is depending on the value of '
Jul 22 15:08:37 user devstack@c-api.service[71267]: INFO cinder.volume.api [None req-db43853f-4445-4c76-b47a-3c338e6d2b98 tempest-VolumeSnapshotQuotasNegativeTestJSON-628461537 tempest-VolumeSnapshotQuotasNegativeTestJSON-628461537-project-member] Volume info retrieved successfully.
Jul 22 15:08:37 user devstack@c-api.service[71267]: INFO cinder.api.openstack.wsgi [None req-db43853f-4445-4c76-b47a-3c338e6d2b98 tempest-VolumeSnapshotQuotasNegativeTestJSON-628461537 tempest-VolumeSnapshotQuotasNegativeTestJSON-628461537-project-member] http://10.0.0.210/volume/v3/84af70d82e9b4aa89f98242bd713ab1f/volumes/592b6e8e-6367-43e9-a3c9-b07cbc0ac1e2 returned with HTTP 200
Jul 22 15:08:37 user devstack@c-api.service[71267]: [pid: 71267|app: 0|req: 82/237] 10.0.0.210 () {62 vars in 1402 bytes} [Sat Jul 22 15:08:37 2023] GET /volume/v3/84af70d82e9b4aa89f98242bd713ab1f/volumes/592b6e8e-6367-43e9-a3c9-b07cbc0ac1e2 => generated 925 bytes in 57 msecs (HTTP/1.1 200) 7 headers in 285 bytes (1 switches on core 0)
Jul 22 15:08:37 user devstack@c-api.service[71269]: INFO cinder.api.openstack.wsgi [None req-312de852-e607-424f-be9d-9ff781599545 tempest-VolumeQuotaClassesTest-297869543 tempest-VolumeQuotaClassesTest-297869543-project-admin] http://10.0.0.210/volume/v3/328700d61305439e95ac2c89e1dec623/os-quota-class-sets/default returned with HTTP 200
Jul 22 15:08:37 user devstack@c-api.service[71269]: [pid: 71269|app: 0|req: 80/238] 10.0.0.210 () {64 vars in 1372 bytes} [Sat Jul 22 15:08:37 2023] PUT /volume/v3/328700d61305439e95ac2c89e1dec623/os-quota-class-sets/default => generated 732 bytes in 233 msecs (HTTP/1.1 200) 7 headers in 285 bytes (1 switches on core 0)
Jul 22 15:08:37 user devstack@c-api.service[71268]: DEBUG cinder.api.middleware.request_id [None req-80c3e870-e3be-4d52-9cff-60747735213c None None] RequestId filter calling following filter/app {{(pid=71268) _context_setter /opt/stack/cinder/cinder/api/middleware/request_id.py:62}}
Jul 22 15:08:37 user devstack@c-api.service[71268]: INFO cinder.api.openstack.wsgi [None req-80c3e870-e3be-4d52-9cff-60747735213c tempest-VolumeQuotaClassesTest-297869543 tempest-VolumeQuotaClassesTest-297869543-project-admin] GET http://10.0.0.210/volume/v3/328700d61305439e95ac2c89e1dec623/os-quota-sets/328700d61305439e95ac2c89e1dec623/defaults
Jul 22 15:08:37 user devstack@c-api.service[71268]: DEBUG cinder.api.openstack.wsgi [None req-80c3e870-e3be-4d52-9cff-60747735213c tempest-VolumeQuotaClassesTest-297869543 tempest-VolumeQuotaClassesTest-297869543-project-admin] Empty body provided in request {{(pid=71268) get_body /opt/stack/cinder/cinder/api/openstack/wsgi.py:715}}
Jul 22 15:08:37 user devstack@c-api.service[71268]: DEBUG cinder.api.openstack.wsgi [None req-80c3e870-e3be-4d52-9cff-60747735213c tempest-VolumeQuotaClassesTest-297869543 tempest-VolumeQuotaClassesTest-297869543-project-admin] Calling method 'defaults' {{(pid=71268) _process_stack /opt/stack/cinder/cinder/api/openstack/wsgi.py:868}}
Jul 22 15:08:37 user devstack@c-api.service[71268]: WARNING cinder.quota [None req-80c3e870-e3be-4d52-9cff-60747735213c tempest-VolumeQuotaClassesTest-297869543 tempest-VolumeQuotaClassesTest-297869543-project-admin] Deprecated: Default quota for resource: volumes_tempest-GroupSnapshotsTest-volume-type-1481969110 is set by the default quota flag: quota_volumes_tempest-GroupSnapshotsTest-volume-type-1481969110, it is now deprecated. Please use the default quota class for default quota.
Jul 22 15:08:37 user devstack@c-api.service[71268]: WARNING cinder.quota [None req-80c3e870-e3be-4d52-9cff-60747735213c tempest-VolumeQuotaClassesTest-297869543 tempest-VolumeQuotaClassesTest-297869543-project-admin] Deprecated: Default quota for resource: gigabytes_tempest-GroupSnapshotsTest-volume-type-1481969110 is set by the default quota flag: quota_gigabytes_tempest-GroupSnapshotsTest-volume-type-1481969110, it is now deprecated. Please use the default quota class for default quota.
Jul 22 15:08:37 user devstack@c-api.service[71268]: WARNING cinder.quota [None req-80c3e870-e3be-4d52-9cff-60747735213c tempest-VolumeQuotaClassesTest-297869543 tempest-VolumeQuotaClassesTest-297869543-project-admin] Deprecated: Default quota for resource: snapshots_tempest-GroupSnapshotsTest-volume-type-1481969110 is set by the default quota flag: quota_snapshots_tempest-GroupSnapshotsTest-volume-type-1481969110, it is now deprecated. Please use the default quota class for default quota.
Jul 22 15:08:37 user devstack@c-api.service[71268]: INFO cinder.api.openstack.wsgi [None req-80c3e870-e3be-4d52-9cff-60747735213c tempest-VolumeQuotaClassesTest-297869543 tempest-VolumeQuotaClassesTest-297869543-project-admin] http://10.0.0.210/volume/v3/328700d61305439e95ac2c89e1dec623/os-quota-sets/328700d61305439e95ac2c89e1dec623/defaults returned with HTTP 200
Jul 22 15:08:37 user devstack@c-api.service[71268]: [pid: 71268|app: 0|req: 77/239] 10.0.0.210 () {62 vars in 1435 bytes} [Sat Jul 22 15:08:37 2023] GET /volume/v3/328700d61305439e95ac2c89e1dec623/os-quota-sets/328700d61305439e95ac2c89e1dec623/defaults => generated 768 bytes in 45 msecs (HTTP/1.1 200) 7 headers in 285 bytes (1 switches on core 0)
Jul 22 15:08:37 user devstack@c-api.service[71267]: DEBUG cinder.api.middleware.request_id [None req-c0b09bba-7b86-4199-aa27-bfdc2f2df6a4 None None] RequestId filter calling following filter/app {{(pid=71267) _context_setter /opt/stack/cinder/cinder/api/middleware/request_id.py:62}}
Jul 22 15:08:37 user devstack@c-api.service[71267]: INFO cinder.api.openstack.wsgi [None req-c0b09bba-7b86-4199-aa27-bfdc2f2df6a4 tempest-TaggedBootDevicesTest-958395849 tempest-TaggedBootDevicesTest-958395849-project-member] GET http://10.0.0.210/volume/v3/6bf45ecdce174902b93fbae34317512a/volumes/604f15ab-a6ac-4eb4-8fd7-39d64975a284
Jul 22 15:08:37 user devstack@c-api.service[71267]: DEBUG cinder.api.openstack.wsgi [None req-c0b09bba-7b86-4199-aa27-bfdc2f2df6a4 tempest-TaggedBootDevicesTest-958395849 tempest-TaggedBootDevicesTest-958395849-project-member] Empty body provided in request {{(pid=71267) get_body /opt/stack/cinder/cinder/api/openstack/wsgi.py:715}}
Jul 22 15:08:37 user devstack@c-api.service[71267]: DEBUG cinder.api.openstack.wsgi [None req-c0b09bba-7b86-4199-aa27-bfdc2f2df6a4 tempest-TaggedBootDevicesTest-958395849 tempest-TaggedBootDevicesTest-958395849-project-member] Calling method 'show' {{(pid=71267) _process_stack /opt/stack/cinder/cinder/api/openstack/wsgi.py:868}}
Jul 22 15:08:37 user devstack@c-api.service[71267]: /usr/local/lib/python3.10/dist-packages/oslo_context/context.py:100: DeprecationWarning: Policy enforcement is depending on the value of is_admin. This key is deprecated. Please update your policy file to use the standard policy values.
Jul 22 15:08:37 user devstack@c-api.service[71267]: warnings.warn('Policy enforcement is depending on the value of '
Jul 22 15:08:37 user devstack@c-api.service[71269]: DEBUG cinder.api.middleware.request_id [None req-ef1e5d66-774e-4468-aa1e-eb5d0bcf703e None None] RequestId filter calling following filter/app {{(pid=71269) _context_setter /opt/stack/cinder/cinder/api/middleware/request_id.py:62}}
Jul 22 15:08:37 user devstack@c-api.service[71267]: INFO cinder.volume.api [None req-c0b09bba-7b86-4199-aa27-bfdc2f2df6a4 tempest-TaggedBootDevicesTest-958395849 tempest-TaggedBootDevicesTest-958395849-project-member] Volume info retrieved successfully.
Jul 22 15:08:37 user devstack@c-api.service[71269]: INFO cinder.api.openstack.wsgi [None req-ef1e5d66-774e-4468-aa1e-eb5d0bcf703e tempest-GroupSnapshotsTest-7881222 tempest-GroupSnapshotsTest-7881222-project-member] GET http://10.0.0.210/volume/v3/870b1e4589ca444fa36f375e71952471/group_snapshots/9869417a-575d-4506-8ccc-05c59176bc94
Jul 22 15:08:37 user devstack@c-api.service[71269]: DEBUG cinder.api.openstack.wsgi [None req-ef1e5d66-774e-4468-aa1e-eb5d0bcf703e tempest-GroupSnapshotsTest-7881222 tempest-GroupSnapshotsTest-7881222-project-member] Empty body provided in request {{(pid=71269) get_body /opt/stack/cinder/cinder/api/openstack/wsgi.py:715}}
Jul 22 15:08:37 user devstack@c-api.service[71269]: DEBUG cinder.api.openstack.wsgi [None req-ef1e5d66-774e-4468-aa1e-eb5d0bcf703e tempest-GroupSnapshotsTest-7881222 tempest-GroupSnapshotsTest-7881222-project-member] Calling method 'version_select' {{(pid=71269) _process_stack /opt/stack/cinder/cinder/api/openstack/wsgi.py:868}}
Jul 22 15:08:37 user devstack@c-api.service[71269]: DEBUG cinder.api.v3.group_snapshots [None req-ef1e5d66-774e-4468-aa1e-eb5d0bcf703e tempest-GroupSnapshotsTest-7881222 tempest-GroupSnapshotsTest-7881222-project-member] show called for member 9869417a-575d-4506-8ccc-05c59176bc94 {{(pid=71269) show /opt/stack/cinder/cinder/api/v3/group_snapshots.py:58}}
Jul 22 15:08:37 user devstack@c-api.service[71269]: /usr/local/lib/python3.10/dist-packages/oslo_context/context.py:100: DeprecationWarning: Policy enforcement is depending on the value of is_admin. This key is deprecated. Please update your policy file to use the standard policy values.
Jul 22 15:08:37 user devstack@c-api.service[71269]: warnings.warn('Policy enforcement is depending on the value of '
Jul 22 15:08:37 user devstack@c-api.service[71267]: INFO cinder.api.openstack.wsgi [None req-c0b09bba-7b86-4199-aa27-bfdc2f2df6a4 tempest-TaggedBootDevicesTest-958395849 tempest-TaggedBootDevicesTest-958395849-project-member] http://10.0.0.210/volume/v3/6bf45ecdce174902b93fbae34317512a/volumes/604f15ab-a6ac-4eb4-8fd7-39d64975a284 returned with HTTP 200
Jul 22 15:08:37 user devstack@c-api.service[71267]: [pid: 71267|app: 0|req: 83/240] 10.0.0.210 () {62 vars in 1402 bytes} [Sat Jul 22 15:08:37 2023] GET /volume/v3/6bf45ecdce174902b93fbae34317512a/volumes/604f15ab-a6ac-4eb4-8fd7-39d64975a284 => generated 971 bytes in 45 msecs (HTTP/1.1 200) 7 headers in 285 bytes (2 switches on core 0)
Jul 22 15:08:37 user devstack@c-api.service[71269]: INFO cinder.api.openstack.wsgi [None req-ef1e5d66-774e-4468-aa1e-eb5d0bcf703e tempest-GroupSnapshotsTest-7881222 tempest-GroupSnapshotsTest-7881222-project-member] http://10.0.0.210/volume/v3/870b1e4589ca444fa36f375e71952471/group_snapshots/9869417a-575d-4506-8ccc-05c59176bc94 returned with HTTP 200
Jul 22 15:08:37 user devstack@c-api.service[71269]: [pid: 71269|app: 0|req: 81/241] 10.0.0.210 () {64 vars in 1467 bytes} [Sat Jul 22 15:08:37 2023] GET /volume/v3/870b1e4589ca444fa36f375e71952471/group_snapshots/9869417a-575d-4506-8ccc-05c59176bc94 => generated 326 bytes in 26 msecs (HTTP/1.1 200) 7 headers in 286 bytes (1 switches on core 0)
Jul 22 15:08:37 user devstack@c-api.service[71268]: DEBUG cinder.api.middleware.request_id [None req-db040a2a-20d9-441a-88e9-7bc765dd6974 None None] RequestId filter calling following filter/app {{(pid=71268) _context_setter /opt/stack/cinder/cinder/api/middleware/request_id.py:62}}
Jul 22 15:08:37 user devstack@c-api.service[71268]: INFO cinder.api.openstack.wsgi [None req-db040a2a-20d9-441a-88e9-7bc765dd6974 tempest-VolumeQuotaClassesTest-297869543 tempest-VolumeQuotaClassesTest-297869543-project-admin] GET http://10.0.0.210/volume/v3/328700d61305439e95ac2c89e1dec623/os-quota-sets/93a6d00e568046b0a65ab8c2a0a8c9a5/defaults
Jul 22 15:08:37 user devstack@c-api.service[71268]: DEBUG cinder.api.openstack.wsgi [None req-db040a2a-20d9-441a-88e9-7bc765dd6974 tempest-VolumeQuotaClassesTest-297869543 tempest-VolumeQuotaClassesTest-297869543-project-admin] Empty body provided in request {{(pid=71268) get_body /opt/stack/cinder/cinder/api/openstack/wsgi.py:715}}
Jul 22 15:08:37 user devstack@c-api.service[71268]: DEBUG cinder.api.openstack.wsgi [None req-db040a2a-20d9-441a-88e9-7bc765dd6974 tempest-VolumeQuotaClassesTest-297869543 tempest-VolumeQuotaClassesTest-297869543-project-admin] Calling method 'defaults' {{(pid=71268) _process_stack /opt/stack/cinder/cinder/api/openstack/wsgi.py:868}}
Jul 22 15:08:37 user devstack@c-api.service[71268]: INFO cinder.api.openstack.wsgi [None req-db040a2a-20d9-441a-88e9-7bc765dd6974 tempest-VolumeQuotaClassesTest-297869543 tempest-VolumeQuotaClassesTest-297869543-project-admin] http://10.0.0.210/volume/v3/328700d61305439e95ac2c89e1dec623/os-quota-sets/93a6d00e568046b0a65ab8c2a0a8c9a5/defaults returned with HTTP 200
Jul 22 15:08:37 user devstack@c-api.service[71268]: [pid: 71268|app: 0|req: 78/242] 10.0.0.210 () {62 vars in 1435 bytes} [Sat Jul 22 15:08:37 2023] GET /volume/v3/328700d61305439e95ac2c89e1dec623/os-quota-sets/93a6d00e568046b0a65ab8c2a0a8c9a5/defaults => generated 768 bytes in 30 msecs (HTTP/1.1 200) 7 headers in 285 bytes (1 switches on core 0)
Jul 22 15:08:37 user devstack@c-api.service[71267]: DEBUG cinder.api.middleware.request_id [None req-4d03fba9-74e7-4876-b74d-f127b5e8dad9 None None] RequestId filter calling following filter/app {{(pid=71267) _context_setter /opt/stack/cinder/cinder/api/middleware/request_id.py:62}}
Jul 22 15:08:37 user devstack@c-api.service[71267]: INFO cinder.api.openstack.wsgi [None req-4d03fba9-74e7-4876-b74d-f127b5e8dad9 tempest-VolumeQuotaClassesTest-297869543 tempest-VolumeQuotaClassesTest-297869543-project-admin] DELETE http://10.0.0.210/volume/v3/328700d61305439e95ac2c89e1dec623/types/0630f684-7ef9-4f38-8dbf-e91fccd38f76
Jul 22 15:08:37 user devstack@c-api.service[71267]: DEBUG cinder.api.openstack.wsgi [None req-4d03fba9-74e7-4876-b74d-f127b5e8dad9 tempest-VolumeQuotaClassesTest-297869543 tempest-VolumeQuotaClassesTest-297869543-project-admin] Empty body provided in request {{(pid=71267) get_body /opt/stack/cinder/cinder/api/openstack/wsgi.py:715}}
Jul 22 15:08:37 user devstack@c-api.service[71267]: DEBUG cinder.api.openstack.wsgi [None req-4d03fba9-74e7-4876-b74d-f127b5e8dad9 tempest-VolumeQuotaClassesTest-297869543 tempest-VolumeQuotaClassesTest-297869543-project-admin] Calling method '_delete' {{(pid=71267) _process_stack /opt/stack/cinder/cinder/api/openstack/wsgi.py:868}}
Jul 22 15:08:37 user devstack@c-api.service[71267]: INFO cinder.api.openstack.wsgi [None req-4d03fba9-74e7-4876-b74d-f127b5e8dad9 tempest-VolumeQuotaClassesTest-297869543 tempest-VolumeQuotaClassesTest-297869543-project-admin] http://10.0.0.210/volume/v3/328700d61305439e95ac2c89e1dec623/types/0630f684-7ef9-4f38-8dbf-e91fccd38f76 returned with HTTP 202
Jul 22 15:08:37 user devstack@c-api.service[71267]: [pid: 71267|app: 0|req: 84/243] 10.0.0.210 () {62 vars in 1399 bytes} [Sat Jul 22 15:08:37 2023] DELETE /volume/v3/328700d61305439e95ac2c89e1dec623/types/0630f684-7ef9-4f38-8dbf-e91fccd38f76 => generated 0 bytes in 92 msecs (HTTP/1.1 202) 6 headers in 233 bytes (1 switches on core 0)
Jul 22 15:08:37 user devstack@c-api.service[71269]: DEBUG cinder.api.middleware.request_id [None req-caed42e3-c2af-41b7-984b-4e1b98da65a1 None None] RequestId filter calling following filter/app {{(pid=71269) _context_setter /opt/stack/cinder/cinder/api/middleware/request_id.py:62}}
Jul 22 15:08:37 user devstack@c-api.service[71269]: INFO cinder.api.openstack.wsgi [None req-caed42e3-c2af-41b7-984b-4e1b98da65a1 tempest-VolumeQuotaClassesTest-297869543 tempest-VolumeQuotaClassesTest-297869543-project-admin] GET http://10.0.0.210/volume/v3/328700d61305439e95ac2c89e1dec623/types/0630f684-7ef9-4f38-8dbf-e91fccd38f76
Jul 22 15:08:37 user devstack@c-api.service[71269]: DEBUG cinder.api.openstack.wsgi [None req-caed42e3-c2af-41b7-984b-4e1b98da65a1 tempest-VolumeQuotaClassesTest-297869543 tempest-VolumeQuotaClassesTest-297869543-project-admin] Empty body provided in request {{(pid=71269) get_body /opt/stack/cinder/cinder/api/openstack/wsgi.py:715}}
Jul 22 15:08:37 user devstack@c-api.service[71269]: DEBUG cinder.api.openstack.wsgi [None req-caed42e3-c2af-41b7-984b-4e1b98da65a1 tempest-VolumeQuotaClassesTest-297869543 tempest-VolumeQuotaClassesTest-297869543-project-admin] Calling method 'show' {{(pid=71269) _process_stack /opt/stack/cinder/cinder/api/openstack/wsgi.py:868}}
Jul 22 15:08:37 user devstack@c-api.service[71269]: INFO cinder.api.openstack.wsgi [None req-caed42e3-c2af-41b7-984b-4e1b98da65a1 tempest-VolumeQuotaClassesTest-297869543 tempest-VolumeQuotaClassesTest-297869543-project-admin] http://10.0.0.210/volume/v3/328700d61305439e95ac2c89e1dec623/types/0630f684-7ef9-4f38-8dbf-e91fccd38f76 returned with HTTP 404
Jul 22 15:08:38 user devstack@c-api.service[71269]: [pid: 71269|app: 0|req: 82/244] 10.0.0.210 () {62 vars in 1396 bytes} [Sat Jul 22 15:08:37 2023] GET /volume/v3/328700d61305439e95ac2c89e1dec623/types/0630f684-7ef9-4f38-8dbf-e91fccd38f76 => generated 114 bytes in 22 msecs (HTTP/1.1 404) 7 headers in 292 bytes (1 switches on core 0)
Jul 22 15:08:38 user devstack@c-api.service[71268]: DEBUG cinder.api.middleware.request_id [None req-b14f8233-f71d-4319-8318-95086e6e6321 None None] RequestId filter calling following filter/app {{(pid=71268) _context_setter /opt/stack/cinder/cinder/api/middleware/request_id.py:62}}
Jul 22 15:08:38 user devstack@c-api.service[71268]: INFO cinder.api.openstack.wsgi [None req-b14f8233-f71d-4319-8318-95086e6e6321 tempest-VolumeQuotaClassesTest-297869543 tempest-VolumeQuotaClassesTest-297869543-project-admin] PUT http://10.0.0.210/volume/v3/328700d61305439e95ac2c89e1dec623/os-quota-class-sets/default
Jul 22 15:08:38 user devstack@c-api.service[71268]: DEBUG cinder.api.openstack.wsgi [None req-b14f8233-f71d-4319-8318-95086e6e6321 tempest-VolumeQuotaClassesTest-297869543 tempest-VolumeQuotaClassesTest-297869543-project-admin] Action: 'update', calling method: update, body: {"quota_class_set": {"volumes": 10, "per_volume_gigabytes": -1, "snapshots": 10, "gigabytes": 1000, "backups": 10, "backup_gigabytes": 1000}} {{(pid=71268) _process_stack /opt/stack/cinder/cinder/api/openstack/wsgi.py:866}}
Jul 22 15:08:38 user devstack@c-api.service[71267]: DEBUG cinder.api.middleware.request_id [None req-aa8e458d-57bc-4d5b-a70b-705e3e757bf7 None None] RequestId filter calling following filter/app {{(pid=71267) _context_setter /opt/stack/cinder/cinder/api/middleware/request_id.py:62}}
Jul 22 15:08:38 user devstack@c-api.service[71267]: INFO cinder.api.openstack.wsgi [None req-aa8e458d-57bc-4d5b-a70b-705e3e757bf7 tempest-TaggedAttachmentsTest-1146615360 tempest-TaggedAttachmentsTest-1146615360-project-member] POST http://10.0.0.210/volume/v3/bb05630837a84696aa304a13f652e3d4/volumes
Jul 22 15:08:38 user devstack@c-api.service[71267]: DEBUG cinder.api.openstack.wsgi [None req-aa8e458d-57bc-4d5b-a70b-705e3e757bf7 tempest-TaggedAttachmentsTest-1146615360 tempest-TaggedAttachmentsTest-1146615360-project-member] Action: 'create', calling method: create, body: {"volume": {"size": 1, "display_name": "tempest-TaggedAttachmentsTest-volume-263877192"}} {{(pid=71267) _process_stack /opt/stack/cinder/cinder/api/openstack/wsgi.py:866}}
Jul 22 15:08:38 user devstack@c-api.service[71267]: DEBUG cinder.api.v3.volumes [None req-aa8e458d-57bc-4d5b-a70b-705e3e757bf7 tempest-TaggedAttachmentsTest-1146615360 tempest-TaggedAttachmentsTest-1146615360-project-member] Create volume request body: {'volume': {'size': 1, 'display_name': 'tempest-TaggedAttachmentsTest-volume-263877192'}} {{(pid=71267) create /opt/stack/cinder/cinder/api/v3/volumes.py:297}}
Jul 22 15:08:38 user devstack@c-api.service[71267]: INFO cinder.api.v3.volumes [None req-aa8e458d-57bc-4d5b-a70b-705e3e757bf7 tempest-TaggedAttachmentsTest-1146615360 tempest-TaggedAttachmentsTest-1146615360-project-member] Create volume of 1 GB
Jul 22 15:08:38 user devstack@c-api.service[71267]: INFO cinder.volume.api [None req-aa8e458d-57bc-4d5b-a70b-705e3e757bf7 tempest-TaggedAttachmentsTest-1146615360 tempest-TaggedAttachmentsTest-1146615360-project-member] Availability Zones retrieved successfully.
Jul 22 15:08:38 user devstack@c-api.service[71267]: DEBUG cinder.volume.api [None req-aa8e458d-57bc-4d5b-a70b-705e3e757bf7 tempest-TaggedAttachmentsTest-1146615360 tempest-TaggedAttachmentsTest-1146615360-project-member] Flow 'volume_create_api' (45f283a2-ed20-4e2c-a37d-02e360ef2419) transitioned into state 'RUNNING' from state 'PENDING' {{(pid=71267) _flow_receiver /usr/local/lib/python3.10/dist-packages/taskflow/listeners/logging.py:141}}
Jul 22 15:08:38 user devstack@c-api.service[71267]: DEBUG cinder.volume.api [None req-aa8e458d-57bc-4d5b-a70b-705e3e757bf7 tempest-TaggedAttachmentsTest-1146615360 tempest-TaggedAttachmentsTest-1146615360-project-member] Task 'cinder.volume.flows.api.create_volume.ExtractVolumeRequestTask;volume:create' (9287dd88-e63d-41e3-9b09-288f90a597f8) transitioned into state 'RUNNING' from state 'PENDING' {{(pid=71267) _task_receiver /usr/local/lib/python3.10/dist-packages/taskflow/listeners/logging.py:190}}
Jul 22 15:08:38 user devstack@c-api.service[71267]: DEBUG cinder.volume.flows.api.create_volume [None req-aa8e458d-57bc-4d5b-a70b-705e3e757bf7 tempest-TaggedAttachmentsTest-1146615360 tempest-TaggedAttachmentsTest-1146615360-project-member] Validating volume size '1' using validate_int {{(pid=71267) _extract_size /opt/stack/cinder/cinder/volume/flows/api/create_volume.py:228}}
Jul 22 15:08:38 user devstack@c-api.service[71268]: INFO cinder.api.openstack.wsgi [None req-b14f8233-f71d-4319-8318-95086e6e6321 tempest-VolumeQuotaClassesTest-297869543 tempest-VolumeQuotaClassesTest-297869543-project-admin] http://10.0.0.210/volume/v3/328700d61305439e95ac2c89e1dec623/os-quota-class-sets/default returned with HTTP 200
Jul 22 15:08:38 user devstack@c-api.service[71268]: [pid: 71268|app: 0|req: 79/245] 10.0.0.210 () {64 vars in 1372 bytes} [Sat Jul 22 15:08:38 2023] PUT /volume/v3/328700d61305439e95ac2c89e1dec623/os-quota-class-sets/default => generated 524 bytes in 186 msecs (HTTP/1.1 200) 7 headers in 285 bytes (1 switches on core 0)
Jul 22 15:08:38 user devstack@c-api.service[71267]: DEBUG cinder.volume.api [None req-aa8e458d-57bc-4d5b-a70b-705e3e757bf7 tempest-TaggedAttachmentsTest-1146615360 tempest-TaggedAttachmentsTest-1146615360-project-member] Task 'cinder.volume.flows.api.create_volume.ExtractVolumeRequestTask;volume:create' (9287dd88-e63d-41e3-9b09-288f90a597f8) transitioned into state 'SUCCESS' from state 'RUNNING' with result '{'size': 1, 'snapshot_id': None, 'source_volid': None, 'volume_type': VolumeType(created_at=2023-07-22T15:04:13Z,deleted=False,deleted_at=None,description=None,extra_specs={volume_backend_name='joviandss-2'},id=eb1cd28a-bc7b-42f4-85fb-435e08f8994c,is_public=True,name='joviandss-2',projects=[],qos_specs=,qos_specs_id=None,updated_at=None), 'volume_type_id': 'eb1cd28a-bc7b-42f4-85fb-435e08f8994c', 'encryption_key_id': None, 'qos_specs': None, 'consistencygroup_id': None, 'cgsnapshot_id': None, 'group_id': None, 'replication_status': 'disabled', 'refresh_az': False, 'backup_id': None, 'multiattach': False, 'availability_zones': ['nova']}' {{(pid=71267) _task_receiver /usr/local/lib/python3.10/dist-packages/taskflow/listeners/logging.py:178}}
Jul 22 15:08:38 user devstack@c-api.service[71267]: DEBUG cinder.volume.api [None req-aa8e458d-57bc-4d5b-a70b-705e3e757bf7 tempest-TaggedAttachmentsTest-1146615360 tempest-TaggedAttachmentsTest-1146615360-project-member] Task 'cinder.volume.flows.api.create_volume.QuotaReserveTask;volume:create' (487120d1-f072-4580-b6a9-67b29317987b) transitioned into state 'RUNNING' from state 'PENDING' {{(pid=71267) _task_receiver /usr/local/lib/python3.10/dist-packages/taskflow/listeners/logging.py:190}}
Jul 22 15:08:38 user devstack@c-api.service[71269]: DEBUG cinder.api.middleware.request_id [None req-a6b23eec-61fc-4e70-9dfd-87ff2f24f1e4 None None] RequestId filter calling following filter/app {{(pid=71269) _context_setter /opt/stack/cinder/cinder/api/middleware/request_id.py:62}}
Jul 22 15:08:38 user devstack@c-api.service[71269]: INFO cinder.api.openstack.wsgi [None req-a6b23eec-61fc-4e70-9dfd-87ff2f24f1e4 tempest-VolumeSnapshotQuotasNegativeTestJSON-628461537 tempest-VolumeSnapshotQuotasNegativeTestJSON-628461537-project-member] GET http://10.0.0.210/volume/v3/84af70d82e9b4aa89f98242bd713ab1f/volumes/592b6e8e-6367-43e9-a3c9-b07cbc0ac1e2
Jul 22 15:08:38 user devstack@c-api.service[71269]: DEBUG cinder.api.openstack.wsgi [None req-a6b23eec-61fc-4e70-9dfd-87ff2f24f1e4 tempest-VolumeSnapshotQuotasNegativeTestJSON-628461537 tempest-VolumeSnapshotQuotasNegativeTestJSON-628461537-project-member] Empty body provided in request {{(pid=71269) get_body /opt/stack/cinder/cinder/api/openstack/wsgi.py:715}}
Jul 22 15:08:38 user devstack@c-api.service[71269]: DEBUG cinder.api.openstack.wsgi [None req-a6b23eec-61fc-4e70-9dfd-87ff2f24f1e4 tempest-VolumeSnapshotQuotasNegativeTestJSON-628461537 tempest-VolumeSnapshotQuotasNegativeTestJSON-628461537-project-member] Calling method 'show' {{(pid=71269) _process_stack /opt/stack/cinder/cinder/api/openstack/wsgi.py:868}}
Jul 22 15:08:38 user devstack@c-api.service[71269]: /usr/local/lib/python3.10/dist-packages/oslo_context/context.py:100: DeprecationWarning: Policy enforcement is depending on the value of is_admin. This key is deprecated. Please update your policy file to use the standard policy values.
Jul 22 15:08:38 user devstack@c-api.service[71269]: warnings.warn('Policy enforcement is depending on the value of '
Jul 22 15:08:38 user devstack@c-api.service[71269]: INFO cinder.volume.api [None req-a6b23eec-61fc-4e70-9dfd-87ff2f24f1e4 tempest-VolumeSnapshotQuotasNegativeTestJSON-628461537 tempest-VolumeSnapshotQuotasNegativeTestJSON-628461537-project-member] Volume info retrieved successfully.
Jul 22 15:08:38 user devstack@c-api.service[71269]: INFO cinder.api.openstack.wsgi [None req-a6b23eec-61fc-4e70-9dfd-87ff2f24f1e4 tempest-VolumeSnapshotQuotasNegativeTestJSON-628461537 tempest-VolumeSnapshotQuotasNegativeTestJSON-628461537-project-member] http://10.0.0.210/volume/v3/84af70d82e9b4aa89f98242bd713ab1f/volumes/592b6e8e-6367-43e9-a3c9-b07cbc0ac1e2 returned with HTTP 200
Jul 22 15:08:38 user devstack@c-api.service[71269]: [pid: 71269|app: 0|req: 83/246] 10.0.0.210 () {62 vars in 1402 bytes} [Sat Jul 22 15:08:38 2023] GET /volume/v3/84af70d82e9b4aa89f98242bd713ab1f/volumes/592b6e8e-6367-43e9-a3c9-b07cbc0ac1e2 => generated 925 bytes in 52 msecs (HTTP/1.1 200) 7 headers in 285 bytes (1 switches on core 0)
Jul 22 15:08:38 user devstack@c-api.service[71267]: DEBUG dbcounter [-] [71267] Writing DB stats cinder:SELECT=86,cinder:UPDATE=7,cinder:INSERT=7 {{(pid=71267) stat_writer /usr/local/lib/python3.10/dist-packages/dbcounter.py:117}}
Jul 22 15:08:38 user devstack@c-api.service[71267]: DEBUG cinder.quota [None req-aa8e458d-57bc-4d5b-a70b-705e3e757bf7 tempest-TaggedAttachmentsTest-1146615360 tempest-TaggedAttachmentsTest-1146615360-project-member] Created reservations ['89f85954-36cb-43b0-a289-90f7984d0210', '488446d8-656d-4e39-93b9-a0eeb1adb4ce', '3d7e73e6-288c-44ad-93bf-bf28061ed614', '580ecbf5-357c-4b3c-8549-b0bc4d7a6a30'] {{(pid=71267) reserve /opt/stack/cinder/cinder/quota.py:755}}
Jul 22 15:08:38 user devstack@c-api.service[71267]: DEBUG cinder.volume.api [None req-aa8e458d-57bc-4d5b-a70b-705e3e757bf7 tempest-TaggedAttachmentsTest-1146615360 tempest-TaggedAttachmentsTest-1146615360-project-member] Task 'cinder.volume.flows.api.create_volume.QuotaReserveTask;volume:create' (487120d1-f072-4580-b6a9-67b29317987b) transitioned into state 'SUCCESS' from state 'RUNNING' with result '{'reservations': ['89f85954-36cb-43b0-a289-90f7984d0210', '488446d8-656d-4e39-93b9-a0eeb1adb4ce', '3d7e73e6-288c-44ad-93bf-bf28061ed614', '580ecbf5-357c-4b3c-8549-b0bc4d7a6a30']}' {{(pid=71267) _task_receiver /usr/local/lib/python3.10/dist-packages/taskflow/listeners/logging.py:178}}
Jul 22 15:08:38 user devstack@c-api.service[71267]: DEBUG cinder.volume.api [None req-aa8e458d-57bc-4d5b-a70b-705e3e757bf7 tempest-TaggedAttachmentsTest-1146615360 tempest-TaggedAttachmentsTest-1146615360-project-member] Task 'cinder.volume.flows.api.create_volume.EntryCreateTask;volume:create' (f2316172-82b2-4a33-b1fc-b57c15fb3633) transitioned into state 'RUNNING' from state 'PENDING' {{(pid=71267) _task_receiver /usr/local/lib/python3.10/dist-packages/taskflow/listeners/logging.py:190}}
Jul 22 15:08:38 user devstack@c-api.service[71267]: DEBUG cinder.volume.api [None req-aa8e458d-57bc-4d5b-a70b-705e3e757bf7 tempest-TaggedAttachmentsTest-1146615360 tempest-TaggedAttachmentsTest-1146615360-project-member] Task 'cinder.volume.flows.api.create_volume.EntryCreateTask;volume:create' (f2316172-82b2-4a33-b1fc-b57c15fb3633) transitioned into state 'SUCCESS' from state 'RUNNING' with result '{'volume_id': '47e07a7f-3fbe-4114-a5fe-16b7c70a3899', 'volume_properties': VolumeProperties(attach_status='detached',availability_zone='nova',cgsnapshot_id=None,consistencygroup_id=None,display_description=None,display_name='tempest-TaggedAttachmentsTest-volume-263877192',encryption_key_id=None,group_id=None,group_type_id=,metadata={},multiattach=False,project_id='bb05630837a84696aa304a13f652e3d4',qos_specs=None,replication_status=,reservations=['89f85954-36cb-43b0-a289-90f7984d0210','488446d8-656d-4e39-93b9-a0eeb1adb4ce','3d7e73e6-288c-44ad-93bf-bf28061ed614','580ecbf5-357c-4b3c-8549-b0bc4d7a6a30'],size=1,snapshot_id=None,source_replicaid=,source_volid=None,status='creating',user_id='7dca48e6c6454baeb898a71d7788917d',volume_type_id=eb1cd28a-bc7b-42f4-85fb-435e08f8994c), 'volume': Volume(_name_id=None,admin_metadata=,attach_status='detached',availability_zone='nova',bootable=False,cluster=,cluster_name=None,consistencygroup=,consistencygroup_id=None,created_at=2023-07-22T15:08:38Z,deleted=False,deleted_at=None,display_description=None,display_name='tempest-TaggedAttachmentsTest-volume-263877192',ec2_id=None,encryption_key_id=None,glance_metadata=,group=,group_id=None,host=None,id=47e07a7f-3fbe-4114-a5fe-16b7c70a3899,launched_at=None,metadata={},migration_status=None,multiattach=False,previous_status=None,project_id='bb05630837a84696aa304a13f652e3d4',provider_auth=None,provider_geometry=None,provider_id=None,provider_location=None,replication_driver_data=None,replication_extended_status=None,replication_status=None,scheduled_at=None,service_uuid=None,shared_targets=True,size=1,snapshot_id=None,snapshots=,source_volid=None,status='creating',terminated_at=None,updated_at=None,use_quota=True,user_id='7dca48e6c6454baeb898a71d7788917d',volume_attachment=VolumeAttachmentList,volume_type=VolumeType(eb1cd28a-bc7b-42f4-85fb-435e08f8994c),volume_type_id=eb1cd28a-bc7b-42f4-85fb-435e08f8994c)}' {{(pid=71267) _task_receiver /usr/local/lib/python3.10/dist-packages/taskflow/listeners/logging.py:178}}
Jul 22 15:08:38 user devstack@c-api.service[71267]: DEBUG cinder.volume.api [None req-aa8e458d-57bc-4d5b-a70b-705e3e757bf7 tempest-TaggedAttachmentsTest-1146615360 tempest-TaggedAttachmentsTest-1146615360-project-member] Task 'cinder.volume.flows.api.create_volume.QuotaCommitTask;volume:create' (bc214fd4-7cdd-4b4a-b854-374091ff59bb) transitioned into state 'RUNNING' from state 'PENDING' {{(pid=71267) _task_receiver /usr/local/lib/python3.10/dist-packages/taskflow/listeners/logging.py:190}}
Jul 22 15:08:38 user devstack@c-api.service[71267]: DEBUG cinder.volume.api [None req-aa8e458d-57bc-4d5b-a70b-705e3e757bf7 tempest-TaggedAttachmentsTest-1146615360 tempest-TaggedAttachmentsTest-1146615360-project-member] Task 'cinder.volume.flows.api.create_volume.QuotaCommitTask;volume:create' (bc214fd4-7cdd-4b4a-b854-374091ff59bb) transitioned into state 'SUCCESS' from state 'RUNNING' with result '{'volume_properties': VolumeProperties(attach_status='detached',availability_zone='nova',cgsnapshot_id=None,consistencygroup_id=None,display_description=None,display_name='tempest-TaggedAttachmentsTest-volume-263877192',encryption_key_id=None,group_id=None,group_type_id=,metadata={},multiattach=False,project_id='bb05630837a84696aa304a13f652e3d4',qos_specs=None,replication_status=,reservations=['89f85954-36cb-43b0-a289-90f7984d0210','488446d8-656d-4e39-93b9-a0eeb1adb4ce','3d7e73e6-288c-44ad-93bf-bf28061ed614','580ecbf5-357c-4b3c-8549-b0bc4d7a6a30'],size=1,snapshot_id=None,source_replicaid=,source_volid=None,status='creating',user_id='7dca48e6c6454baeb898a71d7788917d',volume_type_id=eb1cd28a-bc7b-42f4-85fb-435e08f8994c)}' {{(pid=71267) _task_receiver /usr/local/lib/python3.10/dist-packages/taskflow/listeners/logging.py:178}}
Jul 22 15:08:38 user devstack@c-api.service[71267]: DEBUG cinder.volume.api [None req-aa8e458d-57bc-4d5b-a70b-705e3e757bf7 tempest-TaggedAttachmentsTest-1146615360 tempest-TaggedAttachmentsTest-1146615360-project-member] Task 'cinder.volume.flows.api.create_volume.VolumeCastTask;volume:create' (36e32068-f550-486b-a22f-bdc88aa09943) transitioned into state 'RUNNING' from state 'PENDING' {{(pid=71267) _task_receiver /usr/local/lib/python3.10/dist-packages/taskflow/listeners/logging.py:190}}
Jul 22 15:08:38 user devstack@c-api.service[71267]: DEBUG cinder.volume.api [None req-aa8e458d-57bc-4d5b-a70b-705e3e757bf7 tempest-TaggedAttachmentsTest-1146615360 tempest-TaggedAttachmentsTest-1146615360-project-member] Task 'cinder.volume.flows.api.create_volume.VolumeCastTask;volume:create' (36e32068-f550-486b-a22f-bdc88aa09943) transitioned into state 'SUCCESS' from state 'RUNNING' with result 'None' {{(pid=71267) _task_receiver /usr/local/lib/python3.10/dist-packages/taskflow/listeners/logging.py:178}}
Jul 22 15:08:38 user devstack@c-api.service[71267]: DEBUG cinder.volume.api [None req-aa8e458d-57bc-4d5b-a70b-705e3e757bf7 tempest-TaggedAttachmentsTest-1146615360 tempest-TaggedAttachmentsTest-1146615360-project-member] Flow 'volume_create_api' (45f283a2-ed20-4e2c-a37d-02e360ef2419) transitioned into state 'SUCCESS' from state 'RUNNING' {{(pid=71267) _flow_receiver /usr/local/lib/python3.10/dist-packages/taskflow/listeners/logging.py:141}}
Jul 22 15:08:38 user devstack@c-api.service[71267]: INFO cinder.volume.api [None req-aa8e458d-57bc-4d5b-a70b-705e3e757bf7 tempest-TaggedAttachmentsTest-1146615360 tempest-TaggedAttachmentsTest-1146615360-project-member] Create volume request issued successfully.
Jul 22 15:08:38 user devstack@c-api.service[71267]: INFO cinder.api.openstack.wsgi [None req-aa8e458d-57bc-4d5b-a70b-705e3e757bf7 tempest-TaggedAttachmentsTest-1146615360 tempest-TaggedAttachmentsTest-1146615360-project-member] http://10.0.0.210/volume/v3/bb05630837a84696aa304a13f652e3d4/volumes returned with HTTP 202
Jul 22 15:08:38 user devstack@c-api.service[71267]: [pid: 71267|app: 0|req: 85/247] 10.0.0.210 () {64 vars in 1312 bytes} [Sat Jul 22 15:08:38 2023] POST /volume/v3/bb05630837a84696aa304a13f652e3d4/volumes => generated 818 bytes in 311 msecs (HTTP/1.1 202) 7 headers in 291 bytes (1 switches on core 0)
Jul 22 15:08:38 user devstack@c-api.service[71268]: DEBUG cinder.api.middleware.request_id [None req-8ea1c0a9-8382-4366-b4f9-90f90fdd9122 None None] RequestId filter calling following filter/app {{(pid=71268) _context_setter /opt/stack/cinder/cinder/api/middleware/request_id.py:62}}
Jul 22 15:08:38 user devstack@c-api.service[71268]: INFO cinder.api.openstack.wsgi [None req-8ea1c0a9-8382-4366-b4f9-90f90fdd9122 tempest-TaggedAttachmentsTest-1146615360 tempest-TaggedAttachmentsTest-1146615360-project-member] GET http://10.0.0.210/volume/v3/bb05630837a84696aa304a13f652e3d4/volumes/47e07a7f-3fbe-4114-a5fe-16b7c70a3899
Jul 22 15:08:38 user devstack@c-api.service[71268]: DEBUG cinder.api.openstack.wsgi [None req-8ea1c0a9-8382-4366-b4f9-90f90fdd9122 tempest-TaggedAttachmentsTest-1146615360 tempest-TaggedAttachmentsTest-1146615360-project-member] Empty body provided in request {{(pid=71268) get_body /opt/stack/cinder/cinder/api/openstack/wsgi.py:715}}
Jul 22 15:08:38 user devstack@c-api.service[71268]: DEBUG cinder.api.openstack.wsgi [None req-8ea1c0a9-8382-4366-b4f9-90f90fdd9122 tempest-TaggedAttachmentsTest-1146615360 tempest-TaggedAttachmentsTest-1146615360-project-member] Calling method 'show' {{(pid=71268) _process_stack /opt/stack/cinder/cinder/api/openstack/wsgi.py:868}}
Jul 22 15:08:38 user devstack@c-api.service[71268]: /usr/local/lib/python3.10/dist-packages/oslo_context/context.py:100: DeprecationWarning: Policy enforcement is depending on the value of is_admin. This key is deprecated. Please update your policy file to use the standard policy values.
Jul 22 15:08:38 user devstack@c-api.service[71268]: warnings.warn('Policy enforcement is depending on the value of '
Jul 22 15:08:38 user devstack@c-api.service[71268]: INFO cinder.volume.api [None req-8ea1c0a9-8382-4366-b4f9-90f90fdd9122 tempest-TaggedAttachmentsTest-1146615360 tempest-TaggedAttachmentsTest-1146615360-project-member] Volume info retrieved successfully.
Jul 22 15:08:38 user devstack@c-api.service[71269]: DEBUG cinder.api.middleware.request_id [None req-b95277de-fe56-4241-b233-51ec82a54f9e None None] RequestId filter calling following filter/app {{(pid=71269) _context_setter /opt/stack/cinder/cinder/api/middleware/request_id.py:62}}
Jul 22 15:08:38 user devstack@c-api.service[71267]: DEBUG cinder.api.middleware.request_id [None req-246aa216-9b96-495e-8f22-38ebb458e9fb None None] RequestId filter calling following filter/app {{(pid=71267) _context_setter /opt/stack/cinder/cinder/api/middleware/request_id.py:62}}
Jul 22 15:08:38 user devstack@c-api.service[71269]: INFO cinder.api.openstack.wsgi [None req-b95277de-fe56-4241-b233-51ec82a54f9e tempest-TaggedBootDevicesTest-958395849 tempest-TaggedBootDevicesTest-958395849-project-member] GET http://10.0.0.210/volume/v3/6bf45ecdce174902b93fbae34317512a/volumes/604f15ab-a6ac-4eb4-8fd7-39d64975a284
Jul 22 15:08:38 user devstack@c-api.service[71269]: DEBUG cinder.api.openstack.wsgi [None req-b95277de-fe56-4241-b233-51ec82a54f9e tempest-TaggedBootDevicesTest-958395849 tempest-TaggedBootDevicesTest-958395849-project-member] Empty body provided in request {{(pid=71269) get_body /opt/stack/cinder/cinder/api/openstack/wsgi.py:715}}
Jul 22 15:08:38 user devstack@c-api.service[71268]: INFO cinder.api.openstack.wsgi [None req-8ea1c0a9-8382-4366-b4f9-90f90fdd9122 tempest-TaggedAttachmentsTest-1146615360 tempest-TaggedAttachmentsTest-1146615360-project-member] http://10.0.0.210/volume/v3/bb05630837a84696aa304a13f652e3d4/volumes/47e07a7f-3fbe-4114-a5fe-16b7c70a3899 returned with HTTP 200
Jul 22 15:08:38 user devstack@c-api.service[71269]: DEBUG cinder.api.openstack.wsgi [None req-b95277de-fe56-4241-b233-51ec82a54f9e tempest-TaggedBootDevicesTest-958395849 tempest-TaggedBootDevicesTest-958395849-project-member] Calling method 'show' {{(pid=71269) _process_stack /opt/stack/cinder/cinder/api/openstack/wsgi.py:868}}
Jul 22 15:08:38 user devstack@c-api.service[71267]: INFO cinder.api.openstack.wsgi [None req-246aa216-9b96-495e-8f22-38ebb458e9fb tempest-GroupSnapshotsTest-7881222 tempest-GroupSnapshotsTest-7881222-project-member] GET http://10.0.0.210/volume/v3/870b1e4589ca444fa36f375e71952471/group_snapshots/9869417a-575d-4506-8ccc-05c59176bc94
