Nov 10 13:12:43 user devstack@g-api.service[88961]: DEBUG glance.common.config [None req-ea8c035b-0a42-467f-87ab-b5b9fcead543 None None] image_size_cap = 1099511627776 {{(pid=88961) log_opt_values /opt/stack/data/venv/lib/python3.10/site-packages/oslo_config/cfg.py:2602}}
Nov 10 13:12:43 user devstack@g-api.service[88961]: DEBUG glance.common.config [None req-ea8c035b-0a42-467f-87ab-b5b9fcead543 None None] image_tag_quota = 128 {{(pid=88961) log_opt_values /opt/stack/data/venv/lib/python3.10/site-packages/oslo_config/cfg.py:2602}}
Nov 10 13:12:43 user devstack@g-api.service[88961]: DEBUG glance.common.config [None req-ea8c035b-0a42-467f-87ab-b5b9fcead543 None None] instance_format = [instance: %(uuid)s] {{(pid=88961) log_opt_values /opt/stack/data/venv/lib/python3.10/site-packages/oslo_config/cfg.py:2602}}
Nov 10 13:12:43 user devstack@g-api.service[88961]: DEBUG glance.common.config [None req-ea8c035b-0a42-467f-87ab-b5b9fcead543 None None] instance_uuid_format = [instance: %(uuid)s] {{(pid=88961) log_opt_values /opt/stack/data/venv/lib/python3.10/site-packages/oslo_config/cfg.py:2602}}
Nov 10 13:12:43 user devstack@g-api.service[88961]: DEBUG glance.common.config [None req-ea8c035b-0a42-467f-87ab-b5b9fcead543 None None] limit_param_default = 25 {{(pid=88961) log_opt_values /opt/stack/data/venv/lib/python3.10/site-packages/oslo_config/cfg.py:2602}}
Nov 10 13:12:43 user devstack@g-api.service[88961]: DEBUG glance.common.config [None req-ea8c035b-0a42-467f-87ab-b5b9fcead543 None None] location_strategy = location_order {{(pid=88961) log_opt_values /opt/stack/data/venv/lib/python3.10/site-packages/oslo_config/cfg.py:2602}}
Nov 10 13:12:43 user devstack@g-api.service[88961]: DEBUG glance.common.config [None req-ea8c035b-0a42-467f-87ab-b5b9fcead543 None None] log_config_append = None {{(pid=88961) log_opt_values /opt/stack/data/venv/lib/python3.10/site-packages/oslo_config/cfg.py:2602}}
Nov 10 13:12:43 user devstack@g-api.service[88962]: INFO glance.api.middleware.cache_manage [None req-e6d9e9c7-eeeb-465f-8773-da2e0e04d4f3 None None] Initialized image cache management middleware
Nov 10 13:12:43 user devstack@g-api.service[88961]: DEBUG glance.common.config [None req-ea8c035b-0a42-467f-87ab-b5b9fcead543 None None] log_date_format = %Y-%m-%d %H:%M:%S {{(pid=88961) log_opt_values /opt/stack/data/venv/lib/python3.10/site-packages/oslo_config/cfg.py:2602}}
Nov 10 13:12:43 user devstack@g-api.service[88961]: DEBUG glance.common.config [None req-ea8c035b-0a42-467f-87ab-b5b9fcead543 None None] log_dir = None {{(pid=88961) log_opt_values /opt/stack/data/venv/lib/python3.10/site-packages/oslo_config/cfg.py:2602}}
Nov 10 13:12:43 user devstack@g-api.service[88962]: INFO glance.image_cache [None req-e6d9e9c7-eeeb-465f-8773-da2e0e04d4f3 None None] Image cache loaded driver 'sqlite'.
Nov 10 13:12:43 user devstack@g-api.service[88961]: DEBUG glance.common.config [None req-ea8c035b-0a42-467f-87ab-b5b9fcead543 None None] log_file = None {{(pid=88961) log_opt_values /opt/stack/data/venv/lib/python3.10/site-packages/oslo_config/cfg.py:2602}}
Nov 10 13:12:43 user devstack@g-api.service[88961]: DEBUG glance.common.config [None req-ea8c035b-0a42-467f-87ab-b5b9fcead543 None None] log_rotate_interval = 1 {{(pid=88961) log_opt_values /opt/stack/data/venv/lib/python3.10/site-packages/oslo_config/cfg.py:2602}}
Nov 10 13:12:43 user devstack@g-api.service[88961]: DEBUG glance.common.config [None req-ea8c035b-0a42-467f-87ab-b5b9fcead543 None None] log_rotate_interval_type = days {{(pid=88961) log_opt_values /opt/stack/data/venv/lib/python3.10/site-packages/oslo_config/cfg.py:2602}}
Nov 10 13:12:43 user devstack@g-api.service[88961]: DEBUG glance.common.config [None req-ea8c035b-0a42-467f-87ab-b5b9fcead543 None None] log_rotation_type = none {{(pid=88961) log_opt_values /opt/stack/data/venv/lib/python3.10/site-packages/oslo_config/cfg.py:2602}}
Nov 10 13:12:43 user devstack@g-api.service[88962]: DEBUG oslo_concurrency.lockutils [None req-e6d9e9c7-eeeb-465f-8773-da2e0e04d4f3 None None] Acquiring lock "image_cache_db_init" by "glance.image_cache.drivers.sqlite.Driver.initialize_db..create_db" {{(pid=88962) inner /opt/stack/data/venv/lib/python3.10/site-packages/oslo_concurrency/lockutils.py:404}}
Nov 10 13:12:43 user devstack@g-api.service[88961]: DEBUG glance.common.config [None req-ea8c035b-0a42-467f-87ab-b5b9fcead543 None None] logging_context_format_string = %(color)s%(levelname)s %(name)s [%(global_request_id)s %(request_id)s %(project_name)s %(user_name)s%(color)s] %(instance)s%(color)s%(message)s {{(pid=88961) log_opt_values /opt/stack/data/venv/lib/python3.10/site-packages/oslo_config/cfg.py:2602}}
Nov 10 13:12:43 user devstack@g-api.service[88961]: DEBUG glance.common.config [None req-ea8c035b-0a42-467f-87ab-b5b9fcead543 None None] logging_debug_format_suffix = {{(pid=%(process)d) %(funcName)s %(pathname)s:%(lineno)d}} {{(pid=88961) log_opt_values /opt/stack/data/venv/lib/python3.10/site-packages/oslo_config/cfg.py:2602}}
Nov 10 13:12:43 user devstack@g-api.service[88961]: DEBUG glance.common.config [None req-ea8c035b-0a42-467f-87ab-b5b9fcead543 None None] logging_default_format_string = %(color)s%(levelname)s %(name)s [-%(color)s] %(instance)s%(color)s%(message)s {{(pid=88961) log_opt_values /opt/stack/data/venv/lib/python3.10/site-packages/oslo_config/cfg.py:2602}}
Nov 10 13:12:43 user devstack@g-api.service[88962]: DEBUG oslo_concurrency.lockutils [None req-e6d9e9c7-eeeb-465f-8773-da2e0e04d4f3 None None] Lock "image_cache_db_init" acquired by "glance.image_cache.drivers.sqlite.Driver.initialize_db..create_db" :: waited 0.001s {{(pid=88962) inner /opt/stack/data/venv/lib/python3.10/site-packages/oslo_concurrency/lockutils.py:409}}
Nov 10 13:12:43 user devstack@g-api.service[88961]: DEBUG glance.common.config [None req-ea8c035b-0a42-467f-87ab-b5b9fcead543 None None] logging_exception_prefix = ERROR %(name)s %(instance)s {{(pid=88961) log_opt_values /opt/stack/data/venv/lib/python3.10/site-packages/oslo_config/cfg.py:2602}}
Nov 10 13:12:43 user devstack@g-api.service[88961]: DEBUG glance.common.config [None req-ea8c035b-0a42-467f-87ab-b5b9fcead543 None None] logging_user_identity_format = %(user)s %(project)s %(domain)s %(system_scope)s %(user_domain)s %(project_domain)s {{(pid=88961) log_opt_values /opt/stack/data/venv/lib/python3.10/site-packages/oslo_config/cfg.py:2602}}
Nov 10 13:12:43 user devstack@g-api.service[88961]: DEBUG glance.common.config [None req-ea8c035b-0a42-467f-87ab-b5b9fcead543 None None] max_header_line = 16384 {{(pid=88961) log_opt_values /opt/stack/data/venv/lib/python3.10/site-packages/oslo_config/cfg.py:2602}}
Nov 10 13:12:43 user devstack@g-api.service[88961]: DEBUG glance.common.config [None req-ea8c035b-0a42-467f-87ab-b5b9fcead543 None None] max_logfile_count = 30 {{(pid=88961) log_opt_values /opt/stack/data/venv/lib/python3.10/site-packages/oslo_config/cfg.py:2602}}
Nov 10 13:12:43 user devstack@g-api.service[88961]: DEBUG glance.common.config [None req-ea8c035b-0a42-467f-87ab-b5b9fcead543 None None] max_logfile_size_mb = 200 {{(pid=88961) log_opt_values /opt/stack/data/venv/lib/python3.10/site-packages/oslo_config/cfg.py:2602}}
Nov 10 13:12:43 user devstack@g-api.service[88962]: DEBUG oslo_concurrency.lockutils [None req-e6d9e9c7-eeeb-465f-8773-da2e0e04d4f3 None None] Lock "image_cache_db_init" "released" by "glance.image_cache.drivers.sqlite.Driver.initialize_db..create_db" :: held 0.001s {{(pid=88962) inner /opt/stack/data/venv/lib/python3.10/site-packages/oslo_concurrency/lockutils.py:423}}
Nov 10 13:12:43 user devstack@g-api.service[88961]: DEBUG glance.common.config [None req-ea8c035b-0a42-467f-87ab-b5b9fcead543 None None] max_request_id_length = 64 {{(pid=88961) log_opt_values /opt/stack/data/venv/lib/python3.10/site-packages/oslo_config/cfg.py:2602}}
Nov 10 13:12:43 user devstack@g-api.service[88961]: DEBUG glance.common.config [None req-ea8c035b-0a42-467f-87ab-b5b9fcead543 None None] metadata_encryption_key = **** {{(pid=88961) log_opt_values /opt/stack/data/venv/lib/python3.10/site-packages/oslo_config/cfg.py:2602}}
Nov 10 13:12:43 user devstack@g-api.service[88961]: DEBUG glance.common.config [None req-ea8c035b-0a42-467f-87ab-b5b9fcead543 None None] node_staging_uri = file:///tmp/staging/ {{(pid=88961) log_opt_values /opt/stack/data/venv/lib/python3.10/site-packages/oslo_config/cfg.py:2602}}
Nov 10 13:12:43 user devstack@g-api.service[88961]: DEBUG glance.common.config [None req-ea8c035b-0a42-467f-87ab-b5b9fcead543 None None] property_protection_file = None {{(pid=88961) log_opt_values /opt/stack/data/venv/lib/python3.10/site-packages/oslo_config/cfg.py:2602}}
Nov 10 13:12:43 user devstack@g-api.service[88961]: DEBUG glance.common.config [None req-ea8c035b-0a42-467f-87ab-b5b9fcead543 None None] property_protection_rule_format = roles {{(pid=88961) log_opt_values /opt/stack/data/venv/lib/python3.10/site-packages/oslo_config/cfg.py:2602}}
Nov 10 13:12:43 user devstack@g-api.service[88961]: DEBUG glance.common.config [None req-ea8c035b-0a42-467f-87ab-b5b9fcead543 None None] public_endpoint = http://10.0.0.210/image {{(pid=88961) log_opt_values /opt/stack/data/venv/lib/python3.10/site-packages/oslo_config/cfg.py:2602}}
Nov 10 13:12:43 user devstack@g-api.service[88961]: DEBUG glance.common.config [None req-ea8c035b-0a42-467f-87ab-b5b9fcead543 None None] publish_errors = False {{(pid=88961) log_opt_values /opt/stack/data/venv/lib/python3.10/site-packages/oslo_config/cfg.py:2602}}
Nov 10 13:12:43 user devstack@g-api.service[88961]: DEBUG glance.common.config [None req-ea8c035b-0a42-467f-87ab-b5b9fcead543 None None] pydev_worker_debug_host = None {{(pid=88961) log_opt_values /opt/stack/data/venv/lib/python3.10/site-packages/oslo_config/cfg.py:2602}}
Nov 10 13:12:43 user devstack@g-api.service[88961]: DEBUG glance.common.config [None req-ea8c035b-0a42-467f-87ab-b5b9fcead543 None None] pydev_worker_debug_port = 5678 {{(pid=88961) log_opt_values /opt/stack/data/venv/lib/python3.10/site-packages/oslo_config/cfg.py:2602}}
Nov 10 13:12:43 user devstack@g-api.service[88961]: DEBUG glance.common.config [None req-ea8c035b-0a42-467f-87ab-b5b9fcead543 None None] rate_limit_burst = 0 {{(pid=88961) log_opt_values /opt/stack/data/venv/lib/python3.10/site-packages/oslo_config/cfg.py:2602}}
Nov 10 13:12:43 user devstack@g-api.service[88961]: DEBUG glance.common.config [None req-ea8c035b-0a42-467f-87ab-b5b9fcead543 None None] rate_limit_except_level = CRITICAL {{(pid=88961) log_opt_values /opt/stack/data/venv/lib/python3.10/site-packages/oslo_config/cfg.py:2602}}
Nov 10 13:12:43 user devstack@g-api.service[88961]: DEBUG glance.common.config [None req-ea8c035b-0a42-467f-87ab-b5b9fcead543 None None] rate_limit_interval = 0 {{(pid=88961) log_opt_values /opt/stack/data/venv/lib/python3.10/site-packages/oslo_config/cfg.py:2602}}
Nov 10 13:12:43 user devstack@g-api.service[88961]: DEBUG glance.common.config [None req-ea8c035b-0a42-467f-87ab-b5b9fcead543 None None] scrub_pool_size = 1 {{(pid=88961) log_opt_values /opt/stack/data/venv/lib/python3.10/site-packages/oslo_config/cfg.py:2602}}
Nov 10 13:12:43 user devstack@g-api.service[88961]: DEBUG glance.common.config [None req-ea8c035b-0a42-467f-87ab-b5b9fcead543 None None] scrub_time = 0 {{(pid=88961) log_opt_values /opt/stack/data/venv/lib/python3.10/site-packages/oslo_config/cfg.py:2602}}
Nov 10 13:12:43 user devstack@g-api.service[88961]: DEBUG glance.common.config [None req-ea8c035b-0a42-467f-87ab-b5b9fcead543 None None] show_image_direct_url = False {{(pid=88961) log_opt_values /opt/stack/data/venv/lib/python3.10/site-packages/oslo_config/cfg.py:2602}}
Nov 10 13:12:43 user devstack@g-api.service[88961]: WARNING oslo_config.cfg [None req-ea8c035b-0a42-467f-87ab-b5b9fcead543 None None] Deprecated: Option "show_multiple_locations" from group "DEFAULT" is deprecated for removal (Use of this option, deprecated since Newton, is a security risk and will be removed once we figure out a way to satisfy those use cases that currently require it. An earlier announcement that the same functionality can be achieved with greater granularity by using policies is incorrect. You cannot work around this option via policy configuration at the present time, though that is the direction we believe the fix will take. Please keep an eye on the Glance release notes to stay up to date on progress in addressing this issue.). Its value may be silently ignored in the future.
Nov 10 13:12:43 user devstack@g-api.service[88961]: DEBUG glance.common.config [None req-ea8c035b-0a42-467f-87ab-b5b9fcead543 None None] show_multiple_locations = False {{(pid=88961) log_opt_values /opt/stack/data/venv/lib/python3.10/site-packages/oslo_config/cfg.py:2602}}
Nov 10 13:12:43 user devstack@g-api.service[88961]: DEBUG glance.common.config [None req-ea8c035b-0a42-467f-87ab-b5b9fcead543 None None] syslog_log_facility = LOG_USER {{(pid=88961) log_opt_values /opt/stack/data/venv/lib/python3.10/site-packages/oslo_config/cfg.py:2602}}
Nov 10 13:12:43 user devstack@g-api.service[88961]: DEBUG glance.common.config [None req-ea8c035b-0a42-467f-87ab-b5b9fcead543 None None] tcp_keepidle = 600 {{(pid=88961) log_opt_values /opt/stack/data/venv/lib/python3.10/site-packages/oslo_config/cfg.py:2602}}
Nov 10 13:12:43 user devstack@g-api.service[88961]: DEBUG glance.common.config [None req-ea8c035b-0a42-467f-87ab-b5b9fcead543 None None] transport_url = **** {{(pid=88961) log_opt_values /opt/stack/data/venv/lib/python3.10/site-packages/oslo_config/cfg.py:2602}}
Nov 10 13:12:43 user devstack@g-api.service[88961]: DEBUG glance.common.config [None req-ea8c035b-0a42-467f-87ab-b5b9fcead543 None None] use_eventlog = False {{(pid=88961) log_opt_values /opt/stack/data/venv/lib/python3.10/site-packages/oslo_config/cfg.py:2602}}
Nov 10 13:12:43 user devstack@g-api.service[88961]: DEBUG glance.common.config [None req-ea8c035b-0a42-467f-87ab-b5b9fcead543 None None] use_journal = False {{(pid=88961) log_opt_values /opt/stack/data/venv/lib/python3.10/site-packages/oslo_config/cfg.py:2602}}
Nov 10 13:12:43 user devstack@g-api.service[88961]: DEBUG glance.common.config [None req-ea8c035b-0a42-467f-87ab-b5b9fcead543 None None] use_json = False {{(pid=88961) log_opt_values /opt/stack/data/venv/lib/python3.10/site-packages/oslo_config/cfg.py:2602}}
Nov 10 13:12:43 user devstack@g-api.service[88961]: DEBUG glance.common.config [None req-ea8c035b-0a42-467f-87ab-b5b9fcead543 None None] use_keystone_limits = True {{(pid=88961) log_opt_values /opt/stack/data/venv/lib/python3.10/site-packages/oslo_config/cfg.py:2602}}
Nov 10 13:12:43 user devstack@g-api.service[88961]: DEBUG glance.common.config [None req-ea8c035b-0a42-467f-87ab-b5b9fcead543 None None] use_stderr = False {{(pid=88961) log_opt_values /opt/stack/data/venv/lib/python3.10/site-packages/oslo_config/cfg.py:2602}}
Nov 10 13:12:43 user devstack@g-api.service[88961]: DEBUG glance.common.config [None req-ea8c035b-0a42-467f-87ab-b5b9fcead543 None None] use_syslog = False {{(pid=88961) log_opt_values /opt/stack/data/venv/lib/python3.10/site-packages/oslo_config/cfg.py:2602}}
Nov 10 13:12:43 user devstack@g-api.service[88961]: DEBUG glance.common.config [None req-ea8c035b-0a42-467f-87ab-b5b9fcead543 None None] user_storage_quota = 0 {{(pid=88961) log_opt_values /opt/stack/data/venv/lib/python3.10/site-packages/oslo_config/cfg.py:2602}}
Nov 10 13:12:43 user devstack@g-api.service[88961]: DEBUG glance.common.config [None req-ea8c035b-0a42-467f-87ab-b5b9fcead543 None None] watch_log_file = False {{(pid=88961) log_opt_values /opt/stack/data/venv/lib/python3.10/site-packages/oslo_config/cfg.py:2602}}
Nov 10 13:12:43 user devstack@g-api.service[88961]: DEBUG glance.common.config [None req-ea8c035b-0a42-467f-87ab-b5b9fcead543 None None] worker_self_reference_url = http://127.0.0.1:60999 {{(pid=88961) log_opt_values /opt/stack/data/venv/lib/python3.10/site-packages/oslo_config/cfg.py:2602}}
Nov 10 13:12:43 user devstack@g-api.service[88961]: DEBUG glance.common.config [None req-ea8c035b-0a42-467f-87ab-b5b9fcead543 None None] workers = None {{(pid=88961) log_opt_values /opt/stack/data/venv/lib/python3.10/site-packages/oslo_config/cfg.py:2602}}
Nov 10 13:12:43 user devstack@g-api.service[88962]: INFO glance.api.middleware.cache [None req-e6d9e9c7-eeeb-465f-8773-da2e0e04d4f3 None None] Initialized image cache middleware
Nov 10 13:12:43 user devstack@g-api.service[88961]: DEBUG glance.common.config [None req-ea8c035b-0a42-467f-87ab-b5b9fcead543 None None] oslo_concurrency.disable_process_locking = False {{(pid=88961) log_opt_values /opt/stack/data/venv/lib/python3.10/site-packages/oslo_config/cfg.py:2609}}
Nov 10 13:12:43 user devstack@g-api.service[88961]: DEBUG glance.common.config [None req-ea8c035b-0a42-467f-87ab-b5b9fcead543 None None] oslo_concurrency.lock_path = /opt/stack/data/glance/locks {{(pid=88961) log_opt_values /opt/stack/data/venv/lib/python3.10/site-packages/oslo_config/cfg.py:2609}}
Nov 10 13:12:43 user devstack@g-api.service[88961]: DEBUG glance.common.config [None req-ea8c035b-0a42-467f-87ab-b5b9fcead543 None None] oslo_middleware.enable_proxy_headers_parsing = False {{(pid=88961) log_opt_values /opt/stack/data/venv/lib/python3.10/site-packages/oslo_config/cfg.py:2609}}
Nov 10 13:12:43 user devstack@g-api.service[88961]: DEBUG glance.common.config [None req-ea8c035b-0a42-467f-87ab-b5b9fcead543 None None] oslo_middleware.http_basic_auth_user_file = /etc/htpasswd {{(pid=88961) log_opt_values /opt/stack/data/venv/lib/python3.10/site-packages/oslo_config/cfg.py:2609}}
Nov 10 13:12:43 user devstack@g-api.service[88961]: DEBUG glance.common.config [None req-ea8c035b-0a42-467f-87ab-b5b9fcead543 None None] paste_deploy.config_file = None {{(pid=88961) log_opt_values /opt/stack/data/venv/lib/python3.10/site-packages/oslo_config/cfg.py:2609}}
Nov 10 13:12:43 user devstack@g-api.service[88961]: DEBUG glance.common.config [None req-ea8c035b-0a42-467f-87ab-b5b9fcead543 None None] paste_deploy.flavor = keystone+cachemanagement {{(pid=88961) log_opt_values /opt/stack/data/venv/lib/python3.10/site-packages/oslo_config/cfg.py:2609}}
Nov 10 13:12:43 user devstack@g-api.service[88961]: DEBUG glance.common.config [None req-ea8c035b-0a42-467f-87ab-b5b9fcead543 None None] image_format.container_formats = ['ami', 'ari', 'aki', 'bare', 'ovf', 'ova', 'docker', 'compressed'] {{(pid=88961) log_opt_values /opt/stack/data/venv/lib/python3.10/site-packages/oslo_config/cfg.py:2609}}
Nov 10 13:12:43 user devstack@g-api.service[88961]: DEBUG glance.common.config [None req-ea8c035b-0a42-467f-87ab-b5b9fcead543 None None] image_format.disk_formats = ['ami', 'ari', 'aki', 'vhd', 'vhdx', 'vmdk', 'raw', 'qcow2', 'vdi', 'iso', 'ploop'] {{(pid=88961) log_opt_values /opt/stack/data/venv/lib/python3.10/site-packages/oslo_config/cfg.py:2609}}
Nov 10 13:12:43 user devstack@g-api.service[88961]: DEBUG glance.common.config [None req-ea8c035b-0a42-467f-87ab-b5b9fcead543 None None] image_format.vmdk_allowed_types = ['streamOptimized', 'monolithicSparse'] {{(pid=88961) log_opt_values /opt/stack/data/venv/lib/python3.10/site-packages/oslo_config/cfg.py:2609}}
Nov 10 13:12:43 user devstack@g-api.service[88961]: DEBUG glance.common.config [None req-ea8c035b-0a42-467f-87ab-b5b9fcead543 None None] task.task_executor = taskflow {{(pid=88961) log_opt_values /opt/stack/data/venv/lib/python3.10/site-packages/oslo_config/cfg.py:2609}}
Nov 10 13:12:43 user devstack@g-api.service[88961]: DEBUG glance.common.config [None req-ea8c035b-0a42-467f-87ab-b5b9fcead543 None None] task.task_time_to_live = 48 {{(pid=88961) log_opt_values /opt/stack/data/venv/lib/python3.10/site-packages/oslo_config/cfg.py:2609}}
Nov 10 13:12:43 user devstack@g-api.service[88961]: DEBUG glance.common.config [None req-ea8c035b-0a42-467f-87ab-b5b9fcead543 None None] task.work_dir = None {{(pid=88961) log_opt_values /opt/stack/data/venv/lib/python3.10/site-packages/oslo_config/cfg.py:2609}}
Nov 10 13:12:43 user devstack@g-api.service[88961]: DEBUG glance.common.config [None req-ea8c035b-0a42-467f-87ab-b5b9fcead543 None None] wsgi.python_interpreter = None {{(pid=88961) log_opt_values /opt/stack/data/venv/lib/python3.10/site-packages/oslo_config/cfg.py:2609}}
Nov 10 13:12:43 user devstack@g-api.service[88961]: DEBUG glance.common.config [None req-ea8c035b-0a42-467f-87ab-b5b9fcead543 None None] wsgi.task_pool_threads = 16 {{(pid=88961) log_opt_values /opt/stack/data/venv/lib/python3.10/site-packages/oslo_config/cfg.py:2609}}
Nov 10 13:12:43 user devstack@g-api.service[88961]: DEBUG glance.common.config [None req-ea8c035b-0a42-467f-87ab-b5b9fcead543 None None] oslo_policy.enforce_new_defaults = True {{(pid=88961) log_opt_values /opt/stack/data/venv/lib/python3.10/site-packages/oslo_config/cfg.py:2609}}
Nov 10 13:12:43 user devstack@g-api.service[88961]: DEBUG glance.common.config [None req-ea8c035b-0a42-467f-87ab-b5b9fcead543 None None] oslo_policy.enforce_scope = True {{(pid=88961) log_opt_values /opt/stack/data/venv/lib/python3.10/site-packages/oslo_config/cfg.py:2609}}
Nov 10 13:12:43 user devstack@g-api.service[88961]: DEBUG glance.common.config [None req-ea8c035b-0a42-467f-87ab-b5b9fcead543 None None] oslo_policy.policy_default_rule = default {{(pid=88961) log_opt_values /opt/stack/data/venv/lib/python3.10/site-packages/oslo_config/cfg.py:2609}}
Nov 10 13:12:43 user devstack@g-api.service[88961]: DEBUG glance.common.config [None req-ea8c035b-0a42-467f-87ab-b5b9fcead543 None None] oslo_policy.policy_dirs = ['policy.d'] {{(pid=88961) log_opt_values /opt/stack/data/venv/lib/python3.10/site-packages/oslo_config/cfg.py:2609}}
Nov 10 13:12:43 user devstack@g-api.service[88961]: DEBUG glance.common.config [None req-ea8c035b-0a42-467f-87ab-b5b9fcead543 None None] oslo_policy.policy_file = policy.yaml {{(pid=88961) log_opt_values /opt/stack/data/venv/lib/python3.10/site-packages/oslo_config/cfg.py:2609}}
Nov 10 13:12:43 user devstack@g-api.service[88961]: DEBUG glance.common.config [None req-ea8c035b-0a42-467f-87ab-b5b9fcead543 None None] oslo_policy.remote_content_type = application/x-www-form-urlencoded {{(pid=88961) log_opt_values /opt/stack/data/venv/lib/python3.10/site-packages/oslo_config/cfg.py:2609}}
Nov 10 13:12:43 user devstack@g-api.service[88961]: DEBUG glance.common.config [None req-ea8c035b-0a42-467f-87ab-b5b9fcead543 None None] oslo_policy.remote_ssl_ca_crt_file = None {{(pid=88961) log_opt_values /opt/stack/data/venv/lib/python3.10/site-packages/oslo_config/cfg.py:2609}}
Nov 10 13:12:43 user devstack@g-api.service[88961]: DEBUG glance.common.config [None req-ea8c035b-0a42-467f-87ab-b5b9fcead543 None None] oslo_policy.remote_ssl_client_crt_file = None {{(pid=88961) log_opt_values /opt/stack/data/venv/lib/python3.10/site-packages/oslo_config/cfg.py:2609}}
Nov 10 13:12:43 user devstack@g-api.service[88961]: DEBUG glance.common.config [None req-ea8c035b-0a42-467f-87ab-b5b9fcead543 None None] oslo_policy.remote_ssl_client_key_file = None {{(pid=88961) log_opt_values /opt/stack/data/venv/lib/python3.10/site-packages/oslo_config/cfg.py:2609}}
Nov 10 13:12:43 user devstack@g-api.service[88961]: DEBUG glance.common.config [None req-ea8c035b-0a42-467f-87ab-b5b9fcead543 None None] oslo_policy.remote_ssl_verify_server_crt = False {{(pid=88961) log_opt_values /opt/stack/data/venv/lib/python3.10/site-packages/oslo_config/cfg.py:2609}}
Nov 10 13:12:43 user devstack@g-api.service[88961]: DEBUG glance.common.config [None req-ea8c035b-0a42-467f-87ab-b5b9fcead543 None None] store_type_location_strategy.store_type_preference = [] {{(pid=88961) log_opt_values /opt/stack/data/venv/lib/python3.10/site-packages/oslo_config/cfg.py:2609}}
Nov 10 13:12:43 user devstack@g-api.service[88961]: DEBUG glance.common.config [None req-ea8c035b-0a42-467f-87ab-b5b9fcead543 None None] profiler.connection_string = messaging:// {{(pid=88961) log_opt_values /opt/stack/data/venv/lib/python3.10/site-packages/oslo_config/cfg.py:2609}}
Nov 10 13:12:43 user devstack@g-api.service[88961]: DEBUG glance.common.config [None req-ea8c035b-0a42-467f-87ab-b5b9fcead543 None None] profiler.enabled = False {{(pid=88961) log_opt_values /opt/stack/data/venv/lib/python3.10/site-packages/oslo_config/cfg.py:2609}}
Nov 10 13:12:43 user devstack@g-api.service[88961]: DEBUG glance.common.config [None req-ea8c035b-0a42-467f-87ab-b5b9fcead543 None None] profiler.es_doc_type = notification {{(pid=88961) log_opt_values /opt/stack/data/venv/lib/python3.10/site-packages/oslo_config/cfg.py:2609}}
Nov 10 13:12:43 user devstack@g-api.service[88961]: DEBUG glance.common.config [None req-ea8c035b-0a42-467f-87ab-b5b9fcead543 None None] profiler.es_scroll_size = 10000 {{(pid=88961) log_opt_values /opt/stack/data/venv/lib/python3.10/site-packages/oslo_config/cfg.py:2609}}
Nov 10 13:12:43 user devstack@g-api.service[88961]: DEBUG glance.common.config [None req-ea8c035b-0a42-467f-87ab-b5b9fcead543 None None] profiler.es_scroll_time = 2m {{(pid=88961) log_opt_values /opt/stack/data/venv/lib/python3.10/site-packages/oslo_config/cfg.py:2609}}
Nov 10 13:12:43 user devstack@g-api.service[88961]: DEBUG glance.common.config [None req-ea8c035b-0a42-467f-87ab-b5b9fcead543 None None] profiler.filter_error_trace = False {{(pid=88961) log_opt_values /opt/stack/data/venv/lib/python3.10/site-packages/oslo_config/cfg.py:2609}}
Nov 10 13:12:43 user devstack@g-api.service[88961]: DEBUG glance.common.config [None req-ea8c035b-0a42-467f-87ab-b5b9fcead543 None None] profiler.hmac_keys = **** {{(pid=88961) log_opt_values /opt/stack/data/venv/lib/python3.10/site-packages/oslo_config/cfg.py:2609}}
Nov 10 13:12:43 user devstack@g-api.service[88961]: DEBUG glance.common.config [None req-ea8c035b-0a42-467f-87ab-b5b9fcead543 None None] profiler.sentinel_service_name = mymaster {{(pid=88961) log_opt_values /opt/stack/data/venv/lib/python3.10/site-packages/oslo_config/cfg.py:2609}}
Nov 10 13:12:43 user devstack@g-api.service[88961]: DEBUG glance.common.config [None req-ea8c035b-0a42-467f-87ab-b5b9fcead543 None None] profiler.socket_timeout = 0.1 {{(pid=88961) log_opt_values /opt/stack/data/venv/lib/python3.10/site-packages/oslo_config/cfg.py:2609}}
Nov 10 13:12:43 user devstack@g-api.service[88961]: DEBUG glance.common.config [None req-ea8c035b-0a42-467f-87ab-b5b9fcead543 None None] profiler.trace_requests = False {{(pid=88961) log_opt_values /opt/stack/data/venv/lib/python3.10/site-packages/oslo_config/cfg.py:2609}}
Nov 10 13:12:43 user devstack@g-api.service[88961]: DEBUG glance.common.config [None req-ea8c035b-0a42-467f-87ab-b5b9fcead543 None None] profiler.trace_sqlalchemy = False {{(pid=88961) log_opt_values /opt/stack/data/venv/lib/python3.10/site-packages/oslo_config/cfg.py:2609}}
Nov 10 13:12:43 user devstack@g-api.service[88960]: INFO glance.image_cache [None req-74e5b7f7-30bb-4f6b-a4ce-5ba583cd8c6e None None] Image cache loaded driver 'sqlite'.
Nov 10 13:12:43 user devstack@g-api.service[88961]: DEBUG glance.common.config [None req-ea8c035b-0a42-467f-87ab-b5b9fcead543 None None] profiler_jaeger.process_tags = {} {{(pid=88961) log_opt_values /opt/stack/data/venv/lib/python3.10/site-packages/oslo_config/cfg.py:2609}}
Nov 10 13:12:43 user devstack@g-api.service[88961]: DEBUG glance.common.config [None req-ea8c035b-0a42-467f-87ab-b5b9fcead543 None None] profiler_jaeger.service_name_prefix = None {{(pid=88961) log_opt_values /opt/stack/data/venv/lib/python3.10/site-packages/oslo_config/cfg.py:2609}}
Nov 10 13:12:43 user devstack@g-api.service[88962]: WARNING keystonemiddleware.auth_token [None req-e6d9e9c7-eeeb-465f-8773-da2e0e04d4f3 None None] AuthToken middleware is set with keystone_authtoken.service_token_roles_required set to False. This is backwards compatible but deprecated behaviour. Please set this to True.
Nov 10 13:12:43 user devstack@g-api.service[88961]: DEBUG glance.common.config [None req-ea8c035b-0a42-467f-87ab-b5b9fcead543 None None] profiler_otlp.service_name_prefix = None {{(pid=88961) log_opt_values /opt/stack/data/venv/lib/python3.10/site-packages/oslo_config/cfg.py:2609}}
Nov 10 13:12:43 user devstack@g-api.service[88961]: DEBUG glance.common.config [None req-ea8c035b-0a42-467f-87ab-b5b9fcead543 None None] import_filtering_opts.allowed_hosts = [] {{(pid=88961) log_opt_values /opt/stack/data/venv/lib/python3.10/site-packages/oslo_config/cfg.py:2609}}
Nov 10 13:12:43 user devstack@g-api.service[88960]: DEBUG oslo_concurrency.lockutils [None req-74e5b7f7-30bb-4f6b-a4ce-5ba583cd8c6e None None] Acquiring lock "image_cache_db_init" by "glance.image_cache.drivers.sqlite.Driver.initialize_db..create_db" {{(pid=88960) inner /opt/stack/data/venv/lib/python3.10/site-packages/oslo_concurrency/lockutils.py:404}}
Nov 10 13:12:43 user devstack@g-api.service[88961]: DEBUG glance.common.config [None req-ea8c035b-0a42-467f-87ab-b5b9fcead543 None None] import_filtering_opts.allowed_ports = [80, 443] {{(pid=88961) log_opt_values /opt/stack/data/venv/lib/python3.10/site-packages/oslo_config/cfg.py:2609}}
Nov 10 13:12:43 user devstack@g-api.service[88961]: DEBUG glance.common.config [None req-ea8c035b-0a42-467f-87ab-b5b9fcead543 None None] import_filtering_opts.allowed_schemes = ['http', 'https'] {{(pid=88961) log_opt_values /opt/stack/data/venv/lib/python3.10/site-packages/oslo_config/cfg.py:2609}}
Nov 10 13:12:43 user devstack@g-api.service[88961]: DEBUG glance.common.config [None req-ea8c035b-0a42-467f-87ab-b5b9fcead543 None None] import_filtering_opts.disallowed_hosts = [] {{(pid=88961) log_opt_values /opt/stack/data/venv/lib/python3.10/site-packages/oslo_config/cfg.py:2609}}
Nov 10 13:12:43 user devstack@g-api.service[88960]: DEBUG oslo_concurrency.lockutils [None req-74e5b7f7-30bb-4f6b-a4ce-5ba583cd8c6e None None] Lock "image_cache_db_init" acquired by "glance.image_cache.drivers.sqlite.Driver.initialize_db..create_db" :: waited 0.001s {{(pid=88960) inner /opt/stack/data/venv/lib/python3.10/site-packages/oslo_concurrency/lockutils.py:409}}
Nov 10 13:12:43 user devstack@g-api.service[88961]: DEBUG glance.common.config [None req-ea8c035b-0a42-467f-87ab-b5b9fcead543 None None] import_filtering_opts.disallowed_ports = [] {{(pid=88961) log_opt_values /opt/stack/data/venv/lib/python3.10/site-packages/oslo_config/cfg.py:2609}}
Nov 10 13:12:43 user devstack@g-api.service[88961]: DEBUG glance.common.config [None req-ea8c035b-0a42-467f-87ab-b5b9fcead543 None None] import_filtering_opts.disallowed_schemes = [] {{(pid=88961) log_opt_values /opt/stack/data/venv/lib/python3.10/site-packages/oslo_config/cfg.py:2609}}
Nov 10 13:12:43 user devstack@g-api.service[88961]: DEBUG glance.common.config [None req-ea8c035b-0a42-467f-87ab-b5b9fcead543 None None] oslo_messaging_metrics.metrics_buffer_size = 1000 {{(pid=88961) log_opt_values /opt/stack/data/venv/lib/python3.10/site-packages/oslo_config/cfg.py:2609}}
Nov 10 13:12:43 user devstack@g-api.service[88961]: DEBUG glance.common.config [None req-ea8c035b-0a42-467f-87ab-b5b9fcead543 None None] oslo_messaging_metrics.metrics_enabled = False {{(pid=88961) log_opt_values /opt/stack/data/venv/lib/python3.10/site-packages/oslo_config/cfg.py:2609}}
Nov 10 13:12:43 user devstack@g-api.service[88961]: DEBUG glance.common.config [None req-ea8c035b-0a42-467f-87ab-b5b9fcead543 None None] oslo_messaging_metrics.metrics_process_name = {{(pid=88961) log_opt_values /opt/stack/data/venv/lib/python3.10/site-packages/oslo_config/cfg.py:2609}}
Nov 10 13:12:43 user devstack@g-api.service[88960]: DEBUG oslo_concurrency.lockutils [None req-74e5b7f7-30bb-4f6b-a4ce-5ba583cd8c6e None None] Lock "image_cache_db_init" "released" by "glance.image_cache.drivers.sqlite.Driver.initialize_db..create_db" :: held 0.001s {{(pid=88960) inner /opt/stack/data/venv/lib/python3.10/site-packages/oslo_concurrency/lockutils.py:423}}
Nov 10 13:12:43 user devstack@g-api.service[88961]: DEBUG glance.common.config [None req-ea8c035b-0a42-467f-87ab-b5b9fcead543 None None] oslo_messaging_metrics.metrics_socket_file = /var/tmp/metrics_collector.sock {{(pid=88961) log_opt_values /opt/stack/data/venv/lib/python3.10/site-packages/oslo_config/cfg.py:2609}}
Nov 10 13:12:43 user devstack@g-api.service[88961]: DEBUG glance.common.config [None req-ea8c035b-0a42-467f-87ab-b5b9fcead543 None None] oslo_messaging_metrics.metrics_thread_stop_timeout = 10 {{(pid=88961) log_opt_values /opt/stack/data/venv/lib/python3.10/site-packages/oslo_config/cfg.py:2609}}
Nov 10 13:12:43 user devstack@g-api.service[88961]: DEBUG glance.common.config [None req-ea8c035b-0a42-467f-87ab-b5b9fcead543 None None] os_brick.lock_path = None {{(pid=88961) log_opt_values /opt/stack/data/venv/lib/python3.10/site-packages/oslo_config/cfg.py:2609}}
Nov 10 13:12:43 user devstack@g-api.service[88961]: DEBUG glance.common.config [None req-ea8c035b-0a42-467f-87ab-b5b9fcead543 None None] privsep_osbrick.capabilities = [21] {{(pid=88961) log_opt_values /opt/stack/data/venv/lib/python3.10/site-packages/oslo_config/cfg.py:2609}}
Nov 10 13:12:43 user devstack@g-api.service[88961]: DEBUG glance.common.config [None req-ea8c035b-0a42-467f-87ab-b5b9fcead543 None None] privsep_osbrick.group = None {{(pid=88961) log_opt_values /opt/stack/data/venv/lib/python3.10/site-packages/oslo_config/cfg.py:2609}}
Nov 10 13:12:43 user devstack@g-api.service[88961]: DEBUG glance.common.config [None req-ea8c035b-0a42-467f-87ab-b5b9fcead543 None None] privsep_osbrick.helper_command = None {{(pid=88961) log_opt_values /opt/stack/data/venv/lib/python3.10/site-packages/oslo_config/cfg.py:2609}}
Nov 10 13:12:43 user devstack@g-api.service[88961]: DEBUG glance.common.config [None req-ea8c035b-0a42-467f-87ab-b5b9fcead543 None None] privsep_osbrick.logger_name = os_brick.privileged {{(pid=88961) log_opt_values /opt/stack/data/venv/lib/python3.10/site-packages/oslo_config/cfg.py:2609}}
Nov 10 13:12:43 user devstack@g-api.service[88961]: DEBUG glance.common.config [None req-ea8c035b-0a42-467f-87ab-b5b9fcead543 None None] privsep_osbrick.thread_pool_size = 12 {{(pid=88961) log_opt_values /opt/stack/data/venv/lib/python3.10/site-packages/oslo_config/cfg.py:2609}}
Nov 10 13:12:43 user devstack@g-api.service[88961]: DEBUG glance.common.config [None req-ea8c035b-0a42-467f-87ab-b5b9fcead543 None None] privsep_osbrick.user = None {{(pid=88961) log_opt_values /opt/stack/data/venv/lib/python3.10/site-packages/oslo_config/cfg.py:2609}}
Nov 10 13:12:43 user devstack@g-api.service[88962]: WARNING keystonemiddleware.auth_token [None req-e6d9e9c7-eeeb-465f-8773-da2e0e04d4f3 None None] Configuring www_authenticate_uri to point to the public identity endpoint is required; clients may not be able to authenticate against an admin endpoint
Nov 10 13:12:43 user devstack@g-api.service[88961]: DEBUG glance.common.config [None req-ea8c035b-0a42-467f-87ab-b5b9fcead543 None None] glance_store.cinder_api_insecure = False {{(pid=88961) log_opt_values /opt/stack/data/venv/lib/python3.10/site-packages/oslo_config/cfg.py:2609}}
Nov 10 13:12:43 user devstack@g-api.service[88961]: DEBUG glance.common.config [None req-ea8c035b-0a42-467f-87ab-b5b9fcead543 None None] glance_store.cinder_ca_certificates_file = None {{(pid=88961) log_opt_values /opt/stack/data/venv/lib/python3.10/site-packages/oslo_config/cfg.py:2609}}
Nov 10 13:12:43 user devstack@g-api.service[88961]: DEBUG glance.common.config [None req-ea8c035b-0a42-467f-87ab-b5b9fcead543 None None] glance_store.cinder_catalog_info = volumev3::publicURL {{(pid=88961) log_opt_values /opt/stack/data/venv/lib/python3.10/site-packages/oslo_config/cfg.py:2609}}
Nov 10 13:12:43 user devstack@g-api.service[88961]: DEBUG glance.common.config [None req-ea8c035b-0a42-467f-87ab-b5b9fcead543 None None] glance_store.cinder_do_extend_attached = False {{(pid=88961) log_opt_values /opt/stack/data/venv/lib/python3.10/site-packages/oslo_config/cfg.py:2609}}
Nov 10 13:12:43 user devstack@g-api.service[88961]: DEBUG glance.common.config [None req-ea8c035b-0a42-467f-87ab-b5b9fcead543 None None] glance_store.cinder_endpoint_template = None {{(pid=88961) log_opt_values /opt/stack/data/venv/lib/python3.10/site-packages/oslo_config/cfg.py:2609}}
Nov 10 13:12:43 user devstack@g-api.service[88961]: DEBUG glance.common.config [None req-ea8c035b-0a42-467f-87ab-b5b9fcead543 None None] glance_store.cinder_enforce_multipath = False {{(pid=88961) log_opt_values /opt/stack/data/venv/lib/python3.10/site-packages/oslo_config/cfg.py:2609}}
Nov 10 13:12:43 user devstack@g-api.service[88961]: DEBUG glance.common.config [None req-ea8c035b-0a42-467f-87ab-b5b9fcead543 None None] glance_store.cinder_http_retries = 3 {{(pid=88961) log_opt_values /opt/stack/data/venv/lib/python3.10/site-packages/oslo_config/cfg.py:2609}}
Nov 10 13:12:43 user devstack@g-api.service[88961]: DEBUG glance.common.config [None req-ea8c035b-0a42-467f-87ab-b5b9fcead543 None None] glance_store.cinder_mount_point_base = /var/lib/glance/mnt {{(pid=88961) log_opt_values /opt/stack/data/venv/lib/python3.10/site-packages/oslo_config/cfg.py:2609}}
Nov 10 13:12:43 user devstack@g-api.service[88961]: DEBUG glance.common.config [None req-ea8c035b-0a42-467f-87ab-b5b9fcead543 None None] glance_store.cinder_os_region_name = None {{(pid=88961) log_opt_values /opt/stack/data/venv/lib/python3.10/site-packages/oslo_config/cfg.py:2609}}
Nov 10 13:12:43 user devstack@g-api.service[88961]: DEBUG glance.common.config [None req-ea8c035b-0a42-467f-87ab-b5b9fcead543 None None] glance_store.cinder_state_transition_timeout = 300 {{(pid=88961) log_opt_values /opt/stack/data/venv/lib/python3.10/site-packages/oslo_config/cfg.py:2609}}
Nov 10 13:12:43 user devstack@g-api.service[88961]: DEBUG glance.common.config [None req-ea8c035b-0a42-467f-87ab-b5b9fcead543 None None] glance_store.cinder_store_auth_address = None {{(pid=88961) log_opt_values /opt/stack/data/venv/lib/python3.10/site-packages/oslo_config/cfg.py:2609}}
Nov 10 13:12:43 user devstack@g-api.service[88961]: DEBUG glance.common.config [None req-ea8c035b-0a42-467f-87ab-b5b9fcead543 None None] glance_store.cinder_store_password = **** {{(pid=88961) log_opt_values /opt/stack/data/venv/lib/python3.10/site-packages/oslo_config/cfg.py:2609}}
Nov 10 13:12:43 user devstack@g-api.service[88961]: DEBUG glance.common.config [None req-ea8c035b-0a42-467f-87ab-b5b9fcead543 None None] glance_store.cinder_store_project_domain_name = Default {{(pid=88961) log_opt_values /opt/stack/data/venv/lib/python3.10/site-packages/oslo_config/cfg.py:2609}}
Nov 10 13:12:43 user devstack@g-api.service[88961]: DEBUG glance.common.config [None req-ea8c035b-0a42-467f-87ab-b5b9fcead543 None None] glance_store.cinder_store_project_name = None {{(pid=88961) log_opt_values /opt/stack/data/venv/lib/python3.10/site-packages/oslo_config/cfg.py:2609}}
Nov 10 13:12:43 user devstack@g-api.service[88961]: DEBUG glance.common.config [None req-ea8c035b-0a42-467f-87ab-b5b9fcead543 None None] glance_store.cinder_store_user_domain_name = Default {{(pid=88961) log_opt_values /opt/stack/data/venv/lib/python3.10/site-packages/oslo_config/cfg.py:2609}}
Nov 10 13:12:43 user devstack@g-api.service[88961]: DEBUG glance.common.config [None req-ea8c035b-0a42-467f-87ab-b5b9fcead543 None None] glance_store.cinder_store_user_name = None {{(pid=88961) log_opt_values /opt/stack/data/venv/lib/python3.10/site-packages/oslo_config/cfg.py:2609}}
Nov 10 13:12:43 user devstack@g-api.service[88961]: DEBUG glance.common.config [None req-ea8c035b-0a42-467f-87ab-b5b9fcead543 None None] glance_store.cinder_use_multipath = False {{(pid=88961) log_opt_values /opt/stack/data/venv/lib/python3.10/site-packages/oslo_config/cfg.py:2609}}
Nov 10 13:12:43 user devstack@g-api.service[88961]: DEBUG glance.common.config [None req-ea8c035b-0a42-467f-87ab-b5b9fcead543 None None] glance_store.cinder_volume_type = None {{(pid=88961) log_opt_values /opt/stack/data/venv/lib/python3.10/site-packages/oslo_config/cfg.py:2609}}
Nov 10 13:12:43 user devstack@g-api.service[88961]: DEBUG glance.common.config [None req-ea8c035b-0a42-467f-87ab-b5b9fcead543 None None] glance_store.default_store = file {{(pid=88961) log_opt_values /opt/stack/data/venv/lib/python3.10/site-packages/oslo_config/cfg.py:2609}}
Nov 10 13:12:43 user devstack@g-api.service[88961]: DEBUG glance.common.config [None req-ea8c035b-0a42-467f-87ab-b5b9fcead543 None None] glance_store.default_swift_reference = ref1 {{(pid=88961) log_opt_values /opt/stack/data/venv/lib/python3.10/site-packages/oslo_config/cfg.py:2609}}
Nov 10 13:12:43 user devstack@g-api.service[88962]: DEBUG glance.common.config [None req-e6d9e9c7-eeeb-465f-8773-da2e0e04d4f3 None None] ******************************************************************************** {{(pid=88962) log_opt_values /opt/stack/data/venv/lib/python3.10/site-packages/oslo_config/cfg.py:2589}}
Nov 10 13:12:43 user devstack@g-api.service[88962]: DEBUG glance.common.config [None req-e6d9e9c7-eeeb-465f-8773-da2e0e04d4f3 None None] Configuration options gathered from: {{(pid=88962) log_opt_values /opt/stack/data/venv/lib/python3.10/site-packages/oslo_config/cfg.py:2590}}
Nov 10 13:12:43 user devstack@g-api.service[88961]: DEBUG glance.common.config [None req-ea8c035b-0a42-467f-87ab-b5b9fcead543 None None] glance_store.filesystem_store_chunk_size = 65536 {{(pid=88961) log_opt_values /opt/stack/data/venv/lib/python3.10/site-packages/oslo_config/cfg.py:2609}}
Nov 10 13:12:43 user devstack@g-api.service[88961]: DEBUG glance.common.config [None req-ea8c035b-0a42-467f-87ab-b5b9fcead543 None None] glance_store.filesystem_store_datadir = /opt/stack/data/glance/images/ {{(pid=88961) log_opt_values /opt/stack/data/venv/lib/python3.10/site-packages/oslo_config/cfg.py:2609}}
Nov 10 13:12:43 user devstack@g-api.service[88961]: DEBUG glance.common.config [None req-ea8c035b-0a42-467f-87ab-b5b9fcead543 None None] glance_store.filesystem_store_datadirs = None {{(pid=88961) log_opt_values /opt/stack/data/venv/lib/python3.10/site-packages/oslo_config/cfg.py:2609}}
Nov 10 13:12:43 user devstack@g-api.service[88962]: DEBUG glance.common.config [None req-e6d9e9c7-eeeb-465f-8773-da2e0e04d4f3 None None] command line args: [] {{(pid=88962) log_opt_values /opt/stack/data/venv/lib/python3.10/site-packages/oslo_config/cfg.py:2591}}
Nov 10 13:12:43 user devstack@g-api.service[88961]: DEBUG glance.common.config [None req-ea8c035b-0a42-467f-87ab-b5b9fcead543 None None] glance_store.filesystem_store_file_perm = 0 {{(pid=88961) log_opt_values /opt/stack/data/venv/lib/python3.10/site-packages/oslo_config/cfg.py:2609}}
Nov 10 13:12:43 user devstack@g-api.service[88962]: DEBUG glance.common.config [None req-e6d9e9c7-eeeb-465f-8773-da2e0e04d4f3 None None] config files: ['/etc/glance/glance-api-paste.ini', '/etc/glance/glance-image-import.conf', '/etc/glance/glance-api.conf'] {{(pid=88962) log_opt_values /opt/stack/data/venv/lib/python3.10/site-packages/oslo_config/cfg.py:2592}}
Nov 10 13:12:43 user devstack@g-api.service[88961]: DEBUG glance.common.config [None req-ea8c035b-0a42-467f-87ab-b5b9fcead543 None None] glance_store.filesystem_store_metadata_file = None {{(pid=88961) log_opt_values /opt/stack/data/venv/lib/python3.10/site-packages/oslo_config/cfg.py:2609}}
Nov 10 13:12:43 user devstack@g-api.service[88961]: DEBUG glance.common.config [None req-ea8c035b-0a42-467f-87ab-b5b9fcead543 None None] glance_store.filesystem_thin_provisioning = False {{(pid=88961) log_opt_values /opt/stack/data/venv/lib/python3.10/site-packages/oslo_config/cfg.py:2609}}
Nov 10 13:12:43 user devstack@g-api.service[88962]: DEBUG glance.common.config [None req-e6d9e9c7-eeeb-465f-8773-da2e0e04d4f3 None None] ================================================================================ {{(pid=88962) log_opt_values /opt/stack/data/venv/lib/python3.10/site-packages/oslo_config/cfg.py:2594}}
Nov 10 13:12:43 user devstack@g-api.service[88961]: DEBUG glance.common.config [None req-ea8c035b-0a42-467f-87ab-b5b9fcead543 None None] glance_store.http_proxy_information = {} {{(pid=88961) log_opt_values /opt/stack/data/venv/lib/python3.10/site-packages/oslo_config/cfg.py:2609}}
Nov 10 13:12:43 user devstack@g-api.service[88961]: DEBUG glance.common.config [None req-ea8c035b-0a42-467f-87ab-b5b9fcead543 None None] glance_store.https_ca_certificates_file = None {{(pid=88961) log_opt_values /opt/stack/data/venv/lib/python3.10/site-packages/oslo_config/cfg.py:2609}}
Nov 10 13:12:43 user devstack@g-api.service[88962]: DEBUG glance.common.config [None req-e6d9e9c7-eeeb-465f-8773-da2e0e04d4f3 None None] allow_additional_image_properties = True {{(pid=88962) log_opt_values /opt/stack/data/venv/lib/python3.10/site-packages/oslo_config/cfg.py:2602}}
Nov 10 13:12:43 user devstack@g-api.service[88961]: DEBUG glance.common.config [None req-ea8c035b-0a42-467f-87ab-b5b9fcead543 None None] glance_store.https_insecure = True {{(pid=88961) log_opt_values /opt/stack/data/venv/lib/python3.10/site-packages/oslo_config/cfg.py:2609}}
Nov 10 13:12:43 user devstack@g-api.service[88962]: DEBUG glance.common.config [None req-e6d9e9c7-eeeb-465f-8773-da2e0e04d4f3 None None] allow_anonymous_access = False {{(pid=88962) log_opt_values /opt/stack/data/venv/lib/python3.10/site-packages/oslo_config/cfg.py:2602}}
Nov 10 13:12:43 user devstack@g-api.service[88961]: DEBUG glance.common.config [None req-ea8c035b-0a42-467f-87ab-b5b9fcead543 None None] glance_store.rados_connect_timeout = 0 {{(pid=88961) log_opt_values /opt/stack/data/venv/lib/python3.10/site-packages/oslo_config/cfg.py:2609}}
Nov 10 13:12:43 user devstack@g-api.service[88962]: DEBUG glance.common.config [None req-e6d9e9c7-eeeb-465f-8773-da2e0e04d4f3 None None] api_limit_max = 1000 {{(pid=88962) log_opt_values /opt/stack/data/venv/lib/python3.10/site-packages/oslo_config/cfg.py:2602}}
Nov 10 13:12:43 user devstack@g-api.service[88961]: DEBUG glance.common.config [None req-ea8c035b-0a42-467f-87ab-b5b9fcead543 None None] glance_store.rbd_store_ceph_conf = {{(pid=88961) log_opt_values /opt/stack/data/venv/lib/python3.10/site-packages/oslo_config/cfg.py:2609}}
Nov 10 13:12:43 user devstack@g-api.service[88962]: DEBUG glance.common.config [None req-e6d9e9c7-eeeb-465f-8773-da2e0e04d4f3 None None] backlog = 4096 {{(pid=88962) log_opt_values /opt/stack/data/venv/lib/python3.10/site-packages/oslo_config/cfg.py:2602}}
Nov 10 13:12:43 user devstack@g-api.service[88961]: DEBUG glance.common.config [None req-ea8c035b-0a42-467f-87ab-b5b9fcead543 None None] glance_store.rbd_store_chunk_size = 8 {{(pid=88961) log_opt_values /opt/stack/data/venv/lib/python3.10/site-packages/oslo_config/cfg.py:2609}}
Nov 10 13:12:43 user devstack@g-api.service[88962]: DEBUG glance.common.config [None req-e6d9e9c7-eeeb-465f-8773-da2e0e04d4f3 None None] bind_host = 0.0.0.0 {{(pid=88962) log_opt_values /opt/stack/data/venv/lib/python3.10/site-packages/oslo_config/cfg.py:2602}}
Nov 10 13:12:43 user devstack@g-api.service[88961]: DEBUG glance.common.config [None req-ea8c035b-0a42-467f-87ab-b5b9fcead543 None None] glance_store.rbd_store_pool = images {{(pid=88961) log_opt_values /opt/stack/data/venv/lib/python3.10/site-packages/oslo_config/cfg.py:2609}}
Nov 10 13:12:43 user devstack@g-api.service[88962]: DEBUG glance.common.config [None req-e6d9e9c7-eeeb-465f-8773-da2e0e04d4f3 None None] bind_port = None {{(pid=88962) log_opt_values /opt/stack/data/venv/lib/python3.10/site-packages/oslo_config/cfg.py:2602}}
Nov 10 13:12:43 user devstack@g-api.service[88961]: DEBUG glance.common.config [None req-ea8c035b-0a42-467f-87ab-b5b9fcead543 None None] glance_store.rbd_store_user = None {{(pid=88961) log_opt_values /opt/stack/data/venv/lib/python3.10/site-packages/oslo_config/cfg.py:2609}}
Nov 10 13:12:43 user devstack@g-api.service[88962]: DEBUG glance.common.config [None req-e6d9e9c7-eeeb-465f-8773-da2e0e04d4f3 None None] client_socket_timeout = 900 {{(pid=88962) log_opt_values /opt/stack/data/venv/lib/python3.10/site-packages/oslo_config/cfg.py:2602}}
Nov 10 13:12:43 user devstack@g-api.service[88961]: DEBUG glance.common.config [None req-ea8c035b-0a42-467f-87ab-b5b9fcead543 None None] glance_store.rbd_thin_provisioning = False {{(pid=88961) log_opt_values /opt/stack/data/venv/lib/python3.10/site-packages/oslo_config/cfg.py:2609}}
Nov 10 13:12:43 user devstack@g-api.service[88962]: DEBUG glance.common.config [None req-e6d9e9c7-eeeb-465f-8773-da2e0e04d4f3 None None] config_dir = [] {{(pid=88962) log_opt_values /opt/stack/data/venv/lib/python3.10/site-packages/oslo_config/cfg.py:2602}}
Nov 10 13:12:43 user devstack@g-api.service[88961]: DEBUG glance.common.config [None req-ea8c035b-0a42-467f-87ab-b5b9fcead543 None None] glance_store.rootwrap_config = /etc/glance/rootwrap.conf {{(pid=88961) log_opt_values /opt/stack/data/venv/lib/python3.10/site-packages/oslo_config/cfg.py:2609}}
Nov 10 13:12:43 user devstack@g-api.service[88962]: DEBUG glance.common.config [None req-e6d9e9c7-eeeb-465f-8773-da2e0e04d4f3 None None] config_file = ['/etc/glance/glance-api-paste.ini', '/etc/glance/glance-image-import.conf', '/etc/glance/glance-api.conf'] {{(pid=88962) log_opt_values /opt/stack/data/venv/lib/python3.10/site-packages/oslo_config/cfg.py:2602}}
Nov 10 13:12:43 user devstack@g-api.service[88961]: DEBUG glance.common.config [None req-ea8c035b-0a42-467f-87ab-b5b9fcead543 None None] glance_store.s3_store_access_key = **** {{(pid=88961) log_opt_values /opt/stack/data/venv/lib/python3.10/site-packages/oslo_config/cfg.py:2609}}
Nov 10 13:12:43 user devstack@g-api.service[88962]: DEBUG glance.common.config [None req-e6d9e9c7-eeeb-465f-8773-da2e0e04d4f3 None None] config_source = [] {{(pid=88962) log_opt_values /opt/stack/data/venv/lib/python3.10/site-packages/oslo_config/cfg.py:2602}}
Nov 10 13:12:43 user devstack@g-api.service[88961]: DEBUG glance.common.config [None req-ea8c035b-0a42-467f-87ab-b5b9fcead543 None None] glance_store.s3_store_bucket = None {{(pid=88961) log_opt_values /opt/stack/data/venv/lib/python3.10/site-packages/oslo_config/cfg.py:2609}}
Nov 10 13:12:43 user devstack@g-api.service[88962]: DEBUG glance.common.config [None req-e6d9e9c7-eeeb-465f-8773-da2e0e04d4f3 None None] control_exchange = glance {{(pid=88962) log_opt_values /opt/stack/data/venv/lib/python3.10/site-packages/oslo_config/cfg.py:2602}}
