Nov 15 07:59:53 user devstack@keystone.service[66768]: [pid: 66768|app: 0|req: 30/91] 10.0.0.210 () {56 vars in 1106 bytes} [Wed Nov 15 07:59:53 2023] GET /identity/v3/roles?name=anotherrole => generated 332 bytes in 139 msecs (HTTP/1.1 200) 5 headers in 177 bytes (1 switches on core 0)
Nov 15 07:59:53 user devstack@keystone.service[66768]: DEBUG keystone.server.flask.request_processing.middleware.auth_context [None req-2d57d118-8acc-48d9-ab4a-37c0b868b7b6 None admin] Authenticating user token {{(pid=66768) process_request /opt/stack/data/venv/lib/python3.10/site-packages/keystonemiddleware/auth_token/__init__.py:406}}
Nov 15 07:59:53 user devstack@keystone.service[66770]: DEBUG keystone.server.flask.request_processing.middleware.auth_context [None req-75072b58-4ec9-4690-ac6a-e3d6fa76e3b7 None admin] Validating token access rules against request {{(pid=66770) validate_allowed_request /opt/stack/data/venv/lib/python3.10/site-packages/keystonemiddleware/auth_token/__init__.py:544}}
Nov 15 07:59:53 user devstack@keystone.service[66769]: DEBUG keystone.server.flask.request_processing.middleware.auth_context [None req-67b4c28a-6c87-4dde-a154-ec91f0dece18 None None] Validating token access rules against request {{(pid=66769) validate_allowed_request /opt/stack/data/venv/lib/python3.10/site-packages/keystonemiddleware/auth_token/__init__.py:544}}
Nov 15 07:59:53 user devstack@keystone.service[66770]: DEBUG keystone.server.flask.request_processing.middleware.auth_context [None req-60e81873-b3f8-48f2-a91f-5420d62f6a81 None admin] RBAC: auth_context: {'token': , 'domain_id': None, 'trust_id': None, 'trustor_id': None, 'trustee_id': None, 'domain_name': None, 'group_ids': [], 'user_id': 'ba6bd81d13b8430c918a21c8d227f7b0', 'user_domain_id': 'default', 'system_scope': 'all', 'project_id': None, 'project_domain_id': None, 'roles': ['admin', 'manager', 'member', 'reader'], 'is_admin_project': True, 'service_user_id': None, 'service_user_domain_id': None, 'service_project_id': None, 'service_project_domain_id': None, 'service_roles': []} {{(pid=66770) fill_context /opt/stack/keystone/keystone/server/flask/request_processing/middleware/auth_context.py:480}}
Nov 15 07:59:53 user devstack@keystone.service[66770]: DEBUG keystone.server.flask.request_processing.req_logging [None req-60e81873-b3f8-48f2-a91f-5420d62f6a81 None admin] REQUEST_METHOD: `GET` {{(pid=66770) log_request_info /opt/stack/keystone/keystone/server/flask/request_processing/req_logging.py:27}}
Nov 15 07:59:53 user devstack@keystone.service[66770]: DEBUG keystone.server.flask.request_processing.req_logging [None req-60e81873-b3f8-48f2-a91f-5420d62f6a81 None admin] SCRIPT_NAME: `/identity` {{(pid=66770) log_request_info /opt/stack/keystone/keystone/server/flask/request_processing/req_logging.py:28}}
Nov 15 07:59:53 user devstack@keystone.service[66770]: DEBUG keystone.server.flask.request_processing.req_logging [None req-60e81873-b3f8-48f2-a91f-5420d62f6a81 None admin] PATH_INFO: `/v3/domains/default` {{(pid=66770) log_request_info /opt/stack/keystone/keystone/server/flask/request_processing/req_logging.py:29}}
Nov 15 07:59:53 user devstack@keystone.service[66770]: DEBUG keystone.common.rbac_enforcer.enforcer [None req-60e81873-b3f8-48f2-a91f-5420d62f6a81 None admin] RBAC: Authorizing `identity:get_domain(domain_id=default)` {{(pid=66770) enforce_call /opt/stack/keystone/keystone/common/rbac_enforcer/enforcer.py:449}}
Nov 15 07:59:53 user devstack@keystone.service[66769]: DEBUG keystone.server.flask.request_processing.middleware.auth_context [None req-51553951-7cfa-44f7-b2b6-84dbd5d071fb None admin] RBAC: auth_context: {'token': , 'domain_id': None, 'trust_id': None, 'trustor_id': None, 'trustee_id': None, 'domain_name': None, 'group_ids': [], 'user_id': 'ba6bd81d13b8430c918a21c8d227f7b0', 'user_domain_id': 'default', 'system_scope': 'all', 'project_id': None, 'project_domain_id': None, 'roles': ['admin', 'manager', 'member', 'reader'], 'is_admin_project': True, 'service_user_id': None, 'service_user_domain_id': None, 'service_project_id': None, 'service_project_domain_id': None, 'service_roles': []} {{(pid=66769) fill_context /opt/stack/keystone/keystone/server/flask/request_processing/middleware/auth_context.py:480}}
Nov 15 07:59:53 user devstack@keystone.service[66769]: DEBUG keystone.server.flask.request_processing.req_logging [None req-51553951-7cfa-44f7-b2b6-84dbd5d071fb None admin] REQUEST_METHOD: `GET` {{(pid=66769) log_request_info /opt/stack/keystone/keystone/server/flask/request_processing/req_logging.py:27}}
Nov 15 07:59:53 user devstack@keystone.service[66769]: DEBUG keystone.server.flask.request_processing.req_logging [None req-51553951-7cfa-44f7-b2b6-84dbd5d071fb None admin] SCRIPT_NAME: `/identity` {{(pid=66769) log_request_info /opt/stack/keystone/keystone/server/flask/request_processing/req_logging.py:28}}
Nov 15 07:59:53 user devstack@keystone.service[66769]: DEBUG keystone.server.flask.request_processing.req_logging [None req-51553951-7cfa-44f7-b2b6-84dbd5d071fb None admin] PATH_INFO: `/v3/auth/tokens` {{(pid=66769) log_request_info /opt/stack/keystone/keystone/server/flask/request_processing/req_logging.py:29}}
Nov 15 07:59:53 user devstack@keystone.service[66770]: DEBUG keystone.common.rbac_enforcer.enforcer [None req-60e81873-b3f8-48f2-a91f-5420d62f6a81 None admin] RBAC: Authorization granted {{(pid=66770) enforce_call /opt/stack/keystone/keystone/common/rbac_enforcer/enforcer.py:457}}
Nov 15 07:59:53 user devstack@keystone.service[66770]: [pid: 66770|app: 0|req: 30/92] 10.0.0.210 () {56 vars in 1103 bytes} [Wed Nov 15 07:59:53 2023] GET /identity/v3/domains/default => generated 198 bytes in 139 msecs (HTTP/1.1 200) 5 headers in 177 bytes (1 switches on core 0)
Nov 15 07:59:53 user devstack@keystone.service[66770]: DEBUG keystone.server.flask.request_processing.middleware.auth_context [None req-60e81873-b3f8-48f2-a91f-5420d62f6a81 None admin] Authenticating user token {{(pid=66770) process_request /opt/stack/data/venv/lib/python3.10/site-packages/keystonemiddleware/auth_token/__init__.py:406}}
Nov 15 07:59:53 user devstack@keystone.service[66769]: DEBUG keystone.common.rbac_enforcer.enforcer [None req-51553951-7cfa-44f7-b2b6-84dbd5d071fb None admin] RBAC: Authorizing `identity:validate_token()` {{(pid=66769) enforce_call /opt/stack/keystone/keystone/common/rbac_enforcer/enforcer.py:449}}
Nov 15 07:59:53 user devstack@keystone.service[66768]: DEBUG keystone.server.flask.request_processing.middleware.auth_context [None req-2d57d118-8acc-48d9-ab4a-37c0b868b7b6 None admin] Validating token access rules against request {{(pid=66768) validate_allowed_request /opt/stack/data/venv/lib/python3.10/site-packages/keystonemiddleware/auth_token/__init__.py:544}}
Nov 15 07:59:53 user devstack@keystone.service[66769]: DEBUG keystone.common.rbac_enforcer.enforcer [None req-51553951-7cfa-44f7-b2b6-84dbd5d071fb None admin] RBAC: Authorization granted {{(pid=66769) enforce_call /opt/stack/keystone/keystone/common/rbac_enforcer/enforcer.py:457}}
Nov 15 07:59:53 user devstack@keystone.service[66768]: DEBUG keystone.server.flask.request_processing.middleware.auth_context [None req-f4da221a-88e0-4a2f-b998-39bd960320de None admin] RBAC: auth_context: {'token': , 'domain_id': None, 'trust_id': None, 'trustor_id': None, 'trustee_id': None, 'domain_name': None, 'group_ids': [], 'user_id': 'ba6bd81d13b8430c918a21c8d227f7b0', 'user_domain_id': 'default', 'system_scope': 'all', 'project_id': None, 'project_domain_id': None, 'roles': ['admin', 'manager', 'member', 'reader'], 'is_admin_project': True, 'service_user_id': None, 'service_user_domain_id': None, 'service_project_id': None, 'service_project_domain_id': None, 'service_roles': []} {{(pid=66768) fill_context /opt/stack/keystone/keystone/server/flask/request_processing/middleware/auth_context.py:480}}
Nov 15 07:59:53 user devstack@keystone.service[66768]: DEBUG keystone.server.flask.request_processing.req_logging [None req-f4da221a-88e0-4a2f-b998-39bd960320de None admin] REQUEST_METHOD: `GET` {{(pid=66768) log_request_info /opt/stack/keystone/keystone/server/flask/request_processing/req_logging.py:27}}
Nov 15 07:59:53 user devstack@keystone.service[66768]: DEBUG keystone.server.flask.request_processing.req_logging [None req-f4da221a-88e0-4a2f-b998-39bd960320de None admin] SCRIPT_NAME: `/identity` {{(pid=66768) log_request_info /opt/stack/keystone/keystone/server/flask/request_processing/req_logging.py:28}}
Nov 15 07:59:53 user devstack@keystone.service[66768]: DEBUG keystone.server.flask.request_processing.req_logging [None req-f4da221a-88e0-4a2f-b998-39bd960320de None admin] PATH_INFO: `/v3/users/db531ddda96544d781ffe6f06c1a2189` {{(pid=66768) log_request_info /opt/stack/keystone/keystone/server/flask/request_processing/req_logging.py:29}}
Nov 15 07:59:53 user devstack@keystone.service[66770]: DEBUG keystone.server.flask.request_processing.middleware.auth_context [None req-60e81873-b3f8-48f2-a91f-5420d62f6a81 None admin] Validating token access rules against request {{(pid=66770) validate_allowed_request /opt/stack/data/venv/lib/python3.10/site-packages/keystonemiddleware/auth_token/__init__.py:544}}
Nov 15 07:59:53 user devstack@keystone.service[66768]: DEBUG keystone.common.rbac_enforcer.enforcer [None req-f4da221a-88e0-4a2f-b998-39bd960320de None admin] RBAC: Authorizing `identity:get_user(user_id=db531ddda96544d781ffe6f06c1a2189)` {{(pid=66768) enforce_call /opt/stack/keystone/keystone/common/rbac_enforcer/enforcer.py:449}}
Nov 15 07:59:53 user devstack@keystone.service[66768]: DEBUG keystone.common.rbac_enforcer.enforcer [None req-f4da221a-88e0-4a2f-b998-39bd960320de None admin] RBAC: Authorization granted {{(pid=66768) enforce_call /opt/stack/keystone/keystone/common/rbac_enforcer/enforcer.py:457}}
Nov 15 07:59:53 user devstack@keystone.service[66768]: [pid: 66768|app: 0|req: 31/93] 10.0.0.210 () {56 vars in 1172 bytes} [Wed Nov 15 07:59:53 2023] GET /identity/v3/users/db531ddda96544d781ffe6f06c1a2189 => generated 288 bytes in 163 msecs (HTTP/1.1 200) 5 headers in 177 bytes (1 switches on core 0)
Nov 15 07:59:53 user devstack@keystone.service[66768]: DEBUG keystone.server.flask.request_processing.middleware.auth_context [None req-f4da221a-88e0-4a2f-b998-39bd960320de None admin] Authenticating user token {{(pid=66768) process_request /opt/stack/data/venv/lib/python3.10/site-packages/keystonemiddleware/auth_token/__init__.py:406}}
Nov 15 07:59:53 user devstack@keystone.service[66770]: DEBUG keystone.server.flask.request_processing.middleware.auth_context [None req-e75544bc-3ae2-426a-8e2b-c62b8b904b24 None admin] RBAC: auth_context: {'token': , 'domain_id': None, 'trust_id': None, 'trustor_id': None, 'trustee_id': None, 'domain_name': None, 'group_ids': [], 'user_id': 'ba6bd81d13b8430c918a21c8d227f7b0', 'user_domain_id': 'default', 'system_scope': 'all', 'project_id': None, 'project_domain_id': None, 'roles': ['admin', 'manager', 'member', 'reader'], 'is_admin_project': True, 'service_user_id': None, 'service_user_domain_id': None, 'service_project_id': None, 'service_project_domain_id': None, 'service_roles': []} {{(pid=66770) fill_context /opt/stack/keystone/keystone/server/flask/request_processing/middleware/auth_context.py:480}}
Nov 15 07:59:53 user devstack@keystone.service[66770]: DEBUG keystone.server.flask.request_processing.req_logging [None req-e75544bc-3ae2-426a-8e2b-c62b8b904b24 None admin] REQUEST_METHOD: `GET` {{(pid=66770) log_request_info /opt/stack/keystone/keystone/server/flask/request_processing/req_logging.py:27}}
Nov 15 07:59:53 user devstack@keystone.service[66770]: DEBUG keystone.server.flask.request_processing.req_logging [None req-e75544bc-3ae2-426a-8e2b-c62b8b904b24 None admin] SCRIPT_NAME: `/identity` {{(pid=66770) log_request_info /opt/stack/keystone/keystone/server/flask/request_processing/req_logging.py:28}}
Nov 15 07:59:53 user devstack@keystone.service[66770]: DEBUG keystone.server.flask.request_processing.req_logging [None req-e75544bc-3ae2-426a-8e2b-c62b8b904b24 None admin] PATH_INFO: `/v3/projects/d90e76e4396c497984060aa01ff4b01a` {{(pid=66770) log_request_info /opt/stack/keystone/keystone/server/flask/request_processing/req_logging.py:29}}
Nov 15 07:59:53 user devstack@keystone.service[66770]: DEBUG keystone.common.rbac_enforcer.enforcer [None req-e75544bc-3ae2-426a-8e2b-c62b8b904b24 None admin] RBAC: Authorizing `identity:get_project(project_id=d90e76e4396c497984060aa01ff4b01a)` {{(pid=66770) enforce_call /opt/stack/keystone/keystone/common/rbac_enforcer/enforcer.py:449}}
Nov 15 07:59:53 user devstack@keystone.service[66770]: DEBUG keystone.common.rbac_enforcer.enforcer [None req-e75544bc-3ae2-426a-8e2b-c62b8b904b24 None admin] RBAC: Authorization granted {{(pid=66770) enforce_call /opt/stack/keystone/keystone/common/rbac_enforcer/enforcer.py:457}}
Nov 15 07:59:53 user devstack@keystone.service[66770]: [pid: 66770|app: 0|req: 31/94] 10.0.0.210 () {56 vars in 1181 bytes} [Wed Nov 15 07:59:53 2023] GET /identity/v3/projects/d90e76e4396c497984060aa01ff4b01a => generated 297 bytes in 136 msecs (HTTP/1.1 200) 5 headers in 177 bytes (1 switches on core 0)
Nov 15 07:59:53 user devstack@keystone.service[66770]: DEBUG keystone.server.flask.request_processing.middleware.auth_context [None req-e75544bc-3ae2-426a-8e2b-c62b8b904b24 None admin] Authenticating user token {{(pid=66770) process_request /opt/stack/data/venv/lib/python3.10/site-packages/keystonemiddleware/auth_token/__init__.py:406}}
Nov 15 07:59:53 user devstack@keystone.service[66769]: [pid: 66769|app: 0|req: 33/95] 10.0.0.210 () {58 vars in 1277 bytes} [Wed Nov 15 07:59:53 2023] GET /identity/v3/auth/tokens => generated 861 bytes in 286 msecs (HTTP/1.1 200) 6 headers in 358 bytes (1 switches on core 0)
Nov 15 07:59:53 user devstack@keystone.service[66769]: DEBUG keystone.server.flask.request_processing.middleware.auth_context [None req-51553951-7cfa-44f7-b2b6-84dbd5d071fb None admin] Authenticating user token {{(pid=66769) process_request /opt/stack/data/venv/lib/python3.10/site-packages/keystonemiddleware/auth_token/__init__.py:406}}
Nov 15 07:59:53 user devstack@keystone.service[66768]: DEBUG keystone.server.flask.request_processing.middleware.auth_context [None req-f4da221a-88e0-4a2f-b998-39bd960320de None admin] Validating token access rules against request {{(pid=66768) validate_allowed_request /opt/stack/data/venv/lib/python3.10/site-packages/keystonemiddleware/auth_token/__init__.py:544}}
Nov 15 07:59:53 user devstack@keystone.service[66770]: DEBUG keystone.server.flask.request_processing.middleware.auth_context [None req-e75544bc-3ae2-426a-8e2b-c62b8b904b24 None admin] Validating token access rules against request {{(pid=66770) validate_allowed_request /opt/stack/data/venv/lib/python3.10/site-packages/keystonemiddleware/auth_token/__init__.py:544}}
Nov 15 07:59:53 user devstack@keystone.service[66769]: DEBUG keystone.server.flask.request_processing.middleware.auth_context [None req-51553951-7cfa-44f7-b2b6-84dbd5d071fb None admin] Validating token access rules against request {{(pid=66769) validate_allowed_request /opt/stack/data/venv/lib/python3.10/site-packages/keystonemiddleware/auth_token/__init__.py:544}}
Nov 15 07:59:53 user devstack@keystone.service[66768]: DEBUG keystone.server.flask.request_processing.middleware.auth_context [None req-fe7a7c82-46b7-4a32-acc2-4730daab8c86 None admin] RBAC: auth_context: {'token': , 'domain_id': None, 'trust_id': None, 'trustor_id': None, 'trustee_id': None, 'domain_name': None, 'group_ids': [], 'user_id': 'ba6bd81d13b8430c918a21c8d227f7b0', 'user_domain_id': 'default', 'system_scope': 'all', 'project_id': None, 'project_domain_id': None, 'roles': ['admin', 'manager', 'member', 'reader'], 'is_admin_project': True, 'service_user_id': None, 'service_user_domain_id': None, 'service_project_id': None, 'service_project_domain_id': None, 'service_roles': []} {{(pid=66768) fill_context /opt/stack/keystone/keystone/server/flask/request_processing/middleware/auth_context.py:480}}
Nov 15 07:59:53 user devstack@keystone.service[66768]: DEBUG keystone.server.flask.request_processing.req_logging [None req-fe7a7c82-46b7-4a32-acc2-4730daab8c86 None admin] REQUEST_METHOD: `GET` {{(pid=66768) log_request_info /opt/stack/keystone/keystone/server/flask/request_processing/req_logging.py:27}}
Nov 15 07:59:53 user devstack@keystone.service[66768]: DEBUG keystone.server.flask.request_processing.req_logging [None req-fe7a7c82-46b7-4a32-acc2-4730daab8c86 None admin] SCRIPT_NAME: `/identity` {{(pid=66768) log_request_info /opt/stack/keystone/keystone/server/flask/request_processing/req_logging.py:28}}
Nov 15 07:59:53 user devstack@keystone.service[66768]: DEBUG keystone.server.flask.request_processing.req_logging [None req-fe7a7c82-46b7-4a32-acc2-4730daab8c86 None admin] PATH_INFO: `/v3/roles/member` {{(pid=66768) log_request_info /opt/stack/keystone/keystone/server/flask/request_processing/req_logging.py:29}}
Nov 15 07:59:53 user devstack@keystone.service[66768]: DEBUG keystone.common.rbac_enforcer.enforcer [None req-fe7a7c82-46b7-4a32-acc2-4730daab8c86 None admin] Extracting inferred target data resulted in "NOT FOUND (404)". {{(pid=66768) enforce_call /opt/stack/keystone/keystone/common/rbac_enforcer/enforcer.py:409}}
Nov 15 07:59:53 user devstack@keystone.service[66768]: ERROR keystone.server.flask.application [None req-fe7a7c82-46b7-4a32-acc2-4730daab8c86 None admin] Could not find role: member.: keystone.exception.RoleNotFound: Could not find role: member.
Nov 15 07:59:53 user devstack@keystone.service[66768]: ERROR keystone.server.flask.application
Traceback (most recent call last):
Nov 15 07:59:53 user devstack@keystone.service[66768]: ERROR keystone.server.flask.application
File "/opt/stack/data/venv/lib/python3.10/site-packages/flask/app.py", line 1823, in full_dispatch_request
Nov 15 07:59:53 user devstack@keystone.service[66768]: ERROR keystone.server.flask.application rv = self.dispatch_request()
Nov 15 07:59:53 user devstack@keystone.service[66768]: ERROR keystone.server.flask.application
File "/opt/stack/data/venv/lib/python3.10/site-packages/flask/app.py", line 1799, in dispatch_request
Nov 15 07:59:53 user devstack@keystone.service[66768]: ERROR keystone.server.flask.application return self.ensure_sync(self.view_functions[rule.endpoint])(**view_args)
Nov 15 07:59:53 user devstack@keystone.service[66768]: ERROR keystone.server.flask.application
File "/opt/stack/data/venv/lib/python3.10/site-packages/flask_restful/__init__.py", line 489, in wrapper
Nov 15 07:59:53 user devstack@keystone.service[66768]: ERROR keystone.server.flask.application resp = resource(*args, **kwargs)
Nov 15 07:59:53 user devstack@keystone.service[66768]: ERROR keystone.server.flask.application
File "/opt/stack/data/venv/lib/python3.10/site-packages/flask/views.py", line 107, in view
Nov 15 07:59:53 user devstack@keystone.service[66768]: ERROR keystone.server.flask.application return current_app.ensure_sync(self.dispatch_request)(**kwargs)
Nov 15 07:59:53 user devstack@keystone.service[66768]: ERROR keystone.server.flask.application
File "/opt/stack/data/venv/lib/python3.10/site-packages/flask_restful/__init__.py", line 604, in dispatch_request
Nov 15 07:59:53 user devstack@keystone.service[66768]: ERROR keystone.server.flask.application resp = meth(*args, **kwargs)
Nov 15 07:59:53 user devstack@keystone.service[66768]: ERROR keystone.server.flask.application
File "/opt/stack/keystone/keystone/api/roles.py", line 50, in get
Nov 15 07:59:53 user devstack@keystone.service[66768]: ERROR keystone.server.flask.application return self._get_role(role_id)
Nov 15 07:59:53 user devstack@keystone.service[66768]: ERROR keystone.server.flask.application
File "/opt/stack/keystone/keystone/api/roles.py", line 70, in _get_role
Nov 15 07:59:53 user devstack@keystone.service[66768]: ERROR keystone.server.flask.application ENFORCER.enforce_call(action='identity:get_role')
Nov 15 07:59:53 user devstack@keystone.service[66768]: ERROR keystone.server.flask.application
File "/opt/stack/keystone/keystone/common/rbac_enforcer/enforcer.py", line 402, in enforce_call
Nov 15 07:59:53 user devstack@keystone.service[66768]: ERROR keystone.server.flask.application policy_dict.update(cls._extract_member_target_data(
Nov 15 07:59:53 user devstack@keystone.service[66768]: ERROR keystone.server.flask.application
File "/opt/stack/keystone/keystone/common/rbac_enforcer/enforcer.py", line 234, in _extract_member_target_data
Nov 15 07:59:53 user devstack@keystone.service[66768]: ERROR keystone.server.flask.application member_name: func(flask.request.view_args[key])
Nov 15 07:59:53 user devstack@keystone.service[66768]: ERROR keystone.server.flask.application
File "/opt/stack/keystone/keystone/common/manager.py", line 115, in wrapped
Nov 15 07:59:53 user devstack@keystone.service[66768]: ERROR keystone.server.flask.application __ret_val = __f(*args, **kwargs)
Nov 15 07:59:53 user devstack@keystone.service[66768]: ERROR keystone.server.flask.application
File "/opt/stack/data/venv/lib/python3.10/site-packages/decorator.py", line 232, in fun
Nov 15 07:59:53 user devstack@keystone.service[66768]: ERROR keystone.server.flask.application return caller(func, *(extras + args), **kw)
Nov 15 07:59:53 user devstack@keystone.service[66768]: ERROR keystone.server.flask.application
File "/opt/stack/data/venv/lib/python3.10/site-packages/dogpile/cache/region.py", line 1594, in get_or_create_for_user_func
Nov 15 07:59:53 user devstack@keystone.service[66768]: ERROR keystone.server.flask.application return self.get_or_create(
Nov 15 07:59:53 user devstack@keystone.service[66768]: ERROR keystone.server.flask.application
File "/opt/stack/data/venv/lib/python3.10/site-packages/dogpile/cache/region.py", line 1054, in get_or_create
Nov 15 07:59:53 user devstack@keystone.service[66768]: ERROR keystone.server.flask.application with Lock(
Nov 15 07:59:53 user devstack@keystone.service[66768]: ERROR keystone.server.flask.application
File "/opt/stack/data/venv/lib/python3.10/site-packages/dogpile/lock.py", line 185, in __enter__
Nov 15 07:59:53 user devstack@keystone.service[66768]: ERROR keystone.server.flask.application return self._enter()
Nov 15 07:59:53 user devstack@keystone.service[66768]: ERROR keystone.server.flask.application
File "/opt/stack/data/venv/lib/python3.10/site-packages/dogpile/lock.py", line 94, in _enter
Nov 15 07:59:53 user devstack@keystone.service[66768]: ERROR keystone.server.flask.application generated = self._enter_create(value, createdtime)
Nov 15 07:59:53 user devstack@keystone.service[66768]: ERROR keystone.server.flask.application
File "/opt/stack/data/venv/lib/python3.10/site-packages/dogpile/lock.py", line 178, in _enter_create
Nov 15 07:59:53 user devstack@keystone.service[66768]: ERROR keystone.server.flask.application return self.creator()
Nov 15 07:59:53 user devstack@keystone.service[66768]: ERROR keystone.server.flask.application
File "/opt/stack/data/venv/lib/python3.10/site-packages/dogpile/cache/region.py", line 1007, in gen_value
Nov 15 07:59:53 user devstack@keystone.service[66768]: ERROR keystone.server.flask.application created_value = creator(
Nov 15 07:59:53 user devstack@keystone.service[66768]: ERROR keystone.server.flask.application
File "/opt/stack/keystone/keystone/assignment/core.py", line 1276, in get_role
Nov 15 07:59:53 user devstack@keystone.service[66768]: ERROR keystone.server.flask.application return self.driver.get_role(role_id)
Nov 15 07:59:53 user devstack@keystone.service[66768]: ERROR keystone.server.flask.application
File "/opt/stack/keystone/keystone/assignment/role_backends/sql.py", line 70, in get_role
Nov 15 07:59:53 user devstack@keystone.service[66768]: ERROR keystone.server.flask.application return self._get_role(session, role_id).to_dict()
Nov 15 07:59:53 user devstack@keystone.service[66768]: ERROR keystone.server.flask.application
File "/opt/stack/keystone/keystone/assignment/role_backends/sql.py", line 65, in _get_role
Nov 15 07:59:53 user devstack@keystone.service[66768]: ERROR keystone.server.flask.application raise exception.RoleNotFound(role_id=role_id)
Nov 15 07:59:53 user devstack@keystone.service[66768]: ERROR keystone.server.flask.application keystone.exception.RoleNotFound: Could not find role: member.
Nov 15 07:59:53 user devstack@keystone.service[66768]: ERROR keystone.server.flask.application
Nov 15 07:59:53 user devstack@keystone.service[66768]: [pid: 66768|app: 0|req: 32/96] 10.0.0.210 () {56 vars in 1094 bytes} [Wed Nov 15 07:59:53 2023] GET /identity/v3/roles/member => generated 84 bytes in 142 msecs (HTTP/1.1 404) 5 headers in 183 bytes (1 switches on core 0)
Nov 15 07:59:53 user devstack@keystone.service[66768]: DEBUG keystone.server.flask.request_processing.middleware.auth_context [None req-fe7a7c82-46b7-4a32-acc2-4730daab8c86 None admin] Authenticating user token {{(pid=66768) process_request /opt/stack/data/venv/lib/python3.10/site-packages/keystonemiddleware/auth_token/__init__.py:406}}
Nov 15 07:59:53 user devstack@keystone.service[66770]: DEBUG keystone.server.flask.request_processing.middleware.auth_context [None req-30508b89-e048-4af9-aad8-534a499de951 None admin] RBAC: auth_context: {'token': , 'domain_id': None, 'trust_id': None, 'trustor_id': None, 'trustee_id': None, 'domain_name': None, 'group_ids': [], 'user_id': 'ba6bd81d13b8430c918a21c8d227f7b0', 'user_domain_id': 'default', 'system_scope': 'all', 'project_id': None, 'project_domain_id': None, 'roles': ['admin', 'manager', 'member', 'reader'], 'is_admin_project': True, 'service_user_id': None, 'service_user_domain_id': None, 'service_project_id': None, 'service_project_domain_id': None, 'service_roles': []} {{(pid=66770) fill_context /opt/stack/keystone/keystone/server/flask/request_processing/middleware/auth_context.py:480}}
Nov 15 07:59:53 user devstack@keystone.service[66770]: DEBUG keystone.server.flask.request_processing.req_logging [None req-30508b89-e048-4af9-aad8-534a499de951 None admin] REQUEST_METHOD: `GET` {{(pid=66770) log_request_info /opt/stack/keystone/keystone/server/flask/request_processing/req_logging.py:27}}
Nov 15 07:59:53 user devstack@keystone.service[66770]: DEBUG keystone.server.flask.request_processing.req_logging [None req-30508b89-e048-4af9-aad8-534a499de951 None admin] SCRIPT_NAME: `/identity` {{(pid=66770) log_request_info /opt/stack/keystone/keystone/server/flask/request_processing/req_logging.py:28}}
Nov 15 07:59:53 user devstack@keystone.service[66770]: DEBUG keystone.server.flask.request_processing.req_logging [None req-30508b89-e048-4af9-aad8-534a499de951 None admin] PATH_INFO: `/v3/users/aa8a35c87f914c249620b50e2691d6a4` {{(pid=66770) log_request_info /opt/stack/keystone/keystone/server/flask/request_processing/req_logging.py:29}}
Nov 15 07:59:53 user devstack@keystone.service[66770]: DEBUG keystone.common.rbac_enforcer.enforcer [None req-30508b89-e048-4af9-aad8-534a499de951 None admin] RBAC: Authorizing `identity:get_user(user_id=aa8a35c87f914c249620b50e2691d6a4)` {{(pid=66770) enforce_call /opt/stack/keystone/keystone/common/rbac_enforcer/enforcer.py:449}}
Nov 15 07:59:53 user devstack@keystone.service[66770]: DEBUG keystone.common.rbac_enforcer.enforcer [None req-30508b89-e048-4af9-aad8-534a499de951 None admin] RBAC: Authorization granted {{(pid=66770) enforce_call /opt/stack/keystone/keystone/common/rbac_enforcer/enforcer.py:457}}
Nov 15 07:59:53 user devstack@keystone.service[66770]: [pid: 66770|app: 0|req: 32/97] 10.0.0.210 () {56 vars in 1172 bytes} [Wed Nov 15 07:59:53 2023] GET /identity/v3/users/aa8a35c87f914c249620b50e2691d6a4 => generated 274 bytes in 128 msecs (HTTP/1.1 200) 5 headers in 177 bytes (1 switches on core 0)
Nov 15 07:59:53 user devstack@keystone.service[66770]: DEBUG keystone.server.flask.request_processing.middleware.auth_context [None req-30508b89-e048-4af9-aad8-534a499de951 None admin] Authenticating user token {{(pid=66770) process_request /opt/stack/data/venv/lib/python3.10/site-packages/keystonemiddleware/auth_token/__init__.py:406}}
Nov 15 07:59:53 user devstack@keystone.service[66769]: DEBUG keystone.server.flask.request_processing.middleware.auth_context [None req-70200918-1f2e-4d41-a3d2-709f8f8a25bd None admin] RBAC: auth_context: {'token': , 'domain_id': None, 'trust_id': None, 'trustor_id': None, 'trustee_id': None, 'domain_name': None, 'group_ids': [], 'user_id': 'ba6bd81d13b8430c918a21c8d227f7b0', 'user_domain_id': 'default', 'system_scope': 'all', 'project_id': None, 'project_domain_id': None, 'roles': ['admin', 'manager', 'member', 'reader'], 'is_admin_project': True, 'service_user_id': None, 'service_user_domain_id': None, 'service_project_id': None, 'service_project_domain_id': None, 'service_roles': []} {{(pid=66769) fill_context /opt/stack/keystone/keystone/server/flask/request_processing/middleware/auth_context.py:480}}
Nov 15 07:59:53 user devstack@keystone.service[66769]: DEBUG keystone.server.flask.request_processing.req_logging [None req-70200918-1f2e-4d41-a3d2-709f8f8a25bd None admin] REQUEST_METHOD: `POST` {{(pid=66769) log_request_info /opt/stack/keystone/keystone/server/flask/request_processing/req_logging.py:27}}
Nov 15 07:59:53 user devstack@keystone.service[66769]: DEBUG keystone.server.flask.request_processing.req_logging [None req-70200918-1f2e-4d41-a3d2-709f8f8a25bd None admin] SCRIPT_NAME: `/identity` {{(pid=66769) log_request_info /opt/stack/keystone/keystone/server/flask/request_processing/req_logging.py:28}}
Nov 15 07:59:53 user devstack@keystone.service[66769]: DEBUG keystone.server.flask.request_processing.req_logging [None req-70200918-1f2e-4d41-a3d2-709f8f8a25bd None admin] PATH_INFO: `/v3/projects` {{(pid=66769) log_request_info /opt/stack/keystone/keystone/server/flask/request_processing/req_logging.py:29}}
Nov 15 07:59:53 user devstack@keystone.service[66769]: DEBUG keystone.common.rbac_enforcer.enforcer [None req-70200918-1f2e-4d41-a3d2-709f8f8a25bd None admin] RBAC: Authorizing `identity:create_project()` {{(pid=66769) enforce_call /opt/stack/keystone/keystone/common/rbac_enforcer/enforcer.py:449}}
Nov 15 07:59:53 user devstack@keystone.service[66769]: DEBUG keystone.common.rbac_enforcer.enforcer [None req-70200918-1f2e-4d41-a3d2-709f8f8a25bd None admin] RBAC: Authorization granted {{(pid=66769) enforce_call /opt/stack/keystone/keystone/common/rbac_enforcer/enforcer.py:457}}
Nov 15 07:59:53 user devstack@keystone.service[66769]: [pid: 66769|app: 0|req: 34/98] 10.0.0.210 () {60 vars in 1136 bytes} [Wed Nov 15 07:59:53 2023] POST /identity/v3/projects => generated 301 bytes in 152 msecs (HTTP/1.1 201) 5 headers in 182 bytes (1 switches on core 0)
Nov 15 07:59:53 user devstack@keystone.service[66769]: DEBUG keystone.server.flask.request_processing.middleware.auth_context [None req-70200918-1f2e-4d41-a3d2-709f8f8a25bd None admin] Authenticating user token {{(pid=66769) process_request /opt/stack/data/venv/lib/python3.10/site-packages/keystonemiddleware/auth_token/__init__.py:406}}
Nov 15 07:59:54 user devstack@keystone.service[66768]: DEBUG keystone.server.flask.request_processing.middleware.auth_context [None req-fe7a7c82-46b7-4a32-acc2-4730daab8c86 None admin] Validating token access rules against request {{(pid=66768) validate_allowed_request /opt/stack/data/venv/lib/python3.10/site-packages/keystonemiddleware/auth_token/__init__.py:544}}
Nov 15 07:59:54 user devstack@keystone.service[66770]: DEBUG keystone.server.flask.request_processing.middleware.auth_context [None req-30508b89-e048-4af9-aad8-534a499de951 None admin] Validating token access rules against request {{(pid=66770) validate_allowed_request /opt/stack/data/venv/lib/python3.10/site-packages/keystonemiddleware/auth_token/__init__.py:544}}
Nov 15 07:59:54 user devstack@keystone.service[66769]: DEBUG keystone.server.flask.request_processing.middleware.auth_context [None req-70200918-1f2e-4d41-a3d2-709f8f8a25bd None admin] Validating token access rules against request {{(pid=66769) validate_allowed_request /opt/stack/data/venv/lib/python3.10/site-packages/keystonemiddleware/auth_token/__init__.py:544}}
Nov 15 07:59:54 user devstack@keystone.service[66768]: DEBUG keystone.server.flask.request_processing.middleware.auth_context [None req-7843aebb-4a54-4992-9dec-3d6500d73c18 None admin] RBAC: auth_context: {'token': , 'domain_id': None, 'trust_id': None, 'trustor_id': None, 'trustee_id': None, 'domain_name': None, 'group_ids': [], 'user_id': 'ba6bd81d13b8430c918a21c8d227f7b0', 'user_domain_id': 'default', 'system_scope': 'all', 'project_id': None, 'project_domain_id': None, 'roles': ['admin', 'manager', 'member', 'reader'], 'is_admin_project': True, 'service_user_id': None, 'service_user_domain_id': None, 'service_project_id': None, 'service_project_domain_id': None, 'service_roles': []} {{(pid=66768) fill_context /opt/stack/keystone/keystone/server/flask/request_processing/middleware/auth_context.py:480}}
Nov 15 07:59:54 user devstack@keystone.service[66768]: DEBUG keystone.server.flask.request_processing.req_logging [None req-7843aebb-4a54-4992-9dec-3d6500d73c18 None admin] REQUEST_METHOD: `GET` {{(pid=66768) log_request_info /opt/stack/keystone/keystone/server/flask/request_processing/req_logging.py:27}}
Nov 15 07:59:54 user devstack@keystone.service[66768]: DEBUG keystone.server.flask.request_processing.req_logging [None req-7843aebb-4a54-4992-9dec-3d6500d73c18 None admin] SCRIPT_NAME: `/identity` {{(pid=66768) log_request_info /opt/stack/keystone/keystone/server/flask/request_processing/req_logging.py:28}}
Nov 15 07:59:54 user devstack@keystone.service[66770]: DEBUG keystone.server.flask.request_processing.middleware.auth_context [None req-e58a7bc1-9a77-4ed4-8a21-75187df0a81a None admin] RBAC: auth_context: {'token': , 'domain_id': None, 'trust_id': None, 'trustor_id': None, 'trustee_id': None, 'domain_name': None, 'group_ids': [], 'user_id': 'ba6bd81d13b8430c918a21c8d227f7b0', 'user_domain_id': 'default', 'system_scope': 'all', 'project_id': None, 'project_domain_id': None, 'roles': ['admin', 'manager', 'member', 'reader'], 'is_admin_project': True, 'service_user_id': None, 'service_user_domain_id': None, 'service_project_id': None, 'service_project_domain_id': None, 'service_roles': []} {{(pid=66770) fill_context /opt/stack/keystone/keystone/server/flask/request_processing/middleware/auth_context.py:480}}
Nov 15 07:59:54 user devstack@keystone.service[66768]: DEBUG keystone.server.flask.request_processing.req_logging [None req-7843aebb-4a54-4992-9dec-3d6500d73c18 None admin] PATH_INFO: `/v3/projects/d90e76e4396c497984060aa01ff4b01a` {{(pid=66768) log_request_info /opt/stack/keystone/keystone/server/flask/request_processing/req_logging.py:29}}
Nov 15 07:59:54 user devstack@keystone.service[66770]: DEBUG keystone.server.flask.request_processing.req_logging [None req-e58a7bc1-9a77-4ed4-8a21-75187df0a81a None admin] REQUEST_METHOD: `GET` {{(pid=66770) log_request_info /opt/stack/keystone/keystone/server/flask/request_processing/req_logging.py:27}}
Nov 15 07:59:54 user devstack@keystone.service[66770]: DEBUG keystone.server.flask.request_processing.req_logging [None req-e58a7bc1-9a77-4ed4-8a21-75187df0a81a None admin] SCRIPT_NAME: `/identity` {{(pid=66770) log_request_info /opt/stack/keystone/keystone/server/flask/request_processing/req_logging.py:28}}
Nov 15 07:59:54 user devstack@keystone.service[66770]: DEBUG keystone.server.flask.request_processing.req_logging [None req-e58a7bc1-9a77-4ed4-8a21-75187df0a81a None admin] PATH_INFO: `/v3/role_assignments` {{(pid=66770) log_request_info /opt/stack/keystone/keystone/server/flask/request_processing/req_logging.py:29}}
Nov 15 07:59:54 user devstack@keystone.service[66770]: DEBUG keystone.common.rbac_enforcer.enforcer [None req-e58a7bc1-9a77-4ed4-8a21-75187df0a81a None admin] RBAC: Adding query filter params (role.id=ca5bdf37da7a4b8792072999dc0135c8, scope.project.id=d90e76e4396c497984060aa01ff4b01a, user.id=aa8a35c87f914c249620b50e2691d6a4) {{(pid=66770) _extract_filter_values /opt/stack/keystone/keystone/common/rbac_enforcer/enforcer.py:167}}
Nov 15 07:59:54 user devstack@keystone.service[66770]: DEBUG keystone.common.rbac_enforcer.enforcer [None req-e58a7bc1-9a77-4ed4-8a21-75187df0a81a None admin] RBAC: Authorizing `identity:list_role_assignments()` {{(pid=66770) enforce_call /opt/stack/keystone/keystone/common/rbac_enforcer/enforcer.py:449}}
Nov 15 07:59:54 user devstack@keystone.service[66768]: DEBUG keystone.common.rbac_enforcer.enforcer [None req-7843aebb-4a54-4992-9dec-3d6500d73c18 None admin] RBAC: Authorizing `identity:get_project(project_id=d90e76e4396c497984060aa01ff4b01a)` {{(pid=66768) enforce_call /opt/stack/keystone/keystone/common/rbac_enforcer/enforcer.py:449}}
Nov 15 07:59:54 user devstack@keystone.service[66770]: DEBUG keystone.common.rbac_enforcer.enforcer [None req-e58a7bc1-9a77-4ed4-8a21-75187df0a81a None admin] RBAC: Authorization granted {{(pid=66770) enforce_call /opt/stack/keystone/keystone/common/rbac_enforcer/enforcer.py:457}}
Nov 15 07:59:54 user devstack@keystone.service[66768]: DEBUG keystone.common.rbac_enforcer.enforcer [None req-7843aebb-4a54-4992-9dec-3d6500d73c18 None admin] RBAC: Authorization granted {{(pid=66768) enforce_call /opt/stack/keystone/keystone/common/rbac_enforcer/enforcer.py:457}}
Nov 15 07:59:54 user devstack@keystone.service[66768]: [pid: 66768|app: 0|req: 33/99] 10.0.0.210 () {56 vars in 1181 bytes} [Wed Nov 15 07:59:53 2023] GET /identity/v3/projects/d90e76e4396c497984060aa01ff4b01a => generated 297 bytes in 149 msecs (HTTP/1.1 200) 5 headers in 177 bytes (1 switches on core 0)
Nov 15 07:59:54 user devstack@keystone.service[66768]: DEBUG keystone.server.flask.request_processing.middleware.auth_context [None req-7843aebb-4a54-4992-9dec-3d6500d73c18 None admin] Authenticating user token {{(pid=66768) process_request /opt/stack/data/venv/lib/python3.10/site-packages/keystonemiddleware/auth_token/__init__.py:406}}
Nov 15 07:59:54 user devstack@keystone.service[66770]: [pid: 66770|app: 0|req: 33/100] 10.0.0.210 () {56 vars in 1369 bytes} [Wed Nov 15 07:59:53 2023] GET /identity/v3/role_assignments?user.id=aa8a35c87f914c249620b50e2691d6a4&scope.project.id=d90e76e4396c497984060aa01ff4b01a&role.id=ca5bdf37da7a4b8792072999dc0135c8 => generated 606 bytes in 145 msecs (HTTP/1.1 200) 5 headers in 177 bytes (1 switches on core 0)
Nov 15 07:59:54 user devstack@keystone.service[66770]: DEBUG keystone.server.flask.request_processing.middleware.auth_context [None req-e58a7bc1-9a77-4ed4-8a21-75187df0a81a None admin] Authenticating user token {{(pid=66770) process_request /opt/stack/data/venv/lib/python3.10/site-packages/keystonemiddleware/auth_token/__init__.py:406}}
Nov 15 07:59:54 user devstack@keystone.service[66769]: DEBUG keystone.server.flask.request_processing.middleware.auth_context [None req-56bd8edb-dbd2-49a3-8a04-5b3edb588cf6 None admin] RBAC: auth_context: {'token': , 'domain_id': None, 'trust_id': None, 'trustor_id': None, 'trustee_id': None, 'domain_name': None, 'group_ids': [], 'user_id': 'ba6bd81d13b8430c918a21c8d227f7b0', 'user_domain_id': 'default', 'system_scope': 'all', 'project_id': None, 'project_domain_id': None, 'roles': ['admin', 'manager', 'member', 'reader'], 'is_admin_project': True, 'service_user_id': None, 'service_user_domain_id': None, 'service_project_id': None, 'service_project_domain_id': None, 'service_roles': []} {{(pid=66769) fill_context /opt/stack/keystone/keystone/server/flask/request_processing/middleware/auth_context.py:480}}
Nov 15 07:59:54 user devstack@keystone.service[66769]: DEBUG keystone.server.flask.request_processing.req_logging [None req-56bd8edb-dbd2-49a3-8a04-5b3edb588cf6 None admin] REQUEST_METHOD: `GET` {{(pid=66769) log_request_info /opt/stack/keystone/keystone/server/flask/request_processing/req_logging.py:27}}
Nov 15 07:59:54 user devstack@keystone.service[66769]: DEBUG keystone.server.flask.request_processing.req_logging [None req-56bd8edb-dbd2-49a3-8a04-5b3edb588cf6 None admin] SCRIPT_NAME: `/identity` {{(pid=66769) log_request_info /opt/stack/keystone/keystone/server/flask/request_processing/req_logging.py:28}}
Nov 15 07:59:54 user devstack@keystone.service[66769]: DEBUG keystone.server.flask.request_processing.req_logging [None req-56bd8edb-dbd2-49a3-8a04-5b3edb588cf6 None admin] PATH_INFO: `/v3/projects/d90e76e4396c497984060aa01ff4b01a` {{(pid=66769) log_request_info /opt/stack/keystone/keystone/server/flask/request_processing/req_logging.py:29}}
Nov 15 07:59:54 user devstack@keystone.service[66769]: DEBUG keystone.common.rbac_enforcer.enforcer [None req-56bd8edb-dbd2-49a3-8a04-5b3edb588cf6 None admin] RBAC: Authorizing `identity:get_project(project_id=d90e76e4396c497984060aa01ff4b01a)` {{(pid=66769) enforce_call /opt/stack/keystone/keystone/common/rbac_enforcer/enforcer.py:449}}
Nov 15 07:59:54 user devstack@keystone.service[66769]: DEBUG keystone.common.rbac_enforcer.enforcer [None req-56bd8edb-dbd2-49a3-8a04-5b3edb588cf6 None admin] RBAC: Authorization granted {{(pid=66769) enforce_call /opt/stack/keystone/keystone/common/rbac_enforcer/enforcer.py:457}}
Nov 15 07:59:54 user devstack@keystone.service[66769]: [pid: 66769|app: 0|req: 35/101] 10.0.0.210 () {56 vars in 1181 bytes} [Wed Nov 15 07:59:53 2023] GET /identity/v3/projects/d90e76e4396c497984060aa01ff4b01a => generated 297 bytes in 133 msecs (HTTP/1.1 200) 5 headers in 177 bytes (1 switches on core 0)
Nov 15 07:59:54 user devstack@keystone.service[66769]: DEBUG keystone.server.flask.request_processing.middleware.auth_context [None req-56bd8edb-dbd2-49a3-8a04-5b3edb588cf6 None admin] Authenticating user token {{(pid=66769) process_request /opt/stack/data/venv/lib/python3.10/site-packages/keystonemiddleware/auth_token/__init__.py:406}}
Nov 15 07:59:54 user devstack@keystone.service[66770]: DEBUG keystone.server.flask.request_processing.middleware.auth_context [None req-e58a7bc1-9a77-4ed4-8a21-75187df0a81a None admin] Validating token access rules against request {{(pid=66770) validate_allowed_request /opt/stack/data/venv/lib/python3.10/site-packages/keystonemiddleware/auth_token/__init__.py:544}}
Nov 15 07:59:54 user devstack@keystone.service[66768]: DEBUG keystone.server.flask.request_processing.middleware.auth_context [None req-7843aebb-4a54-4992-9dec-3d6500d73c18 None admin] Validating token access rules against request {{(pid=66768) validate_allowed_request /opt/stack/data/venv/lib/python3.10/site-packages/keystonemiddleware/auth_token/__init__.py:544}}
Nov 15 07:59:54 user devstack@keystone.service[66770]: DEBUG keystone.server.flask.request_processing.middleware.auth_context [None req-e90488a8-2ac1-44c1-8559-ed822c99b464 None admin] RBAC: auth_context: {'token': , 'domain_id': None, 'trust_id': None, 'trustor_id': None, 'trustee_id': None, 'domain_name': None, 'group_ids': [], 'user_id': 'ba6bd81d13b8430c918a21c8d227f7b0', 'user_domain_id': 'default', 'system_scope': 'all', 'project_id': None, 'project_domain_id': None, 'roles': ['admin', 'manager', 'member', 'reader'], 'is_admin_project': True, 'service_user_id': None, 'service_user_domain_id': None, 'service_project_id': None, 'service_project_domain_id': None, 'service_roles': []} {{(pid=66770) fill_context /opt/stack/keystone/keystone/server/flask/request_processing/middleware/auth_context.py:480}}
Nov 15 07:59:54 user devstack@keystone.service[66770]: DEBUG keystone.server.flask.request_processing.req_logging [None req-e90488a8-2ac1-44c1-8559-ed822c99b464 None admin] REQUEST_METHOD: `GET` {{(pid=66770) log_request_info /opt/stack/keystone/keystone/server/flask/request_processing/req_logging.py:27}}
Nov 15 07:59:54 user devstack@keystone.service[66770]: DEBUG keystone.server.flask.request_processing.req_logging [None req-e90488a8-2ac1-44c1-8559-ed822c99b464 None admin] SCRIPT_NAME: `/identity` {{(pid=66770) log_request_info /opt/stack/keystone/keystone/server/flask/request_processing/req_logging.py:28}}
Nov 15 07:59:54 user devstack@keystone.service[66770]: DEBUG keystone.server.flask.request_processing.req_logging [None req-e90488a8-2ac1-44c1-8559-ed822c99b464 None admin] PATH_INFO: `/v3/auth/tokens` {{(pid=66770) log_request_info /opt/stack/keystone/keystone/server/flask/request_processing/req_logging.py:29}}
Nov 15 07:59:54 user devstack@keystone.service[66769]: DEBUG keystone.server.flask.request_processing.middleware.auth_context [None req-56bd8edb-dbd2-49a3-8a04-5b3edb588cf6 None admin] Validating token access rules against request {{(pid=66769) validate_allowed_request /opt/stack/data/venv/lib/python3.10/site-packages/keystonemiddleware/auth_token/__init__.py:544}}
Nov 15 07:59:54 user devstack@keystone.service[66768]: DEBUG keystone.server.flask.request_processing.middleware.auth_context [None req-a4a38c89-8dc7-4402-afe4-8e21a225fdc9 None admin] RBAC: auth_context: {'token': , 'domain_id': None, 'trust_id': None, 'trustor_id': None, 'trustee_id': None, 'domain_name': None, 'group_ids': [], 'user_id': 'ba6bd81d13b8430c918a21c8d227f7b0', 'user_domain_id': 'default', 'system_scope': 'all', 'project_id': None, 'project_domain_id': None, 'roles': ['admin', 'manager', 'member', 'reader'], 'is_admin_project': True, 'service_user_id': None, 'service_user_domain_id': None, 'service_project_id': None, 'service_project_domain_id': None, 'service_roles': []} {{(pid=66768) fill_context /opt/stack/keystone/keystone/server/flask/request_processing/middleware/auth_context.py:480}}
Nov 15 07:59:54 user devstack@keystone.service[66768]: DEBUG keystone.server.flask.request_processing.req_logging [None req-a4a38c89-8dc7-4402-afe4-8e21a225fdc9 None admin] REQUEST_METHOD: `GET` {{(pid=66768) log_request_info /opt/stack/keystone/keystone/server/flask/request_processing/req_logging.py:27}}
Nov 15 07:59:54 user devstack@keystone.service[66768]: DEBUG keystone.server.flask.request_processing.req_logging [None req-a4a38c89-8dc7-4402-afe4-8e21a225fdc9 None admin] SCRIPT_NAME: `/identity` {{(pid=66768) log_request_info /opt/stack/keystone/keystone/server/flask/request_processing/req_logging.py:28}}
Nov 15 07:59:54 user devstack@keystone.service[66768]: DEBUG keystone.server.flask.request_processing.req_logging [None req-a4a38c89-8dc7-4402-afe4-8e21a225fdc9 None admin] PATH_INFO: `/v3/roles` {{(pid=66768) log_request_info /opt/stack/keystone/keystone/server/flask/request_processing/req_logging.py:29}}
Nov 15 07:59:54 user devstack@keystone.service[66768]: DEBUG keystone.common.rbac_enforcer.enforcer [None req-a4a38c89-8dc7-4402-afe4-8e21a225fdc9 None admin] RBAC: Adding query filter params (name=member) {{(pid=66768) _extract_filter_values /opt/stack/keystone/keystone/common/rbac_enforcer/enforcer.py:167}}
Nov 15 07:59:54 user devstack@keystone.service[66768]: DEBUG keystone.common.rbac_enforcer.enforcer [None req-a4a38c89-8dc7-4402-afe4-8e21a225fdc9 None admin] RBAC: Authorizing `identity:list_roles()` {{(pid=66768) enforce_call /opt/stack/keystone/keystone/common/rbac_enforcer/enforcer.py:449}}
Nov 15 07:59:54 user devstack@keystone.service[66768]: DEBUG keystone.common.rbac_enforcer.enforcer [None req-a4a38c89-8dc7-4402-afe4-8e21a225fdc9 None admin] RBAC: Authorization granted {{(pid=66768) enforce_call /opt/stack/keystone/keystone/common/rbac_enforcer/enforcer.py:457}}
Nov 15 07:59:54 user devstack@keystone.service[66768]: [pid: 66768|app: 0|req: 34/102] 10.0.0.210 () {56 vars in 1096 bytes} [Wed Nov 15 07:59:54 2023] GET /identity/v3/roles?name=member => generated 339 bytes in 169 msecs (HTTP/1.1 200) 5 headers in 177 bytes (1 switches on core 0)
Nov 15 07:59:54 user devstack@keystone.service[66768]: DEBUG keystone.server.flask.request_processing.middleware.auth_context [None req-a4a38c89-8dc7-4402-afe4-8e21a225fdc9 None admin] Authenticating user token {{(pid=66768) process_request /opt/stack/data/venv/lib/python3.10/site-packages/keystonemiddleware/auth_token/__init__.py:406}}
Nov 15 07:59:54 user devstack@keystone.service[66769]: DEBUG keystone.server.flask.request_processing.middleware.auth_context [None req-728d8b3e-f37e-4935-9b32-d9cce423a037 None admin] RBAC: auth_context: {'token': , 'domain_id': None, 'trust_id': None, 'trustor_id': None, 'trustee_id': None, 'domain_name': None, 'group_ids': [], 'user_id': 'ba6bd81d13b8430c918a21c8d227f7b0', 'user_domain_id': 'default', 'system_scope': 'all', 'project_id': None, 'project_domain_id': None, 'roles': ['admin', 'manager', 'member', 'reader'], 'is_admin_project': True, 'service_user_id': None, 'service_user_domain_id': None, 'service_project_id': None, 'service_project_domain_id': None, 'service_roles': []} {{(pid=66769) fill_context /opt/stack/keystone/keystone/server/flask/request_processing/middleware/auth_context.py:480}}
Nov 15 07:59:54 user devstack@keystone.service[66769]: DEBUG keystone.server.flask.request_processing.req_logging [None req-728d8b3e-f37e-4935-9b32-d9cce423a037 None admin] REQUEST_METHOD: `PUT` {{(pid=66769) log_request_info /opt/stack/keystone/keystone/server/flask/request_processing/req_logging.py:27}}
Nov 15 07:59:54 user devstack@keystone.service[66769]: DEBUG keystone.server.flask.request_processing.req_logging [None req-728d8b3e-f37e-4935-9b32-d9cce423a037 None admin] SCRIPT_NAME: `/identity` {{(pid=66769) log_request_info /opt/stack/keystone/keystone/server/flask/request_processing/req_logging.py:28}}
Nov 15 07:59:54 user devstack@keystone.service[66769]: DEBUG keystone.server.flask.request_processing.req_logging [None req-728d8b3e-f37e-4935-9b32-d9cce423a037 None admin] PATH_INFO: `/v3/projects/d90e76e4396c497984060aa01ff4b01a/users/db531ddda96544d781ffe6f06c1a2189/roles/e8f89b2b8a964c1b96bad6850e4f2fcf` {{(pid=66769) log_request_info /opt/stack/keystone/keystone/server/flask/request_processing/req_logging.py:29}}
