Nov 15 23:20:23 user devstack@n-api.service[66379]: DEBUG nova.api.openstack.wsgi [req-abf6c54a-5529-4c1b-bd6c-46d2485e45af req-01fb2772-3cbc-481b-b184-7bc6b11d00f0 service nova] Action: 'create', calling method: >, body: {"events": [{"name": "network-changed", "server_uuid": "53814dee-eafa-4742-9888-2bfcafa5ee91", "tag": "15463d4f-33b1-488b-85a6-ba2d5c15c10b"}]} {{(pid=66379) _process_stack /opt/stack/nova/nova/api/openstack/wsgi.py:511}}
Nov 15 23:20:23 user devstack@n-api.service[66379]: DEBUG oslo_concurrency.lockutils [req-abf6c54a-5529-4c1b-bd6c-46d2485e45af req-01fb2772-3cbc-481b-b184-7bc6b11d00f0 service nova] Acquiring lock "eb0ee17f-22e8-4b10-958e-587f56bf0672" by "nova.context.set_target_cell..get_or_set_cached_cell_and_set_connections" {{(pid=66379) inner /opt/stack/data/venv/lib/python3.10/site-packages/oslo_concurrency/lockutils.py:404}}
Nov 15 23:20:23 user devstack@n-api.service[66379]: DEBUG oslo_concurrency.lockutils [req-abf6c54a-5529-4c1b-bd6c-46d2485e45af req-01fb2772-3cbc-481b-b184-7bc6b11d00f0 service nova] Lock "eb0ee17f-22e8-4b10-958e-587f56bf0672" acquired by "nova.context.set_target_cell..get_or_set_cached_cell_and_set_connections" :: waited 0.001s {{(pid=66379) inner /opt/stack/data/venv/lib/python3.10/site-packages/oslo_concurrency/lockutils.py:409}}
Nov 15 23:20:23 user devstack@n-api.service[66379]: DEBUG oslo_concurrency.lockutils [req-abf6c54a-5529-4c1b-bd6c-46d2485e45af req-01fb2772-3cbc-481b-b184-7bc6b11d00f0 service nova] Lock "eb0ee17f-22e8-4b10-958e-587f56bf0672" "released" by "nova.context.set_target_cell..get_or_set_cached_cell_and_set_connections" :: held 0.000s {{(pid=66379) inner /opt/stack/data/venv/lib/python3.10/site-packages/oslo_concurrency/lockutils.py:423}}
Nov 15 23:20:23 user devstack@n-api.service[66379]: INFO nova.api.openstack.compute.server_external_events [req-abf6c54a-5529-4c1b-bd6c-46d2485e45af req-01fb2772-3cbc-481b-b184-7bc6b11d00f0 service nova] Creating event network-changed:15463d4f-33b1-488b-85a6-ba2d5c15c10b for instance 53814dee-eafa-4742-9888-2bfcafa5ee91 on user
Nov 15 23:20:23 user devstack@n-api.service[66379]: INFO nova.api.openstack.requestlog [req-abf6c54a-5529-4c1b-bd6c-46d2485e45af req-01fb2772-3cbc-481b-b184-7bc6b11d00f0 service nova] 10.0.0.210 "POST /compute/v2.1/os-server-external-events" status: 200 len: 179 microversion: 2.1 time: 0.046132
Nov 15 23:20:23 user devstack@n-api.service[66379]: [pid: 66379|app: 0|req: 118/353] 10.0.0.210 () {68 vars in 1394 bytes} [Wed Nov 15 23:20:23 2023] POST /compute/v2.1/os-server-external-events => generated 179 bytes in 48 msecs (HTTP/1.1 200) 9 headers in 357 bytes (1 switches on core 0)
Nov 15 23:20:26 user devstack@n-api.service[66378]: DEBUG nova.api.openstack.wsgi [None req-71183e95-b5ab-49ce-9be7-bdac36507af2 tempest-VolumesAdminNegativeTest-2137202579 tempest-VolumesAdminNegativeTest-2137202579-project-member] Calling method '>' {{(pid=66378) _process_stack /opt/stack/nova/nova/api/openstack/wsgi.py:513}}
Nov 15 23:20:26 user devstack@n-api.service[66378]: DEBUG nova.compute.api [None req-71183e95-b5ab-49ce-9be7-bdac36507af2 tempest-VolumesAdminNegativeTest-2137202579 tempest-VolumesAdminNegativeTest-2137202579-project-member] [instance: ef9d1d9c-63d7-48a8-8efe-85b5b7f1cf11] Fetching instance by UUID {{(pid=66378) get /opt/stack/nova/nova/compute/api.py:2978}}
Nov 15 23:20:26 user devstack@n-api.service[66378]: DEBUG oslo_concurrency.lockutils [None req-71183e95-b5ab-49ce-9be7-bdac36507af2 tempest-VolumesAdminNegativeTest-2137202579 tempest-VolumesAdminNegativeTest-2137202579-project-member] Acquiring lock "eb0ee17f-22e8-4b10-958e-587f56bf0672" by "nova.context.set_target_cell..get_or_set_cached_cell_and_set_connections" {{(pid=66378) inner /opt/stack/data/venv/lib/python3.10/site-packages/oslo_concurrency/lockutils.py:404}}
Nov 15 23:20:26 user devstack@n-api.service[66378]: DEBUG oslo_concurrency.lockutils [None req-71183e95-b5ab-49ce-9be7-bdac36507af2 tempest-VolumesAdminNegativeTest-2137202579 tempest-VolumesAdminNegativeTest-2137202579-project-member] Lock "eb0ee17f-22e8-4b10-958e-587f56bf0672" acquired by "nova.context.set_target_cell..get_or_set_cached_cell_and_set_connections" :: waited 0.001s {{(pid=66378) inner /opt/stack/data/venv/lib/python3.10/site-packages/oslo_concurrency/lockutils.py:409}}
Nov 15 23:20:26 user devstack@n-api.service[66378]: DEBUG oslo_concurrency.lockutils [None req-71183e95-b5ab-49ce-9be7-bdac36507af2 tempest-VolumesAdminNegativeTest-2137202579 tempest-VolumesAdminNegativeTest-2137202579-project-member] Lock "eb0ee17f-22e8-4b10-958e-587f56bf0672" "released" by "nova.context.set_target_cell..get_or_set_cached_cell_and_set_connections" :: held 0.001s {{(pid=66378) inner /opt/stack/data/venv/lib/python3.10/site-packages/oslo_concurrency/lockutils.py:423}}
Nov 15 23:20:26 user devstack@n-api.service[66378]: DEBUG oslo_concurrency.lockutils [None req-71183e95-b5ab-49ce-9be7-bdac36507af2 tempest-VolumesAdminNegativeTest-2137202579 tempest-VolumesAdminNegativeTest-2137202579-project-member] Acquiring lock "eb0ee17f-22e8-4b10-958e-587f56bf0672" by "nova.context.set_target_cell..get_or_set_cached_cell_and_set_connections" {{(pid=66378) inner /opt/stack/data/venv/lib/python3.10/site-packages/oslo_concurrency/lockutils.py:404}}
Nov 15 23:20:26 user devstack@n-api.service[66378]: DEBUG oslo_concurrency.lockutils [None req-71183e95-b5ab-49ce-9be7-bdac36507af2 tempest-VolumesAdminNegativeTest-2137202579 tempest-VolumesAdminNegativeTest-2137202579-project-member] Lock "eb0ee17f-22e8-4b10-958e-587f56bf0672" acquired by "nova.context.set_target_cell..get_or_set_cached_cell_and_set_connections" :: waited 0.001s {{(pid=66378) inner /opt/stack/data/venv/lib/python3.10/site-packages/oslo_concurrency/lockutils.py:409}}
Nov 15 23:20:26 user devstack@n-api.service[66378]: DEBUG oslo_concurrency.lockutils [None req-71183e95-b5ab-49ce-9be7-bdac36507af2 tempest-VolumesAdminNegativeTest-2137202579 tempest-VolumesAdminNegativeTest-2137202579-project-member] Lock "eb0ee17f-22e8-4b10-958e-587f56bf0672" "released" by "nova.context.set_target_cell..get_or_set_cached_cell_and_set_connections" :: held 0.001s {{(pid=66378) inner /opt/stack/data/venv/lib/python3.10/site-packages/oslo_concurrency/lockutils.py:423}}
Nov 15 23:20:26 user devstack@n-api.service[66377]: DEBUG nova.api.openstack.wsgi [None req-c2b9fa28-db87-4d06-867a-8bf4e7b59f4f tempest-VolumesActionsTest-1618594309 tempest-VolumesActionsTest-1618594309-project-member] Calling method '>' {{(pid=66377) _process_stack /opt/stack/nova/nova/api/openstack/wsgi.py:513}}
Nov 15 23:20:26 user devstack@n-api.service[66377]: DEBUG nova.compute.api [None req-c2b9fa28-db87-4d06-867a-8bf4e7b59f4f tempest-VolumesActionsTest-1618594309 tempest-VolumesActionsTest-1618594309-project-member] [instance: 4ef93dd8-db9b-49ae-97ea-7de91ab3ddd3] Fetching instance by UUID {{(pid=66377) get /opt/stack/nova/nova/compute/api.py:2978}}
Nov 15 23:20:26 user devstack@n-api.service[66377]: DEBUG oslo_concurrency.lockutils [None req-c2b9fa28-db87-4d06-867a-8bf4e7b59f4f tempest-VolumesActionsTest-1618594309 tempest-VolumesActionsTest-1618594309-project-member] Acquiring lock "eb0ee17f-22e8-4b10-958e-587f56bf0672" by "nova.context.set_target_cell..get_or_set_cached_cell_and_set_connections" {{(pid=66377) inner /opt/stack/data/venv/lib/python3.10/site-packages/oslo_concurrency/lockutils.py:404}}
Nov 15 23:20:26 user devstack@n-api.service[66377]: DEBUG oslo_concurrency.lockutils [None req-c2b9fa28-db87-4d06-867a-8bf4e7b59f4f tempest-VolumesActionsTest-1618594309 tempest-VolumesActionsTest-1618594309-project-member] Lock "eb0ee17f-22e8-4b10-958e-587f56bf0672" acquired by "nova.context.set_target_cell..get_or_set_cached_cell_and_set_connections" :: waited 0.001s {{(pid=66377) inner /opt/stack/data/venv/lib/python3.10/site-packages/oslo_concurrency/lockutils.py:409}}
Nov 15 23:20:26 user devstack@n-api.service[66377]: DEBUG oslo_concurrency.lockutils [None req-c2b9fa28-db87-4d06-867a-8bf4e7b59f4f tempest-VolumesActionsTest-1618594309 tempest-VolumesActionsTest-1618594309-project-member] Lock "eb0ee17f-22e8-4b10-958e-587f56bf0672" "released" by "nova.context.set_target_cell..get_or_set_cached_cell_and_set_connections" :: held 0.001s {{(pid=66377) inner /opt/stack/data/venv/lib/python3.10/site-packages/oslo_concurrency/lockutils.py:423}}
Nov 15 23:20:26 user devstack@n-api.service[66377]: DEBUG oslo_concurrency.lockutils [None req-c2b9fa28-db87-4d06-867a-8bf4e7b59f4f tempest-VolumesActionsTest-1618594309 tempest-VolumesActionsTest-1618594309-project-member] Acquiring lock "eb0ee17f-22e8-4b10-958e-587f56bf0672" by "nova.context.set_target_cell..get_or_set_cached_cell_and_set_connections" {{(pid=66377) inner /opt/stack/data/venv/lib/python3.10/site-packages/oslo_concurrency/lockutils.py:404}}
Nov 15 23:20:26 user devstack@n-api.service[66377]: DEBUG oslo_concurrency.lockutils [None req-c2b9fa28-db87-4d06-867a-8bf4e7b59f4f tempest-VolumesActionsTest-1618594309 tempest-VolumesActionsTest-1618594309-project-member] Lock "eb0ee17f-22e8-4b10-958e-587f56bf0672" acquired by "nova.context.set_target_cell..get_or_set_cached_cell_and_set_connections" :: waited 0.000s {{(pid=66377) inner /opt/stack/data/venv/lib/python3.10/site-packages/oslo_concurrency/lockutils.py:409}}
Nov 15 23:20:26 user devstack@n-api.service[66377]: DEBUG oslo_concurrency.lockutils [None req-c2b9fa28-db87-4d06-867a-8bf4e7b59f4f tempest-VolumesActionsTest-1618594309 tempest-VolumesActionsTest-1618594309-project-member] Lock "eb0ee17f-22e8-4b10-958e-587f56bf0672" "released" by "nova.context.set_target_cell..get_or_set_cached_cell_and_set_connections" :: held 0.001s {{(pid=66377) inner /opt/stack/data/venv/lib/python3.10/site-packages/oslo_concurrency/lockutils.py:423}}
Nov 15 23:20:26 user devstack@n-api.service[66378]: DEBUG nova.compute.api [None req-71183e95-b5ab-49ce-9be7-bdac36507af2 tempest-VolumesAdminNegativeTest-2137202579 tempest-VolumesAdminNegativeTest-2137202579-project-member] [instance: ef9d1d9c-63d7-48a8-8efe-85b5b7f1cf11] Going to try to terminate instance {{(pid=66378) delete /opt/stack/nova/nova/compute/api.py:2722}}
Nov 15 23:20:26 user devstack@n-api.service[66377]: DEBUG nova.compute.api [None req-c2b9fa28-db87-4d06-867a-8bf4e7b59f4f tempest-VolumesActionsTest-1618594309 tempest-VolumesActionsTest-1618594309-project-member] [instance: 4ef93dd8-db9b-49ae-97ea-7de91ab3ddd3] Going to try to terminate instance {{(pid=66377) delete /opt/stack/nova/nova/compute/api.py:2722}}
Nov 15 23:20:26 user devstack@n-api.service[66378]: INFO nova.api.openstack.requestlog [None req-71183e95-b5ab-49ce-9be7-bdac36507af2 tempest-VolumesAdminNegativeTest-2137202579 tempest-VolumesAdminNegativeTest-2137202579-project-member] 10.0.0.210 "DELETE /compute/v2.1/servers/ef9d1d9c-63d7-48a8-8efe-85b5b7f1cf11" status: 204 len: 0 microversion: 2.1 time: 0.159435
Nov 15 23:20:26 user devstack@n-api.service[66378]: [pid: 66378|app: 0|req: 116/354] 10.0.0.210 () {62 vars in 1316 bytes} [Wed Nov 15 23:20:26 2023] DELETE /compute/v2.1/servers/ef9d1d9c-63d7-48a8-8efe-85b5b7f1cf11 => generated 0 bytes in 162 msecs (HTTP/1.1 204) 9 headers in 363 bytes (1 switches on core 0)
Nov 15 23:20:26 user devstack@n-api.service[66379]: DEBUG nova.api.openstack.wsgi [None req-f07a80cf-7b5d-4e81-84d3-21aa4e2fd716 tempest-VolumesAdminNegativeTest-2137202579 tempest-VolumesAdminNegativeTest-2137202579-project-member] Calling method '>' {{(pid=66379) _process_stack /opt/stack/nova/nova/api/openstack/wsgi.py:513}}
Nov 15 23:20:26 user devstack@n-api.service[66379]: DEBUG nova.compute.api [None req-f07a80cf-7b5d-4e81-84d3-21aa4e2fd716 tempest-VolumesAdminNegativeTest-2137202579 tempest-VolumesAdminNegativeTest-2137202579-project-member] [instance: ef9d1d9c-63d7-48a8-8efe-85b5b7f1cf11] Fetching instance by UUID {{(pid=66379) get /opt/stack/nova/nova/compute/api.py:2978}}
Nov 15 23:20:26 user devstack@n-api.service[66379]: DEBUG oslo_concurrency.lockutils [None req-f07a80cf-7b5d-4e81-84d3-21aa4e2fd716 tempest-VolumesAdminNegativeTest-2137202579 tempest-VolumesAdminNegativeTest-2137202579-project-member] Acquiring lock "eb0ee17f-22e8-4b10-958e-587f56bf0672" by "nova.context.set_target_cell..get_or_set_cached_cell_and_set_connections" {{(pid=66379) inner /opt/stack/data/venv/lib/python3.10/site-packages/oslo_concurrency/lockutils.py:404}}
Nov 15 23:20:26 user devstack@n-api.service[66379]: DEBUG oslo_concurrency.lockutils [None req-f07a80cf-7b5d-4e81-84d3-21aa4e2fd716 tempest-VolumesAdminNegativeTest-2137202579 tempest-VolumesAdminNegativeTest-2137202579-project-member] Lock "eb0ee17f-22e8-4b10-958e-587f56bf0672" acquired by "nova.context.set_target_cell..get_or_set_cached_cell_and_set_connections" :: waited 0.001s {{(pid=66379) inner /opt/stack/data/venv/lib/python3.10/site-packages/oslo_concurrency/lockutils.py:409}}
Nov 15 23:20:26 user devstack@n-api.service[66379]: DEBUG oslo_concurrency.lockutils [None req-f07a80cf-7b5d-4e81-84d3-21aa4e2fd716 tempest-VolumesAdminNegativeTest-2137202579 tempest-VolumesAdminNegativeTest-2137202579-project-member] Lock "eb0ee17f-22e8-4b10-958e-587f56bf0672" "released" by "nova.context.set_target_cell..get_or_set_cached_cell_and_set_connections" :: held 0.000s {{(pid=66379) inner /opt/stack/data/venv/lib/python3.10/site-packages/oslo_concurrency/lockutils.py:423}}
Nov 15 23:20:26 user devstack@n-api.service[66379]: DEBUG oslo_concurrency.lockutils [None req-f07a80cf-7b5d-4e81-84d3-21aa4e2fd716 tempest-VolumesAdminNegativeTest-2137202579 tempest-VolumesAdminNegativeTest-2137202579-project-member] Acquiring lock "eb0ee17f-22e8-4b10-958e-587f56bf0672" by "nova.context.set_target_cell..get_or_set_cached_cell_and_set_connections" {{(pid=66379) inner /opt/stack/data/venv/lib/python3.10/site-packages/oslo_concurrency/lockutils.py:404}}
Nov 15 23:20:26 user devstack@n-api.service[66379]: DEBUG oslo_concurrency.lockutils [None req-f07a80cf-7b5d-4e81-84d3-21aa4e2fd716 tempest-VolumesAdminNegativeTest-2137202579 tempest-VolumesAdminNegativeTest-2137202579-project-member] Lock "eb0ee17f-22e8-4b10-958e-587f56bf0672" acquired by "nova.context.set_target_cell..get_or_set_cached_cell_and_set_connections" :: waited 0.000s {{(pid=66379) inner /opt/stack/data/venv/lib/python3.10/site-packages/oslo_concurrency/lockutils.py:409}}
Nov 15 23:20:26 user devstack@n-api.service[66379]: DEBUG oslo_concurrency.lockutils [None req-f07a80cf-7b5d-4e81-84d3-21aa4e2fd716 tempest-VolumesAdminNegativeTest-2137202579 tempest-VolumesAdminNegativeTest-2137202579-project-member] Lock "eb0ee17f-22e8-4b10-958e-587f56bf0672" "released" by "nova.context.set_target_cell..get_or_set_cached_cell_and_set_connections" :: held 0.000s {{(pid=66379) inner /opt/stack/data/venv/lib/python3.10/site-packages/oslo_concurrency/lockutils.py:423}}
Nov 15 23:20:26 user devstack@n-api.service[66377]: INFO nova.api.openstack.requestlog [None req-c2b9fa28-db87-4d06-867a-8bf4e7b59f4f tempest-VolumesActionsTest-1618594309 tempest-VolumesActionsTest-1618594309-project-member] 10.0.0.210 "DELETE /compute/v2.1/servers/4ef93dd8-db9b-49ae-97ea-7de91ab3ddd3" status: 204 len: 0 microversion: 2.1 time: 0.228026
Nov 15 23:20:26 user devstack@n-api.service[66377]: [pid: 66377|app: 0|req: 121/355] 10.0.0.210 () {62 vars in 1316 bytes} [Wed Nov 15 23:20:26 2023] DELETE /compute/v2.1/servers/4ef93dd8-db9b-49ae-97ea-7de91ab3ddd3 => generated 0 bytes in 230 msecs (HTTP/1.1 204) 9 headers in 363 bytes (1 switches on core 0)
Nov 15 23:20:26 user devstack@n-api.service[66378]: DEBUG nova.api.openstack.wsgi [None req-0330351f-9c95-4f42-aa34-a8a2aad43424 tempest-VolumesActionsTest-1618594309 tempest-VolumesActionsTest-1618594309-project-member] Calling method '>' {{(pid=66378) _process_stack /opt/stack/nova/nova/api/openstack/wsgi.py:513}}
Nov 15 23:20:26 user devstack@n-api.service[66378]: DEBUG nova.compute.api [None req-0330351f-9c95-4f42-aa34-a8a2aad43424 tempest-VolumesActionsTest-1618594309 tempest-VolumesActionsTest-1618594309-project-member] [instance: 4ef93dd8-db9b-49ae-97ea-7de91ab3ddd3] Fetching instance by UUID {{(pid=66378) get /opt/stack/nova/nova/compute/api.py:2978}}
Nov 15 23:20:26 user devstack@n-api.service[66378]: DEBUG oslo_concurrency.lockutils [None req-0330351f-9c95-4f42-aa34-a8a2aad43424 tempest-VolumesActionsTest-1618594309 tempest-VolumesActionsTest-1618594309-project-member] Acquiring lock "eb0ee17f-22e8-4b10-958e-587f56bf0672" by "nova.context.set_target_cell..get_or_set_cached_cell_and_set_connections" {{(pid=66378) inner /opt/stack/data/venv/lib/python3.10/site-packages/oslo_concurrency/lockutils.py:404}}
Nov 15 23:20:26 user devstack@n-api.service[66378]: DEBUG oslo_concurrency.lockutils [None req-0330351f-9c95-4f42-aa34-a8a2aad43424 tempest-VolumesActionsTest-1618594309 tempest-VolumesActionsTest-1618594309-project-member] Lock "eb0ee17f-22e8-4b10-958e-587f56bf0672" acquired by "nova.context.set_target_cell..get_or_set_cached_cell_and_set_connections" :: waited 0.001s {{(pid=66378) inner /opt/stack/data/venv/lib/python3.10/site-packages/oslo_concurrency/lockutils.py:409}}
Nov 15 23:20:26 user devstack@n-api.service[66378]: DEBUG oslo_concurrency.lockutils [None req-0330351f-9c95-4f42-aa34-a8a2aad43424 tempest-VolumesActionsTest-1618594309 tempest-VolumesActionsTest-1618594309-project-member] Lock "eb0ee17f-22e8-4b10-958e-587f56bf0672" "released" by "nova.context.set_target_cell..get_or_set_cached_cell_and_set_connections" :: held 0.001s {{(pid=66378) inner /opt/stack/data/venv/lib/python3.10/site-packages/oslo_concurrency/lockutils.py:423}}
Nov 15 23:20:26 user devstack@n-api.service[66378]: DEBUG oslo_concurrency.lockutils [None req-0330351f-9c95-4f42-aa34-a8a2aad43424 tempest-VolumesActionsTest-1618594309 tempest-VolumesActionsTest-1618594309-project-member] Acquiring lock "eb0ee17f-22e8-4b10-958e-587f56bf0672" by "nova.context.set_target_cell..get_or_set_cached_cell_and_set_connections" {{(pid=66378) inner /opt/stack/data/venv/lib/python3.10/site-packages/oslo_concurrency/lockutils.py:404}}
Nov 15 23:20:26 user devstack@n-api.service[66378]: DEBUG oslo_concurrency.lockutils [None req-0330351f-9c95-4f42-aa34-a8a2aad43424 tempest-VolumesActionsTest-1618594309 tempest-VolumesActionsTest-1618594309-project-member] Lock "eb0ee17f-22e8-4b10-958e-587f56bf0672" acquired by "nova.context.set_target_cell..get_or_set_cached_cell_and_set_connections" :: waited 0.001s {{(pid=66378) inner /opt/stack/data/venv/lib/python3.10/site-packages/oslo_concurrency/lockutils.py:409}}
Nov 15 23:20:26 user devstack@n-api.service[66378]: DEBUG oslo_concurrency.lockutils [None req-0330351f-9c95-4f42-aa34-a8a2aad43424 tempest-VolumesActionsTest-1618594309 tempest-VolumesActionsTest-1618594309-project-member] Lock "eb0ee17f-22e8-4b10-958e-587f56bf0672" "released" by "nova.context.set_target_cell..get_or_set_cached_cell_and_set_connections" :: held 0.001s {{(pid=66378) inner /opt/stack/data/venv/lib/python3.10/site-packages/oslo_concurrency/lockutils.py:423}}
Nov 15 23:20:26 user devstack@n-api.service[66379]: DEBUG nova.policy [None req-f07a80cf-7b5d-4e81-84d3-21aa4e2fd716 tempest-VolumesAdminNegativeTest-2137202579 tempest-VolumesAdminNegativeTest-2137202579-project-member] Policy check for os_compute_api:os-extended-server-attributes failed with credentials {'is_admin': False, 'user_id': 'a69f501c85d14ba9a335d49127b2e534', 'user_domain_id': 'default', 'system_scope': None, 'domain_id': None, 'project_id': '5d36a5adda4e479884daa83ddb23d9da', 'project_domain_id': 'default', 'roles': ['reader', 'member'], 'is_admin_project': True, 'service_user_id': None, 'service_user_domain_id': None, 'service_project_id': None, 'service_project_domain_id': None, 'service_roles': []} {{(pid=66379) authorize /opt/stack/nova/nova/policy.py:203}}
Nov 15 23:20:26 user devstack@n-api.service[66379]: INFO nova.api.openstack.requestlog [None req-f07a80cf-7b5d-4e81-84d3-21aa4e2fd716 tempest-VolumesAdminNegativeTest-2137202579 tempest-VolumesAdminNegativeTest-2137202579-project-member] 10.0.0.210 "GET /compute/v2.1/servers/ef9d1d9c-63d7-48a8-8efe-85b5b7f1cf11" status: 200 len: 1497 microversion: 2.1 time: 0.476602
Nov 15 23:20:26 user devstack@n-api.service[66379]: [pid: 66379|app: 0|req: 119/356] 10.0.0.210 () {62 vars in 1313 bytes} [Wed Nov 15 23:20:26 2023] GET /compute/v2.1/servers/ef9d1d9c-63d7-48a8-8efe-85b5b7f1cf11 => generated 1497 bytes in 479 msecs (HTTP/1.1 200) 9 headers in 358 bytes (1 switches on core 0)
Nov 15 23:20:26 user devstack@n-api.service[66377]: DEBUG nova.api.openstack.wsgi [req-d08baee8-43b2-48a4-8923-d0c1ac094a62 req-4fc8e117-c056-4c60-b9a9-781365984cba service nova] Action: 'create', calling method: >, body: {"events": [{"server_uuid": "4ef93dd8-db9b-49ae-97ea-7de91ab3ddd3", "name": "network-vif-unplugged", "status": "completed", "tag": "3917e5e4-7891-45d1-b015-20127d3fe142"}]} {{(pid=66377) _process_stack /opt/stack/nova/nova/api/openstack/wsgi.py:511}}
Nov 15 23:20:26 user devstack@n-api.service[66377]: DEBUG oslo_concurrency.lockutils [req-d08baee8-43b2-48a4-8923-d0c1ac094a62 req-4fc8e117-c056-4c60-b9a9-781365984cba service nova] Acquiring lock "eb0ee17f-22e8-4b10-958e-587f56bf0672" by "nova.context.set_target_cell..get_or_set_cached_cell_and_set_connections" {{(pid=66377) inner /opt/stack/data/venv/lib/python3.10/site-packages/oslo_concurrency/lockutils.py:404}}
Nov 15 23:20:26 user devstack@n-api.service[66377]: DEBUG oslo_concurrency.lockutils [req-d08baee8-43b2-48a4-8923-d0c1ac094a62 req-4fc8e117-c056-4c60-b9a9-781365984cba service nova] Lock "eb0ee17f-22e8-4b10-958e-587f56bf0672" acquired by "nova.context.set_target_cell..get_or_set_cached_cell_and_set_connections" :: waited 0.001s {{(pid=66377) inner /opt/stack/data/venv/lib/python3.10/site-packages/oslo_concurrency/lockutils.py:409}}
Nov 15 23:20:26 user devstack@n-api.service[66377]: DEBUG oslo_concurrency.lockutils [req-d08baee8-43b2-48a4-8923-d0c1ac094a62 req-4fc8e117-c056-4c60-b9a9-781365984cba service nova] Lock "eb0ee17f-22e8-4b10-958e-587f56bf0672" "released" by "nova.context.set_target_cell..get_or_set_cached_cell_and_set_connections" :: held 0.001s {{(pid=66377) inner /opt/stack/data/venv/lib/python3.10/site-packages/oslo_concurrency/lockutils.py:423}}
Nov 15 23:20:26 user devstack@n-api.service[66378]: DEBUG nova.policy [None req-0330351f-9c95-4f42-aa34-a8a2aad43424 tempest-VolumesActionsTest-1618594309 tempest-VolumesActionsTest-1618594309-project-member] Policy check for os_compute_api:os-extended-server-attributes failed with credentials {'is_admin': False, 'user_id': '2af794740660401081cf6d7e38289bd0', 'user_domain_id': 'default', 'system_scope': None, 'domain_id': None, 'project_id': 'b5841417a1d4439c8059c788533b08b9', 'project_domain_id': 'default', 'roles': ['reader', 'member'], 'is_admin_project': True, 'service_user_id': None, 'service_user_domain_id': None, 'service_project_id': None, 'service_project_domain_id': None, 'service_roles': []} {{(pid=66378) authorize /opt/stack/nova/nova/policy.py:203}}
Nov 15 23:20:26 user devstack@n-api.service[66378]: INFO nova.api.openstack.requestlog [None req-0330351f-9c95-4f42-aa34-a8a2aad43424 tempest-VolumesActionsTest-1618594309 tempest-VolumesActionsTest-1618594309-project-member] 10.0.0.210 "GET /compute/v2.1/servers/4ef93dd8-db9b-49ae-97ea-7de91ab3ddd3" status: 200 len: 1489 microversion: 2.1 time: 0.406323
Nov 15 23:20:26 user devstack@n-api.service[66378]: [pid: 66378|app: 0|req: 117/357] 10.0.0.210 () {62 vars in 1313 bytes} [Wed Nov 15 23:20:26 2023] GET /compute/v2.1/servers/4ef93dd8-db9b-49ae-97ea-7de91ab3ddd3 => generated 1489 bytes in 408 msecs (HTTP/1.1 200) 9 headers in 358 bytes (1 switches on core 0)
Nov 15 23:20:26 user devstack@n-api.service[66377]: INFO nova.api.openstack.compute.server_external_events [req-d08baee8-43b2-48a4-8923-d0c1ac094a62 req-4fc8e117-c056-4c60-b9a9-781365984cba service nova] Creating event network-vif-unplugged:3917e5e4-7891-45d1-b015-20127d3fe142 for instance 4ef93dd8-db9b-49ae-97ea-7de91ab3ddd3 on user
Nov 15 23:20:26 user devstack@n-api.service[66377]: INFO nova.api.openstack.requestlog [req-d08baee8-43b2-48a4-8923-d0c1ac094a62 req-4fc8e117-c056-4c60-b9a9-781365984cba service nova] 10.0.0.210 "POST /compute/v2.1/os-server-external-events" status: 200 len: 185 microversion: 2.1 time: 0.082835
Nov 15 23:20:26 user devstack@n-api.service[66377]: [pid: 66377|app: 0|req: 122/358] 10.0.0.210 () {68 vars in 1394 bytes} [Wed Nov 15 23:20:26 2023] POST /compute/v2.1/os-server-external-events => generated 185 bytes in 87 msecs (HTTP/1.1 200) 9 headers in 357 bytes (1 switches on core 0)
Nov 15 23:20:26 user devstack@n-api.service[66379]: DEBUG nova.api.openstack.wsgi [req-4d78af96-7f72-45a7-a379-2be16afb3341 req-c0449ce9-849f-4cf5-89f6-182bd9968fed service nova] Action: 'create', calling method: >, body: {"events": [{"server_uuid": "ef9d1d9c-63d7-48a8-8efe-85b5b7f1cf11", "name": "network-vif-unplugged", "status": "completed", "tag": "c051e8bd-3bf8-4286-9394-7235ff5b47ac"}]} {{(pid=66379) _process_stack /opt/stack/nova/nova/api/openstack/wsgi.py:511}}
Nov 15 23:20:26 user devstack@n-api.service[66379]: DEBUG oslo_concurrency.lockutils [req-4d78af96-7f72-45a7-a379-2be16afb3341 req-c0449ce9-849f-4cf5-89f6-182bd9968fed service nova] Acquiring lock "eb0ee17f-22e8-4b10-958e-587f56bf0672" by "nova.context.set_target_cell..get_or_set_cached_cell_and_set_connections" {{(pid=66379) inner /opt/stack/data/venv/lib/python3.10/site-packages/oslo_concurrency/lockutils.py:404}}
Nov 15 23:20:26 user devstack@n-api.service[66379]: DEBUG oslo_concurrency.lockutils [req-4d78af96-7f72-45a7-a379-2be16afb3341 req-c0449ce9-849f-4cf5-89f6-182bd9968fed service nova] Lock "eb0ee17f-22e8-4b10-958e-587f56bf0672" acquired by "nova.context.set_target_cell..get_or_set_cached_cell_and_set_connections" :: waited 0.001s {{(pid=66379) inner /opt/stack/data/venv/lib/python3.10/site-packages/oslo_concurrency/lockutils.py:409}}
Nov 15 23:20:26 user devstack@n-api.service[66379]: DEBUG oslo_concurrency.lockutils [req-4d78af96-7f72-45a7-a379-2be16afb3341 req-c0449ce9-849f-4cf5-89f6-182bd9968fed service nova] Lock "eb0ee17f-22e8-4b10-958e-587f56bf0672" "released" by "nova.context.set_target_cell..get_or_set_cached_cell_and_set_connections" :: held 0.000s {{(pid=66379) inner /opt/stack/data/venv/lib/python3.10/site-packages/oslo_concurrency/lockutils.py:423}}
Nov 15 23:20:26 user devstack@n-api.service[66379]: INFO nova.api.openstack.compute.server_external_events [req-4d78af96-7f72-45a7-a379-2be16afb3341 req-c0449ce9-849f-4cf5-89f6-182bd9968fed service nova] Creating event network-vif-unplugged:c051e8bd-3bf8-4286-9394-7235ff5b47ac for instance ef9d1d9c-63d7-48a8-8efe-85b5b7f1cf11 on user
Nov 15 23:20:26 user devstack@n-api.service[66379]: INFO nova.api.openstack.requestlog [req-4d78af96-7f72-45a7-a379-2be16afb3341 req-c0449ce9-849f-4cf5-89f6-182bd9968fed service nova] 10.0.0.210 "POST /compute/v2.1/os-server-external-events" status: 200 len: 185 microversion: 2.1 time: 0.037000
Nov 15 23:20:26 user devstack@n-api.service[66379]: [pid: 66379|app: 0|req: 120/359] 10.0.0.210 () {68 vars in 1394 bytes} [Wed Nov 15 23:20:26 2023] POST /compute/v2.1/os-server-external-events => generated 185 bytes in 39 msecs (HTTP/1.1 200) 9 headers in 357 bytes (1 switches on core 0)
Nov 15 23:20:28 user devstack@n-api.service[66378]: DEBUG nova.api.openstack.wsgi [req-db07356f-369a-49a4-b350-fe4bab363f7e req-3fef1f4b-c846-4b84-89ad-ebc534492338 service nova] Action: 'create', calling method: >, body: {"events": [{"server_uuid": "4ef93dd8-db9b-49ae-97ea-7de91ab3ddd3", "name": "network-vif-plugged", "status": "completed", "tag": "3917e5e4-7891-45d1-b015-20127d3fe142"}, {"server_uuid": "53814dee-eafa-4742-9888-2bfcafa5ee91", "name": "network-vif-plugged", "status": "completed", "tag": "15463d4f-33b1-488b-85a6-ba2d5c15c10b"}, {"server_uuid": "53814dee-eafa-4742-9888-2bfcafa5ee91", "name": "network-vif-plugged", "status": "completed", "tag": "15463d4f-33b1-488b-85a6-ba2d5c15c10b"}]} {{(pid=66378) _process_stack /opt/stack/nova/nova/api/openstack/wsgi.py:511}}
Nov 15 23:20:28 user devstack@n-api.service[66378]: DEBUG oslo_concurrency.lockutils [req-db07356f-369a-49a4-b350-fe4bab363f7e req-3fef1f4b-c846-4b84-89ad-ebc534492338 service nova] Acquiring lock "eb0ee17f-22e8-4b10-958e-587f56bf0672" by "nova.context.set_target_cell..get_or_set_cached_cell_and_set_connections" {{(pid=66378) inner /opt/stack/data/venv/lib/python3.10/site-packages/oslo_concurrency/lockutils.py:404}}
Nov 15 23:20:28 user devstack@n-api.service[66378]: DEBUG oslo_concurrency.lockutils [req-db07356f-369a-49a4-b350-fe4bab363f7e req-3fef1f4b-c846-4b84-89ad-ebc534492338 service nova] Lock "eb0ee17f-22e8-4b10-958e-587f56bf0672" acquired by "nova.context.set_target_cell..get_or_set_cached_cell_and_set_connections" :: waited 0.001s {{(pid=66378) inner /opt/stack/data/venv/lib/python3.10/site-packages/oslo_concurrency/lockutils.py:409}}
Nov 15 23:20:28 user devstack@n-api.service[66378]: DEBUG oslo_concurrency.lockutils [req-db07356f-369a-49a4-b350-fe4bab363f7e req-3fef1f4b-c846-4b84-89ad-ebc534492338 service nova] Lock "eb0ee17f-22e8-4b10-958e-587f56bf0672" "released" by "nova.context.set_target_cell..get_or_set_cached_cell_and_set_connections" :: held 0.000s {{(pid=66378) inner /opt/stack/data/venv/lib/python3.10/site-packages/oslo_concurrency/lockutils.py:423}}
Nov 15 23:20:28 user devstack@n-api.service[66378]: INFO nova.api.openstack.compute.server_external_events [req-db07356f-369a-49a4-b350-fe4bab363f7e req-3fef1f4b-c846-4b84-89ad-ebc534492338 service nova] Creating event network-vif-plugged:3917e5e4-7891-45d1-b015-20127d3fe142 for instance 4ef93dd8-db9b-49ae-97ea-7de91ab3ddd3 on user
Nov 15 23:20:28 user devstack@n-api.service[66378]: INFO nova.api.openstack.compute.server_external_events [req-db07356f-369a-49a4-b350-fe4bab363f7e req-3fef1f4b-c846-4b84-89ad-ebc534492338 service nova] Creating event network-vif-plugged:15463d4f-33b1-488b-85a6-ba2d5c15c10b for instance 53814dee-eafa-4742-9888-2bfcafa5ee91 on user
Nov 15 23:20:28 user devstack@n-api.service[66378]: INFO nova.api.openstack.compute.server_external_events [req-db07356f-369a-49a4-b350-fe4bab363f7e req-3fef1f4b-c846-4b84-89ad-ebc534492338 service nova] Creating event network-vif-plugged:15463d4f-33b1-488b-85a6-ba2d5c15c10b for instance 53814dee-eafa-4742-9888-2bfcafa5ee91 on user
Nov 15 23:20:28 user devstack@n-api.service[66378]: INFO nova.api.openstack.requestlog [req-db07356f-369a-49a4-b350-fe4bab363f7e req-3fef1f4b-c846-4b84-89ad-ebc534492338 service nova] 10.0.0.210 "POST /compute/v2.1/os-server-external-events" status: 200 len: 525 microversion: 2.1 time: 0.036231
Nov 15 23:20:28 user devstack@n-api.service[66378]: [pid: 66378|app: 0|req: 118/360] 10.0.0.210 () {68 vars in 1394 bytes} [Wed Nov 15 23:20:28 2023] POST /compute/v2.1/os-server-external-events => generated 525 bytes in 38 msecs (HTTP/1.1 200) 9 headers in 357 bytes (1 switches on core 0)
Nov 15 23:20:29 user devstack@n-api.service[66377]: DEBUG nova.api.openstack.wsgi [req-aedc1dad-d065-4ca9-a6c4-87c72a017b06 req-4f21a66e-3baa-499f-95ae-29c0d63bea31 service nova] Action: 'create', calling method: >, body: {"events": [{"server_uuid": "ef9d1d9c-63d7-48a8-8efe-85b5b7f1cf11", "name": "network-vif-plugged", "status": "completed", "tag": "c051e8bd-3bf8-4286-9394-7235ff5b47ac"}, {"name": "network-changed", "server_uuid": "39b01e2d-c7e1-4fb0-a184-088120332b4f", "tag": "f6e3d304-aa96-4149-9ea5-9fb21f718c1c"}]} {{(pid=66377) _process_stack /opt/stack/nova/nova/api/openstack/wsgi.py:511}}
Nov 15 23:20:29 user devstack@n-api.service[66377]: DEBUG oslo_concurrency.lockutils [req-aedc1dad-d065-4ca9-a6c4-87c72a017b06 req-4f21a66e-3baa-499f-95ae-29c0d63bea31 service nova] Acquiring lock "eb0ee17f-22e8-4b10-958e-587f56bf0672" by "nova.context.set_target_cell..get_or_set_cached_cell_and_set_connections" {{(pid=66377) inner /opt/stack/data/venv/lib/python3.10/site-packages/oslo_concurrency/lockutils.py:404}}
Nov 15 23:20:29 user devstack@n-api.service[66377]: DEBUG oslo_concurrency.lockutils [req-aedc1dad-d065-4ca9-a6c4-87c72a017b06 req-4f21a66e-3baa-499f-95ae-29c0d63bea31 service nova] Lock "eb0ee17f-22e8-4b10-958e-587f56bf0672" acquired by "nova.context.set_target_cell..get_or_set_cached_cell_and_set_connections" :: waited 0.001s {{(pid=66377) inner /opt/stack/data/venv/lib/python3.10/site-packages/oslo_concurrency/lockutils.py:409}}
Nov 15 23:20:29 user devstack@n-api.service[66377]: DEBUG oslo_concurrency.lockutils [req-aedc1dad-d065-4ca9-a6c4-87c72a017b06 req-4f21a66e-3baa-499f-95ae-29c0d63bea31 service nova] Lock "eb0ee17f-22e8-4b10-958e-587f56bf0672" "released" by "nova.context.set_target_cell..get_or_set_cached_cell_and_set_connections" :: held 0.000s {{(pid=66377) inner /opt/stack/data/venv/lib/python3.10/site-packages/oslo_concurrency/lockutils.py:423}}
Nov 15 23:20:29 user devstack@n-api.service[66377]: INFO nova.api.openstack.compute.server_external_events [req-aedc1dad-d065-4ca9-a6c4-87c72a017b06 req-4f21a66e-3baa-499f-95ae-29c0d63bea31 service nova] Creating event network-vif-plugged:c051e8bd-3bf8-4286-9394-7235ff5b47ac for instance ef9d1d9c-63d7-48a8-8efe-85b5b7f1cf11 on user
Nov 15 23:20:29 user devstack@n-api.service[66377]: INFO nova.api.openstack.compute.server_external_events [req-aedc1dad-d065-4ca9-a6c4-87c72a017b06 req-4f21a66e-3baa-499f-95ae-29c0d63bea31 service nova] Creating event network-changed:f6e3d304-aa96-4149-9ea5-9fb21f718c1c for instance 39b01e2d-c7e1-4fb0-a184-088120332b4f on user
Nov 15 23:20:29 user devstack@n-api.service[66377]: INFO nova.api.openstack.requestlog [req-aedc1dad-d065-4ca9-a6c4-87c72a017b06 req-4f21a66e-3baa-499f-95ae-29c0d63bea31 service nova] 10.0.0.210 "POST /compute/v2.1/os-server-external-events" status: 200 len: 350 microversion: 2.1 time: 0.179958
Nov 15 23:20:29 user devstack@n-api.service[66377]: [pid: 66377|app: 0|req: 123/361] 10.0.0.210 () {68 vars in 1394 bytes} [Wed Nov 15 23:20:28 2023] POST /compute/v2.1/os-server-external-events => generated 350 bytes in 181 msecs (HTTP/1.1 200) 9 headers in 357 bytes (1 switches on core 0)
Nov 15 23:20:30 user devstack@n-api.service[66379]: DEBUG nova.api.openstack.wsgi [None req-0a18da2d-9056-417e-8004-b94b2ed874fe tempest-TestServerVolumeAttachScenarioOldVersion-1608108478 tempest-TestServerVolumeAttachScenarioOldVersion-1608108478-project-member] Calling method '>' {{(pid=66379) _process_stack /opt/stack/nova/nova/api/openstack/wsgi.py:513}}
Nov 15 23:20:30 user devstack@n-api.service[66379]: DEBUG nova.compute.api [None req-0a18da2d-9056-417e-8004-b94b2ed874fe tempest-TestServerVolumeAttachScenarioOldVersion-1608108478 tempest-TestServerVolumeAttachScenarioOldVersion-1608108478-project-member] [instance: 0e649109-ec27-45b9-93ca-ee6bddf5d0d8] Fetching instance by UUID {{(pid=66379) get /opt/stack/nova/nova/compute/api.py:2978}}
Nov 15 23:20:30 user devstack@n-api.service[66379]: DEBUG oslo_concurrency.lockutils [None req-0a18da2d-9056-417e-8004-b94b2ed874fe tempest-TestServerVolumeAttachScenarioOldVersion-1608108478 tempest-TestServerVolumeAttachScenarioOldVersion-1608108478-project-member] Acquiring lock "eb0ee17f-22e8-4b10-958e-587f56bf0672" by "nova.context.set_target_cell..get_or_set_cached_cell_and_set_connections" {{(pid=66379) inner /opt/stack/data/venv/lib/python3.10/site-packages/oslo_concurrency/lockutils.py:404}}
Nov 15 23:20:30 user devstack@n-api.service[66379]: DEBUG oslo_concurrency.lockutils [None req-0a18da2d-9056-417e-8004-b94b2ed874fe tempest-TestServerVolumeAttachScenarioOldVersion-1608108478 tempest-TestServerVolumeAttachScenarioOldVersion-1608108478-project-member] Lock "eb0ee17f-22e8-4b10-958e-587f56bf0672" acquired by "nova.context.set_target_cell..get_or_set_cached_cell_and_set_connections" :: waited 0.002s {{(pid=66379) inner /opt/stack/data/venv/lib/python3.10/site-packages/oslo_concurrency/lockutils.py:409}}
Nov 15 23:20:30 user devstack@n-api.service[66379]: DEBUG oslo_concurrency.lockutils [None req-0a18da2d-9056-417e-8004-b94b2ed874fe tempest-TestServerVolumeAttachScenarioOldVersion-1608108478 tempest-TestServerVolumeAttachScenarioOldVersion-1608108478-project-member] Lock "eb0ee17f-22e8-4b10-958e-587f56bf0672" "released" by "nova.context.set_target_cell..get_or_set_cached_cell_and_set_connections" :: held 0.002s {{(pid=66379) inner /opt/stack/data/venv/lib/python3.10/site-packages/oslo_concurrency/lockutils.py:423}}
Nov 15 23:20:30 user devstack@n-api.service[66379]: DEBUG oslo_concurrency.lockutils [None req-0a18da2d-9056-417e-8004-b94b2ed874fe tempest-TestServerVolumeAttachScenarioOldVersion-1608108478 tempest-TestServerVolumeAttachScenarioOldVersion-1608108478-project-member] Acquiring lock "eb0ee17f-22e8-4b10-958e-587f56bf0672" by "nova.context.set_target_cell..get_or_set_cached_cell_and_set_connections" {{(pid=66379) inner /opt/stack/data/venv/lib/python3.10/site-packages/oslo_concurrency/lockutils.py:404}}
Nov 15 23:20:30 user devstack@n-api.service[66379]: DEBUG oslo_concurrency.lockutils [None req-0a18da2d-9056-417e-8004-b94b2ed874fe tempest-TestServerVolumeAttachScenarioOldVersion-1608108478 tempest-TestServerVolumeAttachScenarioOldVersion-1608108478-project-member] Lock "eb0ee17f-22e8-4b10-958e-587f56bf0672" acquired by "nova.context.set_target_cell..get_or_set_cached_cell_and_set_connections" :: waited 0.001s {{(pid=66379) inner /opt/stack/data/venv/lib/python3.10/site-packages/oslo_concurrency/lockutils.py:409}}
Nov 15 23:20:30 user devstack@n-api.service[66379]: DEBUG oslo_concurrency.lockutils [None req-0a18da2d-9056-417e-8004-b94b2ed874fe tempest-TestServerVolumeAttachScenarioOldVersion-1608108478 tempest-TestServerVolumeAttachScenarioOldVersion-1608108478-project-member] Lock "eb0ee17f-22e8-4b10-958e-587f56bf0672" "released" by "nova.context.set_target_cell..get_or_set_cached_cell_and_set_connections" :: held 0.001s {{(pid=66379) inner /opt/stack/data/venv/lib/python3.10/site-packages/oslo_concurrency/lockutils.py:423}}
Nov 15 23:20:30 user devstack@n-api.service[66379]: INFO nova.api.openstack.wsgi [None req-0a18da2d-9056-417e-8004-b94b2ed874fe tempest-TestServerVolumeAttachScenarioOldVersion-1608108478 tempest-TestServerVolumeAttachScenarioOldVersion-1608108478-project-member] HTTP exception thrown: Instance 0e649109-ec27-45b9-93ca-ee6bddf5d0d8 could not be found.
Nov 15 23:20:30 user devstack@n-api.service[66379]: DEBUG nova.api.openstack.wsgi [None req-0a18da2d-9056-417e-8004-b94b2ed874fe tempest-TestServerVolumeAttachScenarioOldVersion-1608108478 tempest-TestServerVolumeAttachScenarioOldVersion-1608108478-project-member] Returning 404 to user: Instance 0e649109-ec27-45b9-93ca-ee6bddf5d0d8 could not be found. {{(pid=66379) __call__ /opt/stack/nova/nova/api/openstack/wsgi.py:936}}
Nov 15 23:20:30 user devstack@n-api.service[66379]: INFO nova.api.openstack.requestlog [None req-0a18da2d-9056-417e-8004-b94b2ed874fe tempest-TestServerVolumeAttachScenarioOldVersion-1608108478 tempest-TestServerVolumeAttachScenarioOldVersion-1608108478-project-member] 10.0.0.210 "GET /compute/v2.1/servers/0e649109-ec27-45b9-93ca-ee6bddf5d0d8" status: 404 len: 111 microversion: 2.1 time: 0.108000
Nov 15 23:20:30 user devstack@n-api.service[66379]: [pid: 66379|app: 0|req: 121/362] 10.0.0.210 () {62 vars in 1313 bytes} [Wed Nov 15 23:20:30 2023] GET /compute/v2.1/servers/0e649109-ec27-45b9-93ca-ee6bddf5d0d8 => generated 111 bytes in 112 msecs (HTTP/1.1 404) 9 headers in 379 bytes (1 switches on core 0)
Nov 15 23:20:30 user devstack@n-api.service[66378]: DEBUG dbcounter [-] [66378] Writing DB stats nova_cell0:SELECT=4 {{(pid=66378) stat_writer /opt/stack/data/venv/lib/python3.10/site-packages/dbcounter.py:115}}
Nov 15 23:20:30 user devstack@n-api.service[66378]: DEBUG dbcounter [-] [66378] Writing DB stats nova_cell0:SELECT=12 {{(pid=66378) stat_writer /opt/stack/data/venv/lib/python3.10/site-packages/dbcounter.py:115}}
Nov 15 23:20:30 user devstack@n-api.service[66378]: DEBUG nova.api.openstack.wsgi [None req-8f0941fe-67b2-464f-8df5-d7c96cc180c3 tempest-TestServerVolumeAttachScenarioOldVersion-1608108478 tempest-TestServerVolumeAttachScenarioOldVersion-1608108478-project-member] Calling method '.version_select at 0x7f43f90ddb40>' {{(pid=66378) _process_stack /opt/stack/nova/nova/api/openstack/wsgi.py:513}}
Nov 15 23:20:30 user devstack@n-api.service[66378]: INFO nova.api.openstack.requestlog [None req-8f0941fe-67b2-464f-8df5-d7c96cc180c3 tempest-TestServerVolumeAttachScenarioOldVersion-1608108478 tempest-TestServerVolumeAttachScenarioOldVersion-1608108478-project-member] 10.0.0.210 "DELETE /compute/v2.1/os-keypairs/tempest-keypair-439551556" status: 202 len: 0 microversion: 2.1 time: 0.034648
Nov 15 23:20:30 user devstack@n-api.service[66378]: [pid: 66378|app: 0|req: 119/363] 10.0.0.210 () {62 vars in 1295 bytes} [Wed Nov 15 23:20:30 2023] DELETE /compute/v2.1/os-keypairs/tempest-keypair-439551556 => generated 0 bytes in 37 msecs (HTTP/1.1 202) 9 headers in 361 bytes (1 switches on core 0)
Nov 15 23:20:31 user devstack@n-api.service[66377]: DEBUG nova.api.openstack.wsgi [req-42245da8-87cf-4cf2-8201-cb72e912de7e req-208d0bb1-96de-4eda-9c92-50f8bfc7ffa5 service nova] Action: 'create', calling method: >, body: {"events": [{"server_uuid": "39b01e2d-c7e1-4fb0-a184-088120332b4f", "name": "network-vif-plugged", "status": "completed", "tag": "f6e3d304-aa96-4149-9ea5-9fb21f718c1c"}, {"server_uuid": "39b01e2d-c7e1-4fb0-a184-088120332b4f", "name": "network-vif-plugged", "status": "completed", "tag": "f6e3d304-aa96-4149-9ea5-9fb21f718c1c"}]} {{(pid=66377) _process_stack /opt/stack/nova/nova/api/openstack/wsgi.py:511}}
Nov 15 23:20:31 user devstack@n-api.service[66377]: DEBUG oslo_concurrency.lockutils [req-42245da8-87cf-4cf2-8201-cb72e912de7e req-208d0bb1-96de-4eda-9c92-50f8bfc7ffa5 service nova] Acquiring lock "eb0ee17f-22e8-4b10-958e-587f56bf0672" by "nova.context.set_target_cell..get_or_set_cached_cell_and_set_connections" {{(pid=66377) inner /opt/stack/data/venv/lib/python3.10/site-packages/oslo_concurrency/lockutils.py:404}}
Nov 15 23:20:31 user devstack@n-api.service[66377]: DEBUG oslo_concurrency.lockutils [req-42245da8-87cf-4cf2-8201-cb72e912de7e req-208d0bb1-96de-4eda-9c92-50f8bfc7ffa5 service nova] Lock "eb0ee17f-22e8-4b10-958e-587f56bf0672" acquired by "nova.context.set_target_cell..get_or_set_cached_cell_and_set_connections" :: waited 0.001s {{(pid=66377) inner /opt/stack/data/venv/lib/python3.10/site-packages/oslo_concurrency/lockutils.py:409}}
Nov 15 23:20:31 user devstack@n-api.service[66377]: DEBUG oslo_concurrency.lockutils [req-42245da8-87cf-4cf2-8201-cb72e912de7e req-208d0bb1-96de-4eda-9c92-50f8bfc7ffa5 service nova] Lock "eb0ee17f-22e8-4b10-958e-587f56bf0672" "released" by "nova.context.set_target_cell..get_or_set_cached_cell_and_set_connections" :: held 0.000s {{(pid=66377) inner /opt/stack/data/venv/lib/python3.10/site-packages/oslo_concurrency/lockutils.py:423}}
Nov 15 23:20:31 user devstack@n-api.service[66379]: DEBUG nova.api.openstack.wsgi [req-3a3a0c87-802b-4d9f-bb96-1d2b65c2919e req-7beaa164-511b-42d9-a012-bc02e4b2c646 service nova] Action: 'create', calling method: >, body: {"events": [{"server_uuid": "ef9d1d9c-63d7-48a8-8efe-85b5b7f1cf11", "name": "network-vif-deleted", "tag": "c051e8bd-3bf8-4286-9394-7235ff5b47ac"}, {"server_uuid": "4ef93dd8-db9b-49ae-97ea-7de91ab3ddd3", "name": "network-vif-deleted", "tag": "3917e5e4-7891-45d1-b015-20127d3fe142"}]} {{(pid=66379) _process_stack /opt/stack/nova/nova/api/openstack/wsgi.py:511}}
Nov 15 23:20:31 user devstack@n-api.service[66377]: INFO nova.api.openstack.compute.server_external_events [req-42245da8-87cf-4cf2-8201-cb72e912de7e req-208d0bb1-96de-4eda-9c92-50f8bfc7ffa5 service nova] Creating event network-vif-plugged:f6e3d304-aa96-4149-9ea5-9fb21f718c1c for instance 39b01e2d-c7e1-4fb0-a184-088120332b4f on user
Nov 15 23:20:31 user devstack@n-api.service[66377]: INFO nova.api.openstack.compute.server_external_events [req-42245da8-87cf-4cf2-8201-cb72e912de7e req-208d0bb1-96de-4eda-9c92-50f8bfc7ffa5 service nova] Creating event network-vif-plugged:f6e3d304-aa96-4149-9ea5-9fb21f718c1c for instance 39b01e2d-c7e1-4fb0-a184-088120332b4f on user
Nov 15 23:20:31 user devstack@n-api.service[66377]: INFO nova.api.openstack.requestlog [req-42245da8-87cf-4cf2-8201-cb72e912de7e req-208d0bb1-96de-4eda-9c92-50f8bfc7ffa5 service nova] 10.0.0.210 "POST /compute/v2.1/os-server-external-events" status: 200 len: 354 microversion: 2.1 time: 0.051359
Nov 15 23:20:31 user devstack@n-api.service[66377]: [pid: 66377|app: 0|req: 124/364] 10.0.0.210 () {68 vars in 1394 bytes} [Wed Nov 15 23:20:31 2023] POST /compute/v2.1/os-server-external-events => generated 354 bytes in 54 msecs (HTTP/1.1 200) 9 headers in 357 bytes (1 switches on core 0)
Nov 15 23:20:31 user devstack@n-api.service[66379]: DEBUG oslo_concurrency.lockutils [req-3a3a0c87-802b-4d9f-bb96-1d2b65c2919e req-7beaa164-511b-42d9-a012-bc02e4b2c646 service nova] Acquiring lock "eb0ee17f-22e8-4b10-958e-587f56bf0672" by "nova.context.set_target_cell..get_or_set_cached_cell_and_set_connections" {{(pid=66379) inner /opt/stack/data/venv/lib/python3.10/site-packages/oslo_concurrency/lockutils.py:404}}
Nov 15 23:20:31 user devstack@n-api.service[66379]: DEBUG oslo_concurrency.lockutils [req-3a3a0c87-802b-4d9f-bb96-1d2b65c2919e req-7beaa164-511b-42d9-a012-bc02e4b2c646 service nova] Lock "eb0ee17f-22e8-4b10-958e-587f56bf0672" acquired by "nova.context.set_target_cell..get_or_set_cached_cell_and_set_connections" :: waited 0.001s {{(pid=66379) inner /opt/stack/data/venv/lib/python3.10/site-packages/oslo_concurrency/lockutils.py:409}}
Nov 15 23:20:31 user devstack@n-api.service[66379]: DEBUG oslo_concurrency.lockutils [req-3a3a0c87-802b-4d9f-bb96-1d2b65c2919e req-7beaa164-511b-42d9-a012-bc02e4b2c646 service nova] Lock "eb0ee17f-22e8-4b10-958e-587f56bf0672" "released" by "nova.context.set_target_cell..get_or_set_cached_cell_and_set_connections" :: held 0.000s {{(pid=66379) inner /opt/stack/data/venv/lib/python3.10/site-packages/oslo_concurrency/lockutils.py:423}}
Nov 15 23:20:31 user devstack@n-api.service[66379]: INFO nova.api.openstack.compute.server_external_events [req-3a3a0c87-802b-4d9f-bb96-1d2b65c2919e req-7beaa164-511b-42d9-a012-bc02e4b2c646 service nova] Creating event network-vif-deleted:c051e8bd-3bf8-4286-9394-7235ff5b47ac for instance ef9d1d9c-63d7-48a8-8efe-85b5b7f1cf11 on user
Nov 15 23:20:31 user devstack@n-api.service[66379]: INFO nova.api.openstack.compute.server_external_events [req-3a3a0c87-802b-4d9f-bb96-1d2b65c2919e req-7beaa164-511b-42d9-a012-bc02e4b2c646 service nova] Creating event network-vif-deleted:3917e5e4-7891-45d1-b015-20127d3fe142 for instance 4ef93dd8-db9b-49ae-97ea-7de91ab3ddd3 on user
Nov 15 23:20:31 user devstack@n-api.service[66379]: INFO nova.api.openstack.requestlog [req-3a3a0c87-802b-4d9f-bb96-1d2b65c2919e req-7beaa164-511b-42d9-a012-bc02e4b2c646 service nova] 10.0.0.210 "POST /compute/v2.1/os-server-external-events" status: 200 len: 354 microversion: 2.1 time: 0.044902
Nov 15 23:20:31 user devstack@n-api.service[66379]: [pid: 66379|app: 0|req: 122/365] 10.0.0.210 () {68 vars in 1394 bytes} [Wed Nov 15 23:20:31 2023] POST /compute/v2.1/os-server-external-events => generated 354 bytes in 47 msecs (HTTP/1.1 200) 9 headers in 357 bytes (1 switches on core 0)
Nov 15 23:20:33 user devstack@n-api.service[66378]: DEBUG nova.api.openstack.wsgi [None req-eabf4b05-10ef-48a2-be3d-e7300c1b23bc tempest-AttachVolumeNegativeTest-511423013 tempest-AttachVolumeNegativeTest-511423013-project-member] Action: 'create', calling method: .version_select at 0x7f43f8e1ff40>, body: {"keypair": {"name": "tempest-keypair-1925932212", "public_key": "ecdsa-sha2-nistp384 AAAAE2VjZHNhLXNoYTItbmlzdHAzODQAAAAIbmlzdHAzODQAAABhBJ/453g9RXHyV0RSU1J+KRpzOZMYn2I+W0okjGBmpUqdhls3WgHHv57uYTt9LSkD/8TxBaOgz7FU4ldig+5UAMcSvMQtym/XKTdsh8oVAiYhl09em170G040DsGLlu26ww=="}} {{(pid=66378) _process_stack /opt/stack/nova/nova/api/openstack/wsgi.py:511}}
Nov 15 23:20:33 user devstack@n-api.service[66378]: DEBUG nova.quota [None req-eabf4b05-10ef-48a2-be3d-e7300c1b23bc tempest-AttachVolumeNegativeTest-511423013 tempest-AttachVolumeNegativeTest-511423013-project-member] Getting quotas for project f0d9ceea4a4748c4a4524ffb24a56e97. Resources: {'key_pairs'} {{(pid=66378) _get_quotas /opt/stack/nova/nova/quota.py:393}}
Nov 15 23:20:33 user devstack@n-api.service[66378]: DEBUG nova.quota [None req-eabf4b05-10ef-48a2-be3d-e7300c1b23bc tempest-AttachVolumeNegativeTest-511423013 tempest-AttachVolumeNegativeTest-511423013-project-member] Getting quotas for user 9a0dc5a4052f4e9ebf3448d0ed5e5f2a and project f0d9ceea4a4748c4a4524ffb24a56e97. Resources: {'key_pairs'} {{(pid=66378) _get_quotas /opt/stack/nova/nova/quota.py:383}}
Nov 15 23:20:33 user devstack@n-api.service[66378]: INFO nova.api.openstack.requestlog [None req-eabf4b05-10ef-48a2-be3d-e7300c1b23bc tempest-AttachVolumeNegativeTest-511423013 tempest-AttachVolumeNegativeTest-511423013-project-member] 10.0.0.210 "POST /compute/v2.1/os-keypairs" status: 200 len: 386 microversion: 2.1 time: 0.203884
Nov 15 23:20:33 user devstack@n-api.service[66378]: [pid: 66378|app: 0|req: 120/366] 10.0.0.210 () {64 vars in 1236 bytes} [Wed Nov 15 23:20:33 2023] POST /compute/v2.1/os-keypairs => generated 386 bytes in 206 msecs (HTTP/1.1 200) 9 headers in 357 bytes (2 switches on core 0)
Nov 15 23:20:36 user devstack@n-api.service[66377]: DEBUG nova.api.openstack.wsgi [None req-6d094e6c-a92b-4b4c-ac8e-3c95c9afa46d tempest-AttachVolumeNegativeTest-511423013 tempest-AttachVolumeNegativeTest-511423013-project-member] Action: 'create', calling method: >, body: {"server": {"name": "tempest-AttachVolumeNegativeTest-server-105165344", "imageRef": "9fefdfab-50b0-4bb0-961e-aba7120d0851", "flavorRef": "1", "adminPass": "***", "networks": [{"uuid": "995776a7-0a13-4639-a395-ecbd6bdbacb8"}], "security_groups": [{"name": "tempest-securitygroup--1230999648"}], "key_name": "tempest-keypair-1925932212", "user_data": "}} {{(pid=66377) _process_stack /opt/stack/nova/nova/api/openstack/wsgi.py:511}}
