Nov 29 21:35:31 user devstack@keystone.service[46562]: DEBUG keystone.server.flask.request_processing.middleware.auth_context [None req-6eb29a22-cb55-4e7d-81a0-780683cde17d None admin] Validating token access rules against request {{(pid=46562) validate_allowed_request /opt/stack/data/venv/lib/python3.10/site-packages/keystonemiddleware/auth_token/__init__.py:544}}
Nov 29 21:35:31 user devstack@keystone.service[46563]: DEBUG keystone.server.flask.request_processing.middleware.auth_context [None req-1641b55e-3fe2-4eb7-92c5-1cb8b73b7ff9 None admin] RBAC: auth_context: {'token': , 'domain_id': None, 'trust_id': None, 'trustor_id': None, 'trustee_id': None, 'domain_name': None, 'group_ids': [], 'user_id': '17d427629a3040d2b69cc5b2fad260fd', 'user_domain_id': 'default', 'system_scope': 'all', 'project_id': None, 'project_domain_id': None, 'roles': ['admin', 'manager', 'member', 'reader'], 'is_admin_project': True, 'service_user_id': None, 'service_user_domain_id': None, 'service_project_id': None, 'service_project_domain_id': None, 'service_roles': []} {{(pid=46563) fill_context /opt/stack/keystone/keystone/server/flask/request_processing/middleware/auth_context.py:480}}
Nov 29 21:35:31 user devstack@keystone.service[46563]: DEBUG keystone.server.flask.request_processing.req_logging [None req-1641b55e-3fe2-4eb7-92c5-1cb8b73b7ff9 None admin] REQUEST_METHOD: `GET` {{(pid=46563) log_request_info /opt/stack/keystone/keystone/server/flask/request_processing/req_logging.py:27}}
Nov 29 21:35:31 user devstack@keystone.service[46563]: DEBUG keystone.server.flask.request_processing.req_logging [None req-1641b55e-3fe2-4eb7-92c5-1cb8b73b7ff9 None admin] SCRIPT_NAME: `/identity` {{(pid=46563) log_request_info /opt/stack/keystone/keystone/server/flask/request_processing/req_logging.py:28}}
Nov 29 21:35:31 user devstack@keystone.service[46563]: DEBUG keystone.server.flask.request_processing.req_logging [None req-1641b55e-3fe2-4eb7-92c5-1cb8b73b7ff9 None admin] PATH_INFO: `/v3/users/17d427629a3040d2b69cc5b2fad260fd` {{(pid=46563) log_request_info /opt/stack/keystone/keystone/server/flask/request_processing/req_logging.py:29}}
Nov 29 21:35:31 user devstack@keystone.service[46563]: DEBUG keystone.common.rbac_enforcer.enforcer [None req-1641b55e-3fe2-4eb7-92c5-1cb8b73b7ff9 None admin] RBAC: Authorizing `identity:get_user(user_id=17d427629a3040d2b69cc5b2fad260fd)` {{(pid=46563) enforce_call /opt/stack/keystone/keystone/common/rbac_enforcer/enforcer.py:449}}
Nov 29 21:35:31 user devstack@keystone.service[46563]: DEBUG keystone.common.rbac_enforcer.enforcer [None req-1641b55e-3fe2-4eb7-92c5-1cb8b73b7ff9 None admin] RBAC: Authorization granted {{(pid=46563) enforce_call /opt/stack/keystone/keystone/common/rbac_enforcer/enforcer.py:457}}
Nov 29 21:35:31 user devstack@keystone.service[46563]: [pid: 46563|app: 0|req: 26/74] 10.0.0.210 () {56 vars in 1172 bytes} [Wed Nov 29 21:35:31 2023] GET /identity/v3/users/17d427629a3040d2b69cc5b2fad260fd => generated 246 bytes in 151 msecs (HTTP/1.1 200) 5 headers in 177 bytes (2 switches on core 0)
Nov 29 21:35:31 user devstack@keystone.service[46563]: DEBUG keystone.server.flask.request_processing.middleware.auth_context [None req-1641b55e-3fe2-4eb7-92c5-1cb8b73b7ff9 None admin] Authenticating user token {{(pid=46563) process_request /opt/stack/data/venv/lib/python3.10/site-packages/keystonemiddleware/auth_token/__init__.py:406}}
Nov 29 21:35:31 user devstack@keystone.service[46562]: DEBUG keystone.server.flask.request_processing.middleware.auth_context [None req-1e6b4a47-a90b-4b29-b2a3-3b68e9b3ada7 None admin] RBAC: auth_context: {'token': , 'domain_id': None, 'trust_id': None, 'trustor_id': None, 'trustee_id': None, 'domain_name': None, 'group_ids': [], 'user_id': '17d427629a3040d2b69cc5b2fad260fd', 'user_domain_id': 'default', 'system_scope': 'all', 'project_id': None, 'project_domain_id': None, 'roles': ['admin', 'manager', 'member', 'reader'], 'is_admin_project': True, 'service_user_id': None, 'service_user_domain_id': None, 'service_project_id': None, 'service_project_domain_id': None, 'service_roles': []} {{(pid=46562) fill_context /opt/stack/keystone/keystone/server/flask/request_processing/middleware/auth_context.py:480}}
Nov 29 21:35:31 user devstack@keystone.service[46562]: DEBUG keystone.server.flask.request_processing.req_logging [None req-1e6b4a47-a90b-4b29-b2a3-3b68e9b3ada7 None admin] REQUEST_METHOD: `PUT` {{(pid=46562) log_request_info /opt/stack/keystone/keystone/server/flask/request_processing/req_logging.py:27}}
Nov 29 21:35:31 user devstack@keystone.service[46562]: DEBUG keystone.server.flask.request_processing.req_logging [None req-1e6b4a47-a90b-4b29-b2a3-3b68e9b3ada7 None admin] SCRIPT_NAME: `/identity` {{(pid=46562) log_request_info /opt/stack/keystone/keystone/server/flask/request_processing/req_logging.py:28}}
Nov 29 21:35:31 user devstack@keystone.service[46562]: DEBUG keystone.server.flask.request_processing.req_logging [None req-1e6b4a47-a90b-4b29-b2a3-3b68e9b3ada7 None admin] PATH_INFO: `/v3/projects/6d734053a1ae444c89722cb25c0fe29b/users/ae74a7281ed94f61acb4764792567902/roles/7d62c0aae04f42d79c156cc63c2267fd` {{(pid=46562) log_request_info /opt/stack/keystone/keystone/server/flask/request_processing/req_logging.py:29}}
Nov 29 21:35:31 user devstack@keystone.service[46562]: DEBUG keystone.common.rbac_enforcer.enforcer [None req-1e6b4a47-a90b-4b29-b2a3-3b68e9b3ada7 None admin] RBAC: Authorizing `identity:create_grant(project_id=6d734053a1ae444c89722cb25c0fe29b, user_id=ae74a7281ed94f61acb4764792567902, role_id=7d62c0aae04f42d79c156cc63c2267fd)` {{(pid=46562) enforce_call /opt/stack/keystone/keystone/common/rbac_enforcer/enforcer.py:449}}
Nov 29 21:35:31 user devstack@keystone.service[46562]: DEBUG keystone.common.rbac_enforcer.enforcer [None req-1e6b4a47-a90b-4b29-b2a3-3b68e9b3ada7 None admin] RBAC: Authorization granted {{(pid=46562) enforce_call /opt/stack/keystone/keystone/common/rbac_enforcer/enforcer.py:457}}
Nov 29 21:35:31 user devstack@keystone.service[46562]: [pid: 46562|app: 0|req: 27/75] 10.0.0.210 () {58 vars in 1434 bytes} [Wed Nov 29 21:35:31 2023] PUT /identity/v3/projects/6d734053a1ae444c89722cb25c0fe29b/users/ae74a7281ed94f61acb4764792567902/roles/7d62c0aae04f42d79c156cc63c2267fd => generated 0 bytes in 153 msecs (HTTP/1.1 204) 3 headers in 132 bytes (0 switches on core 0)
Nov 29 21:35:31 user devstack@keystone.service[46562]: DEBUG keystone.server.flask.request_processing.middleware.auth_context [None req-1e6b4a47-a90b-4b29-b2a3-3b68e9b3ada7 None admin] Authenticating user token {{(pid=46562) process_request /opt/stack/data/venv/lib/python3.10/site-packages/keystonemiddleware/auth_token/__init__.py:406}}
Nov 29 21:35:31 user devstack@keystone.service[46564]: DEBUG keystone.server.flask.request_processing.middleware.auth_context [None req-1e2a9cc9-5393-4abc-99a3-15f940a75f67 None admin] Validating token access rules against request {{(pid=46564) validate_allowed_request /opt/stack/data/venv/lib/python3.10/site-packages/keystonemiddleware/auth_token/__init__.py:544}}
Nov 29 21:35:31 user devstack@keystone.service[46563]: DEBUG keystone.server.flask.request_processing.middleware.auth_context [None req-1641b55e-3fe2-4eb7-92c5-1cb8b73b7ff9 None admin] Validating token access rules against request {{(pid=46563) validate_allowed_request /opt/stack/data/venv/lib/python3.10/site-packages/keystonemiddleware/auth_token/__init__.py:544}}
Nov 29 21:35:31 user devstack@keystone.service[46564]: DEBUG keystone.server.flask.request_processing.middleware.auth_context [None req-d4233aa6-6a33-49f1-b85b-5362d1490add None admin] RBAC: auth_context: {'token': , 'domain_id': None, 'trust_id': None, 'trustor_id': None, 'trustee_id': None, 'domain_name': None, 'group_ids': [], 'user_id': '17d427629a3040d2b69cc5b2fad260fd', 'user_domain_id': 'default', 'system_scope': 'all', 'project_id': None, 'project_domain_id': None, 'roles': ['admin', 'manager', 'member', 'reader'], 'is_admin_project': True, 'service_user_id': None, 'service_user_domain_id': None, 'service_project_id': None, 'service_project_domain_id': None, 'service_roles': []} {{(pid=46564) fill_context /opt/stack/keystone/keystone/server/flask/request_processing/middleware/auth_context.py:480}}
Nov 29 21:35:31 user devstack@keystone.service[46564]: DEBUG keystone.server.flask.request_processing.req_logging [None req-d4233aa6-6a33-49f1-b85b-5362d1490add None admin] REQUEST_METHOD: `GET` {{(pid=46564) log_request_info /opt/stack/keystone/keystone/server/flask/request_processing/req_logging.py:27}}
Nov 29 21:35:31 user devstack@keystone.service[46564]: DEBUG keystone.server.flask.request_processing.req_logging [None req-d4233aa6-6a33-49f1-b85b-5362d1490add None admin] SCRIPT_NAME: `/identity` {{(pid=46564) log_request_info /opt/stack/keystone/keystone/server/flask/request_processing/req_logging.py:28}}
Nov 29 21:35:31 user devstack@keystone.service[46564]: DEBUG keystone.server.flask.request_processing.req_logging [None req-d4233aa6-6a33-49f1-b85b-5362d1490add None admin] PATH_INFO: `/v3/domains/default` {{(pid=46564) log_request_info /opt/stack/keystone/keystone/server/flask/request_processing/req_logging.py:29}}
Nov 29 21:35:31 user devstack@keystone.service[46564]: DEBUG keystone.common.rbac_enforcer.enforcer [None req-d4233aa6-6a33-49f1-b85b-5362d1490add None admin] RBAC: Authorizing `identity:get_domain(domain_id=default)` {{(pid=46564) enforce_call /opt/stack/keystone/keystone/common/rbac_enforcer/enforcer.py:449}}
Nov 29 21:35:31 user devstack@keystone.service[46564]: DEBUG keystone.common.rbac_enforcer.enforcer [None req-d4233aa6-6a33-49f1-b85b-5362d1490add None admin] RBAC: Authorization granted {{(pid=46564) enforce_call /opt/stack/keystone/keystone/common/rbac_enforcer/enforcer.py:457}}
Nov 29 21:35:31 user devstack@keystone.service[46564]: [pid: 46564|app: 0|req: 23/76] 10.0.0.210 () {56 vars in 1103 bytes} [Wed Nov 29 21:35:31 2023] GET /identity/v3/domains/default => generated 198 bytes in 145 msecs (HTTP/1.1 200) 5 headers in 177 bytes (1 switches on core 0)
Nov 29 21:35:31 user devstack@keystone.service[46564]: DEBUG keystone.server.flask.request_processing.middleware.auth_context [None req-d4233aa6-6a33-49f1-b85b-5362d1490add None admin] Authenticating user token {{(pid=46564) process_request /opt/stack/data/venv/lib/python3.10/site-packages/keystonemiddleware/auth_token/__init__.py:406}}
Nov 29 21:35:31 user devstack@keystone.service[46563]: DEBUG keystone.server.flask.request_processing.middleware.auth_context [None req-a3b8d5b8-1c92-418e-9636-2a72ee818c92 None admin] RBAC: auth_context: {'token': , 'domain_id': None, 'trust_id': None, 'trustor_id': None, 'trustee_id': None, 'domain_name': None, 'group_ids': [], 'user_id': '17d427629a3040d2b69cc5b2fad260fd', 'user_domain_id': 'default', 'system_scope': 'all', 'project_id': None, 'project_domain_id': None, 'roles': ['admin', 'manager', 'member', 'reader'], 'is_admin_project': True, 'service_user_id': None, 'service_user_domain_id': None, 'service_project_id': None, 'service_project_domain_id': None, 'service_roles': []} {{(pid=46563) fill_context /opt/stack/keystone/keystone/server/flask/request_processing/middleware/auth_context.py:480}}
Nov 29 21:35:31 user devstack@keystone.service[46563]: DEBUG keystone.server.flask.request_processing.req_logging [None req-a3b8d5b8-1c92-418e-9636-2a72ee818c92 None admin] REQUEST_METHOD: `GET` {{(pid=46563) log_request_info /opt/stack/keystone/keystone/server/flask/request_processing/req_logging.py:27}}
Nov 29 21:35:31 user devstack@keystone.service[46563]: DEBUG keystone.server.flask.request_processing.req_logging [None req-a3b8d5b8-1c92-418e-9636-2a72ee818c92 None admin] SCRIPT_NAME: `/identity` {{(pid=46563) log_request_info /opt/stack/keystone/keystone/server/flask/request_processing/req_logging.py:28}}
Nov 29 21:35:31 user devstack@keystone.service[46563]: DEBUG keystone.server.flask.request_processing.req_logging [None req-a3b8d5b8-1c92-418e-9636-2a72ee818c92 None admin] PATH_INFO: `/v3/roles` {{(pid=46563) log_request_info /opt/stack/keystone/keystone/server/flask/request_processing/req_logging.py:29}}
Nov 29 21:35:31 user devstack@keystone.service[46563]: DEBUG keystone.common.rbac_enforcer.enforcer [None req-a3b8d5b8-1c92-418e-9636-2a72ee818c92 None admin] RBAC: Adding query filter params (name=anotherrole) {{(pid=46563) _extract_filter_values /opt/stack/keystone/keystone/common/rbac_enforcer/enforcer.py:167}}
Nov 29 21:35:31 user devstack@keystone.service[46563]: DEBUG keystone.common.rbac_enforcer.enforcer [None req-a3b8d5b8-1c92-418e-9636-2a72ee818c92 None admin] RBAC: Authorizing `identity:list_roles()` {{(pid=46563) enforce_call /opt/stack/keystone/keystone/common/rbac_enforcer/enforcer.py:449}}
Nov 29 21:35:31 user devstack@keystone.service[46563]: DEBUG keystone.common.rbac_enforcer.enforcer [None req-a3b8d5b8-1c92-418e-9636-2a72ee818c92 None admin] RBAC: Authorization granted {{(pid=46563) enforce_call /opt/stack/keystone/keystone/common/rbac_enforcer/enforcer.py:457}}
Nov 29 21:35:31 user devstack@keystone.service[46563]: [pid: 46563|app: 0|req: 27/77] 10.0.0.210 () {56 vars in 1106 bytes} [Wed Nov 29 21:35:31 2023] GET /identity/v3/roles?name=anotherrole => generated 332 bytes in 139 msecs (HTTP/1.1 200) 5 headers in 177 bytes (1 switches on core 0)
Nov 29 21:35:31 user devstack@keystone.service[46563]: DEBUG keystone.server.flask.request_processing.middleware.auth_context [None req-a3b8d5b8-1c92-418e-9636-2a72ee818c92 None admin] Authenticating user token {{(pid=46563) process_request /opt/stack/data/venv/lib/python3.10/site-packages/keystonemiddleware/auth_token/__init__.py:406}}
Nov 29 21:35:31 user devstack@keystone.service[46562]: DEBUG keystone.server.flask.request_processing.middleware.auth_context [None req-1e6b4a47-a90b-4b29-b2a3-3b68e9b3ada7 None admin] Validating token access rules against request {{(pid=46562) validate_allowed_request /opt/stack/data/venv/lib/python3.10/site-packages/keystonemiddleware/auth_token/__init__.py:544}}
Nov 29 21:35:31 user devstack@keystone.service[46562]: DEBUG keystone.server.flask.request_processing.middleware.auth_context [None req-4f771e12-8a20-42c2-ac79-2f1dd656ddd4 None admin] RBAC: auth_context: {'token': , 'domain_id': None, 'trust_id': None, 'trustor_id': None, 'trustee_id': None, 'domain_name': None, 'group_ids': [], 'user_id': '17d427629a3040d2b69cc5b2fad260fd', 'user_domain_id': 'default', 'system_scope': 'all', 'project_id': None, 'project_domain_id': None, 'roles': ['admin', 'manager', 'member', 'reader'], 'is_admin_project': True, 'service_user_id': None, 'service_user_domain_id': None, 'service_project_id': None, 'service_project_domain_id': None, 'service_roles': []} {{(pid=46562) fill_context /opt/stack/keystone/keystone/server/flask/request_processing/middleware/auth_context.py:480}}
Nov 29 21:35:31 user devstack@keystone.service[46562]: DEBUG keystone.server.flask.request_processing.req_logging [None req-4f771e12-8a20-42c2-ac79-2f1dd656ddd4 None admin] REQUEST_METHOD: `GET` {{(pid=46562) log_request_info /opt/stack/keystone/keystone/server/flask/request_processing/req_logging.py:27}}
Nov 29 21:35:31 user devstack@keystone.service[46562]: DEBUG keystone.server.flask.request_processing.req_logging [None req-4f771e12-8a20-42c2-ac79-2f1dd656ddd4 None admin] SCRIPT_NAME: `/identity` {{(pid=46562) log_request_info /opt/stack/keystone/keystone/server/flask/request_processing/req_logging.py:28}}
Nov 29 21:35:31 user devstack@keystone.service[46562]: DEBUG keystone.server.flask.request_processing.req_logging [None req-4f771e12-8a20-42c2-ac79-2f1dd656ddd4 None admin] PATH_INFO: `/v3/projects/6d734053a1ae444c89722cb25c0fe29b` {{(pid=46562) log_request_info /opt/stack/keystone/keystone/server/flask/request_processing/req_logging.py:29}}
Nov 29 21:35:31 user devstack@keystone.service[46562]: DEBUG keystone.common.rbac_enforcer.enforcer [None req-4f771e12-8a20-42c2-ac79-2f1dd656ddd4 None admin] RBAC: Authorizing `identity:get_project(project_id=6d734053a1ae444c89722cb25c0fe29b)` {{(pid=46562) enforce_call /opt/stack/keystone/keystone/common/rbac_enforcer/enforcer.py:449}}
Nov 29 21:35:31 user devstack@keystone.service[46562]: DEBUG keystone.common.rbac_enforcer.enforcer [None req-4f771e12-8a20-42c2-ac79-2f1dd656ddd4 None admin] RBAC: Authorization granted {{(pid=46562) enforce_call /opt/stack/keystone/keystone/common/rbac_enforcer/enforcer.py:457}}
Nov 29 21:35:31 user devstack@keystone.service[46562]: [pid: 46562|app: 0|req: 28/78] 10.0.0.210 () {56 vars in 1181 bytes} [Wed Nov 29 21:35:31 2023] GET /identity/v3/projects/6d734053a1ae444c89722cb25c0fe29b => generated 297 bytes in 163 msecs (HTTP/1.1 200) 5 headers in 177 bytes (1 switches on core 0)
Nov 29 21:35:31 user devstack@keystone.service[46562]: DEBUG keystone.server.flask.request_processing.middleware.auth_context [None req-4f771e12-8a20-42c2-ac79-2f1dd656ddd4 None admin] Authenticating user token {{(pid=46562) process_request /opt/stack/data/venv/lib/python3.10/site-packages/keystonemiddleware/auth_token/__init__.py:406}}
Nov 29 21:35:31 user devstack@keystone.service[46564]: DEBUG keystone.server.flask.request_processing.middleware.auth_context [None req-d4233aa6-6a33-49f1-b85b-5362d1490add None admin] Validating token access rules against request {{(pid=46564) validate_allowed_request /opt/stack/data/venv/lib/python3.10/site-packages/keystonemiddleware/auth_token/__init__.py:544}}
Nov 29 21:35:31 user devstack@keystone.service[46563]: DEBUG keystone.server.flask.request_processing.middleware.auth_context [None req-a3b8d5b8-1c92-418e-9636-2a72ee818c92 None admin] Validating token access rules against request {{(pid=46563) validate_allowed_request /opt/stack/data/venv/lib/python3.10/site-packages/keystonemiddleware/auth_token/__init__.py:544}}
Nov 29 21:35:31 user devstack@keystone.service[46564]: DEBUG keystone.server.flask.request_processing.middleware.auth_context [None req-71094a00-acab-498e-9574-216d0ce25036 None admin] RBAC: auth_context: {'token': , 'domain_id': None, 'trust_id': None, 'trustor_id': None, 'trustee_id': None, 'domain_name': None, 'group_ids': [], 'user_id': '17d427629a3040d2b69cc5b2fad260fd', 'user_domain_id': 'default', 'system_scope': 'all', 'project_id': None, 'project_domain_id': None, 'roles': ['admin', 'manager', 'member', 'reader'], 'is_admin_project': True, 'service_user_id': None, 'service_user_domain_id': None, 'service_project_id': None, 'service_project_domain_id': None, 'service_roles': []} {{(pid=46564) fill_context /opt/stack/keystone/keystone/server/flask/request_processing/middleware/auth_context.py:480}}
Nov 29 21:35:31 user devstack@keystone.service[46564]: DEBUG keystone.server.flask.request_processing.req_logging [None req-71094a00-acab-498e-9574-216d0ce25036 None admin] REQUEST_METHOD: `GET` {{(pid=46564) log_request_info /opt/stack/keystone/keystone/server/flask/request_processing/req_logging.py:27}}
Nov 29 21:35:31 user devstack@keystone.service[46564]: DEBUG keystone.server.flask.request_processing.req_logging [None req-71094a00-acab-498e-9574-216d0ce25036 None admin] SCRIPT_NAME: `/identity` {{(pid=46564) log_request_info /opt/stack/keystone/keystone/server/flask/request_processing/req_logging.py:28}}
Nov 29 21:35:31 user devstack@keystone.service[46564]: DEBUG keystone.server.flask.request_processing.req_logging [None req-71094a00-acab-498e-9574-216d0ce25036 None admin] PATH_INFO: `/v3/roles/member` {{(pid=46564) log_request_info /opt/stack/keystone/keystone/server/flask/request_processing/req_logging.py:29}}
Nov 29 21:35:31 user devstack@keystone.service[46563]: DEBUG keystone.server.flask.request_processing.middleware.auth_context [None req-6ef3243f-f6e0-4395-817b-0f90ec0b25f2 None admin] RBAC: auth_context: {'token': , 'domain_id': None, 'trust_id': None, 'trustor_id': None, 'trustee_id': None, 'domain_name': None, 'group_ids': [], 'user_id': '17d427629a3040d2b69cc5b2fad260fd', 'user_domain_id': 'default', 'system_scope': 'all', 'project_id': None, 'project_domain_id': None, 'roles': ['admin', 'manager', 'member', 'reader'], 'is_admin_project': True, 'service_user_id': None, 'service_user_domain_id': None, 'service_project_id': None, 'service_project_domain_id': None, 'service_roles': []} {{(pid=46563) fill_context /opt/stack/keystone/keystone/server/flask/request_processing/middleware/auth_context.py:480}}
Nov 29 21:35:31 user devstack@keystone.service[46563]: DEBUG keystone.server.flask.request_processing.req_logging [None req-6ef3243f-f6e0-4395-817b-0f90ec0b25f2 None admin] REQUEST_METHOD: `POST` {{(pid=46563) log_request_info /opt/stack/keystone/keystone/server/flask/request_processing/req_logging.py:27}}
Nov 29 21:35:31 user devstack@keystone.service[46563]: DEBUG keystone.server.flask.request_processing.req_logging [None req-6ef3243f-f6e0-4395-817b-0f90ec0b25f2 None admin] SCRIPT_NAME: `/identity` {{(pid=46563) log_request_info /opt/stack/keystone/keystone/server/flask/request_processing/req_logging.py:28}}
Nov 29 21:35:31 user devstack@keystone.service[46563]: DEBUG keystone.server.flask.request_processing.req_logging [None req-6ef3243f-f6e0-4395-817b-0f90ec0b25f2 None admin] PATH_INFO: `/v3/users` {{(pid=46563) log_request_info /opt/stack/keystone/keystone/server/flask/request_processing/req_logging.py:29}}
Nov 29 21:35:31 user devstack@keystone.service[46563]: DEBUG keystone.common.rbac_enforcer.enforcer [None req-6ef3243f-f6e0-4395-817b-0f90ec0b25f2 None admin] RBAC: Authorizing `identity:create_user()` {{(pid=46563) enforce_call /opt/stack/keystone/keystone/common/rbac_enforcer/enforcer.py:449}}
Nov 29 21:35:31 user devstack@keystone.service[46563]: DEBUG keystone.common.rbac_enforcer.enforcer [None req-6ef3243f-f6e0-4395-817b-0f90ec0b25f2 None admin] RBAC: Authorization granted {{(pid=46563) enforce_call /opt/stack/keystone/keystone/common/rbac_enforcer/enforcer.py:457}}
Nov 29 21:35:31 user devstack@keystone.service[46564]: DEBUG keystone.common.rbac_enforcer.enforcer [None req-71094a00-acab-498e-9574-216d0ce25036 None admin] Extracting inferred target data resulted in "NOT FOUND (404)". {{(pid=46564) enforce_call /opt/stack/keystone/keystone/common/rbac_enforcer/enforcer.py:409}}
Nov 29 21:35:31 user devstack@keystone.service[46563]: WARNING keystone.common.password_hashing [None req-6ef3243f-f6e0-4395-817b-0f90ec0b25f2 None admin] Truncating password to algorithm specific maximum length 72 characters.
Nov 29 21:35:31 user devstack@keystone.service[46564]: ERROR keystone.server.flask.application [None req-71094a00-acab-498e-9574-216d0ce25036 None admin] Could not find role: member.: keystone.exception.RoleNotFound: Could not find role: member.
Nov 29 21:35:31 user devstack@keystone.service[46564]: ERROR keystone.server.flask.application
Traceback (most recent call last):
Nov 29 21:35:31 user devstack@keystone.service[46564]: ERROR keystone.server.flask.application
File "/opt/stack/data/venv/lib/python3.10/site-packages/flask/app.py", line 1823, in full_dispatch_request
Nov 29 21:35:31 user devstack@keystone.service[46564]: ERROR keystone.server.flask.application rv = self.dispatch_request()
Nov 29 21:35:31 user devstack@keystone.service[46564]: ERROR keystone.server.flask.application
File "/opt/stack/data/venv/lib/python3.10/site-packages/flask/app.py", line 1799, in dispatch_request
Nov 29 21:35:31 user devstack@keystone.service[46564]: ERROR keystone.server.flask.application return self.ensure_sync(self.view_functions[rule.endpoint])(**view_args)
Nov 29 21:35:31 user devstack@keystone.service[46564]: ERROR keystone.server.flask.application
File "/opt/stack/data/venv/lib/python3.10/site-packages/flask_restful/__init__.py", line 489, in wrapper
Nov 29 21:35:31 user devstack@keystone.service[46564]: ERROR keystone.server.flask.application resp = resource(*args, **kwargs)
Nov 29 21:35:31 user devstack@keystone.service[46564]: ERROR keystone.server.flask.application
File "/opt/stack/data/venv/lib/python3.10/site-packages/flask/views.py", line 107, in view
Nov 29 21:35:31 user devstack@keystone.service[46564]: ERROR keystone.server.flask.application return current_app.ensure_sync(self.dispatch_request)(**kwargs)
Nov 29 21:35:31 user devstack@keystone.service[46564]: ERROR keystone.server.flask.application
File "/opt/stack/data/venv/lib/python3.10/site-packages/flask_restful/__init__.py", line 604, in dispatch_request
Nov 29 21:35:31 user devstack@keystone.service[46564]: ERROR keystone.server.flask.application resp = meth(*args, **kwargs)
Nov 29 21:35:31 user devstack@keystone.service[46564]: ERROR keystone.server.flask.application
File "/opt/stack/keystone/keystone/api/roles.py", line 50, in get
Nov 29 21:35:31 user devstack@keystone.service[46564]: ERROR keystone.server.flask.application return self._get_role(role_id)
Nov 29 21:35:31 user devstack@keystone.service[46564]: ERROR keystone.server.flask.application
File "/opt/stack/keystone/keystone/api/roles.py", line 70, in _get_role
Nov 29 21:35:31 user devstack@keystone.service[46564]: ERROR keystone.server.flask.application ENFORCER.enforce_call(action='identity:get_role')
Nov 29 21:35:31 user devstack@keystone.service[46564]: ERROR keystone.server.flask.application
File "/opt/stack/keystone/keystone/common/rbac_enforcer/enforcer.py", line 402, in enforce_call
Nov 29 21:35:31 user devstack@keystone.service[46564]: ERROR keystone.server.flask.application policy_dict.update(cls._extract_member_target_data(
Nov 29 21:35:31 user devstack@keystone.service[46564]: ERROR keystone.server.flask.application
File "/opt/stack/keystone/keystone/common/rbac_enforcer/enforcer.py", line 234, in _extract_member_target_data
Nov 29 21:35:31 user devstack@keystone.service[46564]: ERROR keystone.server.flask.application member_name: func(flask.request.view_args[key])
Nov 29 21:35:31 user devstack@keystone.service[46564]: ERROR keystone.server.flask.application
File "/opt/stack/keystone/keystone/common/manager.py", line 115, in wrapped
Nov 29 21:35:31 user devstack@keystone.service[46564]: ERROR keystone.server.flask.application __ret_val = __f(*args, **kwargs)
Nov 29 21:35:31 user devstack@keystone.service[46564]: ERROR keystone.server.flask.application
File "/opt/stack/data/venv/lib/python3.10/site-packages/decorator.py", line 232, in fun
Nov 29 21:35:31 user devstack@keystone.service[46564]: ERROR keystone.server.flask.application return caller(func, *(extras + args), **kw)
Nov 29 21:35:31 user devstack@keystone.service[46564]: ERROR keystone.server.flask.application
File "/opt/stack/data/venv/lib/python3.10/site-packages/dogpile/cache/region.py", line 1594, in get_or_create_for_user_func
Nov 29 21:35:31 user devstack@keystone.service[46564]: ERROR keystone.server.flask.application return self.get_or_create(
Nov 29 21:35:31 user devstack@keystone.service[46564]: ERROR keystone.server.flask.application
File "/opt/stack/data/venv/lib/python3.10/site-packages/dogpile/cache/region.py", line 1054, in get_or_create
Nov 29 21:35:31 user devstack@keystone.service[46564]: ERROR keystone.server.flask.application with Lock(
Nov 29 21:35:31 user devstack@keystone.service[46564]: ERROR keystone.server.flask.application
File "/opt/stack/data/venv/lib/python3.10/site-packages/dogpile/lock.py", line 185, in __enter__
Nov 29 21:35:31 user devstack@keystone.service[46564]: ERROR keystone.server.flask.application return self._enter()
Nov 29 21:35:31 user devstack@keystone.service[46564]: ERROR keystone.server.flask.application
File "/opt/stack/data/venv/lib/python3.10/site-packages/dogpile/lock.py", line 94, in _enter
Nov 29 21:35:31 user devstack@keystone.service[46564]: ERROR keystone.server.flask.application generated = self._enter_create(value, createdtime)
Nov 29 21:35:31 user devstack@keystone.service[46564]: ERROR keystone.server.flask.application
File "/opt/stack/data/venv/lib/python3.10/site-packages/dogpile/lock.py", line 178, in _enter_create
Nov 29 21:35:31 user devstack@keystone.service[46564]: ERROR keystone.server.flask.application return self.creator()
Nov 29 21:35:31 user devstack@keystone.service[46564]: ERROR keystone.server.flask.application
File "/opt/stack/data/venv/lib/python3.10/site-packages/dogpile/cache/region.py", line 1007, in gen_value
Nov 29 21:35:31 user devstack@keystone.service[46564]: ERROR keystone.server.flask.application created_value = creator(
Nov 29 21:35:31 user devstack@keystone.service[46564]: ERROR keystone.server.flask.application
File "/opt/stack/keystone/keystone/assignment/core.py", line 1276, in get_role
Nov 29 21:35:31 user devstack@keystone.service[46564]: ERROR keystone.server.flask.application return self.driver.get_role(role_id)
Nov 29 21:35:31 user devstack@keystone.service[46564]: ERROR keystone.server.flask.application
File "/opt/stack/keystone/keystone/assignment/role_backends/sql.py", line 70, in get_role
Nov 29 21:35:31 user devstack@keystone.service[46564]: ERROR keystone.server.flask.application return self._get_role(session, role_id).to_dict()
Nov 29 21:35:31 user devstack@keystone.service[46564]: ERROR keystone.server.flask.application
File "/opt/stack/keystone/keystone/assignment/role_backends/sql.py", line 65, in _get_role
Nov 29 21:35:31 user devstack@keystone.service[46564]: ERROR keystone.server.flask.application raise exception.RoleNotFound(role_id=role_id)
Nov 29 21:35:31 user devstack@keystone.service[46564]: ERROR keystone.server.flask.application keystone.exception.RoleNotFound: Could not find role: member.
Nov 29 21:35:31 user devstack@keystone.service[46564]: ERROR keystone.server.flask.application
Nov 29 21:35:31 user devstack@keystone.service[46564]: [pid: 46564|app: 0|req: 24/79] 10.0.0.210 () {56 vars in 1094 bytes} [Wed Nov 29 21:35:31 2023] GET /identity/v3/roles/member => generated 84 bytes in 156 msecs (HTTP/1.1 404) 5 headers in 183 bytes (1 switches on core 0)
Nov 29 21:35:31 user devstack@keystone.service[46564]: DEBUG keystone.server.flask.request_processing.middleware.auth_context [None req-71094a00-acab-498e-9574-216d0ce25036 None admin] Authenticating user token {{(pid=46564) process_request /opt/stack/data/venv/lib/python3.10/site-packages/keystonemiddleware/auth_token/__init__.py:406}}
Nov 29 21:35:31 user devstack@keystone.service[46563]: [pid: 46563|app: 0|req: 28/80] 10.0.0.210 () {60 vars in 1127 bytes} [Wed Nov 29 21:35:31 2023] POST /identity/v3/users => generated 288 bytes in 153 msecs (HTTP/1.1 201) 5 headers in 182 bytes (1 switches on core 0)
Nov 29 21:35:31 user devstack@keystone.service[46563]: DEBUG keystone.server.flask.request_processing.middleware.auth_context [None req-6ef3243f-f6e0-4395-817b-0f90ec0b25f2 None admin] Authenticating user token {{(pid=46563) process_request /opt/stack/data/venv/lib/python3.10/site-packages/keystonemiddleware/auth_token/__init__.py:406}}
Nov 29 21:35:32 user devstack@keystone.service[46564]: DEBUG keystone.server.flask.request_processing.middleware.auth_context [None req-71094a00-acab-498e-9574-216d0ce25036 None admin] Validating token access rules against request {{(pid=46564) validate_allowed_request /opt/stack/data/venv/lib/python3.10/site-packages/keystonemiddleware/auth_token/__init__.py:544}}
Nov 29 21:35:32 user devstack@keystone.service[46563]: DEBUG keystone.server.flask.request_processing.middleware.auth_context [None req-6ef3243f-f6e0-4395-817b-0f90ec0b25f2 None admin] Validating token access rules against request {{(pid=46563) validate_allowed_request /opt/stack/data/venv/lib/python3.10/site-packages/keystonemiddleware/auth_token/__init__.py:544}}
Nov 29 21:35:32 user devstack@keystone.service[46564]: DEBUG keystone.server.flask.request_processing.middleware.auth_context [None req-eb6913b4-0b50-4f60-8314-586b9c427044 None admin] RBAC: auth_context: {'token': , 'domain_id': None, 'trust_id': None, 'trustor_id': None, 'trustee_id': None, 'domain_name': None, 'group_ids': [], 'user_id': '17d427629a3040d2b69cc5b2fad260fd', 'user_domain_id': 'default', 'system_scope': 'all', 'project_id': None, 'project_domain_id': None, 'roles': ['admin', 'manager', 'member', 'reader'], 'is_admin_project': True, 'service_user_id': None, 'service_user_domain_id': None, 'service_project_id': None, 'service_project_domain_id': None, 'service_roles': []} {{(pid=46564) fill_context /opt/stack/keystone/keystone/server/flask/request_processing/middleware/auth_context.py:480}}
Nov 29 21:35:32 user devstack@keystone.service[46564]: DEBUG keystone.server.flask.request_processing.req_logging [None req-eb6913b4-0b50-4f60-8314-586b9c427044 None admin] REQUEST_METHOD: `PUT` {{(pid=46564) log_request_info /opt/stack/keystone/keystone/server/flask/request_processing/req_logging.py:27}}
Nov 29 21:35:32 user devstack@keystone.service[46564]: DEBUG keystone.server.flask.request_processing.req_logging [None req-eb6913b4-0b50-4f60-8314-586b9c427044 None admin] SCRIPT_NAME: `/identity` {{(pid=46564) log_request_info /opt/stack/keystone/keystone/server/flask/request_processing/req_logging.py:28}}
Nov 29 21:35:32 user devstack@keystone.service[46564]: DEBUG keystone.server.flask.request_processing.req_logging [None req-eb6913b4-0b50-4f60-8314-586b9c427044 None admin] PATH_INFO: `/v3/projects/6d734053a1ae444c89722cb25c0fe29b/users/17d427629a3040d2b69cc5b2fad260fd/roles/3cb1180037f743f19360508e57783b3a` {{(pid=46564) log_request_info /opt/stack/keystone/keystone/server/flask/request_processing/req_logging.py:29}}
Nov 29 21:35:32 user devstack@keystone.service[46564]: DEBUG keystone.common.rbac_enforcer.enforcer [None req-eb6913b4-0b50-4f60-8314-586b9c427044 None admin] RBAC: Authorizing `identity:create_grant(project_id=6d734053a1ae444c89722cb25c0fe29b, user_id=17d427629a3040d2b69cc5b2fad260fd, role_id=3cb1180037f743f19360508e57783b3a)` {{(pid=46564) enforce_call /opt/stack/keystone/keystone/common/rbac_enforcer/enforcer.py:449}}
Nov 29 21:35:32 user devstack@keystone.service[46564]: DEBUG keystone.common.rbac_enforcer.enforcer [None req-eb6913b4-0b50-4f60-8314-586b9c427044 None admin] RBAC: Authorization granted {{(pid=46564) enforce_call /opt/stack/keystone/keystone/common/rbac_enforcer/enforcer.py:457}}
Nov 29 21:35:32 user devstack@keystone.service[46564]: [pid: 46564|app: 0|req: 25/81] 10.0.0.210 () {58 vars in 1434 bytes} [Wed Nov 29 21:35:31 2023] PUT /identity/v3/projects/6d734053a1ae444c89722cb25c0fe29b/users/17d427629a3040d2b69cc5b2fad260fd/roles/3cb1180037f743f19360508e57783b3a => generated 0 bytes in 161 msecs (HTTP/1.1 204) 3 headers in 132 bytes (0 switches on core 0)
Nov 29 21:35:32 user devstack@keystone.service[46563]: DEBUG keystone.server.flask.request_processing.middleware.auth_context [None req-9febf89d-1e8a-4669-9215-4c1219ddda00 None admin] RBAC: auth_context: {'token': , 'domain_id': None, 'trust_id': None, 'trustor_id': None, 'trustee_id': None, 'domain_name': None, 'group_ids': [], 'user_id': '17d427629a3040d2b69cc5b2fad260fd', 'user_domain_id': 'default', 'system_scope': 'all', 'project_id': None, 'project_domain_id': None, 'roles': ['admin', 'manager', 'member', 'reader'], 'is_admin_project': True, 'service_user_id': None, 'service_user_domain_id': None, 'service_project_id': None, 'service_project_domain_id': None, 'service_roles': []} {{(pid=46563) fill_context /opt/stack/keystone/keystone/server/flask/request_processing/middleware/auth_context.py:480}}
Nov 29 21:35:32 user devstack@keystone.service[46563]: DEBUG keystone.server.flask.request_processing.req_logging [None req-9febf89d-1e8a-4669-9215-4c1219ddda00 None admin] REQUEST_METHOD: `GET` {{(pid=46563) log_request_info /opt/stack/keystone/keystone/server/flask/request_processing/req_logging.py:27}}
Nov 29 21:35:32 user devstack@keystone.service[46563]: DEBUG keystone.server.flask.request_processing.req_logging [None req-9febf89d-1e8a-4669-9215-4c1219ddda00 None admin] SCRIPT_NAME: `/identity` {{(pid=46563) log_request_info /opt/stack/keystone/keystone/server/flask/request_processing/req_logging.py:28}}
Nov 29 21:35:32 user devstack@keystone.service[46563]: DEBUG keystone.server.flask.request_processing.req_logging [None req-9febf89d-1e8a-4669-9215-4c1219ddda00 None admin] PATH_INFO: `/v3/roles` {{(pid=46563) log_request_info /opt/stack/keystone/keystone/server/flask/request_processing/req_logging.py:29}}
Nov 29 21:35:32 user devstack@keystone.service[46563]: DEBUG keystone.common.rbac_enforcer.enforcer [None req-9febf89d-1e8a-4669-9215-4c1219ddda00 None admin] RBAC: Adding query filter params (name=member) {{(pid=46563) _extract_filter_values /opt/stack/keystone/keystone/common/rbac_enforcer/enforcer.py:167}}
Nov 29 21:35:32 user devstack@keystone.service[46563]: DEBUG keystone.common.rbac_enforcer.enforcer [None req-9febf89d-1e8a-4669-9215-4c1219ddda00 None admin] RBAC: Authorizing `identity:list_roles()` {{(pid=46563) enforce_call /opt/stack/keystone/keystone/common/rbac_enforcer/enforcer.py:449}}
Nov 29 21:35:32 user devstack@keystone.service[46563]: DEBUG keystone.common.rbac_enforcer.enforcer [None req-9febf89d-1e8a-4669-9215-4c1219ddda00 None admin] RBAC: Authorization granted {{(pid=46563) enforce_call /opt/stack/keystone/keystone/common/rbac_enforcer/enforcer.py:457}}
Nov 29 21:35:32 user devstack@keystone.service[46563]: [pid: 46563|app: 0|req: 29/82] 10.0.0.210 () {56 vars in 1096 bytes} [Wed Nov 29 21:35:31 2023] GET /identity/v3/roles?name=member => generated 339 bytes in 172 msecs (HTTP/1.1 200) 5 headers in 177 bytes (1 switches on core 0)
Nov 29 21:35:32 user devstack@keystone.service[46564]: DEBUG keystone.server.flask.request_processing.middleware.auth_context [None req-eb6913b4-0b50-4f60-8314-586b9c427044 None admin] Authenticating user token {{(pid=46564) process_request /opt/stack/data/venv/lib/python3.10/site-packages/keystonemiddleware/auth_token/__init__.py:406}}
Nov 29 21:35:32 user devstack@keystone.service[46562]: DEBUG keystone.server.flask.request_processing.middleware.auth_context [None req-4f771e12-8a20-42c2-ac79-2f1dd656ddd4 None admin] Validating token access rules against request {{(pid=46562) validate_allowed_request /opt/stack/data/venv/lib/python3.10/site-packages/keystonemiddleware/auth_token/__init__.py:544}}
Nov 29 21:35:32 user devstack@keystone.service[46562]: DEBUG keystone.server.flask.request_processing.middleware.auth_context [None req-32179230-5967-4f44-a317-5ce4459de421 None admin] RBAC: auth_context: {'token': , 'domain_id': None, 'trust_id': None, 'trustor_id': None, 'trustee_id': None, 'domain_name': None, 'group_ids': [], 'user_id': '17d427629a3040d2b69cc5b2fad260fd', 'user_domain_id': 'default', 'system_scope': 'all', 'project_id': None, 'project_domain_id': None, 'roles': ['admin', 'manager', 'member', 'reader'], 'is_admin_project': True, 'service_user_id': None, 'service_user_domain_id': None, 'service_project_id': None, 'service_project_domain_id': None, 'service_roles': []} {{(pid=46562) fill_context /opt/stack/keystone/keystone/server/flask/request_processing/middleware/auth_context.py:480}}
Nov 29 21:35:32 user devstack@keystone.service[46562]: DEBUG keystone.server.flask.request_processing.req_logging [None req-32179230-5967-4f44-a317-5ce4459de421 None admin] REQUEST_METHOD: `GET` {{(pid=46562) log_request_info /opt/stack/keystone/keystone/server/flask/request_processing/req_logging.py:27}}
Nov 29 21:35:32 user devstack@keystone.service[46562]: DEBUG keystone.server.flask.request_processing.req_logging [None req-32179230-5967-4f44-a317-5ce4459de421 None admin] SCRIPT_NAME: `/identity` {{(pid=46562) log_request_info /opt/stack/keystone/keystone/server/flask/request_processing/req_logging.py:28}}
Nov 29 21:35:32 user devstack@keystone.service[46562]: DEBUG keystone.server.flask.request_processing.req_logging [None req-32179230-5967-4f44-a317-5ce4459de421 None admin] PATH_INFO: `/v3/users/ae74a7281ed94f61acb4764792567902` {{(pid=46562) log_request_info /opt/stack/keystone/keystone/server/flask/request_processing/req_logging.py:29}}
Nov 29 21:35:32 user devstack@keystone.service[46562]: DEBUG keystone.common.rbac_enforcer.enforcer [None req-32179230-5967-4f44-a317-5ce4459de421 None admin] RBAC: Authorizing `identity:get_user(user_id=ae74a7281ed94f61acb4764792567902)` {{(pid=46562) enforce_call /opt/stack/keystone/keystone/common/rbac_enforcer/enforcer.py:449}}
Nov 29 21:35:32 user devstack@keystone.service[46562]: DEBUG keystone.common.rbac_enforcer.enforcer [None req-32179230-5967-4f44-a317-5ce4459de421 None admin] RBAC: Authorization granted {{(pid=46562) enforce_call /opt/stack/keystone/keystone/common/rbac_enforcer/enforcer.py:457}}
Nov 29 21:35:32 user devstack@keystone.service[46562]: [pid: 46562|app: 0|req: 29/83] 10.0.0.210 () {56 vars in 1172 bytes} [Wed Nov 29 21:35:31 2023] GET /identity/v3/users/ae74a7281ed94f61acb4764792567902 => generated 274 bytes in 317 msecs (HTTP/1.1 200) 5 headers in 177 bytes (1 switches on core 0)
Nov 29 21:35:32 user devstack@keystone.service[46563]: DEBUG keystone.server.flask.request_processing.middleware.auth_context [None req-9febf89d-1e8a-4669-9215-4c1219ddda00 None admin] Authenticating user token {{(pid=46563) process_request /opt/stack/data/venv/lib/python3.10/site-packages/keystonemiddleware/auth_token/__init__.py:406}}
Nov 29 21:35:32 user devstack@keystone.service[46564]: DEBUG keystone.server.flask.request_processing.middleware.auth_context [None req-eb6913b4-0b50-4f60-8314-586b9c427044 None admin] Validating token access rules against request {{(pid=46564) validate_allowed_request /opt/stack/data/venv/lib/python3.10/site-packages/keystonemiddleware/auth_token/__init__.py:544}}
Nov 29 21:35:32 user devstack@keystone.service[46564]: DEBUG keystone.server.flask.request_processing.middleware.auth_context [None req-a987cc18-f548-4689-98c8-b623f7e254f4 None admin] RBAC: auth_context: {'token': , 'domain_id': None, 'trust_id': None, 'trustor_id': None, 'trustee_id': None, 'domain_name': None, 'group_ids': [], 'user_id': '17d427629a3040d2b69cc5b2fad260fd', 'user_domain_id': 'default', 'system_scope': 'all', 'project_id': None, 'project_domain_id': None, 'roles': ['admin', 'manager', 'member', 'reader'], 'is_admin_project': True, 'service_user_id': None, 'service_user_domain_id': None, 'service_project_id': None, 'service_project_domain_id': None, 'service_roles': []} {{(pid=46564) fill_context /opt/stack/keystone/keystone/server/flask/request_processing/middleware/auth_context.py:480}}
Nov 29 21:35:32 user devstack@keystone.service[46564]: DEBUG keystone.server.flask.request_processing.req_logging [None req-a987cc18-f548-4689-98c8-b623f7e254f4 None admin] REQUEST_METHOD: `GET` {{(pid=46564) log_request_info /opt/stack/keystone/keystone/server/flask/request_processing/req_logging.py:27}}
Nov 29 21:35:32 user devstack@keystone.service[46564]: DEBUG keystone.server.flask.request_processing.req_logging [None req-a987cc18-f548-4689-98c8-b623f7e254f4 None admin] SCRIPT_NAME: `/identity` {{(pid=46564) log_request_info /opt/stack/keystone/keystone/server/flask/request_processing/req_logging.py:28}}
Nov 29 21:35:32 user devstack@keystone.service[46564]: DEBUG keystone.server.flask.request_processing.req_logging [None req-a987cc18-f548-4689-98c8-b623f7e254f4 None admin] PATH_INFO: `/v3/users/ae74a7281ed94f61acb4764792567902` {{(pid=46564) log_request_info /opt/stack/keystone/keystone/server/flask/request_processing/req_logging.py:29}}
Nov 29 21:35:32 user devstack@keystone.service[46564]: DEBUG keystone.common.rbac_enforcer.enforcer [None req-a987cc18-f548-4689-98c8-b623f7e254f4 None admin] RBAC: Authorizing `identity:get_user(user_id=ae74a7281ed94f61acb4764792567902)` {{(pid=46564) enforce_call /opt/stack/keystone/keystone/common/rbac_enforcer/enforcer.py:449}}
Nov 29 21:35:32 user devstack@keystone.service[46564]: DEBUG keystone.common.rbac_enforcer.enforcer [None req-a987cc18-f548-4689-98c8-b623f7e254f4 None admin] RBAC: Authorization granted {{(pid=46564) enforce_call /opt/stack/keystone/keystone/common/rbac_enforcer/enforcer.py:457}}
Nov 29 21:35:32 user devstack@keystone.service[46564]: [pid: 46564|app: 0|req: 26/84] 10.0.0.210 () {56 vars in 1172 bytes} [Wed Nov 29 21:35:32 2023] GET /identity/v3/users/ae74a7281ed94f61acb4764792567902 => generated 274 bytes in 176 msecs (HTTP/1.1 200) 5 headers in 177 bytes (1 switches on core 0)
Nov 29 21:35:32 user devstack@keystone.service[46563]: DEBUG keystone.server.flask.request_processing.middleware.auth_context [None req-9febf89d-1e8a-4669-9215-4c1219ddda00 None admin] Validating token access rules against request {{(pid=46563) validate_allowed_request /opt/stack/data/venv/lib/python3.10/site-packages/keystonemiddleware/auth_token/__init__.py:544}}
Nov 29 21:35:32 user devstack@keystone.service[46562]: DEBUG keystone.server.flask.request_processing.middleware.auth_context [None req-32179230-5967-4f44-a317-5ce4459de421 None admin] Authenticating user token {{(pid=46562) process_request /opt/stack/data/venv/lib/python3.10/site-packages/keystonemiddleware/auth_token/__init__.py:406}}
Nov 29 21:35:32 user devstack@keystone.service[46563]: DEBUG keystone.server.flask.request_processing.middleware.auth_context [None req-430c6ea1-6c59-4c95-85bf-f3984898d926 None admin] RBAC: auth_context: {'token': , 'domain_id': None, 'trust_id': None, 'trustor_id': None, 'trustee_id': None, 'domain_name': None, 'group_ids': [], 'user_id': '17d427629a3040d2b69cc5b2fad260fd', 'user_domain_id': 'default', 'system_scope': 'all', 'project_id': None, 'project_domain_id': None, 'roles': ['admin', 'manager', 'member', 'reader'], 'is_admin_project': True, 'service_user_id': None, 'service_user_domain_id': None, 'service_project_id': None, 'service_project_domain_id': None, 'service_roles': []} {{(pid=46563) fill_context /opt/stack/keystone/keystone/server/flask/request_processing/middleware/auth_context.py:480}}
Nov 29 21:35:32 user devstack@keystone.service[46563]: DEBUG keystone.server.flask.request_processing.req_logging [None req-430c6ea1-6c59-4c95-85bf-f3984898d926 None admin] REQUEST_METHOD: `GET` {{(pid=46563) log_request_info /opt/stack/keystone/keystone/server/flask/request_processing/req_logging.py:27}}
Nov 29 21:35:32 user devstack@keystone.service[46563]: DEBUG keystone.server.flask.request_processing.req_logging [None req-430c6ea1-6c59-4c95-85bf-f3984898d926 None admin] SCRIPT_NAME: `/identity` {{(pid=46563) log_request_info /opt/stack/keystone/keystone/server/flask/request_processing/req_logging.py:28}}
Nov 29 21:35:32 user devstack@keystone.service[46563]: DEBUG keystone.server.flask.request_processing.req_logging [None req-430c6ea1-6c59-4c95-85bf-f3984898d926 None admin] PATH_INFO: `/v3/projects/6d734053a1ae444c89722cb25c0fe29b` {{(pid=46563) log_request_info /opt/stack/keystone/keystone/server/flask/request_processing/req_logging.py:29}}
Nov 29 21:35:32 user devstack@keystone.service[46563]: DEBUG keystone.common.rbac_enforcer.enforcer [None req-430c6ea1-6c59-4c95-85bf-f3984898d926 None admin] RBAC: Authorizing `identity:get_project(project_id=6d734053a1ae444c89722cb25c0fe29b)` {{(pid=46563) enforce_call /opt/stack/keystone/keystone/common/rbac_enforcer/enforcer.py:449}}
Nov 29 21:35:32 user devstack@keystone.service[46563]: DEBUG keystone.common.rbac_enforcer.enforcer [None req-430c6ea1-6c59-4c95-85bf-f3984898d926 None admin] RBAC: Authorization granted {{(pid=46563) enforce_call /opt/stack/keystone/keystone/common/rbac_enforcer/enforcer.py:457}}
Nov 29 21:35:32 user devstack@keystone.service[46563]: [pid: 46563|app: 0|req: 30/85] 10.0.0.210 () {56 vars in 1181 bytes} [Wed Nov 29 21:35:32 2023] GET /identity/v3/projects/6d734053a1ae444c89722cb25c0fe29b => generated 297 bytes in 160 msecs (HTTP/1.1 200) 5 headers in 177 bytes (1 switches on core 0)
Nov 29 21:35:32 user devstack@keystone.service[46564]: DEBUG keystone.server.flask.request_processing.middleware.auth_context [None req-a987cc18-f548-4689-98c8-b623f7e254f4 None admin] Authenticating user token {{(pid=46564) process_request /opt/stack/data/venv/lib/python3.10/site-packages/keystonemiddleware/auth_token/__init__.py:406}}
Nov 29 21:35:32 user devstack@keystone.service[46562]: DEBUG keystone.server.flask.request_processing.middleware.auth_context [None req-32179230-5967-4f44-a317-5ce4459de421 None admin] Validating token access rules against request {{(pid=46562) validate_allowed_request /opt/stack/data/venv/lib/python3.10/site-packages/keystonemiddleware/auth_token/__init__.py:544}}
Nov 29 21:35:32 user devstack@keystone.service[46564]: DEBUG keystone.server.flask.request_processing.middleware.auth_context [None req-a987cc18-f548-4689-98c8-b623f7e254f4 None admin] Validating token access rules against request {{(pid=46564) validate_allowed_request /opt/stack/data/venv/lib/python3.10/site-packages/keystonemiddleware/auth_token/__init__.py:544}}
Nov 29 21:35:32 user devstack@keystone.service[46562]: DEBUG keystone.server.flask.request_processing.middleware.auth_context [None req-50a83d64-41ff-453c-bb76-ba032c30a850 None admin] RBAC: auth_context: {'token': , 'domain_id': None, 'trust_id': None, 'trustor_id': None, 'trustee_id': None, 'domain_name': None, 'group_ids': [], 'user_id': '17d427629a3040d2b69cc5b2fad260fd', 'user_domain_id': 'default', 'system_scope': 'all', 'project_id': None, 'project_domain_id': None, 'roles': ['admin', 'manager', 'member', 'reader'], 'is_admin_project': True, 'service_user_id': None, 'service_user_domain_id': None, 'service_project_id': None, 'service_project_domain_id': None, 'service_roles': []} {{(pid=46562) fill_context /opt/stack/keystone/keystone/server/flask/request_processing/middleware/auth_context.py:480}}
Nov 29 21:35:32 user devstack@keystone.service[46562]: DEBUG keystone.server.flask.request_processing.req_logging [None req-50a83d64-41ff-453c-bb76-ba032c30a850 None admin] REQUEST_METHOD: `GET` {{(pid=46562) log_request_info /opt/stack/keystone/keystone/server/flask/request_processing/req_logging.py:27}}
