Nov 15 19:44:08 user devstack@keystone.service[45914]: DEBUG keystone.server.flask.request_processing.req_logging [None req-d0ad8fda-1e85-4d94-a238-c5d308218935 admin admin] SCRIPT_NAME: `/identity` {{(pid=45914) log_request_info /opt/stack/keystone/keystone/server/flask/request_processing/req_logging.py:28}}
Nov 15 19:44:08 user devstack@keystone.service[45914]: DEBUG keystone.server.flask.request_processing.req_logging [None req-d0ad8fda-1e85-4d94-a238-c5d308218935 admin admin] PATH_INFO: `/v3/roles` {{(pid=45914) log_request_info /opt/stack/keystone/keystone/server/flask/request_processing/req_logging.py:29}}
Nov 15 19:44:08 user devstack@keystone.service[45914]: DEBUG keystone.common.rbac_enforcer.enforcer [None req-d0ad8fda-1e85-4d94-a238-c5d308218935 admin admin] RBAC: Adding query filter params (name=anotherrole) {{(pid=45914) _extract_filter_values /opt/stack/keystone/keystone/common/rbac_enforcer/enforcer.py:167}}
Nov 15 19:44:08 user devstack@keystone.service[45914]: DEBUG keystone.common.rbac_enforcer.enforcer [None req-d0ad8fda-1e85-4d94-a238-c5d308218935 admin admin] RBAC: Authorizing `identity:list_roles()` {{(pid=45914) enforce_call /opt/stack/keystone/keystone/common/rbac_enforcer/enforcer.py:449}}
Nov 15 19:44:08 user devstack@keystone.service[45914]: DEBUG keystone.common.rbac_enforcer.enforcer [None req-d0ad8fda-1e85-4d94-a238-c5d308218935 admin admin] RBAC: Authorization granted {{(pid=45914) enforce_call /opt/stack/keystone/keystone/common/rbac_enforcer/enforcer.py:457}}
Nov 15 19:44:08 user devstack@keystone.service[45915]: DEBUG keystone.server.flask.request_processing.middleware.auth_context [None req-ecac5014-b625-4743-a2b9-ff2409226c81 None admin] RBAC: auth_context: {'token': , 'domain_id': None, 'trust_id': None, 'trustor_id': None, 'trustee_id': None, 'domain_name': None, 'group_ids': [], 'user_id': '67a7d18849694a96b480403b9eeffba5', 'user_domain_id': 'default', 'system_scope': 'all', 'project_id': None, 'project_domain_id': None, 'roles': ['admin', 'manager', 'member', 'reader'], 'is_admin_project': True, 'service_user_id': None, 'service_user_domain_id': None, 'service_project_id': None, 'service_project_domain_id': None, 'service_roles': []} {{(pid=45915) fill_context /opt/stack/keystone/keystone/server/flask/request_processing/middleware/auth_context.py:480}}
Nov 15 19:44:08 user devstack@keystone.service[45915]: DEBUG keystone.server.flask.request_processing.req_logging [None req-ecac5014-b625-4743-a2b9-ff2409226c81 None admin] REQUEST_METHOD: `GET` {{(pid=45915) log_request_info /opt/stack/keystone/keystone/server/flask/request_processing/req_logging.py:27}}
Nov 15 19:44:08 user devstack@keystone.service[45915]: DEBUG keystone.server.flask.request_processing.req_logging [None req-ecac5014-b625-4743-a2b9-ff2409226c81 None admin] SCRIPT_NAME: `/identity` {{(pid=45915) log_request_info /opt/stack/keystone/keystone/server/flask/request_processing/req_logging.py:28}}
Nov 15 19:44:08 user devstack@keystone.service[45915]: DEBUG keystone.server.flask.request_processing.req_logging [None req-ecac5014-b625-4743-a2b9-ff2409226c81 None admin] PATH_INFO: `/v3/roles` {{(pid=45915) log_request_info /opt/stack/keystone/keystone/server/flask/request_processing/req_logging.py:29}}
Nov 15 19:44:08 user devstack@keystone.service[45915]: DEBUG keystone.common.rbac_enforcer.enforcer [None req-ecac5014-b625-4743-a2b9-ff2409226c81 None admin] RBAC: Adding query filter params (name=reader) {{(pid=45915) _extract_filter_values /opt/stack/keystone/keystone/common/rbac_enforcer/enforcer.py:167}}
Nov 15 19:44:08 user devstack@keystone.service[45915]: DEBUG keystone.common.rbac_enforcer.enforcer [None req-ecac5014-b625-4743-a2b9-ff2409226c81 None admin] RBAC: Authorizing `identity:list_roles()` {{(pid=45915) enforce_call /opt/stack/keystone/keystone/common/rbac_enforcer/enforcer.py:449}}
Nov 15 19:44:08 user devstack@keystone.service[45915]: DEBUG keystone.common.rbac_enforcer.enforcer [None req-ecac5014-b625-4743-a2b9-ff2409226c81 None admin] RBAC: Authorization granted {{(pid=45915) enforce_call /opt/stack/keystone/keystone/common/rbac_enforcer/enforcer.py:457}}
Nov 15 19:44:08 user devstack@keystone.service[45914]: [pid: 45914|app: 0|req: 82/239] 10.0.0.210 () {56 vars in 1127 bytes} [Wed Nov 15 19:44:08 2023] GET /identity/v3/roles?name=anotherrole => generated 332 bytes in 35 msecs (HTTP/1.1 200) 5 headers in 177 bytes (1 switches on core 0)
Nov 15 19:44:08 user devstack@keystone.service[45915]: [pid: 45915|app: 0|req: 79/240] 10.0.0.210 () {56 vars in 1096 bytes} [Wed Nov 15 19:44:08 2023] GET /identity/v3/roles?name=reader => generated 339 bytes in 150 msecs (HTTP/1.1 200) 5 headers in 177 bytes (1 switches on core 0)
Nov 15 19:44:08 user devstack@keystone.service[45916]: DEBUG keystone.server.flask.request_processing.middleware.auth_context [None req-ce60ae0e-c7db-4b83-b1f5-ea5101d26bae admin admin] Authenticating user token {{(pid=45916) process_request /opt/stack/data/venv/lib/python3.10/site-packages/keystonemiddleware/auth_token/__init__.py:406}}
Nov 15 19:44:08 user devstack@keystone.service[45914]: DEBUG keystone.server.flask.request_processing.middleware.auth_context [None req-d0ad8fda-1e85-4d94-a238-c5d308218935 admin admin] Authenticating user token {{(pid=45914) process_request /opt/stack/data/venv/lib/python3.10/site-packages/keystonemiddleware/auth_token/__init__.py:406}}
Nov 15 19:44:08 user devstack@keystone.service[45916]: DEBUG keystone.server.flask.request_processing.middleware.auth_context [None req-ce60ae0e-c7db-4b83-b1f5-ea5101d26bae admin admin] Validating token access rules against request {{(pid=45916) validate_allowed_request /opt/stack/data/venv/lib/python3.10/site-packages/keystonemiddleware/auth_token/__init__.py:544}}
Nov 15 19:44:08 user devstack@keystone.service[45916]: DEBUG keystone.server.flask.request_processing.middleware.auth_context [None req-4dca36b4-9098-425c-98e9-ae9eb222dcde admin admin] RBAC: auth_context: {'token': , 'domain_id': None, 'trust_id': None, 'trustor_id': None, 'trustee_id': None, 'domain_name': None, 'group_ids': [], 'user_id': '67a7d18849694a96b480403b9eeffba5', 'user_domain_id': 'default', 'system_scope': None, 'project_id': 'aa5a9689b9014f5e9abccc180b76aa0e', 'project_domain_id': 'default', 'roles': ['manager', 'admin', 'reader', 'member'], 'is_admin_project': True, 'service_user_id': None, 'service_user_domain_id': None, 'service_project_id': None, 'service_project_domain_id': None, 'service_roles': []} {{(pid=45916) fill_context /opt/stack/keystone/keystone/server/flask/request_processing/middleware/auth_context.py:480}}
Nov 15 19:44:08 user devstack@keystone.service[45916]: DEBUG keystone.server.flask.request_processing.req_logging [None req-4dca36b4-9098-425c-98e9-ae9eb222dcde admin admin] REQUEST_METHOD: `GET` {{(pid=45916) log_request_info /opt/stack/keystone/keystone/server/flask/request_processing/req_logging.py:27}}
Nov 15 19:44:08 user devstack@keystone.service[45916]: DEBUG keystone.server.flask.request_processing.req_logging [None req-4dca36b4-9098-425c-98e9-ae9eb222dcde admin admin] SCRIPT_NAME: `/identity` {{(pid=45916) log_request_info /opt/stack/keystone/keystone/server/flask/request_processing/req_logging.py:28}}
Nov 15 19:44:08 user devstack@keystone.service[45916]: DEBUG keystone.server.flask.request_processing.req_logging [None req-4dca36b4-9098-425c-98e9-ae9eb222dcde admin admin] PATH_INFO: `/v3/groups/7c7285f0d3504e24852f3aa95d1daa54` {{(pid=45916) log_request_info /opt/stack/keystone/keystone/server/flask/request_processing/req_logging.py:29}}
Nov 15 19:44:08 user devstack@keystone.service[45916]: DEBUG keystone.common.rbac_enforcer.enforcer [None req-4dca36b4-9098-425c-98e9-ae9eb222dcde admin admin] RBAC: Authorizing `identity:get_group(group_id=7c7285f0d3504e24852f3aa95d1daa54)` {{(pid=45916) enforce_call /opt/stack/keystone/keystone/common/rbac_enforcer/enforcer.py:449}}
Nov 15 19:44:08 user devstack@keystone.service[45916]: DEBUG keystone.common.rbac_enforcer.enforcer [None req-4dca36b4-9098-425c-98e9-ae9eb222dcde admin admin] RBAC: Authorization granted {{(pid=45916) enforce_call /opt/stack/keystone/keystone/common/rbac_enforcer/enforcer.py:457}}
Nov 15 19:44:08 user devstack@keystone.service[45916]: [pid: 45916|app: 0|req: 80/241] 10.0.0.210 () {56 vars in 1196 bytes} [Wed Nov 15 19:44:08 2023] GET /identity/v3/groups/7c7285f0d3504e24852f3aa95d1daa54 => generated 225 bytes in 24 msecs (HTTP/1.1 200) 5 headers in 177 bytes (1 switches on core 0)
Nov 15 19:44:08 user devstack@keystone.service[45915]: DEBUG keystone.server.flask.request_processing.middleware.auth_context [None req-ecac5014-b625-4743-a2b9-ff2409226c81 None admin] Authenticating user token {{(pid=45915) process_request /opt/stack/data/venv/lib/python3.10/site-packages/keystonemiddleware/auth_token/__init__.py:406}}
Nov 15 19:44:08 user devstack@keystone.service[45915]: DEBUG keystone.server.flask.request_processing.middleware.auth_context [None req-ecac5014-b625-4743-a2b9-ff2409226c81 None admin] Validating token access rules against request {{(pid=45915) validate_allowed_request /opt/stack/data/venv/lib/python3.10/site-packages/keystonemiddleware/auth_token/__init__.py:544}}
Nov 15 19:44:08 user devstack@keystone.service[45915]: DEBUG keystone.server.flask.request_processing.middleware.auth_context [None req-69e9ff4f-f583-43c3-b3fa-5f158a1521ed admin admin] RBAC: auth_context: {'token': , 'domain_id': None, 'trust_id': None, 'trustor_id': None, 'trustee_id': None, 'domain_name': None, 'group_ids': [], 'user_id': '67a7d18849694a96b480403b9eeffba5', 'user_domain_id': 'default', 'system_scope': None, 'project_id': 'aa5a9689b9014f5e9abccc180b76aa0e', 'project_domain_id': 'default', 'roles': ['manager', 'admin', 'reader', 'member'], 'is_admin_project': True, 'service_user_id': None, 'service_user_domain_id': None, 'service_project_id': None, 'service_project_domain_id': None, 'service_roles': []} {{(pid=45915) fill_context /opt/stack/keystone/keystone/server/flask/request_processing/middleware/auth_context.py:480}}
Nov 15 19:44:08 user devstack@keystone.service[45915]: DEBUG keystone.server.flask.request_processing.req_logging [None req-69e9ff4f-f583-43c3-b3fa-5f158a1521ed admin admin] REQUEST_METHOD: `GET` {{(pid=45915) log_request_info /opt/stack/keystone/keystone/server/flask/request_processing/req_logging.py:27}}
Nov 15 19:44:08 user devstack@keystone.service[45915]: DEBUG keystone.server.flask.request_processing.req_logging [None req-69e9ff4f-f583-43c3-b3fa-5f158a1521ed admin admin] SCRIPT_NAME: `/identity` {{(pid=45915) log_request_info /opt/stack/keystone/keystone/server/flask/request_processing/req_logging.py:28}}
Nov 15 19:44:08 user devstack@keystone.service[45915]: DEBUG keystone.server.flask.request_processing.req_logging [None req-69e9ff4f-f583-43c3-b3fa-5f158a1521ed admin admin] PATH_INFO: `/v3/projects/534ef8356da14f0b9bccbe2bfe932478` {{(pid=45915) log_request_info /opt/stack/keystone/keystone/server/flask/request_processing/req_logging.py:29}}
Nov 15 19:44:08 user devstack@keystone.service[45915]: DEBUG keystone.common.rbac_enforcer.enforcer [None req-69e9ff4f-f583-43c3-b3fa-5f158a1521ed admin admin] RBAC: Authorizing `identity:get_project(project_id=534ef8356da14f0b9bccbe2bfe932478)` {{(pid=45915) enforce_call /opt/stack/keystone/keystone/common/rbac_enforcer/enforcer.py:449}}
Nov 15 19:44:08 user devstack@keystone.service[45915]: DEBUG keystone.common.rbac_enforcer.enforcer [None req-69e9ff4f-f583-43c3-b3fa-5f158a1521ed admin admin] RBAC: Authorization granted {{(pid=45915) enforce_call /opt/stack/keystone/keystone/common/rbac_enforcer/enforcer.py:457}}
Nov 15 19:44:08 user devstack@keystone.service[45915]: [pid: 45915|app: 0|req: 80/242] 10.0.0.210 () {56 vars in 1202 bytes} [Wed Nov 15 19:44:08 2023] GET /identity/v3/projects/534ef8356da14f0b9bccbe2bfe932478 => generated 301 bytes in 29 msecs (HTTP/1.1 200) 5 headers in 177 bytes (1 switches on core 0)
Nov 15 19:44:08 user devstack@keystone.service[45916]: DEBUG keystone.server.flask.request_processing.middleware.auth_context [None req-4dca36b4-9098-425c-98e9-ae9eb222dcde admin admin] Authenticating user token {{(pid=45916) process_request /opt/stack/data/venv/lib/python3.10/site-packages/keystonemiddleware/auth_token/__init__.py:406}}
Nov 15 19:44:08 user devstack@keystone.service[45916]: DEBUG keystone.server.flask.request_processing.middleware.auth_context [None req-4dca36b4-9098-425c-98e9-ae9eb222dcde admin admin] Validating token access rules against request {{(pid=45916) validate_allowed_request /opt/stack/data/venv/lib/python3.10/site-packages/keystonemiddleware/auth_token/__init__.py:544}}
Nov 15 19:44:08 user devstack@keystone.service[45916]: DEBUG keystone.server.flask.request_processing.middleware.auth_context [None req-7bc58b6a-ba6e-4f37-82a4-e0df6051b150 admin admin] RBAC: auth_context: {'token': , 'domain_id': None, 'trust_id': None, 'trustor_id': None, 'trustee_id': None, 'domain_name': None, 'group_ids': [], 'user_id': '67a7d18849694a96b480403b9eeffba5', 'user_domain_id': 'default', 'system_scope': None, 'project_id': 'aa5a9689b9014f5e9abccc180b76aa0e', 'project_domain_id': 'default', 'roles': ['manager', 'admin', 'reader', 'member'], 'is_admin_project': True, 'service_user_id': None, 'service_user_domain_id': None, 'service_project_id': None, 'service_project_domain_id': None, 'service_roles': []} {{(pid=45916) fill_context /opt/stack/keystone/keystone/server/flask/request_processing/middleware/auth_context.py:480}}
Nov 15 19:44:08 user devstack@keystone.service[45916]: DEBUG keystone.server.flask.request_processing.req_logging [None req-7bc58b6a-ba6e-4f37-82a4-e0df6051b150 admin admin] REQUEST_METHOD: `PUT` {{(pid=45916) log_request_info /opt/stack/keystone/keystone/server/flask/request_processing/req_logging.py:27}}
Nov 15 19:44:08 user devstack@keystone.service[45916]: DEBUG keystone.server.flask.request_processing.req_logging [None req-7bc58b6a-ba6e-4f37-82a4-e0df6051b150 admin admin] SCRIPT_NAME: `/identity` {{(pid=45916) log_request_info /opt/stack/keystone/keystone/server/flask/request_processing/req_logging.py:28}}
Nov 15 19:44:08 user devstack@keystone.service[45916]: DEBUG keystone.server.flask.request_processing.req_logging [None req-7bc58b6a-ba6e-4f37-82a4-e0df6051b150 admin admin] PATH_INFO: `/v3/projects/534ef8356da14f0b9bccbe2bfe932478/groups/7c7285f0d3504e24852f3aa95d1daa54/roles/e7e96bb393494458822d191204dec65d` {{(pid=45916) log_request_info /opt/stack/keystone/keystone/server/flask/request_processing/req_logging.py:29}}
Nov 15 19:44:08 user devstack@keystone.service[45916]: DEBUG keystone.common.rbac_enforcer.enforcer [None req-7bc58b6a-ba6e-4f37-82a4-e0df6051b150 admin admin] RBAC: Authorizing `identity:create_grant(project_id=534ef8356da14f0b9bccbe2bfe932478, group_id=7c7285f0d3504e24852f3aa95d1daa54, role_id=e7e96bb393494458822d191204dec65d)` {{(pid=45916) enforce_call /opt/stack/keystone/keystone/common/rbac_enforcer/enforcer.py:449}}
Nov 15 19:44:08 user devstack@keystone.service[45916]: DEBUG keystone.common.rbac_enforcer.enforcer [None req-7bc58b6a-ba6e-4f37-82a4-e0df6051b150 admin admin] RBAC: Authorization granted {{(pid=45916) enforce_call /opt/stack/keystone/keystone/common/rbac_enforcer/enforcer.py:457}}
Nov 15 19:44:08 user devstack@keystone.service[45916]: [pid: 45916|app: 0|req: 81/243] 10.0.0.210 () {58 vars in 1458 bytes} [Wed Nov 15 19:44:08 2023] PUT /identity/v3/projects/534ef8356da14f0b9bccbe2bfe932478/groups/7c7285f0d3504e24852f3aa95d1daa54/roles/e7e96bb393494458822d191204dec65d => generated 0 bytes in 32 msecs (HTTP/1.1 204) 3 headers in 132 bytes (0 switches on core 0)
Nov 15 19:44:08 user devstack@keystone.service[45914]: DEBUG keystone.server.flask.request_processing.middleware.auth_context [None req-d0ad8fda-1e85-4d94-a238-c5d308218935 admin admin] Validating token access rules against request {{(pid=45914) validate_allowed_request /opt/stack/data/venv/lib/python3.10/site-packages/keystonemiddleware/auth_token/__init__.py:544}}
Nov 15 19:44:09 user devstack@keystone.service[45915]: DEBUG keystone.server.flask.request_processing.req_logging [None req-8291844f-af15-4cef-9031-3c399248aaad None None] REQUEST_METHOD: `GET` {{(pid=45915) log_request_info /opt/stack/keystone/keystone/server/flask/request_processing/req_logging.py:27}}
Nov 15 19:44:09 user devstack@keystone.service[45915]: DEBUG keystone.server.flask.request_processing.req_logging [None req-8291844f-af15-4cef-9031-3c399248aaad None None] SCRIPT_NAME: `/identity` {{(pid=45915) log_request_info /opt/stack/keystone/keystone/server/flask/request_processing/req_logging.py:28}}
Nov 15 19:44:09 user devstack@keystone.service[45915]: DEBUG keystone.server.flask.request_processing.req_logging [None req-8291844f-af15-4cef-9031-3c399248aaad None None] PATH_INFO: `/` {{(pid=45915) log_request_info /opt/stack/keystone/keystone/server/flask/request_processing/req_logging.py:29}}
Nov 15 19:44:09 user devstack@keystone.service[45915]: [pid: 45915|app: 0|req: 81/244] 10.0.0.210 () {54 vars in 921 bytes} [Wed Nov 15 19:44:09 2023] GET /identity => generated 269 bytes in 3 msecs (HTTP/1.1 300) 6 headers in 233 bytes (1 switches on core 0)
Nov 15 19:44:09 user devstack@keystone.service[45916]: DEBUG keystone.server.flask.request_processing.middleware.auth_context [None req-7bc58b6a-ba6e-4f37-82a4-e0df6051b150 admin admin] Authenticating user token {{(pid=45916) process_request /opt/stack/data/venv/lib/python3.10/site-packages/keystonemiddleware/auth_token/__init__.py:406}}
Nov 15 19:44:09 user devstack@keystone.service[45914]: DEBUG keystone.server.flask.request_processing.middleware.auth_context [None req-23c3d201-d1c2-4e32-a90b-8d23d061a067 None admin] RBAC: auth_context: {'token': , 'domain_id': None, 'trust_id': None, 'trustor_id': None, 'trustee_id': None, 'domain_name': None, 'group_ids': [], 'user_id': '67a7d18849694a96b480403b9eeffba5', 'user_domain_id': 'default', 'system_scope': 'all', 'project_id': None, 'project_domain_id': None, 'roles': ['admin', 'manager', 'member', 'reader'], 'is_admin_project': True, 'service_user_id': None, 'service_user_domain_id': None, 'service_project_id': None, 'service_project_domain_id': None, 'service_roles': []} {{(pid=45914) fill_context /opt/stack/keystone/keystone/server/flask/request_processing/middleware/auth_context.py:480}}
Nov 15 19:44:09 user devstack@keystone.service[45914]: DEBUG keystone.server.flask.request_processing.req_logging [None req-23c3d201-d1c2-4e32-a90b-8d23d061a067 None admin] REQUEST_METHOD: `GET` {{(pid=45914) log_request_info /opt/stack/keystone/keystone/server/flask/request_processing/req_logging.py:27}}
Nov 15 19:44:09 user devstack@keystone.service[45914]: DEBUG keystone.server.flask.request_processing.req_logging [None req-23c3d201-d1c2-4e32-a90b-8d23d061a067 None admin] SCRIPT_NAME: `/identity` {{(pid=45914) log_request_info /opt/stack/keystone/keystone/server/flask/request_processing/req_logging.py:28}}
Nov 15 19:44:09 user devstack@keystone.service[45914]: DEBUG keystone.server.flask.request_processing.req_logging [None req-23c3d201-d1c2-4e32-a90b-8d23d061a067 None admin] PATH_INFO: `/v3/users/efc32b4d48a84f70a668c2c8e784556f` {{(pid=45914) log_request_info /opt/stack/keystone/keystone/server/flask/request_processing/req_logging.py:29}}
Nov 15 19:44:09 user devstack@keystone.service[45914]: DEBUG keystone.common.rbac_enforcer.enforcer [None req-23c3d201-d1c2-4e32-a90b-8d23d061a067 None admin] RBAC: Authorizing `identity:get_user(user_id=efc32b4d48a84f70a668c2c8e784556f)` {{(pid=45914) enforce_call /opt/stack/keystone/keystone/common/rbac_enforcer/enforcer.py:449}}
Nov 15 19:44:09 user devstack@keystone.service[45914]: DEBUG keystone.common.rbac_enforcer.enforcer [None req-23c3d201-d1c2-4e32-a90b-8d23d061a067 None admin] RBAC: Authorization granted {{(pid=45914) enforce_call /opt/stack/keystone/keystone/common/rbac_enforcer/enforcer.py:457}}
Nov 15 19:44:09 user devstack@keystone.service[45914]: [pid: 45914|app: 0|req: 83/245] 10.0.0.210 () {56 vars in 1172 bytes} [Wed Nov 15 19:44:08 2023] GET /identity/v3/users/efc32b4d48a84f70a668c2c8e784556f => generated 292 bytes in 150 msecs (HTTP/1.1 200) 5 headers in 177 bytes (1 switches on core 0)
Nov 15 19:44:09 user devstack@keystone.service[45915]: DEBUG keystone.server.flask.request_processing.middleware.auth_context [None req-8291844f-af15-4cef-9031-3c399248aaad None None] Authenticating user token {{(pid=45915) process_request /opt/stack/data/venv/lib/python3.10/site-packages/keystonemiddleware/auth_token/__init__.py:406}}
Nov 15 19:44:09 user devstack@keystone.service[45916]: DEBUG keystone.server.flask.request_processing.middleware.auth_context [None req-7bc58b6a-ba6e-4f37-82a4-e0df6051b150 admin admin] Validating token access rules against request {{(pid=45916) validate_allowed_request /opt/stack/data/venv/lib/python3.10/site-packages/keystonemiddleware/auth_token/__init__.py:544}}
Nov 15 19:44:09 user devstack@keystone.service[45916]: DEBUG keystone.server.flask.request_processing.middleware.auth_context [None req-7c72d495-b67b-430b-b5f8-9a5a7f455860 admin admin] RBAC: auth_context: {'token': , 'domain_id': None, 'trust_id': None, 'trustor_id': None, 'trustee_id': None, 'domain_name': None, 'group_ids': [], 'user_id': '67a7d18849694a96b480403b9eeffba5', 'user_domain_id': 'default', 'system_scope': None, 'project_id': 'aa5a9689b9014f5e9abccc180b76aa0e', 'project_domain_id': 'default', 'roles': ['manager', 'admin', 'reader', 'member'], 'is_admin_project': True, 'service_user_id': None, 'service_user_domain_id': None, 'service_project_id': None, 'service_project_domain_id': None, 'service_roles': []} {{(pid=45916) fill_context /opt/stack/keystone/keystone/server/flask/request_processing/middleware/auth_context.py:480}}
Nov 15 19:44:09 user devstack@keystone.service[45916]: DEBUG keystone.server.flask.request_processing.req_logging [None req-7c72d495-b67b-430b-b5f8-9a5a7f455860 admin admin] REQUEST_METHOD: `GET` {{(pid=45916) log_request_info /opt/stack/keystone/keystone/server/flask/request_processing/req_logging.py:27}}
Nov 15 19:44:09 user devstack@keystone.service[45916]: DEBUG keystone.server.flask.request_processing.req_logging [None req-7c72d495-b67b-430b-b5f8-9a5a7f455860 admin admin] SCRIPT_NAME: `/identity` {{(pid=45916) log_request_info /opt/stack/keystone/keystone/server/flask/request_processing/req_logging.py:28}}
Nov 15 19:44:09 user devstack@keystone.service[45916]: DEBUG keystone.server.flask.request_processing.req_logging [None req-7c72d495-b67b-430b-b5f8-9a5a7f455860 admin admin] PATH_INFO: `/v3/roles/admin` {{(pid=45916) log_request_info /opt/stack/keystone/keystone/server/flask/request_processing/req_logging.py:29}}
Nov 15 19:44:09 user devstack@keystone.service[45916]: DEBUG keystone.common.rbac_enforcer.enforcer [None req-7c72d495-b67b-430b-b5f8-9a5a7f455860 admin admin] Extracting inferred target data resulted in "NOT FOUND (404)". {{(pid=45916) enforce_call /opt/stack/keystone/keystone/common/rbac_enforcer/enforcer.py:409}}
Nov 15 19:44:09 user devstack@keystone.service[45916]: ERROR keystone.server.flask.application [None req-7c72d495-b67b-430b-b5f8-9a5a7f455860 admin admin] Could not find role: admin.: keystone.exception.RoleNotFound: Could not find role: admin.
Nov 15 19:44:09 user devstack@keystone.service[45916]: ERROR keystone.server.flask.application
Traceback (most recent call last):
Nov 15 19:44:09 user devstack@keystone.service[45916]: ERROR keystone.server.flask.application
File "/opt/stack/data/venv/lib/python3.10/site-packages/flask/app.py", line 1823, in full_dispatch_request
Nov 15 19:44:09 user devstack@keystone.service[45916]: ERROR keystone.server.flask.application rv = self.dispatch_request()
Nov 15 19:44:09 user devstack@keystone.service[45916]: ERROR keystone.server.flask.application
File "/opt/stack/data/venv/lib/python3.10/site-packages/flask/app.py", line 1799, in dispatch_request
Nov 15 19:44:09 user devstack@keystone.service[45916]: ERROR keystone.server.flask.application return self.ensure_sync(self.view_functions[rule.endpoint])(**view_args)
Nov 15 19:44:09 user devstack@keystone.service[45916]: ERROR keystone.server.flask.application
File "/opt/stack/data/venv/lib/python3.10/site-packages/flask_restful/__init__.py", line 489, in wrapper
Nov 15 19:44:09 user devstack@keystone.service[45916]: ERROR keystone.server.flask.application resp = resource(*args, **kwargs)
Nov 15 19:44:09 user devstack@keystone.service[45916]: ERROR keystone.server.flask.application
File "/opt/stack/data/venv/lib/python3.10/site-packages/flask/views.py", line 107, in view
Nov 15 19:44:09 user devstack@keystone.service[45916]: ERROR keystone.server.flask.application return current_app.ensure_sync(self.dispatch_request)(**kwargs)
Nov 15 19:44:09 user devstack@keystone.service[45916]: ERROR keystone.server.flask.application
File "/opt/stack/data/venv/lib/python3.10/site-packages/flask_restful/__init__.py", line 604, in dispatch_request
Nov 15 19:44:09 user devstack@keystone.service[45916]: ERROR keystone.server.flask.application resp = meth(*args, **kwargs)
Nov 15 19:44:09 user devstack@keystone.service[45916]: ERROR keystone.server.flask.application
File "/opt/stack/keystone/keystone/api/roles.py", line 50, in get
Nov 15 19:44:09 user devstack@keystone.service[45916]: ERROR keystone.server.flask.application return self._get_role(role_id)
Nov 15 19:44:09 user devstack@keystone.service[45916]: ERROR keystone.server.flask.application
File "/opt/stack/keystone/keystone/api/roles.py", line 70, in _get_role
Nov 15 19:44:09 user devstack@keystone.service[45916]: ERROR keystone.server.flask.application ENFORCER.enforce_call(action='identity:get_role')
Nov 15 19:44:09 user devstack@keystone.service[45916]: ERROR keystone.server.flask.application
File "/opt/stack/keystone/keystone/common/rbac_enforcer/enforcer.py", line 402, in enforce_call
Nov 15 19:44:09 user devstack@keystone.service[45916]: ERROR keystone.server.flask.application policy_dict.update(cls._extract_member_target_data(
Nov 15 19:44:09 user devstack@keystone.service[45916]: ERROR keystone.server.flask.application
File "/opt/stack/keystone/keystone/common/rbac_enforcer/enforcer.py", line 234, in _extract_member_target_data
Nov 15 19:44:09 user devstack@keystone.service[45916]: ERROR keystone.server.flask.application member_name: func(flask.request.view_args[key])
Nov 15 19:44:09 user devstack@keystone.service[45916]: ERROR keystone.server.flask.application
File "/opt/stack/keystone/keystone/common/manager.py", line 115, in wrapped
Nov 15 19:44:09 user devstack@keystone.service[45916]: ERROR keystone.server.flask.application __ret_val = __f(*args, **kwargs)
Nov 15 19:44:09 user devstack@keystone.service[45916]: ERROR keystone.server.flask.application
File "/opt/stack/data/venv/lib/python3.10/site-packages/decorator.py", line 232, in fun
Nov 15 19:44:09 user devstack@keystone.service[45916]: ERROR keystone.server.flask.application return caller(func, *(extras + args), **kw)
Nov 15 19:44:09 user devstack@keystone.service[45916]: ERROR keystone.server.flask.application
File "/opt/stack/data/venv/lib/python3.10/site-packages/dogpile/cache/region.py", line 1594, in get_or_create_for_user_func
Nov 15 19:44:09 user devstack@keystone.service[45916]: ERROR keystone.server.flask.application return self.get_or_create(
Nov 15 19:44:09 user devstack@keystone.service[45916]: ERROR keystone.server.flask.application
File "/opt/stack/data/venv/lib/python3.10/site-packages/dogpile/cache/region.py", line 1054, in get_or_create
Nov 15 19:44:09 user devstack@keystone.service[45916]: ERROR keystone.server.flask.application with Lock(
Nov 15 19:44:09 user devstack@keystone.service[45916]: ERROR keystone.server.flask.application
File "/opt/stack/data/venv/lib/python3.10/site-packages/dogpile/lock.py", line 185, in __enter__
Nov 15 19:44:09 user devstack@keystone.service[45916]: ERROR keystone.server.flask.application return self._enter()
Nov 15 19:44:09 user devstack@keystone.service[45916]: ERROR keystone.server.flask.application
File "/opt/stack/data/venv/lib/python3.10/site-packages/dogpile/lock.py", line 94, in _enter
Nov 15 19:44:09 user devstack@keystone.service[45916]: ERROR keystone.server.flask.application generated = self._enter_create(value, createdtime)
Nov 15 19:44:09 user devstack@keystone.service[45916]: ERROR keystone.server.flask.application
File "/opt/stack/data/venv/lib/python3.10/site-packages/dogpile/lock.py", line 178, in _enter_create
Nov 15 19:44:09 user devstack@keystone.service[45916]: ERROR keystone.server.flask.application return self.creator()
Nov 15 19:44:09 user devstack@keystone.service[45916]: ERROR keystone.server.flask.application
File "/opt/stack/data/venv/lib/python3.10/site-packages/dogpile/cache/region.py", line 1007, in gen_value
Nov 15 19:44:09 user devstack@keystone.service[45916]: ERROR keystone.server.flask.application created_value = creator(
Nov 15 19:44:09 user devstack@keystone.service[45916]: ERROR keystone.server.flask.application
File "/opt/stack/keystone/keystone/assignment/core.py", line 1276, in get_role
Nov 15 19:44:09 user devstack@keystone.service[45916]: ERROR keystone.server.flask.application return self.driver.get_role(role_id)
Nov 15 19:44:09 user devstack@keystone.service[45916]: ERROR keystone.server.flask.application
File "/opt/stack/keystone/keystone/assignment/role_backends/sql.py", line 70, in get_role
Nov 15 19:44:09 user devstack@keystone.service[45916]: ERROR keystone.server.flask.application return self._get_role(session, role_id).to_dict()
Nov 15 19:44:09 user devstack@keystone.service[45916]: ERROR keystone.server.flask.application
File "/opt/stack/keystone/keystone/assignment/role_backends/sql.py", line 65, in _get_role
Nov 15 19:44:09 user devstack@keystone.service[45916]: ERROR keystone.server.flask.application raise exception.RoleNotFound(role_id=role_id)
Nov 15 19:44:09 user devstack@keystone.service[45916]: ERROR keystone.server.flask.application keystone.exception.RoleNotFound: Could not find role: admin.
Nov 15 19:44:09 user devstack@keystone.service[45916]: ERROR keystone.server.flask.application
Nov 15 19:44:09 user devstack@keystone.service[45916]: [pid: 45916|app: 0|req: 82/246] 10.0.0.210 () {56 vars in 1112 bytes} [Wed Nov 15 19:44:09 2023] GET /identity/v3/roles/admin => generated 83 bytes in 83 msecs (HTTP/1.1 404) 5 headers in 183 bytes (1 switches on core 0)
Nov 15 19:44:09 user devstack@keystone.service[45914]: DEBUG keystone.server.flask.request_processing.middleware.auth_context [None req-23c3d201-d1c2-4e32-a90b-8d23d061a067 None admin] Authenticating user token {{(pid=45914) process_request /opt/stack/data/venv/lib/python3.10/site-packages/keystonemiddleware/auth_token/__init__.py:406}}
Nov 15 19:44:09 user devstack@keystone.service[45914]: DEBUG keystone.server.flask.request_processing.middleware.auth_context [None req-23c3d201-d1c2-4e32-a90b-8d23d061a067 None admin] Validating token access rules against request {{(pid=45914) validate_allowed_request /opt/stack/data/venv/lib/python3.10/site-packages/keystonemiddleware/auth_token/__init__.py:544}}
Nov 15 19:44:09 user devstack@keystone.service[45914]: DEBUG keystone.server.flask.request_processing.middleware.auth_context [None req-3cbb1b31-15f8-4706-8e1f-83ab98767c35 admin admin] RBAC: auth_context: {'token': , 'domain_id': None, 'trust_id': None, 'trustor_id': None, 'trustee_id': None, 'domain_name': None, 'group_ids': [], 'user_id': '67a7d18849694a96b480403b9eeffba5', 'user_domain_id': 'default', 'system_scope': None, 'project_id': 'aa5a9689b9014f5e9abccc180b76aa0e', 'project_domain_id': 'default', 'roles': ['manager', 'admin', 'reader', 'member'], 'is_admin_project': True, 'service_user_id': None, 'service_user_domain_id': None, 'service_project_id': None, 'service_project_domain_id': None, 'service_roles': []} {{(pid=45914) fill_context /opt/stack/keystone/keystone/server/flask/request_processing/middleware/auth_context.py:480}}
Nov 15 19:44:09 user devstack@keystone.service[45914]: DEBUG keystone.server.flask.request_processing.req_logging [None req-3cbb1b31-15f8-4706-8e1f-83ab98767c35 admin admin] REQUEST_METHOD: `GET` {{(pid=45914) log_request_info /opt/stack/keystone/keystone/server/flask/request_processing/req_logging.py:27}}
Nov 15 19:44:09 user devstack@keystone.service[45914]: DEBUG keystone.server.flask.request_processing.req_logging [None req-3cbb1b31-15f8-4706-8e1f-83ab98767c35 admin admin] SCRIPT_NAME: `/identity` {{(pid=45914) log_request_info /opt/stack/keystone/keystone/server/flask/request_processing/req_logging.py:28}}
Nov 15 19:44:09 user devstack@keystone.service[45914]: DEBUG keystone.server.flask.request_processing.req_logging [None req-3cbb1b31-15f8-4706-8e1f-83ab98767c35 admin admin] PATH_INFO: `/v3/roles` {{(pid=45914) log_request_info /opt/stack/keystone/keystone/server/flask/request_processing/req_logging.py:29}}
Nov 15 19:44:09 user devstack@keystone.service[45914]: DEBUG keystone.common.rbac_enforcer.enforcer [None req-3cbb1b31-15f8-4706-8e1f-83ab98767c35 admin admin] RBAC: Adding query filter params (name=admin) {{(pid=45914) _extract_filter_values /opt/stack/keystone/keystone/common/rbac_enforcer/enforcer.py:167}}
Nov 15 19:44:09 user devstack@keystone.service[45914]: DEBUG keystone.common.rbac_enforcer.enforcer [None req-3cbb1b31-15f8-4706-8e1f-83ab98767c35 admin admin] RBAC: Authorizing `identity:list_roles()` {{(pid=45914) enforce_call /opt/stack/keystone/keystone/common/rbac_enforcer/enforcer.py:449}}
Nov 15 19:44:09 user devstack@keystone.service[45914]: DEBUG keystone.common.rbac_enforcer.enforcer [None req-3cbb1b31-15f8-4706-8e1f-83ab98767c35 admin admin] RBAC: Authorization granted {{(pid=45914) enforce_call /opt/stack/keystone/keystone/common/rbac_enforcer/enforcer.py:457}}
Nov 15 19:44:09 user devstack@keystone.service[45914]: [pid: 45914|app: 0|req: 84/247] 10.0.0.210 () {56 vars in 1115 bytes} [Wed Nov 15 19:44:09 2023] GET /identity/v3/roles?name=admin => generated 337 bytes in 30 msecs (HTTP/1.1 200) 5 headers in 177 bytes (1 switches on core 0)
Nov 15 19:44:09 user devstack@keystone.service[45915]: DEBUG keystone.server.flask.request_processing.middleware.auth_context [None req-8291844f-af15-4cef-9031-3c399248aaad None None] Validating token access rules against request {{(pid=45915) validate_allowed_request /opt/stack/data/venv/lib/python3.10/site-packages/keystonemiddleware/auth_token/__init__.py:544}}
Nov 15 19:44:09 user devstack@keystone.service[45916]: DEBUG keystone.server.flask.request_processing.middleware.auth_context [None req-7c72d495-b67b-430b-b5f8-9a5a7f455860 admin admin] Authenticating user token {{(pid=45916) process_request /opt/stack/data/venv/lib/python3.10/site-packages/keystonemiddleware/auth_token/__init__.py:406}}
Nov 15 19:44:09 user devstack@keystone.service[45916]: DEBUG keystone.server.flask.request_processing.middleware.auth_context [None req-7c72d495-b67b-430b-b5f8-9a5a7f455860 admin admin] Validating token access rules against request {{(pid=45916) validate_allowed_request /opt/stack/data/venv/lib/python3.10/site-packages/keystonemiddleware/auth_token/__init__.py:544}}
Nov 15 19:44:09 user devstack@keystone.service[45916]: DEBUG keystone.server.flask.request_processing.middleware.auth_context [None req-c2136aa1-2a0b-41be-9e18-5db52d689f50 admin admin] RBAC: auth_context: {'token': , 'domain_id': None, 'trust_id': None, 'trustor_id': None, 'trustee_id': None, 'domain_name': None, 'group_ids': [], 'user_id': '67a7d18849694a96b480403b9eeffba5', 'user_domain_id': 'default', 'system_scope': None, 'project_id': 'aa5a9689b9014f5e9abccc180b76aa0e', 'project_domain_id': 'default', 'roles': ['manager', 'admin', 'reader', 'member'], 'is_admin_project': True, 'service_user_id': None, 'service_user_domain_id': None, 'service_project_id': None, 'service_project_domain_id': None, 'service_roles': []} {{(pid=45916) fill_context /opt/stack/keystone/keystone/server/flask/request_processing/middleware/auth_context.py:480}}
Nov 15 19:44:09 user devstack@keystone.service[45916]: DEBUG keystone.server.flask.request_processing.req_logging [None req-c2136aa1-2a0b-41be-9e18-5db52d689f50 admin admin] REQUEST_METHOD: `GET` {{(pid=45916) log_request_info /opt/stack/keystone/keystone/server/flask/request_processing/req_logging.py:27}}
Nov 15 19:44:09 user devstack@keystone.service[45916]: DEBUG keystone.server.flask.request_processing.req_logging [None req-c2136aa1-2a0b-41be-9e18-5db52d689f50 admin admin] SCRIPT_NAME: `/identity` {{(pid=45916) log_request_info /opt/stack/keystone/keystone/server/flask/request_processing/req_logging.py:28}}
Nov 15 19:44:09 user devstack@keystone.service[45916]: DEBUG keystone.server.flask.request_processing.req_logging [None req-c2136aa1-2a0b-41be-9e18-5db52d689f50 admin admin] PATH_INFO: `/v3/groups/8b32490df5964c568640162985840baf` {{(pid=45916) log_request_info /opt/stack/keystone/keystone/server/flask/request_processing/req_logging.py:29}}
Nov 15 19:44:09 user devstack@keystone.service[45915]: DEBUG keystone.server.flask.request_processing.middleware.auth_context [None req-3150a8c0-5890-47b2-8de2-421137710fdd None admin] RBAC: auth_context: {'token': , 'domain_id': None, 'trust_id': None, 'trustor_id': None, 'trustee_id': None, 'domain_name': None, 'group_ids': [], 'user_id': '67a7d18849694a96b480403b9eeffba5', 'user_domain_id': 'default', 'system_scope': 'all', 'project_id': None, 'project_domain_id': None, 'roles': ['admin', 'manager', 'member', 'reader'], 'is_admin_project': True, 'service_user_id': None, 'service_user_domain_id': None, 'service_project_id': None, 'service_project_domain_id': None, 'service_roles': []} {{(pid=45915) fill_context /opt/stack/keystone/keystone/server/flask/request_processing/middleware/auth_context.py:480}}
Nov 15 19:44:09 user devstack@keystone.service[45915]: DEBUG keystone.server.flask.request_processing.req_logging [None req-3150a8c0-5890-47b2-8de2-421137710fdd None admin] REQUEST_METHOD: `GET` {{(pid=45915) log_request_info /opt/stack/keystone/keystone/server/flask/request_processing/req_logging.py:27}}
Nov 15 19:44:09 user devstack@keystone.service[45915]: DEBUG keystone.server.flask.request_processing.req_logging [None req-3150a8c0-5890-47b2-8de2-421137710fdd None admin] SCRIPT_NAME: `/identity` {{(pid=45915) log_request_info /opt/stack/keystone/keystone/server/flask/request_processing/req_logging.py:28}}
Nov 15 19:44:09 user devstack@keystone.service[45915]: DEBUG keystone.server.flask.request_processing.req_logging [None req-3150a8c0-5890-47b2-8de2-421137710fdd None admin] PATH_INFO: `/v3/role_assignments` {{(pid=45915) log_request_info /opt/stack/keystone/keystone/server/flask/request_processing/req_logging.py:29}}
Nov 15 19:44:09 user devstack@keystone.service[45915]: DEBUG keystone.common.rbac_enforcer.enforcer [None req-3150a8c0-5890-47b2-8de2-421137710fdd None admin] RBAC: Adding query filter params (role.id=f80b09d7cc434d94ae972499bc2d7368, user.id=efc32b4d48a84f70a668c2c8e784556f, scope.system=all) {{(pid=45915) _extract_filter_values /opt/stack/keystone/keystone/common/rbac_enforcer/enforcer.py:167}}
Nov 15 19:44:09 user devstack@keystone.service[45915]: DEBUG keystone.common.rbac_enforcer.enforcer [None req-3150a8c0-5890-47b2-8de2-421137710fdd None admin] RBAC: Authorizing `identity:list_role_assignments()` {{(pid=45915) enforce_call /opt/stack/keystone/keystone/common/rbac_enforcer/enforcer.py:449}}
Nov 15 19:44:09 user devstack@keystone.service[45916]: DEBUG keystone.common.rbac_enforcer.enforcer [None req-c2136aa1-2a0b-41be-9e18-5db52d689f50 admin admin] RBAC: Authorizing `identity:get_group(group_id=8b32490df5964c568640162985840baf)` {{(pid=45916) enforce_call /opt/stack/keystone/keystone/common/rbac_enforcer/enforcer.py:449}}
Nov 15 19:44:09 user devstack@keystone.service[45915]: DEBUG keystone.common.rbac_enforcer.enforcer [None req-3150a8c0-5890-47b2-8de2-421137710fdd None admin] RBAC: Authorization granted {{(pid=45915) enforce_call /opt/stack/keystone/keystone/common/rbac_enforcer/enforcer.py:457}}
Nov 15 19:44:09 user devstack@keystone.service[45916]: DEBUG keystone.common.rbac_enforcer.enforcer [None req-c2136aa1-2a0b-41be-9e18-5db52d689f50 admin admin] RBAC: Authorization granted {{(pid=45916) enforce_call /opt/stack/keystone/keystone/common/rbac_enforcer/enforcer.py:457}}
Nov 15 19:44:09 user devstack@keystone.service[45916]: [pid: 45916|app: 0|req: 83/248] 10.0.0.210 () {56 vars in 1196 bytes} [Wed Nov 15 19:44:09 2023] GET /identity/v3/groups/8b32490df5964c568640162985840baf => generated 228 bytes in 36 msecs (HTTP/1.1 200) 5 headers in 177 bytes (1 switches on core 0)
Nov 15 19:44:09 user devstack@keystone.service[45914]: DEBUG keystone.server.flask.request_processing.middleware.auth_context [None req-3cbb1b31-15f8-4706-8e1f-83ab98767c35 admin admin] Authenticating user token {{(pid=45914) process_request /opt/stack/data/venv/lib/python3.10/site-packages/keystonemiddleware/auth_token/__init__.py:406}}
Nov 15 19:44:09 user devstack@keystone.service[45915]: [pid: 45915|app: 0|req: 82/249] 10.0.0.210 () {56 vars in 1303 bytes} [Wed Nov 15 19:44:09 2023] GET /identity/v3/role_assignments?user.id=efc32b4d48a84f70a668c2c8e784556f&scope.system=all&role.id=f80b09d7cc434d94ae972499bc2d7368 => generated 508 bytes in 154 msecs (HTTP/1.1 200) 5 headers in 177 bytes (1 switches on core 0)
Nov 15 19:44:09 user devstack@keystone.service[45914]: DEBUG keystone.server.flask.request_processing.middleware.auth_context [None req-3cbb1b31-15f8-4706-8e1f-83ab98767c35 admin admin] Validating token access rules against request {{(pid=45914) validate_allowed_request /opt/stack/data/venv/lib/python3.10/site-packages/keystonemiddleware/auth_token/__init__.py:544}}
Nov 15 19:44:09 user devstack@keystone.service[45914]: DEBUG keystone.server.flask.request_processing.middleware.auth_context [None req-4917b065-49f6-496c-8b74-953b9d10b427 admin admin] RBAC: auth_context: {'token': , 'domain_id': None, 'trust_id': None, 'trustor_id': None, 'trustee_id': None, 'domain_name': None, 'group_ids': [], 'user_id': '67a7d18849694a96b480403b9eeffba5', 'user_domain_id': 'default', 'system_scope': None, 'project_id': 'aa5a9689b9014f5e9abccc180b76aa0e', 'project_domain_id': 'default', 'roles': ['manager', 'admin', 'reader', 'member'], 'is_admin_project': True, 'service_user_id': None, 'service_user_domain_id': None, 'service_project_id': None, 'service_project_domain_id': None, 'service_roles': []} {{(pid=45914) fill_context /opt/stack/keystone/keystone/server/flask/request_processing/middleware/auth_context.py:480}}
Nov 15 19:44:09 user devstack@keystone.service[45914]: DEBUG keystone.server.flask.request_processing.req_logging [None req-4917b065-49f6-496c-8b74-953b9d10b427 admin admin] REQUEST_METHOD: `GET` {{(pid=45914) log_request_info /opt/stack/keystone/keystone/server/flask/request_processing/req_logging.py:27}}
Nov 15 19:44:09 user devstack@keystone.service[45914]: DEBUG keystone.server.flask.request_processing.req_logging [None req-4917b065-49f6-496c-8b74-953b9d10b427 admin admin] SCRIPT_NAME: `/identity` {{(pid=45914) log_request_info /opt/stack/keystone/keystone/server/flask/request_processing/req_logging.py:28}}
Nov 15 19:44:09 user devstack@keystone.service[45914]: DEBUG keystone.server.flask.request_processing.req_logging [None req-4917b065-49f6-496c-8b74-953b9d10b427 admin admin] PATH_INFO: `/v3/projects/aa5a9689b9014f5e9abccc180b76aa0e` {{(pid=45914) log_request_info /opt/stack/keystone/keystone/server/flask/request_processing/req_logging.py:29}}
Nov 15 19:44:09 user devstack@keystone.service[45914]: DEBUG keystone.common.rbac_enforcer.enforcer [None req-4917b065-49f6-496c-8b74-953b9d10b427 admin admin] RBAC: Authorizing `identity:get_project(project_id=aa5a9689b9014f5e9abccc180b76aa0e)` {{(pid=45914) enforce_call /opt/stack/keystone/keystone/common/rbac_enforcer/enforcer.py:449}}
Nov 15 19:44:09 user devstack@keystone.service[45914]: DEBUG keystone.common.rbac_enforcer.enforcer [None req-4917b065-49f6-496c-8b74-953b9d10b427 admin admin] RBAC: Authorization granted {{(pid=45914) enforce_call /opt/stack/keystone/keystone/common/rbac_enforcer/enforcer.py:457}}
Nov 15 19:44:09 user devstack@keystone.service[45914]: [pid: 45914|app: 0|req: 85/250] 10.0.0.210 () {56 vars in 1202 bytes} [Wed Nov 15 19:44:09 2023] GET /identity/v3/projects/aa5a9689b9014f5e9abccc180b76aa0e => generated 343 bytes in 40 msecs (HTTP/1.1 200) 5 headers in 177 bytes (1 switches on core 0)
Nov 15 19:44:09 user devstack@keystone.service[45916]: DEBUG keystone.server.flask.request_processing.middleware.auth_context [None req-c2136aa1-2a0b-41be-9e18-5db52d689f50 admin admin] Authenticating user token {{(pid=45916) process_request /opt/stack/data/venv/lib/python3.10/site-packages/keystonemiddleware/auth_token/__init__.py:406}}
Nov 15 19:44:09 user devstack@keystone.service[45916]: DEBUG keystone.server.flask.request_processing.middleware.auth_context [None req-c2136aa1-2a0b-41be-9e18-5db52d689f50 admin admin] Validating token access rules against request {{(pid=45916) validate_allowed_request /opt/stack/data/venv/lib/python3.10/site-packages/keystonemiddleware/auth_token/__init__.py:544}}
Nov 15 19:44:09 user devstack@keystone.service[45916]: DEBUG keystone.server.flask.request_processing.middleware.auth_context [None req-405f4c48-e6be-4353-9f70-0e28e7b08b4a admin admin] RBAC: auth_context: {'token': , 'domain_id': None, 'trust_id': None, 'trustor_id': None, 'trustee_id': None, 'domain_name': None, 'group_ids': [], 'user_id': '67a7d18849694a96b480403b9eeffba5', 'user_domain_id': 'default', 'system_scope': None, 'project_id': 'aa5a9689b9014f5e9abccc180b76aa0e', 'project_domain_id': 'default', 'roles': ['manager', 'admin', 'reader', 'member'], 'is_admin_project': True, 'service_user_id': None, 'service_user_domain_id': None, 'service_project_id': None, 'service_project_domain_id': None, 'service_roles': []} {{(pid=45916) fill_context /opt/stack/keystone/keystone/server/flask/request_processing/middleware/auth_context.py:480}}
Nov 15 19:44:09 user devstack@keystone.service[45916]: DEBUG keystone.server.flask.request_processing.req_logging [None req-405f4c48-e6be-4353-9f70-0e28e7b08b4a admin admin] REQUEST_METHOD: `PUT` {{(pid=45916) log_request_info /opt/stack/keystone/keystone/server/flask/request_processing/req_logging.py:27}}
Nov 15 19:44:09 user devstack@keystone.service[45916]: DEBUG keystone.server.flask.request_processing.req_logging [None req-405f4c48-e6be-4353-9f70-0e28e7b08b4a admin admin] SCRIPT_NAME: `/identity` {{(pid=45916) log_request_info /opt/stack/keystone/keystone/server/flask/request_processing/req_logging.py:28}}
Nov 15 19:44:09 user devstack@keystone.service[45916]: DEBUG keystone.server.flask.request_processing.req_logging [None req-405f4c48-e6be-4353-9f70-0e28e7b08b4a admin admin] PATH_INFO: `/v3/projects/aa5a9689b9014f5e9abccc180b76aa0e/groups/8b32490df5964c568640162985840baf/roles/2b1e989553bd4da382899e2638925239` {{(pid=45916) log_request_info /opt/stack/keystone/keystone/server/flask/request_processing/req_logging.py:29}}
Nov 15 19:44:09 user devstack@keystone.service[45916]: DEBUG keystone.common.rbac_enforcer.enforcer [None req-405f4c48-e6be-4353-9f70-0e28e7b08b4a admin admin] RBAC: Authorizing `identity:create_grant(project_id=aa5a9689b9014f5e9abccc180b76aa0e, group_id=8b32490df5964c568640162985840baf, role_id=2b1e989553bd4da382899e2638925239)` {{(pid=45916) enforce_call /opt/stack/keystone/keystone/common/rbac_enforcer/enforcer.py:449}}
Nov 15 19:44:09 user devstack@keystone.service[45916]: DEBUG keystone.common.rbac_enforcer.enforcer [None req-405f4c48-e6be-4353-9f70-0e28e7b08b4a admin admin] RBAC: Authorization granted {{(pid=45916) enforce_call /opt/stack/keystone/keystone/common/rbac_enforcer/enforcer.py:457}}
Nov 15 19:44:09 user devstack@keystone.service[45916]: [pid: 45916|app: 0|req: 84/251] 10.0.0.210 () {58 vars in 1458 bytes} [Wed Nov 15 19:44:09 2023] PUT /identity/v3/projects/aa5a9689b9014f5e9abccc180b76aa0e/groups/8b32490df5964c568640162985840baf/roles/2b1e989553bd4da382899e2638925239 => generated 0 bytes in 35 msecs (HTTP/1.1 204) 3 headers in 132 bytes (0 switches on core 0)
Nov 15 19:44:10 user devstack@keystone.service[45915]: DEBUG keystone.server.flask.request_processing.req_logging [None req-7e4ce226-3ae0-4dd1-a838-64504fb1ebf8 None None] REQUEST_METHOD: `GET` {{(pid=45915) log_request_info /opt/stack/keystone/keystone/server/flask/request_processing/req_logging.py:27}}
Nov 15 19:44:10 user devstack@keystone.service[45915]: DEBUG keystone.server.flask.request_processing.req_logging [None req-7e4ce226-3ae0-4dd1-a838-64504fb1ebf8 None None] SCRIPT_NAME: `/identity` {{(pid=45915) log_request_info /opt/stack/keystone/keystone/server/flask/request_processing/req_logging.py:28}}
Nov 15 19:44:10 user devstack@keystone.service[45915]: DEBUG keystone.server.flask.request_processing.req_logging [None req-7e4ce226-3ae0-4dd1-a838-64504fb1ebf8 None None] PATH_INFO: `/` {{(pid=45915) log_request_info /opt/stack/keystone/keystone/server/flask/request_processing/req_logging.py:29}}
Nov 15 19:44:10 user devstack@keystone.service[45915]: [pid: 45915|app: 0|req: 83/252] 10.0.0.210 () {54 vars in 921 bytes} [Wed Nov 15 19:44:10 2023] GET /identity => generated 269 bytes in 5 msecs (HTTP/1.1 300) 6 headers in 233 bytes (1 switches on core 0)
Nov 15 19:44:10 user devstack@keystone.service[45914]: DEBUG keystone.server.flask.request_processing.middleware.auth_context [None req-4917b065-49f6-496c-8b74-953b9d10b427 admin admin] Authenticating user token {{(pid=45914) process_request /opt/stack/data/venv/lib/python3.10/site-packages/keystonemiddleware/auth_token/__init__.py:406}}
