Jul 31 09:36:38 user devstack@keystone.service[42857]: DEBUG keystone.server.flask.request_processing.req_logging [None req-d1c4ad3d-17cf-480d-a48a-acefb49ccdf5 None None] PATH_INFO: `/v3/auth/tokens` {{(pid=42857) log_request_info /opt/stack/keystone/keystone/server/flask/request_processing/req_logging.py:29}}
Jul 31 09:36:38 user devstack@keystone.service[42857]: WARNING keystone.common.password_hashing [None req-d1c4ad3d-17cf-480d-a48a-acefb49ccdf5 None None] Truncating password to algorithm specific maximum length 54 characters.
Jul 31 09:36:38 user devstack@keystone.service[42856]: DEBUG keystone.server.flask.request_processing.middleware.auth_context [None req-c4bbd8fb-38d8-430c-bbed-977927cf55cd None None] Authenticating user token {{(pid=42856) process_request /usr/local/lib/python3.10/dist-packages/keystonemiddleware/auth_token/__init__.py:406}}
Jul 31 09:36:38 user devstack@keystone.service[42857]: DEBUG keystone.auth.core [None req-d1c4ad3d-17cf-480d-a48a-acefb49ccdf5 None None] MFA Rules not processed for user `e09a02e726524a03b4a3fd08ac8030cb`. Rule list: `[]` (Enabled: `True`). {{(pid=42857) check_auth_methods_against_rules /opt/stack/keystone/keystone/auth/core.py:438}}
Jul 31 09:36:38 user devstack@keystone.service[42857]: DEBUG keystone.common.fernet_utils [None req-d1c4ad3d-17cf-480d-a48a-acefb49ccdf5 None None] Loaded 2 Fernet keys from /etc/keystone/fernet-keys/, but `[fernet_tokens] max_active_keys = 3`; perhaps there have not been enough key rotations to reach `max_active_keys` yet? {{(pid=42857) load_keys /opt/stack/keystone/keystone/common/fernet_utils.py:286}}
Jul 31 09:36:38 user devstack@keystone.service[42857]: [pid: 42857|app: 0|req: 79/245] 10.0.0.210 () {58 vars in 1017 bytes} [Mon Jul 31 09:36:38 2023] POST /identity/v3/auth/tokens => generated 798 bytes in 87 msecs (HTTP/1.1 201) 6 headers in 363 bytes (1 switches on core 0)
Jul 31 09:36:38 user devstack@keystone.service[42856]: DEBUG keystone.server.flask.request_processing.middleware.auth_context [None req-c4bbd8fb-38d8-430c-bbed-977927cf55cd None None] Validating token access rules against request {{(pid=42856) validate_allowed_request /usr/local/lib/python3.10/dist-packages/keystonemiddleware/auth_token/__init__.py:544}}
Jul 31 09:36:38 user devstack@keystone.service[42855]: DEBUG keystone.server.flask.request_processing.middleware.auth_context [None req-8bf07a5b-e5a1-446e-a8bd-4c370f83c3f1 None None] Authenticating user token {{(pid=42855) process_request /usr/local/lib/python3.10/dist-packages/keystonemiddleware/auth_token/__init__.py:406}}
Jul 31 09:36:38 user devstack@keystone.service[42856]: DEBUG keystone.server.flask.request_processing.middleware.auth_context [None req-e555a319-214c-456c-8bc3-97224c2ef2b7 None admin] RBAC: auth_context: {'token': , 'domain_id': None, 'trust_id': None, 'trustor_id': None, 'trustee_id': None, 'domain_name': None, 'group_ids': [], 'user_id': 'e09a02e726524a03b4a3fd08ac8030cb', 'user_domain_id': 'default', 'system_scope': 'all', 'project_id': None, 'project_domain_id': None, 'roles': ['admin', 'member', 'reader'], 'is_admin_project': True, 'service_user_id': None, 'service_user_domain_id': None, 'service_project_id': None, 'service_project_domain_id': None, 'service_roles': []} {{(pid=42856) fill_context /opt/stack/keystone/keystone/server/flask/request_processing/middleware/auth_context.py:480}}
Jul 31 09:36:38 user devstack@keystone.service[42856]: DEBUG keystone.server.flask.request_processing.req_logging [None req-e555a319-214c-456c-8bc3-97224c2ef2b7 None admin] REQUEST_METHOD: `GET` {{(pid=42856) log_request_info /opt/stack/keystone/keystone/server/flask/request_processing/req_logging.py:27}}
Jul 31 09:36:38 user devstack@keystone.service[42856]: DEBUG keystone.server.flask.request_processing.req_logging [None req-e555a319-214c-456c-8bc3-97224c2ef2b7 None admin] SCRIPT_NAME: `/identity` {{(pid=42856) log_request_info /opt/stack/keystone/keystone/server/flask/request_processing/req_logging.py:28}}
Jul 31 09:36:38 user devstack@keystone.service[42856]: DEBUG keystone.server.flask.request_processing.req_logging [None req-e555a319-214c-456c-8bc3-97224c2ef2b7 None admin] PATH_INFO: `/v3/domains/default` {{(pid=42856) log_request_info /opt/stack/keystone/keystone/server/flask/request_processing/req_logging.py:29}}
Jul 31 09:36:38 user devstack@keystone.service[42856]: DEBUG keystone.common.rbac_enforcer.enforcer [None req-e555a319-214c-456c-8bc3-97224c2ef2b7 None admin] RBAC: Authorizing `identity:get_domain(domain_id=default)` {{(pid=42856) enforce_call /opt/stack/keystone/keystone/common/rbac_enforcer/enforcer.py:449}}
Jul 31 09:36:38 user devstack@keystone.service[42856]: DEBUG keystone.common.rbac_enforcer.enforcer [None req-e555a319-214c-456c-8bc3-97224c2ef2b7 None admin] RBAC: Authorization granted {{(pid=42856) enforce_call /opt/stack/keystone/keystone/common/rbac_enforcer/enforcer.py:457}}
Jul 31 09:36:38 user devstack@keystone.service[42856]: [pid: 42856|app: 0|req: 84/246] 10.0.0.210 () {56 vars in 1103 bytes} [Mon Jul 31 09:36:38 2023] GET /identity/v3/domains/default => generated 198 bytes in 140 msecs (HTTP/1.1 200) 5 headers in 177 bytes (1 switches on core 0)
Jul 31 09:36:38 user devstack@keystone.service[42857]: DEBUG keystone.server.flask.request_processing.middleware.auth_context [None req-d1c4ad3d-17cf-480d-a48a-acefb49ccdf5 None None] Authenticating user token {{(pid=42857) process_request /usr/local/lib/python3.10/dist-packages/keystonemiddleware/auth_token/__init__.py:406}}
Jul 31 09:36:38 user devstack@keystone.service[42857]: DEBUG dbcounter [-] [42857] Writing DB stats keystone:SELECT=100 {{(pid=42857) stat_writer /usr/local/lib/python3.10/dist-packages/dbcounter.py:117}}
Jul 31 09:36:38 user devstack@keystone.service[42855]: DEBUG keystone.server.flask.request_processing.middleware.auth_context [None req-8bf07a5b-e5a1-446e-a8bd-4c370f83c3f1 None None] Validating token access rules against request {{(pid=42855) validate_allowed_request /usr/local/lib/python3.10/dist-packages/keystonemiddleware/auth_token/__init__.py:544}}
Jul 31 09:36:38 user devstack@keystone.service[42855]: DEBUG keystone.server.flask.request_processing.middleware.auth_context [None req-49dee974-96c9-474a-9091-39553cbd54ef None admin] RBAC: auth_context: {'token': , 'domain_id': None, 'trust_id': None, 'trustor_id': None, 'trustee_id': None, 'domain_name': None, 'group_ids': [], 'user_id': 'e09a02e726524a03b4a3fd08ac8030cb', 'user_domain_id': 'default', 'system_scope': 'all', 'project_id': None, 'project_domain_id': None, 'roles': ['admin', 'member', 'reader'], 'is_admin_project': True, 'service_user_id': None, 'service_user_domain_id': None, 'service_project_id': None, 'service_project_domain_id': None, 'service_roles': []} {{(pid=42855) fill_context /opt/stack/keystone/keystone/server/flask/request_processing/middleware/auth_context.py:480}}
Jul 31 09:36:38 user devstack@keystone.service[42855]: DEBUG keystone.server.flask.request_processing.req_logging [None req-49dee974-96c9-474a-9091-39553cbd54ef None admin] REQUEST_METHOD: `GET` {{(pid=42855) log_request_info /opt/stack/keystone/keystone/server/flask/request_processing/req_logging.py:27}}
Jul 31 09:36:38 user devstack@keystone.service[42855]: DEBUG keystone.server.flask.request_processing.req_logging [None req-49dee974-96c9-474a-9091-39553cbd54ef None admin] SCRIPT_NAME: `/identity` {{(pid=42855) log_request_info /opt/stack/keystone/keystone/server/flask/request_processing/req_logging.py:28}}
Jul 31 09:36:38 user devstack@keystone.service[42855]: DEBUG keystone.server.flask.request_processing.req_logging [None req-49dee974-96c9-474a-9091-39553cbd54ef None admin] PATH_INFO: `/v3/roles/member` {{(pid=42855) log_request_info /opt/stack/keystone/keystone/server/flask/request_processing/req_logging.py:29}}
Jul 31 09:36:38 user devstack@keystone.service[42855]: DEBUG keystone.common.rbac_enforcer.enforcer [None req-49dee974-96c9-474a-9091-39553cbd54ef None admin] Extracting inferred target data resulted in "NOT FOUND (404)". {{(pid=42855) enforce_call /opt/stack/keystone/keystone/common/rbac_enforcer/enforcer.py:409}}
Jul 31 09:36:38 user devstack@keystone.service[42857]: DEBUG keystone.server.flask.request_processing.middleware.auth_context [None req-d1c4ad3d-17cf-480d-a48a-acefb49ccdf5 None None] Validating token access rules against request {{(pid=42857) validate_allowed_request /usr/local/lib/python3.10/dist-packages/keystonemiddleware/auth_token/__init__.py:544}}
Jul 31 09:36:38 user devstack@keystone.service[42855]: ERROR keystone.server.flask.application [None req-49dee974-96c9-474a-9091-39553cbd54ef None admin] Could not find role: member.: keystone.exception.RoleNotFound: Could not find role: member.
Jul 31 09:36:38 user devstack@keystone.service[42855]: ERROR keystone.server.flask.application
Traceback (most recent call last):
Jul 31 09:36:38 user devstack@keystone.service[42855]: ERROR keystone.server.flask.application
File "/usr/local/lib/python3.10/dist-packages/flask/app.py", line 1823, in full_dispatch_request
Jul 31 09:36:38 user devstack@keystone.service[42855]: ERROR keystone.server.flask.application rv = self.dispatch_request()
Jul 31 09:36:38 user devstack@keystone.service[42855]: ERROR keystone.server.flask.application
File "/usr/local/lib/python3.10/dist-packages/flask/app.py", line 1799, in dispatch_request
Jul 31 09:36:38 user devstack@keystone.service[42855]: ERROR keystone.server.flask.application return self.ensure_sync(self.view_functions[rule.endpoint])(**view_args)
Jul 31 09:36:38 user devstack@keystone.service[42855]: ERROR keystone.server.flask.application
File "/usr/local/lib/python3.10/dist-packages/flask_restful/__init__.py", line 467, in wrapper
Jul 31 09:36:38 user devstack@keystone.service[42855]: ERROR keystone.server.flask.application resp = resource(*args, **kwargs)
Jul 31 09:36:38 user devstack@keystone.service[42855]: ERROR keystone.server.flask.application
File "/usr/local/lib/python3.10/dist-packages/flask/views.py", line 107, in view
Jul 31 09:36:38 user devstack@keystone.service[42855]: ERROR keystone.server.flask.application return current_app.ensure_sync(self.dispatch_request)(**kwargs)
Jul 31 09:36:38 user devstack@keystone.service[42855]: ERROR keystone.server.flask.application
File "/usr/local/lib/python3.10/dist-packages/flask_restful/__init__.py", line 582, in dispatch_request
Jul 31 09:36:38 user devstack@keystone.service[42855]: ERROR keystone.server.flask.application resp = meth(*args, **kwargs)
Jul 31 09:36:38 user devstack@keystone.service[42855]: ERROR keystone.server.flask.application
File "/opt/stack/keystone/keystone/api/roles.py", line 50, in get
Jul 31 09:36:38 user devstack@keystone.service[42855]: ERROR keystone.server.flask.application return self._get_role(role_id)
Jul 31 09:36:38 user devstack@keystone.service[42855]: ERROR keystone.server.flask.application
File "/opt/stack/keystone/keystone/api/roles.py", line 70, in _get_role
Jul 31 09:36:38 user devstack@keystone.service[42855]: ERROR keystone.server.flask.application ENFORCER.enforce_call(action='identity:get_role')
Jul 31 09:36:38 user devstack@keystone.service[42855]: ERROR keystone.server.flask.application
File "/opt/stack/keystone/keystone/common/rbac_enforcer/enforcer.py", line 402, in enforce_call
Jul 31 09:36:38 user devstack@keystone.service[42855]: ERROR keystone.server.flask.application policy_dict.update(cls._extract_member_target_data(
Jul 31 09:36:38 user devstack@keystone.service[42855]: ERROR keystone.server.flask.application
File "/opt/stack/keystone/keystone/common/rbac_enforcer/enforcer.py", line 234, in _extract_member_target_data
Jul 31 09:36:38 user devstack@keystone.service[42855]: ERROR keystone.server.flask.application member_name: func(flask.request.view_args[key])
Jul 31 09:36:38 user devstack@keystone.service[42855]: ERROR keystone.server.flask.application
File "/opt/stack/keystone/keystone/common/manager.py", line 115, in wrapped
Jul 31 09:36:38 user devstack@keystone.service[42855]: ERROR keystone.server.flask.application __ret_val = __f(*args, **kwargs)
Jul 31 09:36:38 user devstack@keystone.service[42855]: ERROR keystone.server.flask.application
File "/usr/local/lib/python3.10/dist-packages/decorator.py", line 232, in fun
Jul 31 09:36:38 user devstack@keystone.service[42855]: ERROR keystone.server.flask.application return caller(func, *(extras + args), **kw)
Jul 31 09:36:38 user devstack@keystone.service[42855]: ERROR keystone.server.flask.application
File "/usr/local/lib/python3.10/dist-packages/dogpile/cache/region.py", line 1577, in get_or_create_for_user_func
Jul 31 09:36:38 user devstack@keystone.service[42855]: ERROR keystone.server.flask.application return self.get_or_create(
Jul 31 09:36:38 user devstack@keystone.service[42855]: ERROR keystone.server.flask.application
File "/usr/local/lib/python3.10/dist-packages/dogpile/cache/region.py", line 1042, in get_or_create
Jul 31 09:36:38 user devstack@keystone.service[42855]: ERROR keystone.server.flask.application with Lock(
Jul 31 09:36:38 user devstack@keystone.service[42855]: ERROR keystone.server.flask.application
File "/usr/local/lib/python3.10/dist-packages/dogpile/lock.py", line 185, in __enter__
Jul 31 09:36:38 user devstack@keystone.service[42855]: ERROR keystone.server.flask.application return self._enter()
Jul 31 09:36:38 user devstack@keystone.service[42855]: ERROR keystone.server.flask.application
File "/usr/local/lib/python3.10/dist-packages/dogpile/lock.py", line 94, in _enter
Jul 31 09:36:38 user devstack@keystone.service[42855]: ERROR keystone.server.flask.application generated = self._enter_create(value, createdtime)
Jul 31 09:36:38 user devstack@keystone.service[42855]: ERROR keystone.server.flask.application
File "/usr/local/lib/python3.10/dist-packages/dogpile/lock.py", line 178, in _enter_create
Jul 31 09:36:38 user devstack@keystone.service[42855]: ERROR keystone.server.flask.application return self.creator()
Jul 31 09:36:38 user devstack@keystone.service[42855]: ERROR keystone.server.flask.application
File "/usr/local/lib/python3.10/dist-packages/dogpile/cache/region.py", line 995, in gen_value
Jul 31 09:36:38 user devstack@keystone.service[42855]: ERROR keystone.server.flask.application created_value = creator(
Jul 31 09:36:38 user devstack@keystone.service[42855]: ERROR keystone.server.flask.application
File "/opt/stack/keystone/keystone/assignment/core.py", line 1276, in get_role
Jul 31 09:36:38 user devstack@keystone.service[42855]: ERROR keystone.server.flask.application return self.driver.get_role(role_id)
Jul 31 09:36:38 user devstack@keystone.service[42855]: ERROR keystone.server.flask.application
File "/opt/stack/keystone/keystone/assignment/role_backends/sql.py", line 70, in get_role
Jul 31 09:36:38 user devstack@keystone.service[42855]: ERROR keystone.server.flask.application return self._get_role(session, role_id).to_dict()
Jul 31 09:36:38 user devstack@keystone.service[42855]: ERROR keystone.server.flask.application
File "/opt/stack/keystone/keystone/assignment/role_backends/sql.py", line 65, in _get_role
Jul 31 09:36:38 user devstack@keystone.service[42855]: ERROR keystone.server.flask.application raise exception.RoleNotFound(role_id=role_id)
Jul 31 09:36:38 user devstack@keystone.service[42855]: ERROR keystone.server.flask.application keystone.exception.RoleNotFound: Could not find role: member.
Jul 31 09:36:38 user devstack@keystone.service[42855]: ERROR keystone.server.flask.application
Jul 31 09:36:38 user devstack@keystone.service[42855]: [pid: 42855|app: 0|req: 84/247] 10.0.0.210 () {56 vars in 1094 bytes} [Mon Jul 31 09:36:38 2023] GET /identity/v3/roles/member => generated 84 bytes in 132 msecs (HTTP/1.1 404) 5 headers in 183 bytes (1 switches on core 0)
Jul 31 09:36:38 user devstack@keystone.service[42856]: DEBUG keystone.server.flask.request_processing.middleware.auth_context [None req-e555a319-214c-456c-8bc3-97224c2ef2b7 None admin] Authenticating user token {{(pid=42856) process_request /usr/local/lib/python3.10/dist-packages/keystonemiddleware/auth_token/__init__.py:406}}
Jul 31 09:36:38 user devstack@keystone.service[42856]: DEBUG dbcounter [-] [42856] Writing DB stats keystone:SELECT=100 {{(pid=42856) stat_writer /usr/local/lib/python3.10/dist-packages/dbcounter.py:117}}
Jul 31 09:36:38 user devstack@keystone.service[42857]: DEBUG keystone.server.flask.request_processing.middleware.auth_context [None req-f24a7234-98cd-4f77-9929-cff30c30c91b None admin] RBAC: auth_context: {'token': , 'domain_id': None, 'trust_id': None, 'trustor_id': None, 'trustee_id': None, 'domain_name': None, 'group_ids': [], 'user_id': 'e09a02e726524a03b4a3fd08ac8030cb', 'user_domain_id': 'default', 'system_scope': 'all', 'project_id': None, 'project_domain_id': None, 'roles': ['admin', 'member', 'reader'], 'is_admin_project': True, 'service_user_id': None, 'service_user_domain_id': None, 'service_project_id': None, 'service_project_domain_id': None, 'service_roles': []} {{(pid=42857) fill_context /opt/stack/keystone/keystone/server/flask/request_processing/middleware/auth_context.py:480}}
Jul 31 09:36:38 user devstack@keystone.service[42857]: DEBUG keystone.server.flask.request_processing.req_logging [None req-f24a7234-98cd-4f77-9929-cff30c30c91b None admin] REQUEST_METHOD: `POST` {{(pid=42857) log_request_info /opt/stack/keystone/keystone/server/flask/request_processing/req_logging.py:27}}
Jul 31 09:36:38 user devstack@keystone.service[42857]: DEBUG keystone.server.flask.request_processing.req_logging [None req-f24a7234-98cd-4f77-9929-cff30c30c91b None admin] SCRIPT_NAME: `/identity` {{(pid=42857) log_request_info /opt/stack/keystone/keystone/server/flask/request_processing/req_logging.py:28}}
Jul 31 09:36:38 user devstack@keystone.service[42857]: DEBUG keystone.server.flask.request_processing.req_logging [None req-f24a7234-98cd-4f77-9929-cff30c30c91b None admin] PATH_INFO: `/v3/groups` {{(pid=42857) log_request_info /opt/stack/keystone/keystone/server/flask/request_processing/req_logging.py:29}}
Jul 31 09:36:38 user devstack@keystone.service[42857]: DEBUG keystone.common.rbac_enforcer.enforcer [None req-f24a7234-98cd-4f77-9929-cff30c30c91b None admin] RBAC: Authorizing `identity:create_group()` {{(pid=42857) enforce_call /opt/stack/keystone/keystone/common/rbac_enforcer/enforcer.py:449}}
Jul 31 09:36:38 user devstack@keystone.service[42857]: DEBUG keystone.common.rbac_enforcer.enforcer [None req-f24a7234-98cd-4f77-9929-cff30c30c91b None admin] RBAC: Authorization granted {{(pid=42857) enforce_call /opt/stack/keystone/keystone/common/rbac_enforcer/enforcer.py:457}}
Jul 31 09:36:38 user devstack@keystone.service[42855]: DEBUG keystone.server.flask.request_processing.middleware.auth_context [None req-49dee974-96c9-474a-9091-39553cbd54ef None admin] Authenticating user token {{(pid=42855) process_request /usr/local/lib/python3.10/dist-packages/keystonemiddleware/auth_token/__init__.py:406}}
Jul 31 09:36:38 user devstack@keystone.service[42857]: [pid: 42857|app: 0|req: 80/248] 10.0.0.210 () {60 vars in 1129 bytes} [Mon Jul 31 09:36:38 2023] POST /identity/v3/groups => generated 225 bytes in 149 msecs (HTTP/1.1 201) 5 headers in 182 bytes (1 switches on core 0)
Jul 31 09:36:38 user devstack@keystone.service[42855]: DEBUG dbcounter [-] [42855] Writing DB stats keystone:SELECT=100 {{(pid=42855) stat_writer /usr/local/lib/python3.10/dist-packages/dbcounter.py:117}}
Jul 31 09:36:38 user devstack@keystone.service[42856]: DEBUG keystone.server.flask.request_processing.middleware.auth_context [None req-e555a319-214c-456c-8bc3-97224c2ef2b7 None admin] Validating token access rules against request {{(pid=42856) validate_allowed_request /usr/local/lib/python3.10/dist-packages/keystonemiddleware/auth_token/__init__.py:544}}
Jul 31 09:36:38 user devstack@keystone.service[42856]: DEBUG keystone.server.flask.request_processing.middleware.auth_context [None req-e4e1d85b-06d0-465a-8011-357a94643801 None admin] RBAC: auth_context: {'token': , 'domain_id': None, 'trust_id': None, 'trustor_id': None, 'trustee_id': None, 'domain_name': None, 'group_ids': [], 'user_id': 'e09a02e726524a03b4a3fd08ac8030cb', 'user_domain_id': 'default', 'system_scope': 'all', 'project_id': None, 'project_domain_id': None, 'roles': ['admin', 'member', 'reader'], 'is_admin_project': True, 'service_user_id': None, 'service_user_domain_id': None, 'service_project_id': None, 'service_project_domain_id': None, 'service_roles': []} {{(pid=42856) fill_context /opt/stack/keystone/keystone/server/flask/request_processing/middleware/auth_context.py:480}}
Jul 31 09:36:38 user devstack@keystone.service[42855]: DEBUG keystone.server.flask.request_processing.middleware.auth_context [None req-49dee974-96c9-474a-9091-39553cbd54ef None admin] Validating token access rules against request {{(pid=42855) validate_allowed_request /usr/local/lib/python3.10/dist-packages/keystonemiddleware/auth_token/__init__.py:544}}
Jul 31 09:36:38 user devstack@keystone.service[42856]: DEBUG keystone.server.flask.request_processing.req_logging [None req-e4e1d85b-06d0-465a-8011-357a94643801 None admin] REQUEST_METHOD: `GET` {{(pid=42856) log_request_info /opt/stack/keystone/keystone/server/flask/request_processing/req_logging.py:27}}
Jul 31 09:36:38 user devstack@keystone.service[42856]: DEBUG keystone.server.flask.request_processing.req_logging [None req-e4e1d85b-06d0-465a-8011-357a94643801 None admin] SCRIPT_NAME: `/identity` {{(pid=42856) log_request_info /opt/stack/keystone/keystone/server/flask/request_processing/req_logging.py:28}}
Jul 31 09:36:38 user devstack@keystone.service[42856]: DEBUG keystone.server.flask.request_processing.req_logging [None req-e4e1d85b-06d0-465a-8011-357a94643801 None admin] PATH_INFO: `/v3/roles` {{(pid=42856) log_request_info /opt/stack/keystone/keystone/server/flask/request_processing/req_logging.py:29}}
Jul 31 09:36:38 user devstack@keystone.service[42856]: DEBUG keystone.common.rbac_enforcer.enforcer [None req-e4e1d85b-06d0-465a-8011-357a94643801 None admin] RBAC: Adding query filter params (name=member) {{(pid=42856) _extract_filter_values /opt/stack/keystone/keystone/common/rbac_enforcer/enforcer.py:167}}
Jul 31 09:36:38 user devstack@keystone.service[42856]: DEBUG keystone.common.rbac_enforcer.enforcer [None req-e4e1d85b-06d0-465a-8011-357a94643801 None admin] RBAC: Authorizing `identity:list_roles()` {{(pid=42856) enforce_call /opt/stack/keystone/keystone/common/rbac_enforcer/enforcer.py:449}}
Jul 31 09:36:38 user devstack@keystone.service[42856]: DEBUG keystone.common.rbac_enforcer.enforcer [None req-e4e1d85b-06d0-465a-8011-357a94643801 None admin] RBAC: Authorization granted {{(pid=42856) enforce_call /opt/stack/keystone/keystone/common/rbac_enforcer/enforcer.py:457}}
Jul 31 09:36:38 user devstack@keystone.service[42856]: [pid: 42856|app: 0|req: 85/249] 10.0.0.210 () {56 vars in 1096 bytes} [Mon Jul 31 09:36:38 2023] GET /identity/v3/roles?name=member => generated 339 bytes in 134 msecs (HTTP/1.1 200) 5 headers in 177 bytes (1 switches on core 0)
Jul 31 09:36:38 user devstack@keystone.service[42857]: DEBUG keystone.server.flask.request_processing.middleware.auth_context [None req-f24a7234-98cd-4f77-9929-cff30c30c91b None admin] Authenticating user token {{(pid=42857) process_request /usr/local/lib/python3.10/dist-packages/keystonemiddleware/auth_token/__init__.py:406}}
Jul 31 09:36:38 user devstack@keystone.service[42855]: DEBUG keystone.server.flask.request_processing.middleware.auth_context [None req-359c8e2f-5438-42b5-9b27-a8bc7caea54f None admin] RBAC: auth_context: {'token': , 'domain_id': None, 'trust_id': None, 'trustor_id': None, 'trustee_id': None, 'domain_name': None, 'group_ids': [], 'user_id': 'e09a02e726524a03b4a3fd08ac8030cb', 'user_domain_id': 'default', 'system_scope': 'all', 'project_id': None, 'project_domain_id': None, 'roles': ['admin', 'member', 'reader'], 'is_admin_project': True, 'service_user_id': None, 'service_user_domain_id': None, 'service_project_id': None, 'service_project_domain_id': None, 'service_roles': []} {{(pid=42855) fill_context /opt/stack/keystone/keystone/server/flask/request_processing/middleware/auth_context.py:480}}
Jul 31 09:36:38 user devstack@keystone.service[42855]: DEBUG keystone.server.flask.request_processing.req_logging [None req-359c8e2f-5438-42b5-9b27-a8bc7caea54f None admin] REQUEST_METHOD: `GET` {{(pid=42855) log_request_info /opt/stack/keystone/keystone/server/flask/request_processing/req_logging.py:27}}
Jul 31 09:36:38 user devstack@keystone.service[42855]: DEBUG keystone.server.flask.request_processing.req_logging [None req-359c8e2f-5438-42b5-9b27-a8bc7caea54f None admin] SCRIPT_NAME: `/identity` {{(pid=42855) log_request_info /opt/stack/keystone/keystone/server/flask/request_processing/req_logging.py:28}}
Jul 31 09:36:38 user devstack@keystone.service[42855]: DEBUG keystone.server.flask.request_processing.req_logging [None req-359c8e2f-5438-42b5-9b27-a8bc7caea54f None admin] PATH_INFO: `/v3/roles/reader` {{(pid=42855) log_request_info /opt/stack/keystone/keystone/server/flask/request_processing/req_logging.py:29}}
Jul 31 09:36:38 user devstack@keystone.service[42855]: DEBUG keystone.common.rbac_enforcer.enforcer [None req-359c8e2f-5438-42b5-9b27-a8bc7caea54f None admin] Extracting inferred target data resulted in "NOT FOUND (404)". {{(pid=42855) enforce_call /opt/stack/keystone/keystone/common/rbac_enforcer/enforcer.py:409}}
Jul 31 09:36:38 user devstack@keystone.service[42855]: ERROR keystone.server.flask.application [None req-359c8e2f-5438-42b5-9b27-a8bc7caea54f None admin] Could not find role: reader.: keystone.exception.RoleNotFound: Could not find role: reader.
Jul 31 09:36:38 user devstack@keystone.service[42855]: ERROR keystone.server.flask.application
Traceback (most recent call last):
Jul 31 09:36:38 user devstack@keystone.service[42855]: ERROR keystone.server.flask.application
File "/usr/local/lib/python3.10/dist-packages/flask/app.py", line 1823, in full_dispatch_request
Jul 31 09:36:38 user devstack@keystone.service[42855]: ERROR keystone.server.flask.application rv = self.dispatch_request()
Jul 31 09:36:38 user devstack@keystone.service[42855]: ERROR keystone.server.flask.application
File "/usr/local/lib/python3.10/dist-packages/flask/app.py", line 1799, in dispatch_request
Jul 31 09:36:38 user devstack@keystone.service[42855]: ERROR keystone.server.flask.application return self.ensure_sync(self.view_functions[rule.endpoint])(**view_args)
Jul 31 09:36:38 user devstack@keystone.service[42855]: ERROR keystone.server.flask.application
File "/usr/local/lib/python3.10/dist-packages/flask_restful/__init__.py", line 467, in wrapper
Jul 31 09:36:38 user devstack@keystone.service[42855]: ERROR keystone.server.flask.application resp = resource(*args, **kwargs)
Jul 31 09:36:38 user devstack@keystone.service[42855]: ERROR keystone.server.flask.application
File "/usr/local/lib/python3.10/dist-packages/flask/views.py", line 107, in view
Jul 31 09:36:38 user devstack@keystone.service[42855]: ERROR keystone.server.flask.application return current_app.ensure_sync(self.dispatch_request)(**kwargs)
Jul 31 09:36:38 user devstack@keystone.service[42855]: ERROR keystone.server.flask.application
File "/usr/local/lib/python3.10/dist-packages/flask_restful/__init__.py", line 582, in dispatch_request
Jul 31 09:36:38 user devstack@keystone.service[42855]: ERROR keystone.server.flask.application resp = meth(*args, **kwargs)
Jul 31 09:36:38 user devstack@keystone.service[42855]: ERROR keystone.server.flask.application
File "/opt/stack/keystone/keystone/api/roles.py", line 50, in get
Jul 31 09:36:38 user devstack@keystone.service[42855]: ERROR keystone.server.flask.application return self._get_role(role_id)
Jul 31 09:36:38 user devstack@keystone.service[42855]: ERROR keystone.server.flask.application
File "/opt/stack/keystone/keystone/api/roles.py", line 70, in _get_role
Jul 31 09:36:38 user devstack@keystone.service[42855]: ERROR keystone.server.flask.application ENFORCER.enforce_call(action='identity:get_role')
Jul 31 09:36:38 user devstack@keystone.service[42855]: ERROR keystone.server.flask.application
File "/opt/stack/keystone/keystone/common/rbac_enforcer/enforcer.py", line 402, in enforce_call
Jul 31 09:36:38 user devstack@keystone.service[42855]: ERROR keystone.server.flask.application policy_dict.update(cls._extract_member_target_data(
Jul 31 09:36:38 user devstack@keystone.service[42855]: ERROR keystone.server.flask.application
File "/opt/stack/keystone/keystone/common/rbac_enforcer/enforcer.py", line 234, in _extract_member_target_data
Jul 31 09:36:38 user devstack@keystone.service[42855]: ERROR keystone.server.flask.application member_name: func(flask.request.view_args[key])
Jul 31 09:36:38 user devstack@keystone.service[42855]: ERROR keystone.server.flask.application
File "/opt/stack/keystone/keystone/common/manager.py", line 115, in wrapped
Jul 31 09:36:38 user devstack@keystone.service[42855]: ERROR keystone.server.flask.application __ret_val = __f(*args, **kwargs)
Jul 31 09:36:38 user devstack@keystone.service[42855]: ERROR keystone.server.flask.application
File "/usr/local/lib/python3.10/dist-packages/decorator.py", line 232, in fun
Jul 31 09:36:38 user devstack@keystone.service[42855]: ERROR keystone.server.flask.application return caller(func, *(extras + args), **kw)
Jul 31 09:36:38 user devstack@keystone.service[42855]: ERROR keystone.server.flask.application
File "/usr/local/lib/python3.10/dist-packages/dogpile/cache/region.py", line 1577, in get_or_create_for_user_func
Jul 31 09:36:38 user devstack@keystone.service[42855]: ERROR keystone.server.flask.application return self.get_or_create(
Jul 31 09:36:38 user devstack@keystone.service[42855]: ERROR keystone.server.flask.application
File "/usr/local/lib/python3.10/dist-packages/dogpile/cache/region.py", line 1042, in get_or_create
Jul 31 09:36:38 user devstack@keystone.service[42855]: ERROR keystone.server.flask.application with Lock(
Jul 31 09:36:38 user devstack@keystone.service[42855]: ERROR keystone.server.flask.application
File "/usr/local/lib/python3.10/dist-packages/dogpile/lock.py", line 185, in __enter__
Jul 31 09:36:38 user devstack@keystone.service[42855]: ERROR keystone.server.flask.application return self._enter()
Jul 31 09:36:38 user devstack@keystone.service[42855]: ERROR keystone.server.flask.application
File "/usr/local/lib/python3.10/dist-packages/dogpile/lock.py", line 94, in _enter
Jul 31 09:36:38 user devstack@keystone.service[42855]: ERROR keystone.server.flask.application generated = self._enter_create(value, createdtime)
Jul 31 09:36:38 user devstack@keystone.service[42855]: ERROR keystone.server.flask.application
File "/usr/local/lib/python3.10/dist-packages/dogpile/lock.py", line 178, in _enter_create
Jul 31 09:36:38 user devstack@keystone.service[42855]: ERROR keystone.server.flask.application return self.creator()
Jul 31 09:36:38 user devstack@keystone.service[42855]: ERROR keystone.server.flask.application
File "/usr/local/lib/python3.10/dist-packages/dogpile/cache/region.py", line 995, in gen_value
Jul 31 09:36:38 user devstack@keystone.service[42855]: ERROR keystone.server.flask.application created_value = creator(
Jul 31 09:36:38 user devstack@keystone.service[42855]: ERROR keystone.server.flask.application
File "/opt/stack/keystone/keystone/assignment/core.py", line 1276, in get_role
Jul 31 09:36:38 user devstack@keystone.service[42855]: ERROR keystone.server.flask.application return self.driver.get_role(role_id)
Jul 31 09:36:38 user devstack@keystone.service[42855]: ERROR keystone.server.flask.application
File "/opt/stack/keystone/keystone/assignment/role_backends/sql.py", line 70, in get_role
Jul 31 09:36:38 user devstack@keystone.service[42855]: ERROR keystone.server.flask.application return self._get_role(session, role_id).to_dict()
Jul 31 09:36:38 user devstack@keystone.service[42855]: ERROR keystone.server.flask.application
File "/opt/stack/keystone/keystone/assignment/role_backends/sql.py", line 65, in _get_role
Jul 31 09:36:38 user devstack@keystone.service[42855]: ERROR keystone.server.flask.application raise exception.RoleNotFound(role_id=role_id)
Jul 31 09:36:38 user devstack@keystone.service[42855]: ERROR keystone.server.flask.application keystone.exception.RoleNotFound: Could not find role: reader.
Jul 31 09:36:38 user devstack@keystone.service[42855]: ERROR keystone.server.flask.application
Jul 31 09:36:38 user devstack@keystone.service[42855]: [pid: 42855|app: 0|req: 85/250] 10.0.0.210 () {56 vars in 1094 bytes} [Mon Jul 31 09:36:38 2023] GET /identity/v3/roles/reader => generated 84 bytes in 137 msecs (HTTP/1.1 404) 5 headers in 183 bytes (1 switches on core 0)
Jul 31 09:36:38 user devstack@keystone.service[42856]: DEBUG keystone.server.flask.request_processing.middleware.auth_context [None req-e4e1d85b-06d0-465a-8011-357a94643801 None admin] Authenticating user token {{(pid=42856) process_request /usr/local/lib/python3.10/dist-packages/keystonemiddleware/auth_token/__init__.py:406}}
Jul 31 09:36:38 user devstack@keystone.service[42856]: DEBUG dbcounter [-] [42856] Writing DB stats keystone:SELECT=100 {{(pid=42856) stat_writer /usr/local/lib/python3.10/dist-packages/dbcounter.py:117}}
Jul 31 09:36:38 user devstack@keystone.service[42857]: DEBUG keystone.server.flask.request_processing.middleware.auth_context [None req-f24a7234-98cd-4f77-9929-cff30c30c91b None admin] Validating token access rules against request {{(pid=42857) validate_allowed_request /usr/local/lib/python3.10/dist-packages/keystonemiddleware/auth_token/__init__.py:544}}
Jul 31 09:36:38 user devstack@keystone.service[42857]: DEBUG dbcounter [-] [42857] Writing DB stats keystone:SELECT=99,keystone:INSERT=1 {{(pid=42857) stat_writer /usr/local/lib/python3.10/dist-packages/dbcounter.py:117}}
Jul 31 09:36:38 user devstack@keystone.service[42856]: DEBUG keystone.server.flask.request_processing.middleware.auth_context [None req-e4e1d85b-06d0-465a-8011-357a94643801 None admin] Validating token access rules against request {{(pid=42856) validate_allowed_request /usr/local/lib/python3.10/dist-packages/keystonemiddleware/auth_token/__init__.py:544}}
Jul 31 09:36:38 user devstack@keystone.service[42857]: DEBUG keystone.server.flask.request_processing.middleware.auth_context [None req-696ed875-27ae-4ef2-8db7-2213485e5c44 None admin] RBAC: auth_context: {'token': , 'domain_id': None, 'trust_id': None, 'trustor_id': None, 'trustee_id': None, 'domain_name': None, 'group_ids': [], 'user_id': 'e09a02e726524a03b4a3fd08ac8030cb', 'user_domain_id': 'default', 'system_scope': 'all', 'project_id': None, 'project_domain_id': None, 'roles': ['admin', 'member', 'reader'], 'is_admin_project': True, 'service_user_id': None, 'service_user_domain_id': None, 'service_project_id': None, 'service_project_domain_id': None, 'service_roles': []} {{(pid=42857) fill_context /opt/stack/keystone/keystone/server/flask/request_processing/middleware/auth_context.py:480}}
Jul 31 09:36:38 user devstack@keystone.service[42857]: DEBUG keystone.server.flask.request_processing.req_logging [None req-696ed875-27ae-4ef2-8db7-2213485e5c44 None admin] REQUEST_METHOD: `GET` {{(pid=42857) log_request_info /opt/stack/keystone/keystone/server/flask/request_processing/req_logging.py:27}}
Jul 31 09:36:38 user devstack@keystone.service[42857]: DEBUG keystone.server.flask.request_processing.req_logging [None req-696ed875-27ae-4ef2-8db7-2213485e5c44 None admin] SCRIPT_NAME: `/identity` {{(pid=42857) log_request_info /opt/stack/keystone/keystone/server/flask/request_processing/req_logging.py:28}}
Jul 31 09:36:38 user devstack@keystone.service[42857]: DEBUG keystone.server.flask.request_processing.req_logging [None req-696ed875-27ae-4ef2-8db7-2213485e5c44 None admin] PATH_INFO: `/v3/users/2c9d913f4c8a4de18835a66b32e8726c` {{(pid=42857) log_request_info /opt/stack/keystone/keystone/server/flask/request_processing/req_logging.py:29}}
Jul 31 09:36:38 user devstack@keystone.service[42857]: DEBUG keystone.common.rbac_enforcer.enforcer [None req-696ed875-27ae-4ef2-8db7-2213485e5c44 None admin] RBAC: Authorizing `identity:get_user(user_id=2c9d913f4c8a4de18835a66b32e8726c)` {{(pid=42857) enforce_call /opt/stack/keystone/keystone/common/rbac_enforcer/enforcer.py:449}}
Jul 31 09:36:38 user devstack@keystone.service[42857]: DEBUG keystone.common.rbac_enforcer.enforcer [None req-696ed875-27ae-4ef2-8db7-2213485e5c44 None admin] RBAC: Authorization granted {{(pid=42857) enforce_call /opt/stack/keystone/keystone/common/rbac_enforcer/enforcer.py:457}}
Jul 31 09:36:38 user devstack@keystone.service[42857]: [pid: 42857|app: 0|req: 81/251] 10.0.0.210 () {56 vars in 1172 bytes} [Mon Jul 31 09:36:38 2023] GET /identity/v3/users/2c9d913f4c8a4de18835a66b32e8726c => generated 292 bytes in 149 msecs (HTTP/1.1 200) 5 headers in 177 bytes (1 switches on core 0)
Jul 31 09:36:38 user devstack@keystone.service[42855]: DEBUG keystone.server.flask.request_processing.middleware.auth_context [None req-359c8e2f-5438-42b5-9b27-a8bc7caea54f None admin] Authenticating user token {{(pid=42855) process_request /usr/local/lib/python3.10/dist-packages/keystonemiddleware/auth_token/__init__.py:406}}
Jul 31 09:36:38 user devstack@keystone.service[42856]: DEBUG keystone.server.flask.request_processing.middleware.auth_context [None req-0bfff69c-0940-4612-b379-284d8dd48064 None admin] RBAC: auth_context: {'token': , 'domain_id': None, 'trust_id': None, 'trustor_id': None, 'trustee_id': None, 'domain_name': None, 'group_ids': [], 'user_id': 'e09a02e726524a03b4a3fd08ac8030cb', 'user_domain_id': 'default', 'system_scope': 'all', 'project_id': None, 'project_domain_id': None, 'roles': ['admin', 'member', 'reader'], 'is_admin_project': True, 'service_user_id': None, 'service_user_domain_id': None, 'service_project_id': None, 'service_project_domain_id': None, 'service_roles': []} {{(pid=42856) fill_context /opt/stack/keystone/keystone/server/flask/request_processing/middleware/auth_context.py:480}}
Jul 31 09:36:38 user devstack@keystone.service[42856]: DEBUG keystone.server.flask.request_processing.req_logging [None req-0bfff69c-0940-4612-b379-284d8dd48064 None admin] REQUEST_METHOD: `GET` {{(pid=42856) log_request_info /opt/stack/keystone/keystone/server/flask/request_processing/req_logging.py:27}}
Jul 31 09:36:38 user devstack@keystone.service[42856]: DEBUG keystone.server.flask.request_processing.req_logging [None req-0bfff69c-0940-4612-b379-284d8dd48064 None admin] SCRIPT_NAME: `/identity` {{(pid=42856) log_request_info /opt/stack/keystone/keystone/server/flask/request_processing/req_logging.py:28}}
Jul 31 09:36:38 user devstack@keystone.service[42856]: DEBUG keystone.server.flask.request_processing.req_logging [None req-0bfff69c-0940-4612-b379-284d8dd48064 None admin] PATH_INFO: `/v3/roles` {{(pid=42856) log_request_info /opt/stack/keystone/keystone/server/flask/request_processing/req_logging.py:29}}
Jul 31 09:36:38 user devstack@keystone.service[42856]: DEBUG keystone.common.rbac_enforcer.enforcer [None req-0bfff69c-0940-4612-b379-284d8dd48064 None admin] RBAC: Adding query filter params (name=reader) {{(pid=42856) _extract_filter_values /opt/stack/keystone/keystone/common/rbac_enforcer/enforcer.py:167}}
Jul 31 09:36:38 user devstack@keystone.service[42856]: DEBUG keystone.common.rbac_enforcer.enforcer [None req-0bfff69c-0940-4612-b379-284d8dd48064 None admin] RBAC: Authorizing `identity:list_roles()` {{(pid=42856) enforce_call /opt/stack/keystone/keystone/common/rbac_enforcer/enforcer.py:449}}
Jul 31 09:36:38 user devstack@keystone.service[42856]: DEBUG keystone.common.rbac_enforcer.enforcer [None req-0bfff69c-0940-4612-b379-284d8dd48064 None admin] RBAC: Authorization granted {{(pid=42856) enforce_call /opt/stack/keystone/keystone/common/rbac_enforcer/enforcer.py:457}}
Jul 31 09:36:38 user devstack@keystone.service[42856]: [pid: 42856|app: 0|req: 86/252] 10.0.0.210 () {56 vars in 1096 bytes} [Mon Jul 31 09:36:38 2023] GET /identity/v3/roles?name=reader => generated 339 bytes in 136 msecs (HTTP/1.1 200) 5 headers in 177 bytes (1 switches on core 0)
Jul 31 09:36:38 user devstack@keystone.service[42857]: DEBUG keystone.server.flask.request_processing.middleware.auth_context [None req-696ed875-27ae-4ef2-8db7-2213485e5c44 None admin] Authenticating user token {{(pid=42857) process_request /usr/local/lib/python3.10/dist-packages/keystonemiddleware/auth_token/__init__.py:406}}
Jul 31 09:36:38 user devstack@keystone.service[42855]: DEBUG keystone.server.flask.request_processing.middleware.auth_context [None req-359c8e2f-5438-42b5-9b27-a8bc7caea54f None admin] Validating token access rules against request {{(pid=42855) validate_allowed_request /usr/local/lib/python3.10/dist-packages/keystonemiddleware/auth_token/__init__.py:544}}
Jul 31 09:36:38 user devstack@keystone.service[42857]: DEBUG keystone.server.flask.request_processing.middleware.auth_context [None req-696ed875-27ae-4ef2-8db7-2213485e5c44 None admin] Validating token access rules against request {{(pid=42857) validate_allowed_request /usr/local/lib/python3.10/dist-packages/keystonemiddleware/auth_token/__init__.py:544}}
Jul 31 09:36:38 user devstack@keystone.service[42855]: DEBUG dbcounter [-] [42855] Writing DB stats keystone:SELECT=100 {{(pid=42855) stat_writer /usr/local/lib/python3.10/dist-packages/dbcounter.py:117}}
Jul 31 09:36:38 user devstack@keystone.service[42855]: DEBUG keystone.server.flask.request_processing.middleware.auth_context [None req-34f8d8b3-eaef-4d8f-89f7-4a72cf7637c0 None admin] RBAC: auth_context: {'token': , 'domain_id': None, 'trust_id': None, 'trustor_id': None, 'trustee_id': None, 'domain_name': None, 'group_ids': [], 'user_id': 'e09a02e726524a03b4a3fd08ac8030cb', 'user_domain_id': 'default', 'system_scope': 'all', 'project_id': None, 'project_domain_id': None, 'roles': ['admin', 'member', 'reader'], 'is_admin_project': True, 'service_user_id': None, 'service_user_domain_id': None, 'service_project_id': None, 'service_project_domain_id': None, 'service_roles': []} {{(pid=42855) fill_context /opt/stack/keystone/keystone/server/flask/request_processing/middleware/auth_context.py:480}}
Jul 31 09:36:38 user devstack@keystone.service[42855]: DEBUG keystone.server.flask.request_processing.req_logging [None req-34f8d8b3-eaef-4d8f-89f7-4a72cf7637c0 None admin] REQUEST_METHOD: `GET` {{(pid=42855) log_request_info /opt/stack/keystone/keystone/server/flask/request_processing/req_logging.py:27}}
Jul 31 09:36:38 user devstack@keystone.service[42855]: DEBUG keystone.server.flask.request_processing.req_logging [None req-34f8d8b3-eaef-4d8f-89f7-4a72cf7637c0 None admin] SCRIPT_NAME: `/identity` {{(pid=42855) log_request_info /opt/stack/keystone/keystone/server/flask/request_processing/req_logging.py:28}}
Jul 31 09:36:38 user devstack@keystone.service[42855]: DEBUG keystone.server.flask.request_processing.req_logging [None req-34f8d8b3-eaef-4d8f-89f7-4a72cf7637c0 None admin] PATH_INFO: `/v3/role_assignments` {{(pid=42855) log_request_info /opt/stack/keystone/keystone/server/flask/request_processing/req_logging.py:29}}
Jul 31 09:36:38 user devstack@keystone.service[42855]: DEBUG keystone.common.rbac_enforcer.enforcer [None req-34f8d8b3-eaef-4d8f-89f7-4a72cf7637c0 None admin] RBAC: Adding query filter params (role.id=1906ce67ef6649858910ed4fb2792463, user.id=2c9d913f4c8a4de18835a66b32e8726c, scope.system=all) {{(pid=42855) _extract_filter_values /opt/stack/keystone/keystone/common/rbac_enforcer/enforcer.py:167}}
Jul 31 09:36:38 user devstack@keystone.service[42855]: DEBUG keystone.common.rbac_enforcer.enforcer [None req-34f8d8b3-eaef-4d8f-89f7-4a72cf7637c0 None admin] RBAC: Authorizing `identity:list_role_assignments()` {{(pid=42855) enforce_call /opt/stack/keystone/keystone/common/rbac_enforcer/enforcer.py:449}}
Jul 31 09:36:39 user devstack@keystone.service[42855]: DEBUG keystone.common.rbac_enforcer.enforcer [None req-34f8d8b3-eaef-4d8f-89f7-4a72cf7637c0 None admin] RBAC: Authorization granted {{(pid=42855) enforce_call /opt/stack/keystone/keystone/common/rbac_enforcer/enforcer.py:457}}
Jul 31 09:36:39 user devstack@keystone.service[42855]: [pid: 42855|app: 0|req: 86/253] 10.0.0.210 () {56 vars in 1303 bytes} [Mon Jul 31 09:36:38 2023] GET /identity/v3/role_assignments?user.id=2c9d913f4c8a4de18835a66b32e8726c&scope.system=all&role.id=1906ce67ef6649858910ed4fb2792463 => generated 508 bytes in 155 msecs (HTTP/1.1 200) 5 headers in 177 bytes (1 switches on core 0)
Jul 31 09:36:39 user devstack@keystone.service[42857]: DEBUG keystone.server.flask.request_processing.middleware.auth_context [None req-cfd84053-bea7-4f27-aeeb-fefd985ec4d3 None admin] RBAC: auth_context: {'token': , 'domain_id': None, 'trust_id': None, 'trustor_id': None, 'trustee_id': None, 'domain_name': None, 'group_ids': [], 'user_id': 'e09a02e726524a03b4a3fd08ac8030cb', 'user_domain_id': 'default', 'system_scope': 'all', 'project_id': None, 'project_domain_id': None, 'roles': ['admin', 'member', 'reader'], 'is_admin_project': True, 'service_user_id': None, 'service_user_domain_id': None, 'service_project_id': None, 'service_project_domain_id': None, 'service_roles': []} {{(pid=42857) fill_context /opt/stack/keystone/keystone/server/flask/request_processing/middleware/auth_context.py:480}}
Jul 31 09:36:39 user devstack@keystone.service[42857]: DEBUG keystone.server.flask.request_processing.req_logging [None req-cfd84053-bea7-4f27-aeeb-fefd985ec4d3 None admin] REQUEST_METHOD: `GET` {{(pid=42857) log_request_info /opt/stack/keystone/keystone/server/flask/request_processing/req_logging.py:27}}
Jul 31 09:36:39 user devstack@keystone.service[42857]: DEBUG keystone.server.flask.request_processing.req_logging [None req-cfd84053-bea7-4f27-aeeb-fefd985ec4d3 None admin] SCRIPT_NAME: `/identity` {{(pid=42857) log_request_info /opt/stack/keystone/keystone/server/flask/request_processing/req_logging.py:28}}
Jul 31 09:36:39 user devstack@keystone.service[42857]: DEBUG keystone.server.flask.request_processing.req_logging [None req-cfd84053-bea7-4f27-aeeb-fefd985ec4d3 None admin] PATH_INFO: `/v3/users/104f750a15714c6c8348385b10d04a39` {{(pid=42857) log_request_info /opt/stack/keystone/keystone/server/flask/request_processing/req_logging.py:29}}
Jul 31 09:36:39 user devstack@keystone.service[42857]: DEBUG keystone.common.rbac_enforcer.enforcer [None req-cfd84053-bea7-4f27-aeeb-fefd985ec4d3 None admin] RBAC: Authorizing `identity:get_user(user_id=104f750a15714c6c8348385b10d04a39)` {{(pid=42857) enforce_call /opt/stack/keystone/keystone/common/rbac_enforcer/enforcer.py:449}}
Jul 31 09:36:39 user devstack@keystone.service[42857]: DEBUG keystone.common.rbac_enforcer.enforcer [None req-cfd84053-bea7-4f27-aeeb-fefd985ec4d3 None admin] RBAC: Authorization granted {{(pid=42857) enforce_call /opt/stack/keystone/keystone/common/rbac_enforcer/enforcer.py:457}}
Jul 31 09:36:39 user devstack@keystone.service[42857]: [pid: 42857|app: 0|req: 82/254] 10.0.0.210 () {56 vars in 1172 bytes} [Mon Jul 31 09:36:38 2023] GET /identity/v3/users/104f750a15714c6c8348385b10d04a39 => generated 292 bytes in 147 msecs (HTTP/1.1 200) 5 headers in 177 bytes (1 switches on core 0)
Jul 31 09:36:39 user devstack@keystone.service[42856]: DEBUG keystone.server.flask.request_processing.middleware.auth_context [None req-0bfff69c-0940-4612-b379-284d8dd48064 None admin] Authenticating user token {{(pid=42856) process_request /usr/local/lib/python3.10/dist-packages/keystonemiddleware/auth_token/__init__.py:406}}
Jul 31 09:36:39 user devstack@keystone.service[42856]: DEBUG keystone.server.flask.request_processing.middleware.auth_context [None req-0bfff69c-0940-4612-b379-284d8dd48064 None admin] Validating token access rules against request {{(pid=42856) validate_allowed_request /usr/local/lib/python3.10/dist-packages/keystonemiddleware/auth_token/__init__.py:544}}
Jul 31 09:36:39 user devstack@keystone.service[42856]: DEBUG keystone.server.flask.request_processing.middleware.auth_context [None req-8e1608a0-9f15-4e5b-bd15-08532ee13f70 None admin] RBAC: auth_context: {'token': , 'domain_id': None, 'trust_id': None, 'trustor_id': None, 'trustee_id': None, 'domain_name': None, 'group_ids': [], 'user_id': 'e09a02e726524a03b4a3fd08ac8030cb', 'user_domain_id': 'default', 'system_scope': 'all', 'project_id': None, 'project_domain_id': None, 'roles': ['admin', 'member', 'reader'], 'is_admin_project': True, 'service_user_id': None, 'service_user_domain_id': None, 'service_project_id': None, 'service_project_domain_id': None, 'service_roles': []} {{(pid=42856) fill_context /opt/stack/keystone/keystone/server/flask/request_processing/middleware/auth_context.py:480}}
Jul 31 09:36:39 user devstack@keystone.service[42856]: DEBUG keystone.server.flask.request_processing.req_logging [None req-8e1608a0-9f15-4e5b-bd15-08532ee13f70 None admin] REQUEST_METHOD: `PUT` {{(pid=42856) log_request_info /opt/stack/keystone/keystone/server/flask/request_processing/req_logging.py:27}}
Jul 31 09:36:39 user devstack@keystone.service[42856]: DEBUG keystone.server.flask.request_processing.req_logging [None req-8e1608a0-9f15-4e5b-bd15-08532ee13f70 None admin] SCRIPT_NAME: `/identity` {{(pid=42856) log_request_info /opt/stack/keystone/keystone/server/flask/request_processing/req_logging.py:28}}
Jul 31 09:36:39 user devstack@keystone.service[42856]: DEBUG keystone.server.flask.request_processing.req_logging [None req-8e1608a0-9f15-4e5b-bd15-08532ee13f70 None admin] PATH_INFO: `/v3/system/users/104f750a15714c6c8348385b10d04a39/roles/87817b63145a43acbebaa7be7db151a6` {{(pid=42856) log_request_info /opt/stack/keystone/keystone/server/flask/request_processing/req_logging.py:29}}
