Jul 31 09:36:31 user devstack@keystone.service[42856]: DEBUG keystone.server.flask.request_processing.middleware.auth_context [None req-ebfd575e-15ed-410b-89d3-5cc2897b6a2b None admin] Validating token access rules against request {{(pid=42856) validate_allowed_request /usr/local/lib/python3.10/dist-packages/keystonemiddleware/auth_token/__init__.py:544}}
Jul 31 09:36:31 user devstack@keystone.service[42855]: DEBUG dbcounter [-] [42855] Writing DB stats keystone:SELECT=97,keystone:INSERT=3 {{(pid=42855) stat_writer /usr/local/lib/python3.10/dist-packages/dbcounter.py:117}}
Jul 31 09:36:31 user devstack@keystone.service[42856]: DEBUG keystone.server.flask.request_processing.middleware.auth_context [None req-c3d99301-6cba-4257-9739-1feae21358b6 None admin] RBAC: auth_context: {'token': , 'domain_id': None, 'trust_id': None, 'trustor_id': None, 'trustee_id': None, 'domain_name': None, 'group_ids': [], 'user_id': 'e09a02e726524a03b4a3fd08ac8030cb', 'user_domain_id': 'default', 'system_scope': 'all', 'project_id': None, 'project_domain_id': None, 'roles': ['admin', 'member', 'reader'], 'is_admin_project': True, 'service_user_id': None, 'service_user_domain_id': None, 'service_project_id': None, 'service_project_domain_id': None, 'service_roles': []} {{(pid=42856) fill_context /opt/stack/keystone/keystone/server/flask/request_processing/middleware/auth_context.py:480}}
Jul 31 09:36:31 user devstack@keystone.service[42856]: DEBUG keystone.server.flask.request_processing.req_logging [None req-c3d99301-6cba-4257-9739-1feae21358b6 None admin] REQUEST_METHOD: `GET` {{(pid=42856) log_request_info /opt/stack/keystone/keystone/server/flask/request_processing/req_logging.py:27}}
Jul 31 09:36:31 user devstack@keystone.service[42856]: DEBUG keystone.server.flask.request_processing.req_logging [None req-c3d99301-6cba-4257-9739-1feae21358b6 None admin] SCRIPT_NAME: `/identity` {{(pid=42856) log_request_info /opt/stack/keystone/keystone/server/flask/request_processing/req_logging.py:28}}
Jul 31 09:36:31 user devstack@keystone.service[42856]: DEBUG keystone.server.flask.request_processing.req_logging [None req-c3d99301-6cba-4257-9739-1feae21358b6 None admin] PATH_INFO: `/v3/auth/tokens` {{(pid=42856) log_request_info /opt/stack/keystone/keystone/server/flask/request_processing/req_logging.py:29}}
Jul 31 09:36:31 user devstack@keystone.service[42855]: DEBUG keystone.server.flask.request_processing.middleware.auth_context [None req-67c73939-85f3-423d-8ddc-372a86bd03f3 None admin] Validating token access rules against request {{(pid=42855) validate_allowed_request /usr/local/lib/python3.10/dist-packages/keystonemiddleware/auth_token/__init__.py:544}}
Jul 31 09:36:31 user devstack@keystone.service[42856]: DEBUG dbcounter [-] [42856] Writing DB stats keystone:SELECT=100 {{(pid=42856) stat_writer /usr/local/lib/python3.10/dist-packages/dbcounter.py:117}}
Jul 31 09:36:31 user devstack@keystone.service[42855]: DEBUG keystone.server.flask.request_processing.middleware.auth_context [None req-de2854a4-480d-43fc-afc3-16c5585029a6 None admin] RBAC: auth_context: {'token': , 'domain_id': None, 'trust_id': None, 'trustor_id': None, 'trustee_id': None, 'domain_name': None, 'group_ids': [], 'user_id': 'e09a02e726524a03b4a3fd08ac8030cb', 'user_domain_id': 'default', 'system_scope': 'all', 'project_id': None, 'project_domain_id': None, 'roles': ['admin', 'member', 'reader'], 'is_admin_project': True, 'service_user_id': None, 'service_user_domain_id': None, 'service_project_id': None, 'service_project_domain_id': None, 'service_roles': []} {{(pid=42855) fill_context /opt/stack/keystone/keystone/server/flask/request_processing/middleware/auth_context.py:480}}
Jul 31 09:36:31 user devstack@keystone.service[42856]: DEBUG keystone.common.rbac_enforcer.enforcer [None req-c3d99301-6cba-4257-9739-1feae21358b6 None admin] RBAC: Authorizing `identity:validate_token()` {{(pid=42856) enforce_call /opt/stack/keystone/keystone/common/rbac_enforcer/enforcer.py:449}}
Jul 31 09:36:31 user devstack@keystone.service[42855]: DEBUG keystone.server.flask.request_processing.req_logging [None req-de2854a4-480d-43fc-afc3-16c5585029a6 None admin] REQUEST_METHOD: `PUT` {{(pid=42855) log_request_info /opt/stack/keystone/keystone/server/flask/request_processing/req_logging.py:27}}
Jul 31 09:36:31 user devstack@keystone.service[42855]: DEBUG keystone.server.flask.request_processing.req_logging [None req-de2854a4-480d-43fc-afc3-16c5585029a6 None admin] SCRIPT_NAME: `/identity` {{(pid=42855) log_request_info /opt/stack/keystone/keystone/server/flask/request_processing/req_logging.py:28}}
Jul 31 09:36:31 user devstack@keystone.service[42855]: DEBUG keystone.server.flask.request_processing.req_logging [None req-de2854a4-480d-43fc-afc3-16c5585029a6 None admin] PATH_INFO: `/v3/projects/6a258a30b5c74d0a9a6fcccce6a21431/users/5478209094bd473bb2d00c6af424448d/roles/87817b63145a43acbebaa7be7db151a6` {{(pid=42855) log_request_info /opt/stack/keystone/keystone/server/flask/request_processing/req_logging.py:29}}
Jul 31 09:36:31 user devstack@keystone.service[42856]: DEBUG keystone.common.rbac_enforcer.enforcer [None req-c3d99301-6cba-4257-9739-1feae21358b6 None admin] RBAC: Authorization granted {{(pid=42856) enforce_call /opt/stack/keystone/keystone/common/rbac_enforcer/enforcer.py:457}}
Jul 31 09:36:31 user devstack@keystone.service[42855]: DEBUG keystone.common.rbac_enforcer.enforcer [None req-de2854a4-480d-43fc-afc3-16c5585029a6 None admin] RBAC: Authorizing `identity:create_grant(project_id=6a258a30b5c74d0a9a6fcccce6a21431, user_id=5478209094bd473bb2d00c6af424448d, role_id=87817b63145a43acbebaa7be7db151a6)` {{(pid=42855) enforce_call /opt/stack/keystone/keystone/common/rbac_enforcer/enforcer.py:449}}
Jul 31 09:36:31 user devstack@keystone.service[42855]: DEBUG keystone.common.rbac_enforcer.enforcer [None req-de2854a4-480d-43fc-afc3-16c5585029a6 None admin] RBAC: Authorization granted {{(pid=42855) enforce_call /opt/stack/keystone/keystone/common/rbac_enforcer/enforcer.py:457}}
Jul 31 09:36:31 user devstack@keystone.service[42855]: [pid: 42855|app: 0|req: 69/202] 10.0.0.210 () {58 vars in 1434 bytes} [Mon Jul 31 09:36:31 2023] PUT /identity/v3/projects/6a258a30b5c74d0a9a6fcccce6a21431/users/5478209094bd473bb2d00c6af424448d/roles/87817b63145a43acbebaa7be7db151a6 => generated 0 bytes in 136 msecs (HTTP/1.1 204) 3 headers in 132 bytes (0 switches on core 0)
Jul 31 09:36:32 user devstack@keystone.service[42856]: [pid: 42856|app: 0|req: 70/203] 10.0.0.210 () {58 vars in 1277 bytes} [Mon Jul 31 09:36:31 2023] GET /identity/v3/auth/tokens => generated 798 bytes in 274 msecs (HTTP/1.1 200) 6 headers in 358 bytes (1 switches on core 0)
Jul 31 09:36:32 user devstack@keystone.service[42857]: DEBUG keystone.server.flask.request_processing.middleware.auth_context [None req-1420e6c2-a57b-40c0-8e9a-0a1d520e92ad None admin] Authenticating user token {{(pid=42857) process_request /usr/local/lib/python3.10/dist-packages/keystonemiddleware/auth_token/__init__.py:406}}
Jul 31 09:36:32 user devstack@keystone.service[42857]: DEBUG dbcounter [-] [42857] Writing DB stats keystone:SELECT=100 {{(pid=42857) stat_writer /usr/local/lib/python3.10/dist-packages/dbcounter.py:117}}
Jul 31 09:36:32 user devstack@keystone.service[42857]: DEBUG keystone.server.flask.request_processing.middleware.auth_context [None req-1420e6c2-a57b-40c0-8e9a-0a1d520e92ad None admin] Validating token access rules against request {{(pid=42857) validate_allowed_request /usr/local/lib/python3.10/dist-packages/keystonemiddleware/auth_token/__init__.py:544}}
Jul 31 09:36:32 user devstack@keystone.service[42857]: DEBUG keystone.server.flask.request_processing.middleware.auth_context [None req-c4a36e56-3a15-4944-9429-207101d1eaf7 None admin] RBAC: auth_context: {'token': , 'domain_id': None, 'trust_id': None, 'trustor_id': None, 'trustee_id': None, 'domain_name': None, 'group_ids': [], 'user_id': 'e09a02e726524a03b4a3fd08ac8030cb', 'user_domain_id': 'default', 'system_scope': 'all', 'project_id': None, 'project_domain_id': None, 'roles': ['admin', 'member', 'reader'], 'is_admin_project': True, 'service_user_id': None, 'service_user_domain_id': None, 'service_project_id': None, 'service_project_domain_id': None, 'service_roles': []} {{(pid=42857) fill_context /opt/stack/keystone/keystone/server/flask/request_processing/middleware/auth_context.py:480}}
Jul 31 09:36:32 user devstack@keystone.service[42857]: DEBUG keystone.server.flask.request_processing.req_logging [None req-c4a36e56-3a15-4944-9429-207101d1eaf7 None admin] REQUEST_METHOD: `GET` {{(pid=42857) log_request_info /opt/stack/keystone/keystone/server/flask/request_processing/req_logging.py:27}}
Jul 31 09:36:32 user devstack@keystone.service[42857]: DEBUG keystone.server.flask.request_processing.req_logging [None req-c4a36e56-3a15-4944-9429-207101d1eaf7 None admin] SCRIPT_NAME: `/identity` {{(pid=42857) log_request_info /opt/stack/keystone/keystone/server/flask/request_processing/req_logging.py:28}}
Jul 31 09:36:32 user devstack@keystone.service[42857]: DEBUG keystone.server.flask.request_processing.req_logging [None req-c4a36e56-3a15-4944-9429-207101d1eaf7 None admin] PATH_INFO: `/v3/projects/6a258a30b5c74d0a9a6fcccce6a21431` {{(pid=42857) log_request_info /opt/stack/keystone/keystone/server/flask/request_processing/req_logging.py:29}}
Jul 31 09:36:32 user devstack@keystone.service[42857]: DEBUG keystone.common.rbac_enforcer.enforcer [None req-c4a36e56-3a15-4944-9429-207101d1eaf7 None admin] RBAC: Authorizing `identity:get_project(project_id=6a258a30b5c74d0a9a6fcccce6a21431)` {{(pid=42857) enforce_call /opt/stack/keystone/keystone/common/rbac_enforcer/enforcer.py:449}}
Jul 31 09:36:32 user devstack@keystone.service[42857]: DEBUG keystone.common.rbac_enforcer.enforcer [None req-c4a36e56-3a15-4944-9429-207101d1eaf7 None admin] RBAC: Authorization granted {{(pid=42857) enforce_call /opt/stack/keystone/keystone/common/rbac_enforcer/enforcer.py:457}}
Jul 31 09:36:32 user devstack@keystone.service[42857]: [pid: 42857|app: 0|req: 65/204] 10.0.0.210 () {56 vars in 1181 bytes} [Mon Jul 31 09:36:32 2023] GET /identity/v3/projects/6a258a30b5c74d0a9a6fcccce6a21431 => generated 301 bytes in 128 msecs (HTTP/1.1 200) 5 headers in 177 bytes (1 switches on core 0)
Jul 31 09:36:32 user devstack@keystone.service[42855]: DEBUG keystone.server.flask.request_processing.middleware.auth_context [None req-de2854a4-480d-43fc-afc3-16c5585029a6 None admin] Authenticating user token {{(pid=42855) process_request /usr/local/lib/python3.10/dist-packages/keystonemiddleware/auth_token/__init__.py:406}}
Jul 31 09:36:32 user devstack@keystone.service[42855]: DEBUG dbcounter [-] [42855] Writing DB stats keystone:SELECT=99,keystone:INSERT=1 {{(pid=42855) stat_writer /usr/local/lib/python3.10/dist-packages/dbcounter.py:117}}
Jul 31 09:36:32 user devstack@keystone.service[42855]: DEBUG keystone.server.flask.request_processing.middleware.auth_context [None req-de2854a4-480d-43fc-afc3-16c5585029a6 None admin] Validating token access rules against request {{(pid=42855) validate_allowed_request /usr/local/lib/python3.10/dist-packages/keystonemiddleware/auth_token/__init__.py:544}}
Jul 31 09:36:32 user devstack@keystone.service[42855]: DEBUG keystone.server.flask.request_processing.middleware.auth_context [None req-c576a1a6-0038-4e06-8ed9-119bf8e48745 None admin] RBAC: auth_context: {'token': , 'domain_id': None, 'trust_id': None, 'trustor_id': None, 'trustee_id': None, 'domain_name': None, 'group_ids': [], 'user_id': 'e09a02e726524a03b4a3fd08ac8030cb', 'user_domain_id': 'default', 'system_scope': 'all', 'project_id': None, 'project_domain_id': None, 'roles': ['admin', 'member', 'reader'], 'is_admin_project': True, 'service_user_id': None, 'service_user_domain_id': None, 'service_project_id': None, 'service_project_domain_id': None, 'service_roles': []} {{(pid=42855) fill_context /opt/stack/keystone/keystone/server/flask/request_processing/middleware/auth_context.py:480}}
Jul 31 09:36:32 user devstack@keystone.service[42855]: DEBUG keystone.server.flask.request_processing.req_logging [None req-c576a1a6-0038-4e06-8ed9-119bf8e48745 None admin] REQUEST_METHOD: `GET` {{(pid=42855) log_request_info /opt/stack/keystone/keystone/server/flask/request_processing/req_logging.py:27}}
Jul 31 09:36:32 user devstack@keystone.service[42855]: DEBUG keystone.server.flask.request_processing.req_logging [None req-c576a1a6-0038-4e06-8ed9-119bf8e48745 None admin] SCRIPT_NAME: `/identity` {{(pid=42855) log_request_info /opt/stack/keystone/keystone/server/flask/request_processing/req_logging.py:28}}
Jul 31 09:36:32 user devstack@keystone.service[42855]: DEBUG keystone.server.flask.request_processing.req_logging [None req-c576a1a6-0038-4e06-8ed9-119bf8e48745 None admin] PATH_INFO: `/v3/role_assignments` {{(pid=42855) log_request_info /opt/stack/keystone/keystone/server/flask/request_processing/req_logging.py:29}}
Jul 31 09:36:32 user devstack@keystone.service[42855]: DEBUG keystone.common.rbac_enforcer.enforcer [None req-c576a1a6-0038-4e06-8ed9-119bf8e48745 None admin] RBAC: Adding query filter params (role.id=1906ce67ef6649858910ed4fb2792463, scope.project.id=6a258a30b5c74d0a9a6fcccce6a21431, user.id=7eb72916e2a04778b57e68640d57e974) {{(pid=42855) _extract_filter_values /opt/stack/keystone/keystone/common/rbac_enforcer/enforcer.py:167}}
Jul 31 09:36:32 user devstack@keystone.service[42855]: DEBUG keystone.common.rbac_enforcer.enforcer [None req-c576a1a6-0038-4e06-8ed9-119bf8e48745 None admin] RBAC: Authorizing `identity:list_role_assignments()` {{(pid=42855) enforce_call /opt/stack/keystone/keystone/common/rbac_enforcer/enforcer.py:449}}
Jul 31 09:36:32 user devstack@keystone.service[42855]: DEBUG keystone.common.rbac_enforcer.enforcer [None req-c576a1a6-0038-4e06-8ed9-119bf8e48745 None admin] RBAC: Authorization granted {{(pid=42855) enforce_call /opt/stack/keystone/keystone/common/rbac_enforcer/enforcer.py:457}}
Jul 31 09:36:32 user devstack@keystone.service[42855]: [pid: 42855|app: 0|req: 70/205] 10.0.0.210 () {56 vars in 1369 bytes} [Mon Jul 31 09:36:32 2023] GET /identity/v3/role_assignments?user.id=7eb72916e2a04778b57e68640d57e974&scope.project.id=6a258a30b5c74d0a9a6fcccce6a21431&role.id=1906ce67ef6649858910ed4fb2792463 => generated 606 bytes in 132 msecs (HTTP/1.1 200) 5 headers in 177 bytes (1 switches on core 0)
Jul 31 09:36:33 user devstack@keystone.service[42856]: DEBUG keystone.server.flask.request_processing.req_logging [None req-f5fcd5d6-bc9b-432a-8df6-c3f9ee94b12d None None] REQUEST_METHOD: `GET` {{(pid=42856) log_request_info /opt/stack/keystone/keystone/server/flask/request_processing/req_logging.py:27}}
Jul 31 09:36:33 user devstack@keystone.service[42856]: DEBUG keystone.server.flask.request_processing.req_logging [None req-f5fcd5d6-bc9b-432a-8df6-c3f9ee94b12d None None] SCRIPT_NAME: `/identity` {{(pid=42856) log_request_info /opt/stack/keystone/keystone/server/flask/request_processing/req_logging.py:28}}
Jul 31 09:36:33 user devstack@keystone.service[42856]: DEBUG keystone.server.flask.request_processing.req_logging [None req-f5fcd5d6-bc9b-432a-8df6-c3f9ee94b12d None None] PATH_INFO: `/` {{(pid=42856) log_request_info /opt/stack/keystone/keystone/server/flask/request_processing/req_logging.py:29}}
Jul 31 09:36:33 user devstack@keystone.service[42856]: [pid: 42856|app: 0|req: 71/206] 10.0.0.210 () {54 vars in 920 bytes} [Mon Jul 31 09:36:33 2023] GET /identity => generated 269 bytes in 3 msecs (HTTP/1.1 300) 6 headers in 233 bytes (1 switches on core 0)
Jul 31 09:36:33 user devstack@keystone.service[42857]: DEBUG keystone.server.flask.request_processing.req_logging [None req-797c4607-b298-4001-a386-26283f073885 None None] REQUEST_METHOD: `POST` {{(pid=42857) log_request_info /opt/stack/keystone/keystone/server/flask/request_processing/req_logging.py:27}}
Jul 31 09:36:33 user devstack@keystone.service[42857]: DEBUG keystone.server.flask.request_processing.req_logging [None req-797c4607-b298-4001-a386-26283f073885 None None] SCRIPT_NAME: `/identity` {{(pid=42857) log_request_info /opt/stack/keystone/keystone/server/flask/request_processing/req_logging.py:28}}
Jul 31 09:36:33 user devstack@keystone.service[42857]: DEBUG keystone.server.flask.request_processing.req_logging [None req-797c4607-b298-4001-a386-26283f073885 None None] PATH_INFO: `/v3/auth/tokens` {{(pid=42857) log_request_info /opt/stack/keystone/keystone/server/flask/request_processing/req_logging.py:29}}
Jul 31 09:36:33 user devstack@keystone.service[42857]: WARNING keystone.common.password_hashing [None req-797c4607-b298-4001-a386-26283f073885 None None] Truncating password to algorithm specific maximum length 54 characters.
Jul 31 09:36:33 user devstack@keystone.service[42857]: DEBUG keystone.auth.core [None req-797c4607-b298-4001-a386-26283f073885 None None] MFA Rules not processed for user `e09a02e726524a03b4a3fd08ac8030cb`. Rule list: `[]` (Enabled: `True`). {{(pid=42857) check_auth_methods_against_rules /opt/stack/keystone/keystone/auth/core.py:438}}
Jul 31 09:36:33 user devstack@keystone.service[42857]: DEBUG keystone.common.fernet_utils [None req-797c4607-b298-4001-a386-26283f073885 None None] Loaded 2 Fernet keys from /etc/keystone/fernet-keys/, but `[fernet_tokens] max_active_keys = 3`; perhaps there have not been enough key rotations to reach `max_active_keys` yet? {{(pid=42857) load_keys /opt/stack/keystone/keystone/common/fernet_utils.py:286}}
Jul 31 09:36:33 user devstack@keystone.service[42857]: [pid: 42857|app: 0|req: 66/207] 10.0.0.210 () {58 vars in 1017 bytes} [Mon Jul 31 09:36:33 2023] POST /identity/v3/auth/tokens => generated 798 bytes in 86 msecs (HTTP/1.1 201) 6 headers in 363 bytes (1 switches on core 0)
Jul 31 09:36:33 user devstack@keystone.service[42855]: DEBUG keystone.server.flask.request_processing.req_logging [None req-0a88761b-1061-4def-89bd-6c26e5015bae None None] REQUEST_METHOD: `GET` {{(pid=42855) log_request_info /opt/stack/keystone/keystone/server/flask/request_processing/req_logging.py:27}}
Jul 31 09:36:33 user devstack@keystone.service[42855]: DEBUG keystone.server.flask.request_processing.req_logging [None req-0a88761b-1061-4def-89bd-6c26e5015bae None None] SCRIPT_NAME: `/identity` {{(pid=42855) log_request_info /opt/stack/keystone/keystone/server/flask/request_processing/req_logging.py:28}}
Jul 31 09:36:33 user devstack@keystone.service[42855]: DEBUG keystone.server.flask.request_processing.req_logging [None req-0a88761b-1061-4def-89bd-6c26e5015bae None None] PATH_INFO: `/` {{(pid=42855) log_request_info /opt/stack/keystone/keystone/server/flask/request_processing/req_logging.py:29}}
Jul 31 09:36:33 user devstack@keystone.service[42855]: [pid: 42855|app: 0|req: 71/208] 10.0.0.210 () {54 vars in 920 bytes} [Mon Jul 31 09:36:33 2023] GET /identity => generated 269 bytes in 3 msecs (HTTP/1.1 300) 6 headers in 233 bytes (1 switches on core 0)
Jul 31 09:36:33 user devstack@keystone.service[42856]: DEBUG keystone.server.flask.request_processing.req_logging [None req-696a1179-7240-4dcb-b0d0-33a54b868a2b None None] REQUEST_METHOD: `POST` {{(pid=42856) log_request_info /opt/stack/keystone/keystone/server/flask/request_processing/req_logging.py:27}}
Jul 31 09:36:33 user devstack@keystone.service[42856]: DEBUG keystone.server.flask.request_processing.req_logging [None req-696a1179-7240-4dcb-b0d0-33a54b868a2b None None] SCRIPT_NAME: `/identity` {{(pid=42856) log_request_info /opt/stack/keystone/keystone/server/flask/request_processing/req_logging.py:28}}
Jul 31 09:36:33 user devstack@keystone.service[42856]: DEBUG keystone.server.flask.request_processing.req_logging [None req-696a1179-7240-4dcb-b0d0-33a54b868a2b None None] PATH_INFO: `/v3/auth/tokens` {{(pid=42856) log_request_info /opt/stack/keystone/keystone/server/flask/request_processing/req_logging.py:29}}
Jul 31 09:36:33 user devstack@keystone.service[42856]: WARNING keystone.common.password_hashing [None req-696a1179-7240-4dcb-b0d0-33a54b868a2b None None] Truncating password to algorithm specific maximum length 54 characters.
Jul 31 09:36:33 user devstack@keystone.service[42856]: DEBUG keystone.auth.core [None req-696a1179-7240-4dcb-b0d0-33a54b868a2b None None] MFA Rules not processed for user `e09a02e726524a03b4a3fd08ac8030cb`. Rule list: `[]` (Enabled: `True`). {{(pid=42856) check_auth_methods_against_rules /opt/stack/keystone/keystone/auth/core.py:438}}
Jul 31 09:36:33 user devstack@keystone.service[42856]: DEBUG keystone.common.fernet_utils [None req-696a1179-7240-4dcb-b0d0-33a54b868a2b None None] Loaded 2 Fernet keys from /etc/keystone/fernet-keys/, but `[fernet_tokens] max_active_keys = 3`; perhaps there have not been enough key rotations to reach `max_active_keys` yet? {{(pid=42856) load_keys /opt/stack/keystone/keystone/common/fernet_utils.py:286}}
Jul 31 09:36:33 user devstack@keystone.service[42856]: [pid: 42856|app: 0|req: 72/209] 10.0.0.210 () {58 vars in 1017 bytes} [Mon Jul 31 09:36:33 2023] POST /identity/v3/auth/tokens => generated 798 bytes in 75 msecs (HTTP/1.1 201) 6 headers in 363 bytes (1 switches on core 0)
Jul 31 09:36:33 user devstack@keystone.service[42857]: DEBUG keystone.server.flask.request_processing.req_logging [None req-5977f5e7-f933-4154-9de1-c6619e5ee373 None None] REQUEST_METHOD: `GET` {{(pid=42857) log_request_info /opt/stack/keystone/keystone/server/flask/request_processing/req_logging.py:27}}
Jul 31 09:36:33 user devstack@keystone.service[42857]: DEBUG keystone.server.flask.request_processing.req_logging [None req-5977f5e7-f933-4154-9de1-c6619e5ee373 None None] SCRIPT_NAME: `/identity` {{(pid=42857) log_request_info /opt/stack/keystone/keystone/server/flask/request_processing/req_logging.py:28}}
Jul 31 09:36:33 user devstack@keystone.service[42857]: DEBUG keystone.server.flask.request_processing.req_logging [None req-5977f5e7-f933-4154-9de1-c6619e5ee373 None None] PATH_INFO: `/` {{(pid=42857) log_request_info /opt/stack/keystone/keystone/server/flask/request_processing/req_logging.py:29}}
Jul 31 09:36:33 user devstack@keystone.service[42857]: [pid: 42857|app: 0|req: 67/210] 10.0.0.210 () {54 vars in 920 bytes} [Mon Jul 31 09:36:33 2023] GET /identity => generated 269 bytes in 3 msecs (HTTP/1.1 300) 6 headers in 233 bytes (1 switches on core 0)
Jul 31 09:36:33 user devstack@keystone.service[42855]: DEBUG keystone.server.flask.request_processing.req_logging [None req-b8e53499-8bd1-46c6-856e-fb8d3e37c1da None None] REQUEST_METHOD: `POST` {{(pid=42855) log_request_info /opt/stack/keystone/keystone/server/flask/request_processing/req_logging.py:27}}
Jul 31 09:36:33 user devstack@keystone.service[42855]: DEBUG keystone.server.flask.request_processing.req_logging [None req-b8e53499-8bd1-46c6-856e-fb8d3e37c1da None None] SCRIPT_NAME: `/identity` {{(pid=42855) log_request_info /opt/stack/keystone/keystone/server/flask/request_processing/req_logging.py:28}}
Jul 31 09:36:33 user devstack@keystone.service[42855]: DEBUG keystone.server.flask.request_processing.req_logging [None req-b8e53499-8bd1-46c6-856e-fb8d3e37c1da None None] PATH_INFO: `/v3/auth/tokens` {{(pid=42855) log_request_info /opt/stack/keystone/keystone/server/flask/request_processing/req_logging.py:29}}
Jul 31 09:36:33 user devstack@keystone.service[42855]: WARNING keystone.common.password_hashing [None req-b8e53499-8bd1-46c6-856e-fb8d3e37c1da None None] Truncating password to algorithm specific maximum length 54 characters.
Jul 31 09:36:33 user devstack@keystone.service[42855]: DEBUG keystone.auth.core [None req-b8e53499-8bd1-46c6-856e-fb8d3e37c1da None None] MFA Rules not processed for user `e09a02e726524a03b4a3fd08ac8030cb`. Rule list: `[]` (Enabled: `True`). {{(pid=42855) check_auth_methods_against_rules /opt/stack/keystone/keystone/auth/core.py:438}}
Jul 31 09:36:33 user devstack@keystone.service[42855]: DEBUG keystone.common.fernet_utils [None req-b8e53499-8bd1-46c6-856e-fb8d3e37c1da None None] Loaded 2 Fernet keys from /etc/keystone/fernet-keys/, but `[fernet_tokens] max_active_keys = 3`; perhaps there have not been enough key rotations to reach `max_active_keys` yet? {{(pid=42855) load_keys /opt/stack/keystone/keystone/common/fernet_utils.py:286}}
Jul 31 09:36:33 user devstack@keystone.service[42855]: [pid: 42855|app: 0|req: 72/211] 10.0.0.210 () {58 vars in 1017 bytes} [Mon Jul 31 09:36:33 2023] POST /identity/v3/auth/tokens => generated 798 bytes in 78 msecs (HTTP/1.1 201) 6 headers in 363 bytes (1 switches on core 0)
Jul 31 09:36:33 user devstack@keystone.service[42856]: DEBUG keystone.server.flask.request_processing.middleware.auth_context [None req-696a1179-7240-4dcb-b0d0-33a54b868a2b None None] Authenticating user token {{(pid=42856) process_request /usr/local/lib/python3.10/dist-packages/keystonemiddleware/auth_token/__init__.py:406}}
Jul 31 09:36:33 user devstack@keystone.service[42856]: DEBUG dbcounter [-] [42856] Writing DB stats keystone:SELECT=100 {{(pid=42856) stat_writer /usr/local/lib/python3.10/dist-packages/dbcounter.py:117}}
Jul 31 09:36:33 user devstack@keystone.service[42856]: DEBUG keystone.server.flask.request_processing.middleware.auth_context [None req-696a1179-7240-4dcb-b0d0-33a54b868a2b None None] Validating token access rules against request {{(pid=42856) validate_allowed_request /usr/local/lib/python3.10/dist-packages/keystonemiddleware/auth_token/__init__.py:544}}
Jul 31 09:36:33 user devstack@keystone.service[42857]: DEBUG keystone.server.flask.request_processing.middleware.auth_context [None req-5977f5e7-f933-4154-9de1-c6619e5ee373 None None] Authenticating user token {{(pid=42857) process_request /usr/local/lib/python3.10/dist-packages/keystonemiddleware/auth_token/__init__.py:406}}
Jul 31 09:36:33 user devstack@keystone.service[42856]: DEBUG keystone.server.flask.request_processing.middleware.auth_context [None req-d960d1b0-f2e0-46e6-8308-179862db43d6 None admin] RBAC: auth_context: {'token': , 'domain_id': None, 'trust_id': None, 'trustor_id': None, 'trustee_id': None, 'domain_name': None, 'group_ids': [], 'user_id': 'e09a02e726524a03b4a3fd08ac8030cb', 'user_domain_id': 'default', 'system_scope': 'all', 'project_id': None, 'project_domain_id': None, 'roles': ['admin', 'member', 'reader'], 'is_admin_project': True, 'service_user_id': None, 'service_user_domain_id': None, 'service_project_id': None, 'service_project_domain_id': None, 'service_roles': []} {{(pid=42856) fill_context /opt/stack/keystone/keystone/server/flask/request_processing/middleware/auth_context.py:480}}
Jul 31 09:36:33 user devstack@keystone.service[42856]: DEBUG keystone.server.flask.request_processing.req_logging [None req-d960d1b0-f2e0-46e6-8308-179862db43d6 None admin] REQUEST_METHOD: `GET` {{(pid=42856) log_request_info /opt/stack/keystone/keystone/server/flask/request_processing/req_logging.py:27}}
Jul 31 09:36:33 user devstack@keystone.service[42856]: DEBUG keystone.server.flask.request_processing.req_logging [None req-d960d1b0-f2e0-46e6-8308-179862db43d6 None admin] SCRIPT_NAME: `/identity` {{(pid=42856) log_request_info /opt/stack/keystone/keystone/server/flask/request_processing/req_logging.py:28}}
Jul 31 09:36:33 user devstack@keystone.service[42856]: DEBUG keystone.server.flask.request_processing.req_logging [None req-d960d1b0-f2e0-46e6-8308-179862db43d6 None admin] PATH_INFO: `/v3/roles/member` {{(pid=42856) log_request_info /opt/stack/keystone/keystone/server/flask/request_processing/req_logging.py:29}}
Jul 31 09:36:33 user devstack@keystone.service[42856]: DEBUG keystone.common.rbac_enforcer.enforcer [None req-d960d1b0-f2e0-46e6-8308-179862db43d6 None admin] Extracting inferred target data resulted in "NOT FOUND (404)". {{(pid=42856) enforce_call /opt/stack/keystone/keystone/common/rbac_enforcer/enforcer.py:409}}
Jul 31 09:36:33 user devstack@keystone.service[42856]: ERROR keystone.server.flask.application [None req-d960d1b0-f2e0-46e6-8308-179862db43d6 None admin] Could not find role: member.: keystone.exception.RoleNotFound: Could not find role: member.
Jul 31 09:36:33 user devstack@keystone.service[42856]: ERROR keystone.server.flask.application
Traceback (most recent call last):
Jul 31 09:36:33 user devstack@keystone.service[42856]: ERROR keystone.server.flask.application
File "/usr/local/lib/python3.10/dist-packages/flask/app.py", line 1823, in full_dispatch_request
Jul 31 09:36:33 user devstack@keystone.service[42856]: ERROR keystone.server.flask.application rv = self.dispatch_request()
Jul 31 09:36:33 user devstack@keystone.service[42856]: ERROR keystone.server.flask.application
File "/usr/local/lib/python3.10/dist-packages/flask/app.py", line 1799, in dispatch_request
Jul 31 09:36:33 user devstack@keystone.service[42856]: ERROR keystone.server.flask.application return self.ensure_sync(self.view_functions[rule.endpoint])(**view_args)
Jul 31 09:36:33 user devstack@keystone.service[42856]: ERROR keystone.server.flask.application
File "/usr/local/lib/python3.10/dist-packages/flask_restful/__init__.py", line 467, in wrapper
Jul 31 09:36:33 user devstack@keystone.service[42856]: ERROR keystone.server.flask.application resp = resource(*args, **kwargs)
Jul 31 09:36:33 user devstack@keystone.service[42856]: ERROR keystone.server.flask.application
File "/usr/local/lib/python3.10/dist-packages/flask/views.py", line 107, in view
Jul 31 09:36:33 user devstack@keystone.service[42856]: ERROR keystone.server.flask.application return current_app.ensure_sync(self.dispatch_request)(**kwargs)
Jul 31 09:36:33 user devstack@keystone.service[42856]: ERROR keystone.server.flask.application
File "/usr/local/lib/python3.10/dist-packages/flask_restful/__init__.py", line 582, in dispatch_request
Jul 31 09:36:33 user devstack@keystone.service[42856]: ERROR keystone.server.flask.application resp = meth(*args, **kwargs)
Jul 31 09:36:33 user devstack@keystone.service[42856]: ERROR keystone.server.flask.application
File "/opt/stack/keystone/keystone/api/roles.py", line 50, in get
Jul 31 09:36:33 user devstack@keystone.service[42856]: ERROR keystone.server.flask.application return self._get_role(role_id)
Jul 31 09:36:33 user devstack@keystone.service[42856]: ERROR keystone.server.flask.application
File "/opt/stack/keystone/keystone/api/roles.py", line 70, in _get_role
Jul 31 09:36:33 user devstack@keystone.service[42856]: ERROR keystone.server.flask.application ENFORCER.enforce_call(action='identity:get_role')
Jul 31 09:36:33 user devstack@keystone.service[42856]: ERROR keystone.server.flask.application
File "/opt/stack/keystone/keystone/common/rbac_enforcer/enforcer.py", line 402, in enforce_call
Jul 31 09:36:33 user devstack@keystone.service[42856]: ERROR keystone.server.flask.application policy_dict.update(cls._extract_member_target_data(
Jul 31 09:36:33 user devstack@keystone.service[42856]: ERROR keystone.server.flask.application
File "/opt/stack/keystone/keystone/common/rbac_enforcer/enforcer.py", line 234, in _extract_member_target_data
Jul 31 09:36:33 user devstack@keystone.service[42856]: ERROR keystone.server.flask.application member_name: func(flask.request.view_args[key])
Jul 31 09:36:33 user devstack@keystone.service[42856]: ERROR keystone.server.flask.application
File "/opt/stack/keystone/keystone/common/manager.py", line 115, in wrapped
Jul 31 09:36:33 user devstack@keystone.service[42856]: ERROR keystone.server.flask.application __ret_val = __f(*args, **kwargs)
Jul 31 09:36:33 user devstack@keystone.service[42856]: ERROR keystone.server.flask.application
File "/usr/local/lib/python3.10/dist-packages/decorator.py", line 232, in fun
Jul 31 09:36:33 user devstack@keystone.service[42856]: ERROR keystone.server.flask.application return caller(func, *(extras + args), **kw)
Jul 31 09:36:33 user devstack@keystone.service[42856]: ERROR keystone.server.flask.application
File "/usr/local/lib/python3.10/dist-packages/dogpile/cache/region.py", line 1577, in get_or_create_for_user_func
Jul 31 09:36:33 user devstack@keystone.service[42856]: ERROR keystone.server.flask.application return self.get_or_create(
Jul 31 09:36:33 user devstack@keystone.service[42856]: ERROR keystone.server.flask.application
File "/usr/local/lib/python3.10/dist-packages/dogpile/cache/region.py", line 1042, in get_or_create
Jul 31 09:36:33 user devstack@keystone.service[42856]: ERROR keystone.server.flask.application with Lock(
Jul 31 09:36:33 user devstack@keystone.service[42856]: ERROR keystone.server.flask.application
File "/usr/local/lib/python3.10/dist-packages/dogpile/lock.py", line 185, in __enter__
Jul 31 09:36:33 user devstack@keystone.service[42856]: ERROR keystone.server.flask.application return self._enter()
Jul 31 09:36:33 user devstack@keystone.service[42856]: ERROR keystone.server.flask.application
File "/usr/local/lib/python3.10/dist-packages/dogpile/lock.py", line 94, in _enter
Jul 31 09:36:33 user devstack@keystone.service[42856]: ERROR keystone.server.flask.application generated = self._enter_create(value, createdtime)
Jul 31 09:36:33 user devstack@keystone.service[42856]: ERROR keystone.server.flask.application
File "/usr/local/lib/python3.10/dist-packages/dogpile/lock.py", line 178, in _enter_create
Jul 31 09:36:33 user devstack@keystone.service[42856]: ERROR keystone.server.flask.application return self.creator()
Jul 31 09:36:33 user devstack@keystone.service[42856]: ERROR keystone.server.flask.application
File "/usr/local/lib/python3.10/dist-packages/dogpile/cache/region.py", line 995, in gen_value
Jul 31 09:36:33 user devstack@keystone.service[42856]: ERROR keystone.server.flask.application created_value = creator(
Jul 31 09:36:33 user devstack@keystone.service[42856]: ERROR keystone.server.flask.application
File "/opt/stack/keystone/keystone/assignment/core.py", line 1276, in get_role
Jul 31 09:36:33 user devstack@keystone.service[42856]: ERROR keystone.server.flask.application return self.driver.get_role(role_id)
Jul 31 09:36:33 user devstack@keystone.service[42856]: ERROR keystone.server.flask.application
File "/opt/stack/keystone/keystone/assignment/role_backends/sql.py", line 70, in get_role
Jul 31 09:36:33 user devstack@keystone.service[42856]: ERROR keystone.server.flask.application return self._get_role(session, role_id).to_dict()
Jul 31 09:36:33 user devstack@keystone.service[42856]: ERROR keystone.server.flask.application
File "/opt/stack/keystone/keystone/assignment/role_backends/sql.py", line 65, in _get_role
Jul 31 09:36:33 user devstack@keystone.service[42856]: ERROR keystone.server.flask.application raise exception.RoleNotFound(role_id=role_id)
Jul 31 09:36:33 user devstack@keystone.service[42856]: ERROR keystone.server.flask.application keystone.exception.RoleNotFound: Could not find role: member.
Jul 31 09:36:33 user devstack@keystone.service[42856]: ERROR keystone.server.flask.application
Jul 31 09:36:33 user devstack@keystone.service[42856]: [pid: 42856|app: 0|req: 73/212] 10.0.0.210 () {56 vars in 1094 bytes} [Mon Jul 31 09:36:33 2023] GET /identity/v3/roles/member => generated 84 bytes in 124 msecs (HTTP/1.1 404) 5 headers in 183 bytes (1 switches on core 0)
Jul 31 09:36:33 user devstack@keystone.service[42855]: DEBUG keystone.server.flask.request_processing.middleware.auth_context [None req-b8e53499-8bd1-46c6-856e-fb8d3e37c1da None None] Authenticating user token {{(pid=42855) process_request /usr/local/lib/python3.10/dist-packages/keystonemiddleware/auth_token/__init__.py:406}}
Jul 31 09:36:33 user devstack@keystone.service[42857]: DEBUG dbcounter [-] [42857] Writing DB stats keystone:SELECT=100 {{(pid=42857) stat_writer /usr/local/lib/python3.10/dist-packages/dbcounter.py:117}}
Jul 31 09:36:33 user devstack@keystone.service[42857]: DEBUG keystone.server.flask.request_processing.middleware.auth_context [None req-5977f5e7-f933-4154-9de1-c6619e5ee373 None None] Validating token access rules against request {{(pid=42857) validate_allowed_request /usr/local/lib/python3.10/dist-packages/keystonemiddleware/auth_token/__init__.py:544}}
Jul 31 09:36:33 user devstack@keystone.service[42856]: DEBUG keystone.server.flask.request_processing.middleware.auth_context [None req-d960d1b0-f2e0-46e6-8308-179862db43d6 None admin] Authenticating user token {{(pid=42856) process_request /usr/local/lib/python3.10/dist-packages/keystonemiddleware/auth_token/__init__.py:406}}
Jul 31 09:36:33 user devstack@keystone.service[42855]: DEBUG dbcounter [-] [42855] Writing DB stats keystone:SELECT=100 {{(pid=42855) stat_writer /usr/local/lib/python3.10/dist-packages/dbcounter.py:117}}
Jul 31 09:36:33 user devstack@keystone.service[42855]: DEBUG keystone.server.flask.request_processing.middleware.auth_context [None req-b8e53499-8bd1-46c6-856e-fb8d3e37c1da None None] Validating token access rules against request {{(pid=42855) validate_allowed_request /usr/local/lib/python3.10/dist-packages/keystonemiddleware/auth_token/__init__.py:544}}
Jul 31 09:36:33 user devstack@keystone.service[42857]: DEBUG keystone.server.flask.request_processing.middleware.auth_context [None req-5a280f2d-d41c-472a-a0b6-66df3c815e66 None admin] RBAC: auth_context: {'token': , 'domain_id': None, 'trust_id': None, 'trustor_id': None, 'trustee_id': None, 'domain_name': None, 'group_ids': [], 'user_id': 'e09a02e726524a03b4a3fd08ac8030cb', 'user_domain_id': 'default', 'system_scope': 'all', 'project_id': None, 'project_domain_id': None, 'roles': ['admin', 'member', 'reader'], 'is_admin_project': True, 'service_user_id': None, 'service_user_domain_id': None, 'service_project_id': None, 'service_project_domain_id': None, 'service_roles': []} {{(pid=42857) fill_context /opt/stack/keystone/keystone/server/flask/request_processing/middleware/auth_context.py:480}}
Jul 31 09:36:33 user devstack@keystone.service[42857]: DEBUG keystone.server.flask.request_processing.req_logging [None req-5a280f2d-d41c-472a-a0b6-66df3c815e66 None admin] REQUEST_METHOD: `GET` {{(pid=42857) log_request_info /opt/stack/keystone/keystone/server/flask/request_processing/req_logging.py:27}}
Jul 31 09:36:33 user devstack@keystone.service[42857]: DEBUG keystone.server.flask.request_processing.req_logging [None req-5a280f2d-d41c-472a-a0b6-66df3c815e66 None admin] SCRIPT_NAME: `/identity` {{(pid=42857) log_request_info /opt/stack/keystone/keystone/server/flask/request_processing/req_logging.py:28}}
Jul 31 09:36:33 user devstack@keystone.service[42857]: DEBUG keystone.server.flask.request_processing.req_logging [None req-5a280f2d-d41c-472a-a0b6-66df3c815e66 None admin] PATH_INFO: `/v3/domains/default` {{(pid=42857) log_request_info /opt/stack/keystone/keystone/server/flask/request_processing/req_logging.py:29}}
Jul 31 09:36:33 user devstack@keystone.service[42857]: DEBUG keystone.common.rbac_enforcer.enforcer [None req-5a280f2d-d41c-472a-a0b6-66df3c815e66 None admin] RBAC: Authorizing `identity:get_domain(domain_id=default)` {{(pid=42857) enforce_call /opt/stack/keystone/keystone/common/rbac_enforcer/enforcer.py:449}}
Jul 31 09:36:33 user devstack@keystone.service[42857]: DEBUG keystone.common.rbac_enforcer.enforcer [None req-5a280f2d-d41c-472a-a0b6-66df3c815e66 None admin] RBAC: Authorization granted {{(pid=42857) enforce_call /opt/stack/keystone/keystone/common/rbac_enforcer/enforcer.py:457}}
Jul 31 09:36:33 user devstack@keystone.service[42857]: [pid: 42857|app: 0|req: 68/213] 10.0.0.210 () {56 vars in 1103 bytes} [Mon Jul 31 09:36:33 2023] GET /identity/v3/domains/default => generated 198 bytes in 145 msecs (HTTP/1.1 200) 5 headers in 177 bytes (1 switches on core 0)
Jul 31 09:36:33 user devstack@keystone.service[42857]: DEBUG keystone.server.flask.request_processing.middleware.auth_context [None req-5a280f2d-d41c-472a-a0b6-66df3c815e66 None admin] Authenticating user token {{(pid=42857) process_request /usr/local/lib/python3.10/dist-packages/keystonemiddleware/auth_token/__init__.py:406}}
Jul 31 09:36:33 user devstack@keystone.service[42855]: DEBUG keystone.server.flask.request_processing.middleware.auth_context [None req-c3041747-331d-4dd7-826f-41abdcc1e896 None admin] RBAC: auth_context: {'token': , 'domain_id': None, 'trust_id': None, 'trustor_id': None, 'trustee_id': None, 'domain_name': None, 'group_ids': [], 'user_id': 'e09a02e726524a03b4a3fd08ac8030cb', 'user_domain_id': 'default', 'system_scope': 'all', 'project_id': None, 'project_domain_id': None, 'roles': ['admin', 'member', 'reader'], 'is_admin_project': True, 'service_user_id': None, 'service_user_domain_id': None, 'service_project_id': None, 'service_project_domain_id': None, 'service_roles': []} {{(pid=42855) fill_context /opt/stack/keystone/keystone/server/flask/request_processing/middleware/auth_context.py:480}}
Jul 31 09:36:33 user devstack@keystone.service[42855]: DEBUG keystone.server.flask.request_processing.req_logging [None req-c3041747-331d-4dd7-826f-41abdcc1e896 None admin] REQUEST_METHOD: `GET` {{(pid=42855) log_request_info /opt/stack/keystone/keystone/server/flask/request_processing/req_logging.py:27}}
Jul 31 09:36:33 user devstack@keystone.service[42855]: DEBUG keystone.server.flask.request_processing.req_logging [None req-c3041747-331d-4dd7-826f-41abdcc1e896 None admin] SCRIPT_NAME: `/identity` {{(pid=42855) log_request_info /opt/stack/keystone/keystone/server/flask/request_processing/req_logging.py:28}}
Jul 31 09:36:33 user devstack@keystone.service[42855]: DEBUG keystone.server.flask.request_processing.req_logging [None req-c3041747-331d-4dd7-826f-41abdcc1e896 None admin] PATH_INFO: `/v3/roles` {{(pid=42855) log_request_info /opt/stack/keystone/keystone/server/flask/request_processing/req_logging.py:29}}
Jul 31 09:36:33 user devstack@keystone.service[42855]: DEBUG keystone.common.rbac_enforcer.enforcer [None req-c3041747-331d-4dd7-826f-41abdcc1e896 None admin] RBAC: Adding query filter params (name=member) {{(pid=42855) _extract_filter_values /opt/stack/keystone/keystone/common/rbac_enforcer/enforcer.py:167}}
Jul 31 09:36:33 user devstack@keystone.service[42855]: DEBUG keystone.common.rbac_enforcer.enforcer [None req-c3041747-331d-4dd7-826f-41abdcc1e896 None admin] RBAC: Authorizing `identity:list_roles()` {{(pid=42855) enforce_call /opt/stack/keystone/keystone/common/rbac_enforcer/enforcer.py:449}}
Jul 31 09:36:33 user devstack@keystone.service[42855]: DEBUG keystone.common.rbac_enforcer.enforcer [None req-c3041747-331d-4dd7-826f-41abdcc1e896 None admin] RBAC: Authorization granted {{(pid=42855) enforce_call /opt/stack/keystone/keystone/common/rbac_enforcer/enforcer.py:457}}
Jul 31 09:36:33 user devstack@keystone.service[42855]: [pid: 42855|app: 0|req: 73/214] 10.0.0.210 () {56 vars in 1096 bytes} [Mon Jul 31 09:36:33 2023] GET /identity/v3/roles?name=member => generated 339 bytes in 131 msecs (HTTP/1.1 200) 5 headers in 177 bytes (1 switches on core 0)
Jul 31 09:36:33 user devstack@keystone.service[42855]: DEBUG keystone.server.flask.request_processing.middleware.auth_context [None req-c3041747-331d-4dd7-826f-41abdcc1e896 None admin] Authenticating user token {{(pid=42855) process_request /usr/local/lib/python3.10/dist-packages/keystonemiddleware/auth_token/__init__.py:406}}
Jul 31 09:36:33 user devstack@keystone.service[42856]: DEBUG dbcounter [-] [42856] Writing DB stats keystone:SELECT=100 {{(pid=42856) stat_writer /usr/local/lib/python3.10/dist-packages/dbcounter.py:117}}
Jul 31 09:36:33 user devstack@keystone.service[42856]: DEBUG keystone.server.flask.request_processing.middleware.auth_context [None req-d960d1b0-f2e0-46e6-8308-179862db43d6 None admin] Validating token access rules against request {{(pid=42856) validate_allowed_request /usr/local/lib/python3.10/dist-packages/keystonemiddleware/auth_token/__init__.py:544}}
Jul 31 09:36:33 user devstack@keystone.service[42857]: DEBUG keystone.server.flask.request_processing.middleware.auth_context [None req-5a280f2d-d41c-472a-a0b6-66df3c815e66 None admin] Validating token access rules against request {{(pid=42857) validate_allowed_request /usr/local/lib/python3.10/dist-packages/keystonemiddleware/auth_token/__init__.py:544}}
Jul 31 09:36:33 user devstack@keystone.service[42856]: DEBUG keystone.server.flask.request_processing.middleware.auth_context [None req-b6f46f5c-efee-4c6a-a5f9-3a8ad758ad14 None admin] RBAC: auth_context: {'token': , 'domain_id': None, 'trust_id': None, 'trustor_id': None, 'trustee_id': None, 'domain_name': None, 'group_ids': [], 'user_id': 'e09a02e726524a03b4a3fd08ac8030cb', 'user_domain_id': 'default', 'system_scope': 'all', 'project_id': None, 'project_domain_id': None, 'roles': ['admin', 'member', 'reader'], 'is_admin_project': True, 'service_user_id': None, 'service_user_domain_id': None, 'service_project_id': None, 'service_project_domain_id': None, 'service_roles': []} {{(pid=42856) fill_context /opt/stack/keystone/keystone/server/flask/request_processing/middleware/auth_context.py:480}}
Jul 31 09:36:33 user devstack@keystone.service[42856]: DEBUG keystone.server.flask.request_processing.req_logging [None req-b6f46f5c-efee-4c6a-a5f9-3a8ad758ad14 None admin] REQUEST_METHOD: `GET` {{(pid=42856) log_request_info /opt/stack/keystone/keystone/server/flask/request_processing/req_logging.py:27}}
Jul 31 09:36:33 user devstack@keystone.service[42856]: DEBUG keystone.server.flask.request_processing.req_logging [None req-b6f46f5c-efee-4c6a-a5f9-3a8ad758ad14 None admin] SCRIPT_NAME: `/identity` {{(pid=42856) log_request_info /opt/stack/keystone/keystone/server/flask/request_processing/req_logging.py:28}}
Jul 31 09:36:33 user devstack@keystone.service[42856]: DEBUG keystone.server.flask.request_processing.req_logging [None req-b6f46f5c-efee-4c6a-a5f9-3a8ad758ad14 None admin] PATH_INFO: `/v3/roles/reader` {{(pid=42856) log_request_info /opt/stack/keystone/keystone/server/flask/request_processing/req_logging.py:29}}
Jul 31 09:36:33 user devstack@keystone.service[42856]: DEBUG keystone.common.rbac_enforcer.enforcer [None req-b6f46f5c-efee-4c6a-a5f9-3a8ad758ad14 None admin] Extracting inferred target data resulted in "NOT FOUND (404)". {{(pid=42856) enforce_call /opt/stack/keystone/keystone/common/rbac_enforcer/enforcer.py:409}}
Jul 31 09:36:33 user devstack@keystone.service[42856]: ERROR keystone.server.flask.application [None req-b6f46f5c-efee-4c6a-a5f9-3a8ad758ad14 None admin] Could not find role: reader.: keystone.exception.RoleNotFound: Could not find role: reader.
Jul 31 09:36:33 user devstack@keystone.service[42856]: ERROR keystone.server.flask.application
Traceback (most recent call last):
Jul 31 09:36:33 user devstack@keystone.service[42856]: ERROR keystone.server.flask.application
File "/usr/local/lib/python3.10/dist-packages/flask/app.py", line 1823, in full_dispatch_request
Jul 31 09:36:33 user devstack@keystone.service[42856]: ERROR keystone.server.flask.application rv = self.dispatch_request()
Jul 31 09:36:33 user devstack@keystone.service[42856]: ERROR keystone.server.flask.application
File "/usr/local/lib/python3.10/dist-packages/flask/app.py", line 1799, in dispatch_request
Jul 31 09:36:33 user devstack@keystone.service[42856]: ERROR keystone.server.flask.application return self.ensure_sync(self.view_functions[rule.endpoint])(**view_args)
Jul 31 09:36:33 user devstack@keystone.service[42856]: ERROR keystone.server.flask.application
File "/usr/local/lib/python3.10/dist-packages/flask_restful/__init__.py", line 467, in wrapper
Jul 31 09:36:33 user devstack@keystone.service[42856]: ERROR keystone.server.flask.application resp = resource(*args, **kwargs)
Jul 31 09:36:33 user devstack@keystone.service[42856]: ERROR keystone.server.flask.application
File "/usr/local/lib/python3.10/dist-packages/flask/views.py", line 107, in view
Jul 31 09:36:33 user devstack@keystone.service[42856]: ERROR keystone.server.flask.application return current_app.ensure_sync(self.dispatch_request)(**kwargs)
Jul 31 09:36:33 user devstack@keystone.service[42856]: ERROR keystone.server.flask.application
File "/usr/local/lib/python3.10/dist-packages/flask_restful/__init__.py", line 582, in dispatch_request
Jul 31 09:36:33 user devstack@keystone.service[42856]: ERROR keystone.server.flask.application resp = meth(*args, **kwargs)
Jul 31 09:36:33 user devstack@keystone.service[42856]: ERROR keystone.server.flask.application
File "/opt/stack/keystone/keystone/api/roles.py", line 50, in get
Jul 31 09:36:33 user devstack@keystone.service[42856]: ERROR keystone.server.flask.application return self._get_role(role_id)
Jul 31 09:36:33 user devstack@keystone.service[42856]: ERROR keystone.server.flask.application
File "/opt/stack/keystone/keystone/api/roles.py", line 70, in _get_role
Jul 31 09:36:33 user devstack@keystone.service[42856]: ERROR keystone.server.flask.application ENFORCER.enforce_call(action='identity:get_role')
Jul 31 09:36:33 user devstack@keystone.service[42856]: ERROR keystone.server.flask.application
File "/opt/stack/keystone/keystone/common/rbac_enforcer/enforcer.py", line 402, in enforce_call
Jul 31 09:36:33 user devstack@keystone.service[42856]: ERROR keystone.server.flask.application policy_dict.update(cls._extract_member_target_data(
Jul 31 09:36:33 user devstack@keystone.service[42856]: ERROR keystone.server.flask.application
File "/opt/stack/keystone/keystone/common/rbac_enforcer/enforcer.py", line 234, in _extract_member_target_data
Jul 31 09:36:33 user devstack@keystone.service[42856]: ERROR keystone.server.flask.application member_name: func(flask.request.view_args[key])
Jul 31 09:36:33 user devstack@keystone.service[42856]: ERROR keystone.server.flask.application
File "/opt/stack/keystone/keystone/common/manager.py", line 115, in wrapped
Jul 31 09:36:33 user devstack@keystone.service[42856]: ERROR keystone.server.flask.application __ret_val = __f(*args, **kwargs)
Jul 31 09:36:33 user devstack@keystone.service[42856]: ERROR keystone.server.flask.application
File "/usr/local/lib/python3.10/dist-packages/decorator.py", line 232, in fun
Jul 31 09:36:33 user devstack@keystone.service[42856]: ERROR keystone.server.flask.application return caller(func, *(extras + args), **kw)
Jul 31 09:36:33 user devstack@keystone.service[42856]: ERROR keystone.server.flask.application
