Jul 24 08:39:57 user devstack@c-api.service[71319]: DEBUG cinder.api.middleware.request_id [None req-3dfcdea0-4747-4976-aeb5-e472440a5038 None None] RequestId filter calling following filter/app {{(pid=71319) _context_setter /opt/stack/cinder/cinder/api/middleware/request_id.py:62}}
Jul 24 08:39:57 user devstack@c-api.service[71320]: DEBUG cinder.api.middleware.request_id [req-5156f401-9279-454e-8f57-cba22e905437 req-47e79427-5e8a-43a2-8254-2e3e44e5536f None None] RequestId filter calling following filter/app {{(pid=71320) _context_setter /opt/stack/cinder/cinder/api/middleware/request_id.py:62}}
Jul 24 08:39:57 user devstack@c-api.service[71320]: INFO cinder.api.openstack.wsgi [req-5156f401-9279-454e-8f57-cba22e905437 req-47e79427-5e8a-43a2-8254-2e3e44e5536f tempest-VolumesNegativeTest-1188303640 tempest-VolumesNegativeTest-1188303640-project-member] DELETE http://10.0.0.210/volume/v3/6e81e962ce80437b8045aa6dc571e365/volumes/e1529ed5-a4c3-4443-bb91-263a069ac737
Jul 24 08:39:57 user devstack@c-api.service[71320]: DEBUG cinder.api.openstack.wsgi [req-5156f401-9279-454e-8f57-cba22e905437 req-47e79427-5e8a-43a2-8254-2e3e44e5536f tempest-VolumesNegativeTest-1188303640 tempest-VolumesNegativeTest-1188303640-project-member] Empty body provided in request {{(pid=71320) get_body /opt/stack/cinder/cinder/api/openstack/wsgi.py:715}}
Jul 24 08:39:57 user devstack@c-api.service[71320]: DEBUG cinder.api.openstack.wsgi [req-5156f401-9279-454e-8f57-cba22e905437 req-47e79427-5e8a-43a2-8254-2e3e44e5536f tempest-VolumesNegativeTest-1188303640 tempest-VolumesNegativeTest-1188303640-project-member] Calling method 'delete' {{(pid=71320) _process_stack /opt/stack/cinder/cinder/api/openstack/wsgi.py:868}}
Jul 24 08:39:57 user devstack@c-api.service[71320]: INFO cinder.api.v3.volumes [req-5156f401-9279-454e-8f57-cba22e905437 req-47e79427-5e8a-43a2-8254-2e3e44e5536f tempest-VolumesNegativeTest-1188303640 tempest-VolumesNegativeTest-1188303640-project-member] Delete volume with id: e1529ed5-a4c3-4443-bb91-263a069ac737
Jul 24 08:39:57 user devstack@c-api.service[71318]: DEBUG cinder.api.middleware.request_id [None req-0c4a0430-c462-44bd-937c-94eb72c65f75 None None] RequestId filter calling following filter/app {{(pid=71318) _context_setter /opt/stack/cinder/cinder/api/middleware/request_id.py:62}}
Jul 24 08:39:57 user devstack@c-api.service[71320]: INFO cinder.api.openstack.wsgi [req-5156f401-9279-454e-8f57-cba22e905437 req-47e79427-5e8a-43a2-8254-2e3e44e5536f tempest-VolumesNegativeTest-1188303640 tempest-VolumesNegativeTest-1188303640-project-member] http://10.0.0.210/volume/v3/6e81e962ce80437b8045aa6dc571e365/volumes/e1529ed5-a4c3-4443-bb91-263a069ac737 returned with HTTP 404
Jul 24 08:39:57 user devstack@c-api.service[71318]: INFO cinder.api.openstack.wsgi [None req-0c4a0430-c462-44bd-937c-94eb72c65f75 tempest-GroupSnapshotsTest-499429950 tempest-GroupSnapshotsTest-499429950-project-member] GET http://10.0.0.210/volume/v3/1d58390fa8c64f68b00fef9fc9f54d69/snapshots/f098f5de-7325-4d3e-a6d0-95ec8b4ac76e
Jul 24 08:39:57 user devstack@c-api.service[71320]: [pid: 71320|app: 0|req: 109/321] 10.0.0.210 () {66 vars in 1677 bytes} [Mon Jul 24 08:39:57 2023] DELETE /volume/v3/6e81e962ce80437b8045aa6dc571e365/volumes/e1529ed5-a4c3-4443-bb91-263a069ac737 => generated 109 bytes in 22 msecs (HTTP/1.1 404) 7 headers in 292 bytes (1 switches on core 0)
Jul 24 08:39:57 user devstack@c-api.service[71318]: DEBUG cinder.api.openstack.wsgi [None req-0c4a0430-c462-44bd-937c-94eb72c65f75 tempest-GroupSnapshotsTest-499429950 tempest-GroupSnapshotsTest-499429950-project-member] Empty body provided in request {{(pid=71318) get_body /opt/stack/cinder/cinder/api/openstack/wsgi.py:715}}
Jul 24 08:39:57 user devstack@c-api.service[71318]: DEBUG cinder.api.openstack.wsgi [None req-0c4a0430-c462-44bd-937c-94eb72c65f75 tempest-GroupSnapshotsTest-499429950 tempest-GroupSnapshotsTest-499429950-project-member] Calling method 'show' {{(pid=71318) _process_stack /opt/stack/cinder/cinder/api/openstack/wsgi.py:868}}
Jul 24 08:39:57 user devstack@c-api.service[71318]: /usr/local/lib/python3.10/dist-packages/oslo_context/context.py:100: DeprecationWarning: Policy enforcement is depending on the value of is_admin. This key is deprecated. Please update your policy file to use the standard policy values.
Jul 24 08:39:57 user devstack@c-api.service[71318]: warnings.warn('Policy enforcement is depending on the value of '
Jul 24 08:39:57 user devstack@c-api.service[71318]: INFO cinder.volume.api [None req-0c4a0430-c462-44bd-937c-94eb72c65f75 tempest-GroupSnapshotsTest-499429950 tempest-GroupSnapshotsTest-499429950-project-member] Snapshot retrieved successfully.
Jul 24 08:39:57 user devstack@c-api.service[71318]: INFO cinder.api.openstack.wsgi [None req-0c4a0430-c462-44bd-937c-94eb72c65f75 tempest-GroupSnapshotsTest-499429950 tempest-GroupSnapshotsTest-499429950-project-member] http://10.0.0.210/volume/v3/1d58390fa8c64f68b00fef9fc9f54d69/snapshots/f098f5de-7325-4d3e-a6d0-95ec8b4ac76e returned with HTTP 200
Jul 24 08:39:57 user devstack@c-api.service[71318]: [pid: 71318|app: 0|req: 112/322] 10.0.0.210 () {62 vars in 1408 bytes} [Mon Jul 24 08:39:57 2023] GET /volume/v3/1d58390fa8c64f68b00fef9fc9f54d69/snapshots/f098f5de-7325-4d3e-a6d0-95ec8b4ac76e => generated 468 bytes in 19 msecs (HTTP/1.1 200) 7 headers in 285 bytes (1 switches on core 0)
Jul 24 08:39:57 user devstack@c-api.service[71320]: DEBUG cinder.api.middleware.request_id [req-637c2506-33d3-4981-9f93-8e3764481276 req-c0a83963-10ed-4c13-8b68-5af83de68f80 None None] RequestId filter calling following filter/app {{(pid=71320) _context_setter /opt/stack/cinder/cinder/api/middleware/request_id.py:62}}
Jul 24 08:39:57 user devstack@c-api.service[71320]: INFO cinder.api.openstack.wsgi [req-637c2506-33d3-4981-9f93-8e3764481276 req-c0a83963-10ed-4c13-8b68-5af83de68f80 tempest-VolumesNegativeTest-1188303640 tempest-VolumesNegativeTest-1188303640-project-member] GET http://10.0.0.210/volume/v3/6e81e962ce80437b8045aa6dc571e365/volumes/3628a059-9ff3-499c-bb5f-b45bb8ad4240
Jul 24 08:39:57 user devstack@c-api.service[71320]: DEBUG cinder.api.openstack.wsgi [req-637c2506-33d3-4981-9f93-8e3764481276 req-c0a83963-10ed-4c13-8b68-5af83de68f80 tempest-VolumesNegativeTest-1188303640 tempest-VolumesNegativeTest-1188303640-project-member] Empty body provided in request {{(pid=71320) get_body /opt/stack/cinder/cinder/api/openstack/wsgi.py:715}}
Jul 24 08:39:57 user devstack@c-api.service[71320]: DEBUG cinder.api.openstack.wsgi [req-637c2506-33d3-4981-9f93-8e3764481276 req-c0a83963-10ed-4c13-8b68-5af83de68f80 tempest-VolumesNegativeTest-1188303640 tempest-VolumesNegativeTest-1188303640-project-member] Calling method 'show' {{(pid=71320) _process_stack /opt/stack/cinder/cinder/api/openstack/wsgi.py:868}}
Jul 24 08:39:57 user devstack@c-api.service[71320]: INFO cinder.api.openstack.wsgi [req-637c2506-33d3-4981-9f93-8e3764481276 req-c0a83963-10ed-4c13-8b68-5af83de68f80 tempest-VolumesNegativeTest-1188303640 tempest-VolumesNegativeTest-1188303640-project-member] http://10.0.0.210/volume/v3/6e81e962ce80437b8045aa6dc571e365/volumes/3628a059-9ff3-499c-bb5f-b45bb8ad4240 returned with HTTP 404
Jul 24 08:39:57 user devstack@c-api.service[71320]: [pid: 71320|app: 0|req: 110/323] 10.0.0.210 () {64 vars in 1655 bytes} [Mon Jul 24 08:39:57 2023] GET /volume/v3/6e81e962ce80437b8045aa6dc571e365/volumes/3628a059-9ff3-499c-bb5f-b45bb8ad4240 => generated 109 bytes in 21 msecs (HTTP/1.1 404) 7 headers in 292 bytes (1 switches on core 0)
Jul 24 08:39:57 user devstack@c-api.service[71318]: DEBUG cinder.api.middleware.request_id [None req-aef0e154-cd9c-48a5-9518-3d0b4ba16958 None None] RequestId filter calling following filter/app {{(pid=71318) _context_setter /opt/stack/cinder/cinder/api/middleware/request_id.py:62}}
Jul 24 08:39:57 user devstack@c-api.service[71318]: INFO cinder.api.openstack.wsgi [None req-aef0e154-cd9c-48a5-9518-3d0b4ba16958 tempest-TaggedBootDevicesTest-1910427361 tempest-TaggedBootDevicesTest-1910427361-project-member] GET http://10.0.0.210/volume/v3/54670380359746f8bfac53d5dea46277/volumes/9c8aca15-6196-4857-9fd6-9dc06acb3305
Jul 24 08:39:57 user devstack@c-api.service[71318]: DEBUG cinder.api.openstack.wsgi [None req-aef0e154-cd9c-48a5-9518-3d0b4ba16958 tempest-TaggedBootDevicesTest-1910427361 tempest-TaggedBootDevicesTest-1910427361-project-member] Empty body provided in request {{(pid=71318) get_body /opt/stack/cinder/cinder/api/openstack/wsgi.py:715}}
Jul 24 08:39:57 user devstack@c-api.service[71318]: DEBUG cinder.api.openstack.wsgi [None req-aef0e154-cd9c-48a5-9518-3d0b4ba16958 tempest-TaggedBootDevicesTest-1910427361 tempest-TaggedBootDevicesTest-1910427361-project-member] Calling method 'show' {{(pid=71318) _process_stack /opt/stack/cinder/cinder/api/openstack/wsgi.py:868}}
Jul 24 08:39:57 user devstack@c-api.service[71318]: /usr/local/lib/python3.10/dist-packages/oslo_context/context.py:100: DeprecationWarning: Policy enforcement is depending on the value of is_admin. This key is deprecated. Please update your policy file to use the standard policy values.
Jul 24 08:39:57 user devstack@c-api.service[71318]: warnings.warn('Policy enforcement is depending on the value of '
Jul 24 08:39:57 user devstack@c-api.service[71318]: INFO cinder.volume.api [None req-aef0e154-cd9c-48a5-9518-3d0b4ba16958 tempest-TaggedBootDevicesTest-1910427361 tempest-TaggedBootDevicesTest-1910427361-project-member] Volume info retrieved successfully.
Jul 24 08:39:57 user devstack@c-api.service[71318]: INFO cinder.api.openstack.wsgi [None req-aef0e154-cd9c-48a5-9518-3d0b4ba16958 tempest-TaggedBootDevicesTest-1910427361 tempest-TaggedBootDevicesTest-1910427361-project-member] http://10.0.0.210/volume/v3/54670380359746f8bfac53d5dea46277/volumes/9c8aca15-6196-4857-9fd6-9dc06acb3305 returned with HTTP 200
Jul 24 08:39:57 user devstack@c-api.service[71318]: [pid: 71318|app: 0|req: 113/324] 10.0.0.210 () {62 vars in 1402 bytes} [Mon Jul 24 08:39:57 2023] GET /volume/v3/54670380359746f8bfac53d5dea46277/volumes/9c8aca15-6196-4857-9fd6-9dc06acb3305 => generated 972 bytes in 65 msecs (HTTP/1.1 200) 7 headers in 285 bytes (1 switches on core 0)
Jul 24 08:39:57 user devstack@c-api.service[71319]: INFO cinder.api.openstack.wsgi [None req-3dfcdea0-4747-4976-aeb5-e472440a5038 tempest-VolumeQuotasAdminTestJSON-1720673800 tempest-VolumeQuotasAdminTestJSON-1720673800-project-admin] GET http://10.0.0.210/volume/v3/3bd4b55557e8465cb796df31fe6319ad/os-quota-sets/c625df6dbaef408f9dd1b6bd7666b742
Jul 24 08:39:57 user devstack@c-api.service[71319]: DEBUG cinder.api.openstack.wsgi [None req-3dfcdea0-4747-4976-aeb5-e472440a5038 tempest-VolumeQuotasAdminTestJSON-1720673800 tempest-VolumeQuotasAdminTestJSON-1720673800-project-admin] Empty body provided in request {{(pid=71319) get_body /opt/stack/cinder/cinder/api/openstack/wsgi.py:715}}
Jul 24 08:39:57 user devstack@c-api.service[71319]: DEBUG cinder.api.openstack.wsgi [None req-3dfcdea0-4747-4976-aeb5-e472440a5038 tempest-VolumeQuotasAdminTestJSON-1720673800 tempest-VolumeQuotasAdminTestJSON-1720673800-project-admin] Calling method 'show' {{(pid=71319) _process_stack /opt/stack/cinder/cinder/api/openstack/wsgi.py:868}}
Jul 24 08:39:57 user devstack@c-api.service[71320]: DEBUG cinder.api.middleware.request_id [None req-84ab2659-bd57-4ee5-95d2-c38dee9bd17f None None] RequestId filter calling following filter/app {{(pid=71320) _context_setter /opt/stack/cinder/cinder/api/middleware/request_id.py:62}}
Jul 24 08:39:57 user devstack@c-api.service[71320]: INFO cinder.api.openstack.wsgi [None req-84ab2659-bd57-4ee5-95d2-c38dee9bd17f tempest-VolumeQuotasNegativeTestJSON-1536954061 tempest-VolumeQuotasNegativeTestJSON-1536954061-project-member] GET http://10.0.0.210/volume/v3/e144867dc9c54b40b50f6048b131e721/volumes/471088d1-d76e-4f58-b671-e3365066591b
Jul 24 08:39:57 user devstack@c-api.service[71320]: DEBUG cinder.api.openstack.wsgi [None req-84ab2659-bd57-4ee5-95d2-c38dee9bd17f tempest-VolumeQuotasNegativeTestJSON-1536954061 tempest-VolumeQuotasNegativeTestJSON-1536954061-project-member] Empty body provided in request {{(pid=71320) get_body /opt/stack/cinder/cinder/api/openstack/wsgi.py:715}}
Jul 24 08:39:57 user devstack@c-api.service[71320]: DEBUG cinder.api.openstack.wsgi [None req-84ab2659-bd57-4ee5-95d2-c38dee9bd17f tempest-VolumeQuotasNegativeTestJSON-1536954061 tempest-VolumeQuotasNegativeTestJSON-1536954061-project-member] Calling method 'show' {{(pid=71320) _process_stack /opt/stack/cinder/cinder/api/openstack/wsgi.py:868}}
Jul 24 08:39:57 user devstack@c-api.service[71319]: WARNING cinder.quota [None req-3dfcdea0-4747-4976-aeb5-e472440a5038 tempest-VolumeQuotasAdminTestJSON-1720673800 tempest-VolumeQuotasAdminTestJSON-1720673800-project-admin] Deprecated: Default quota for resource: backups is set by the default quota flag: quota_backups, it is now deprecated. Please use the default quota class for default quota.
Jul 24 08:39:57 user devstack@c-api.service[71320]: /usr/local/lib/python3.10/dist-packages/oslo_context/context.py:100: DeprecationWarning: Policy enforcement is depending on the value of is_admin. This key is deprecated. Please update your policy file to use the standard policy values.
Jul 24 08:39:57 user devstack@c-api.service[71320]: warnings.warn('Policy enforcement is depending on the value of '
Jul 24 08:39:57 user devstack@c-api.service[71319]: WARNING cinder.quota [None req-3dfcdea0-4747-4976-aeb5-e472440a5038 tempest-VolumeQuotasAdminTestJSON-1720673800 tempest-VolumeQuotasAdminTestJSON-1720673800-project-admin] Deprecated: Default quota for resource: backup_gigabytes is set by the default quota flag: quota_backup_gigabytes, it is now deprecated. Please use the default quota class for default quota.
Jul 24 08:39:57 user devstack@c-api.service[71319]: WARNING cinder.quota [None req-3dfcdea0-4747-4976-aeb5-e472440a5038 tempest-VolumeQuotasAdminTestJSON-1720673800 tempest-VolumeQuotasAdminTestJSON-1720673800-project-admin] Deprecated: Default quota for resource: snapshots_tempest-GroupsV314Test-volume-type-492055573 is set by the default quota flag: quota_snapshots_tempest-GroupsV314Test-volume-type-492055573, it is now deprecated. Please use the default quota class for default quota.
Jul 24 08:39:57 user devstack@c-api.service[71319]: WARNING cinder.quota [None req-3dfcdea0-4747-4976-aeb5-e472440a5038 tempest-VolumeQuotasAdminTestJSON-1720673800 tempest-VolumeQuotasAdminTestJSON-1720673800-project-admin] Deprecated: Default quota for resource: volumes_tempest-GroupSnapshotsTest-volume-type-318656774 is set by the default quota flag: quota_volumes_tempest-GroupSnapshotsTest-volume-type-318656774, it is now deprecated. Please use the default quota class for default quota.
Jul 24 08:39:57 user devstack@c-api.service[71319]: WARNING cinder.quota [None req-3dfcdea0-4747-4976-aeb5-e472440a5038 tempest-VolumeQuotasAdminTestJSON-1720673800 tempest-VolumeQuotasAdminTestJSON-1720673800-project-admin] Deprecated: Default quota for resource: gigabytes_tempest-GroupSnapshotsTest-volume-type-318656774 is set by the default quota flag: quota_gigabytes_tempest-GroupSnapshotsTest-volume-type-318656774, it is now deprecated. Please use the default quota class for default quota.
Jul 24 08:39:57 user devstack@c-api.service[71319]: WARNING cinder.quota [None req-3dfcdea0-4747-4976-aeb5-e472440a5038 tempest-VolumeQuotasAdminTestJSON-1720673800 tempest-VolumeQuotasAdminTestJSON-1720673800-project-admin] Deprecated: Default quota for resource: snapshots_tempest-GroupSnapshotsTest-volume-type-318656774 is set by the default quota flag: quota_snapshots_tempest-GroupSnapshotsTest-volume-type-318656774, it is now deprecated. Please use the default quota class for default quota.
Jul 24 08:39:57 user devstack@c-api.service[71319]: WARNING cinder.quota [None req-3dfcdea0-4747-4976-aeb5-e472440a5038 tempest-VolumeQuotasAdminTestJSON-1720673800 tempest-VolumeQuotasAdminTestJSON-1720673800-project-admin] Deprecated: Default quota for resource: snapshots_joviandss-2 is set by the default quota flag: quota_snapshots_joviandss-2, it is now deprecated. Please use the default quota class for default quota.
Jul 24 08:39:57 user devstack@c-api.service[71319]: WARNING cinder.quota [None req-3dfcdea0-4747-4976-aeb5-e472440a5038 tempest-VolumeQuotasAdminTestJSON-1720673800 tempest-VolumeQuotasAdminTestJSON-1720673800-project-admin] Deprecated: Default quota for resource: volumes___DEFAULT__ is set by the default quota flag: quota_volumes___DEFAULT__, it is now deprecated. Please use the default quota class for default quota.
Jul 24 08:39:57 user devstack@c-api.service[71319]: WARNING cinder.quota [None req-3dfcdea0-4747-4976-aeb5-e472440a5038 tempest-VolumeQuotasAdminTestJSON-1720673800 tempest-VolumeQuotasAdminTestJSON-1720673800-project-admin] Deprecated: Default quota for resource: gigabytes___DEFAULT__ is set by the default quota flag: quota_gigabytes___DEFAULT__, it is now deprecated. Please use the default quota class for default quota.
Jul 24 08:39:57 user devstack@c-api.service[71319]: WARNING cinder.quota [None req-3dfcdea0-4747-4976-aeb5-e472440a5038 tempest-VolumeQuotasAdminTestJSON-1720673800 tempest-VolumeQuotasAdminTestJSON-1720673800-project-admin] Deprecated: Default quota for resource: snapshots___DEFAULT__ is set by the default quota flag: quota_snapshots___DEFAULT__, it is now deprecated. Please use the default quota class for default quota.
Jul 24 08:39:57 user devstack@c-api.service[71320]: INFO cinder.volume.api [None req-84ab2659-bd57-4ee5-95d2-c38dee9bd17f tempest-VolumeQuotasNegativeTestJSON-1536954061 tempest-VolumeQuotasNegativeTestJSON-1536954061-project-member] Volume info retrieved successfully.
Jul 24 08:39:57 user devstack@c-api.service[71319]: INFO cinder.api.openstack.wsgi [None req-3dfcdea0-4747-4976-aeb5-e472440a5038 tempest-VolumeQuotasAdminTestJSON-1720673800 tempest-VolumeQuotasAdminTestJSON-1720673800-project-admin] http://10.0.0.210/volume/v3/3bd4b55557e8465cb796df31fe6319ad/os-quota-sets/c625df6dbaef408f9dd1b6bd7666b742 returned with HTTP 200
Jul 24 08:39:57 user devstack@c-api.service[71319]: [pid: 71319|app: 0|req: 102/325] 10.0.0.210 () {62 vars in 1408 bytes} [Mon Jul 24 08:39:57 2023] GET /volume/v3/3bd4b55557e8465cb796df31fe6319ad/os-quota-sets/c625df6dbaef408f9dd1b6bd7666b742 => generated 741 bytes in 294 msecs (HTTP/1.1 200) 7 headers in 285 bytes (1 switches on core 0)
Jul 24 08:39:57 user devstack@c-api.service[71320]: INFO cinder.api.openstack.wsgi [None req-84ab2659-bd57-4ee5-95d2-c38dee9bd17f tempest-VolumeQuotasNegativeTestJSON-1536954061 tempest-VolumeQuotasNegativeTestJSON-1536954061-project-member] http://10.0.0.210/volume/v3/e144867dc9c54b40b50f6048b131e721/volumes/471088d1-d76e-4f58-b671-e3365066591b returned with HTTP 200
Jul 24 08:39:57 user devstack@c-api.service[71320]: [pid: 71320|app: 0|req: 111/326] 10.0.0.210 () {62 vars in 1402 bytes} [Mon Jul 24 08:39:57 2023] GET /volume/v3/e144867dc9c54b40b50f6048b131e721/volumes/471088d1-d76e-4f58-b671-e3365066591b => generated 919 bytes in 63 msecs (HTTP/1.1 200) 7 headers in 285 bytes (1 switches on core 0)
Jul 24 08:39:57 user devstack@c-api.service[71318]: DEBUG cinder.api.middleware.request_id [None req-bf90bf58-efc4-4e1c-8ac9-dbb4ad56b227 None None] RequestId filter calling following filter/app {{(pid=71318) _context_setter /opt/stack/cinder/cinder/api/middleware/request_id.py:62}}
Jul 24 08:39:57 user devstack@c-api.service[71318]: INFO cinder.api.openstack.wsgi [None req-bf90bf58-efc4-4e1c-8ac9-dbb4ad56b227 tempest-VolumeQuotasNegativeTestJSON-832533820 tempest-VolumeQuotasNegativeTestJSON-832533820-project-admin] PUT http://10.0.0.210/volume/v3/72e3bbfb5cf646e288357adb61a7f8a7/os-quota-sets/e144867dc9c54b40b50f6048b131e721
Jul 24 08:39:57 user devstack@c-api.service[71318]: DEBUG cinder.api.openstack.wsgi [None req-bf90bf58-efc4-4e1c-8ac9-dbb4ad56b227 tempest-VolumeQuotasNegativeTestJSON-832533820 tempest-VolumeQuotasNegativeTestJSON-832533820-project-admin] Action: 'update', calling method: update, body: {"quota_set": {"gigabytes": 1, "volumes": -1}} {{(pid=71318) _process_stack /opt/stack/cinder/cinder/api/openstack/wsgi.py:866}}
Jul 24 08:39:58 user devstack@c-api.service[71319]: DEBUG cinder.api.middleware.request_id [None req-5d707886-866c-4cc9-b2fd-397976f3c7e3 None None] RequestId filter calling following filter/app {{(pid=71319) _context_setter /opt/stack/cinder/cinder/api/middleware/request_id.py:62}}
Jul 24 08:39:58 user devstack@c-api.service[71318]: DEBUG dbcounter [-] [71318] Writing DB stats cinder:INSERT=7,cinder:SELECT=81,cinder:UPDATE=12 {{(pid=71318) stat_writer /usr/local/lib/python3.10/dist-packages/dbcounter.py:117}}
Jul 24 08:39:58 user devstack@c-api.service[71319]: INFO cinder.api.openstack.wsgi [None req-5d707886-866c-4cc9-b2fd-397976f3c7e3 tempest-VolumeQuotasAdminTestJSON-1720673800 tempest-VolumeQuotasAdminTestJSON-1720673800-project-admin] GET http://10.0.0.210/volume/v3/3bd4b55557e8465cb796df31fe6319ad/os-quota-sets/c625df6dbaef408f9dd1b6bd7666b742/defaults
Jul 24 08:39:58 user devstack@c-api.service[71319]: DEBUG cinder.api.openstack.wsgi [None req-5d707886-866c-4cc9-b2fd-397976f3c7e3 tempest-VolumeQuotasAdminTestJSON-1720673800 tempest-VolumeQuotasAdminTestJSON-1720673800-project-admin] Empty body provided in request {{(pid=71319) get_body /opt/stack/cinder/cinder/api/openstack/wsgi.py:715}}
Jul 24 08:39:58 user devstack@c-api.service[71319]: DEBUG cinder.api.openstack.wsgi [None req-5d707886-866c-4cc9-b2fd-397976f3c7e3 tempest-VolumeQuotasAdminTestJSON-1720673800 tempest-VolumeQuotasAdminTestJSON-1720673800-project-admin] Calling method 'defaults' {{(pid=71319) _process_stack /opt/stack/cinder/cinder/api/openstack/wsgi.py:868}}
Jul 24 08:39:58 user devstack@c-api.service[71319]: INFO cinder.api.openstack.wsgi [None req-5d707886-866c-4cc9-b2fd-397976f3c7e3 tempest-VolumeQuotasAdminTestJSON-1720673800 tempest-VolumeQuotasAdminTestJSON-1720673800-project-admin] http://10.0.0.210/volume/v3/3bd4b55557e8465cb796df31fe6319ad/os-quota-sets/c625df6dbaef408f9dd1b6bd7666b742/defaults returned with HTTP 200
Jul 24 08:39:58 user devstack@c-api.service[71319]: [pid: 71319|app: 0|req: 103/327] 10.0.0.210 () {62 vars in 1435 bytes} [Mon Jul 24 08:39:58 2023] GET /volume/v3/3bd4b55557e8465cb796df31fe6319ad/os-quota-sets/c625df6dbaef408f9dd1b6bd7666b742/defaults => generated 741 bytes in 64 msecs (HTTP/1.1 200) 7 headers in 285 bytes (1 switches on core 0)
Jul 24 08:39:58 user devstack@c-api.service[71320]: DEBUG cinder.api.middleware.request_id [None req-f4a9701a-c776-4554-81f6-4ef4e5fec3f5 None None] RequestId filter calling following filter/app {{(pid=71320) _context_setter /opt/stack/cinder/cinder/api/middleware/request_id.py:62}}
Jul 24 08:39:58 user devstack@c-api.service[71320]: INFO cinder.api.openstack.wsgi [None req-f4a9701a-c776-4554-81f6-4ef4e5fec3f5 tempest-VolumeQuotasAdminTestJSON-1720673800 tempest-VolumeQuotasAdminTestJSON-1720673800-project-admin] PUT http://10.0.0.210/volume/v3/3bd4b55557e8465cb796df31fe6319ad/os-quota-sets/c625df6dbaef408f9dd1b6bd7666b742
Jul 24 08:39:58 user devstack@c-api.service[71320]: DEBUG cinder.api.openstack.wsgi [None req-f4a9701a-c776-4554-81f6-4ef4e5fec3f5 tempest-VolumeQuotasAdminTestJSON-1720673800 tempest-VolumeQuotasAdminTestJSON-1720673800-project-admin] Action: 'update', calling method: update, body: {"quota_set": {"volumes": 15}} {{(pid=71320) _process_stack /opt/stack/cinder/cinder/api/openstack/wsgi.py:866}}
Jul 24 08:39:58 user devstack@c-api.service[71318]: WARNING cinder.quota [None req-bf90bf58-efc4-4e1c-8ac9-dbb4ad56b227 tempest-VolumeQuotasNegativeTestJSON-832533820 tempest-VolumeQuotasNegativeTestJSON-832533820-project-admin] Deprecated: Default quota for resource: backups is set by the default quota flag: quota_backups, it is now deprecated. Please use the default quota class for default quota.
Jul 24 08:39:58 user devstack@c-api.service[71318]: WARNING cinder.quota [None req-bf90bf58-efc4-4e1c-8ac9-dbb4ad56b227 tempest-VolumeQuotasNegativeTestJSON-832533820 tempest-VolumeQuotasNegativeTestJSON-832533820-project-admin] Deprecated: Default quota for resource: backup_gigabytes is set by the default quota flag: quota_backup_gigabytes, it is now deprecated. Please use the default quota class for default quota.
Jul 24 08:39:58 user devstack@c-api.service[71318]: WARNING cinder.quota [None req-bf90bf58-efc4-4e1c-8ac9-dbb4ad56b227 tempest-VolumeQuotasNegativeTestJSON-832533820 tempest-VolumeQuotasNegativeTestJSON-832533820-project-admin] Deprecated: Default quota for resource: volumes_tempest-GroupsV314Test-volume-type-492055573 is set by the default quota flag: quota_volumes_tempest-GroupsV314Test-volume-type-492055573, it is now deprecated. Please use the default quota class for default quota.
Jul 24 08:39:58 user devstack@c-api.service[71318]: WARNING cinder.quota [None req-bf90bf58-efc4-4e1c-8ac9-dbb4ad56b227 tempest-VolumeQuotasNegativeTestJSON-832533820 tempest-VolumeQuotasNegativeTestJSON-832533820-project-admin] Deprecated: Default quota for resource: gigabytes_tempest-GroupsV314Test-volume-type-492055573 is set by the default quota flag: quota_gigabytes_tempest-GroupsV314Test-volume-type-492055573, it is now deprecated. Please use the default quota class for default quota.
Jul 24 08:39:58 user devstack@c-api.service[71318]: WARNING cinder.quota [None req-bf90bf58-efc4-4e1c-8ac9-dbb4ad56b227 tempest-VolumeQuotasNegativeTestJSON-832533820 tempest-VolumeQuotasNegativeTestJSON-832533820-project-admin] Deprecated: Default quota for resource: snapshots_tempest-GroupsV314Test-volume-type-492055573 is set by the default quota flag: quota_snapshots_tempest-GroupsV314Test-volume-type-492055573, it is now deprecated. Please use the default quota class for default quota.
Jul 24 08:39:58 user devstack@c-api.service[71318]: WARNING cinder.quota [None req-bf90bf58-efc4-4e1c-8ac9-dbb4ad56b227 tempest-VolumeQuotasNegativeTestJSON-832533820 tempest-VolumeQuotasNegativeTestJSON-832533820-project-admin] Deprecated: Default quota for resource: volumes_tempest-GroupSnapshotsTest-volume-type-318656774 is set by the default quota flag: quota_volumes_tempest-GroupSnapshotsTest-volume-type-318656774, it is now deprecated. Please use the default quota class for default quota.
Jul 24 08:39:58 user devstack@c-api.service[71319]: DEBUG cinder.api.middleware.request_id [None req-b25ca533-759a-4144-aef0-0f6d91faacf1 None None] RequestId filter calling following filter/app {{(pid=71319) _context_setter /opt/stack/cinder/cinder/api/middleware/request_id.py:62}}
Jul 24 08:39:58 user devstack@c-api.service[71318]: WARNING cinder.quota [None req-bf90bf58-efc4-4e1c-8ac9-dbb4ad56b227 tempest-VolumeQuotasNegativeTestJSON-832533820 tempest-VolumeQuotasNegativeTestJSON-832533820-project-admin] Deprecated: Default quota for resource: volumes___DEFAULT__ is set by the default quota flag: quota_volumes___DEFAULT__, it is now deprecated. Please use the default quota class for default quota.
Jul 24 08:39:58 user devstack@c-api.service[71318]: WARNING cinder.quota [None req-bf90bf58-efc4-4e1c-8ac9-dbb4ad56b227 tempest-VolumeQuotasNegativeTestJSON-832533820 tempest-VolumeQuotasNegativeTestJSON-832533820-project-admin] Deprecated: Default quota for resource: gigabytes___DEFAULT__ is set by the default quota flag: quota_gigabytes___DEFAULT__, it is now deprecated. Please use the default quota class for default quota.
Jul 24 08:39:58 user devstack@c-api.service[71319]: INFO cinder.api.openstack.wsgi [None req-b25ca533-759a-4144-aef0-0f6d91faacf1 tempest-TaggedBootDevicesTest_v242-1744279595 tempest-TaggedBootDevicesTest_v242-1744279595-project-member] GET http://10.0.0.210/volume/v3/49cccccafa654cca9d9a43cbe4cee9ee/volumes/96a5b1b5-7be4-408d-824d-7d89b0364a24
Jul 24 08:39:58 user devstack@c-api.service[71318]: WARNING cinder.quota [None req-bf90bf58-efc4-4e1c-8ac9-dbb4ad56b227 tempest-VolumeQuotasNegativeTestJSON-832533820 tempest-VolumeQuotasNegativeTestJSON-832533820-project-admin] Deprecated: Default quota for resource: snapshots___DEFAULT__ is set by the default quota flag: quota_snapshots___DEFAULT__, it is now deprecated. Please use the default quota class for default quota.
Jul 24 08:39:58 user devstack@c-api.service[71319]: DEBUG cinder.api.openstack.wsgi [None req-b25ca533-759a-4144-aef0-0f6d91faacf1 tempest-TaggedBootDevicesTest_v242-1744279595 tempest-TaggedBootDevicesTest_v242-1744279595-project-member] Empty body provided in request {{(pid=71319) get_body /opt/stack/cinder/cinder/api/openstack/wsgi.py:715}}
Jul 24 08:39:58 user devstack@c-api.service[71319]: DEBUG cinder.api.openstack.wsgi [None req-b25ca533-759a-4144-aef0-0f6d91faacf1 tempest-TaggedBootDevicesTest_v242-1744279595 tempest-TaggedBootDevicesTest_v242-1744279595-project-member] Calling method 'show' {{(pid=71319) _process_stack /opt/stack/cinder/cinder/api/openstack/wsgi.py:868}}
Jul 24 08:39:58 user devstack@c-api.service[71318]: INFO cinder.api.openstack.wsgi [None req-bf90bf58-efc4-4e1c-8ac9-dbb4ad56b227 tempest-VolumeQuotasNegativeTestJSON-832533820 tempest-VolumeQuotasNegativeTestJSON-832533820-project-admin] http://10.0.0.210/volume/v3/72e3bbfb5cf646e288357adb61a7f8a7/os-quota-sets/e144867dc9c54b40b50f6048b131e721 returned with HTTP 200
Jul 24 08:39:58 user devstack@c-api.service[71318]: [pid: 71318|app: 0|req: 114/328] 10.0.0.210 () {64 vars in 1428 bytes} [Mon Jul 24 08:39:57 2023] PUT /volume/v3/72e3bbfb5cf646e288357adb61a7f8a7/os-quota-sets/e144867dc9c54b40b50f6048b131e721 => generated 696 bytes in 200 msecs (HTTP/1.1 200) 7 headers in 285 bytes (1 switches on core 0)
Jul 24 08:39:58 user devstack@c-api.service[71318]: DEBUG cinder.api.middleware.request_id [None req-723bdcb9-837e-471f-ad8d-f306fb3c2084 None None] RequestId filter calling following filter/app {{(pid=71318) _context_setter /opt/stack/cinder/cinder/api/middleware/request_id.py:62}}
Jul 24 08:39:58 user devstack@c-api.service[71318]: INFO cinder.api.openstack.wsgi [None req-723bdcb9-837e-471f-ad8d-f306fb3c2084 tempest-VolumeQuotasNegativeTestJSON-1536954061 tempest-VolumeQuotasNegativeTestJSON-1536954061-project-member] POST http://10.0.0.210/volume/v3/e144867dc9c54b40b50f6048b131e721/volumes
Jul 24 08:39:58 user devstack@c-api.service[71318]: DEBUG cinder.api.openstack.wsgi [None req-723bdcb9-837e-471f-ad8d-f306fb3c2084 tempest-VolumeQuotasNegativeTestJSON-1536954061 tempest-VolumeQuotasNegativeTestJSON-1536954061-project-member] Action: 'create', calling method: create, body: {"volume": {"size": 2}} {{(pid=71318) _process_stack /opt/stack/cinder/cinder/api/openstack/wsgi.py:866}}
Jul 24 08:39:58 user devstack@c-api.service[71318]: DEBUG cinder.api.v3.volumes [None req-723bdcb9-837e-471f-ad8d-f306fb3c2084 tempest-VolumeQuotasNegativeTestJSON-1536954061 tempest-VolumeQuotasNegativeTestJSON-1536954061-project-member] Create volume request body: {'volume': {'size': 2}} {{(pid=71318) create /opt/stack/cinder/cinder/api/v3/volumes.py:297}}
Jul 24 08:39:58 user devstack@c-api.service[71318]: INFO cinder.api.v3.volumes [None req-723bdcb9-837e-471f-ad8d-f306fb3c2084 tempest-VolumeQuotasNegativeTestJSON-1536954061 tempest-VolumeQuotasNegativeTestJSON-1536954061-project-member] Create volume of 2 GB
Jul 24 08:39:58 user devstack@c-api.service[71319]: /usr/local/lib/python3.10/dist-packages/oslo_context/context.py:100: DeprecationWarning: Policy enforcement is depending on the value of is_admin. This key is deprecated. Please update your policy file to use the standard policy values.
Jul 24 08:39:58 user devstack@c-api.service[71319]: warnings.warn('Policy enforcement is depending on the value of '
Jul 24 08:39:58 user devstack@c-api.service[71318]: INFO cinder.volume.api [None req-723bdcb9-837e-471f-ad8d-f306fb3c2084 tempest-VolumeQuotasNegativeTestJSON-1536954061 tempest-VolumeQuotasNegativeTestJSON-1536954061-project-member] Availability Zones retrieved successfully.
Jul 24 08:39:58 user devstack@c-api.service[71319]: INFO cinder.volume.api [None req-b25ca533-759a-4144-aef0-0f6d91faacf1 tempest-TaggedBootDevicesTest_v242-1744279595 tempest-TaggedBootDevicesTest_v242-1744279595-project-member] Volume info retrieved successfully.
Jul 24 08:39:58 user devstack@c-api.service[71318]: DEBUG cinder.volume.api [None req-723bdcb9-837e-471f-ad8d-f306fb3c2084 tempest-VolumeQuotasNegativeTestJSON-1536954061 tempest-VolumeQuotasNegativeTestJSON-1536954061-project-member] Flow 'volume_create_api' (8cf2d2c5-fdd3-4abf-ba3c-31c698e96896) transitioned into state 'RUNNING' from state 'PENDING' {{(pid=71318) _flow_receiver /usr/local/lib/python3.10/dist-packages/taskflow/listeners/logging.py:141}}
Jul 24 08:39:58 user devstack@c-api.service[71318]: DEBUG cinder.volume.api [None req-723bdcb9-837e-471f-ad8d-f306fb3c2084 tempest-VolumeQuotasNegativeTestJSON-1536954061 tempest-VolumeQuotasNegativeTestJSON-1536954061-project-member] Task 'cinder.volume.flows.api.create_volume.ExtractVolumeRequestTask;volume:create' (cb4fcf51-caae-4786-bdeb-6ca9f3c676f5) transitioned into state 'RUNNING' from state 'PENDING' {{(pid=71318) _task_receiver /usr/local/lib/python3.10/dist-packages/taskflow/listeners/logging.py:190}}
Jul 24 08:39:58 user devstack@c-api.service[71318]: DEBUG cinder.volume.flows.api.create_volume [None req-723bdcb9-837e-471f-ad8d-f306fb3c2084 tempest-VolumeQuotasNegativeTestJSON-1536954061 tempest-VolumeQuotasNegativeTestJSON-1536954061-project-member] Validating volume size '2' using validate_int {{(pid=71318) _extract_size /opt/stack/cinder/cinder/volume/flows/api/create_volume.py:228}}
Jul 24 08:39:58 user devstack@c-api.service[71320]: DEBUG dbcounter [-] [71320] Writing DB stats cinder:SELECT=97,cinder:UPDATE=3 {{(pid=71320) stat_writer /usr/local/lib/python3.10/dist-packages/dbcounter.py:117}}
Jul 24 08:39:58 user devstack@c-api.service[71319]: INFO cinder.api.openstack.wsgi [None req-b25ca533-759a-4144-aef0-0f6d91faacf1 tempest-TaggedBootDevicesTest_v242-1744279595 tempest-TaggedBootDevicesTest_v242-1744279595-project-member] http://10.0.0.210/volume/v3/49cccccafa654cca9d9a43cbe4cee9ee/volumes/96a5b1b5-7be4-408d-824d-7d89b0364a24 returned with HTTP 200
Jul 24 08:39:58 user devstack@c-api.service[71319]: [pid: 71319|app: 0|req: 104/329] 10.0.0.210 () {62 vars in 1402 bytes} [Mon Jul 24 08:39:58 2023] GET /volume/v3/49cccccafa654cca9d9a43cbe4cee9ee/volumes/96a5b1b5-7be4-408d-824d-7d89b0364a24 => generated 916 bytes in 73 msecs (HTTP/1.1 200) 7 headers in 285 bytes (1 switches on core 0)
Jul 24 08:39:58 user devstack@c-api.service[71318]: DEBUG cinder.volume.api [None req-723bdcb9-837e-471f-ad8d-f306fb3c2084 tempest-VolumeQuotasNegativeTestJSON-1536954061 tempest-VolumeQuotasNegativeTestJSON-1536954061-project-member] Task 'cinder.volume.flows.api.create_volume.ExtractVolumeRequestTask;volume:create' (cb4fcf51-caae-4786-bdeb-6ca9f3c676f5) transitioned into state 'SUCCESS' from state 'RUNNING' with result '{'size': 2, 'snapshot_id': None, 'source_volid': None, 'volume_type': VolumeType(created_at=2023-07-24T08:35:23Z,deleted=False,deleted_at=None,description=None,extra_specs={volume_backend_name='joviandss-2'},id=ac3a667e-ff8b-48a3-a4a3-c5a65fb6a166,is_public=True,name='joviandss-2',projects=[],qos_specs=,qos_specs_id=None,updated_at=None), 'volume_type_id': 'ac3a667e-ff8b-48a3-a4a3-c5a65fb6a166', 'encryption_key_id': None, 'qos_specs': None, 'consistencygroup_id': None, 'cgsnapshot_id': None, 'group_id': None, 'replication_status': 'disabled', 'refresh_az': False, 'backup_id': None, 'multiattach': False, 'availability_zones': ['nova']}' {{(pid=71318) _task_receiver /usr/local/lib/python3.10/dist-packages/taskflow/listeners/logging.py:178}}
Jul 24 08:39:58 user devstack@c-api.service[71318]: DEBUG cinder.volume.api [None req-723bdcb9-837e-471f-ad8d-f306fb3c2084 tempest-VolumeQuotasNegativeTestJSON-1536954061 tempest-VolumeQuotasNegativeTestJSON-1536954061-project-member] Task 'cinder.volume.flows.api.create_volume.QuotaReserveTask;volume:create' (d3bce4c3-8268-4e5c-9963-d1c350a5d29b) transitioned into state 'RUNNING' from state 'PENDING' {{(pid=71318) _task_receiver /usr/local/lib/python3.10/dist-packages/taskflow/listeners/logging.py:190}}
Jul 24 08:39:58 user devstack@c-api.service[71320]: INFO cinder.api.openstack.wsgi [None req-f4a9701a-c776-4554-81f6-4ef4e5fec3f5 tempest-VolumeQuotasAdminTestJSON-1720673800 tempest-VolumeQuotasAdminTestJSON-1720673800-project-admin] http://10.0.0.210/volume/v3/3bd4b55557e8465cb796df31fe6319ad/os-quota-sets/c625df6dbaef408f9dd1b6bd7666b742 returned with HTTP 200
Jul 24 08:39:58 user devstack@c-api.service[71320]: [pid: 71320|app: 0|req: 112/330] 10.0.0.210 () {64 vars in 1428 bytes} [Mon Jul 24 08:39:58 2023] PUT /volume/v3/3bd4b55557e8465cb796df31fe6319ad/os-quota-sets/c625df6dbaef408f9dd1b6bd7666b742 => generated 699 bytes in 181 msecs (HTTP/1.1 200) 7 headers in 285 bytes (1 switches on core 0)
Jul 24 08:39:58 user devstack@c-api.service[71318]: WARNING cinder.quota_utils [None req-723bdcb9-837e-471f-ad8d-f306fb3c2084 tempest-VolumeQuotasNegativeTestJSON-1536954061 tempest-VolumeQuotasNegativeTestJSON-1536954061-project-member] Quota exceeded for e144867dc9c54b40b50f6048b131e721, tried to create 2G volume (1G of 1G already consumed).: cinder.exception.OverQuota: Quota exceeded for resources: ['gigabytes']
Jul 24 08:39:58 user devstack@c-api.service[71319]: DEBUG cinder.api.middleware.request_id [None req-8bf263e0-bc54-4a7a-b2a2-b05d1e2ec842 None None] RequestId filter calling following filter/app {{(pid=71319) _context_setter /opt/stack/cinder/cinder/api/middleware/request_id.py:62}}
Jul 24 08:39:58 user devstack@c-api.service[71319]: INFO cinder.api.openstack.wsgi [None req-8bf263e0-bc54-4a7a-b2a2-b05d1e2ec842 tempest-VolumeQuotasAdminTestJSON-1720673800 tempest-VolumeQuotasAdminTestJSON-1720673800-project-admin] DELETE http://10.0.0.210/volume/v3/3bd4b55557e8465cb796df31fe6319ad/os-quota-sets/c625df6dbaef408f9dd1b6bd7666b742
Jul 24 08:39:58 user devstack@c-api.service[71319]: DEBUG cinder.api.openstack.wsgi [None req-8bf263e0-bc54-4a7a-b2a2-b05d1e2ec842 tempest-VolumeQuotasAdminTestJSON-1720673800 tempest-VolumeQuotasAdminTestJSON-1720673800-project-admin] Empty body provided in request {{(pid=71319) get_body /opt/stack/cinder/cinder/api/openstack/wsgi.py:715}}
Jul 24 08:39:58 user devstack@c-api.service[71319]: DEBUG cinder.api.openstack.wsgi [None req-8bf263e0-bc54-4a7a-b2a2-b05d1e2ec842 tempest-VolumeQuotasAdminTestJSON-1720673800 tempest-VolumeQuotasAdminTestJSON-1720673800-project-admin] Calling method 'delete' {{(pid=71319) _process_stack /opt/stack/cinder/cinder/api/openstack/wsgi.py:868}}
Jul 24 08:39:58 user devstack@c-api.service[71318]: WARNING cinder.volume.api [None req-723bdcb9-837e-471f-ad8d-f306fb3c2084 tempest-VolumeQuotasNegativeTestJSON-1536954061 tempest-VolumeQuotasNegativeTestJSON-1536954061-project-member] Task 'cinder.volume.flows.api.create_volume.QuotaReserveTask;volume:create' (d3bce4c3-8268-4e5c-9963-d1c350a5d29b) transitioned into state 'FAILURE' from state 'RUNNING'
Jul 24 08:39:58 user devstack@c-api.service[71318]: Failure: cinder.exception.VolumeSizeExceedsAvailableQuota: Requested volume or snapshot exceeds allowed gigabytes quota. Requested 2G, quota is 1G and 1G has been consumed.
Jul 24 08:39:58 user devstack@c-api.service[71318]: DEBUG cinder.volume.api [None req-723bdcb9-837e-471f-ad8d-f306fb3c2084 tempest-VolumeQuotasNegativeTestJSON-1536954061 tempest-VolumeQuotasNegativeTestJSON-1536954061-project-member] Task 'cinder.volume.flows.api.create_volume.QuotaReserveTask;volume:create' (d3bce4c3-8268-4e5c-9963-d1c350a5d29b) transitioned into state 'REVERTING' from state 'FAILURE' {{(pid=71318) _task_receiver /usr/local/lib/python3.10/dist-packages/taskflow/listeners/logging.py:190}}
Jul 24 08:39:58 user devstack@c-api.service[71318]: WARNING cinder.volume.api [None req-723bdcb9-837e-471f-ad8d-f306fb3c2084 tempest-VolumeQuotasNegativeTestJSON-1536954061 tempest-VolumeQuotasNegativeTestJSON-1536954061-project-member] Task 'cinder.volume.flows.api.create_volume.QuotaReserveTask;volume:create' (d3bce4c3-8268-4e5c-9963-d1c350a5d29b) transitioned into state 'REVERTED' from state 'REVERTING' with result 'None'
Jul 24 08:39:58 user devstack@c-api.service[71318]: DEBUG cinder.volume.api [None req-723bdcb9-837e-471f-ad8d-f306fb3c2084 tempest-VolumeQuotasNegativeTestJSON-1536954061 tempest-VolumeQuotasNegativeTestJSON-1536954061-project-member] Task 'cinder.volume.flows.api.create_volume.ExtractVolumeRequestTask;volume:create' (cb4fcf51-caae-4786-bdeb-6ca9f3c676f5) transitioned into state 'REVERTING' from state 'SUCCESS' {{(pid=71318) _task_receiver /usr/local/lib/python3.10/dist-packages/taskflow/listeners/logging.py:190}}
Jul 24 08:39:58 user devstack@c-api.service[71318]: WARNING cinder.volume.api [None req-723bdcb9-837e-471f-ad8d-f306fb3c2084 tempest-VolumeQuotasNegativeTestJSON-1536954061 tempest-VolumeQuotasNegativeTestJSON-1536954061-project-member] Task 'cinder.volume.flows.api.create_volume.ExtractVolumeRequestTask;volume:create' (cb4fcf51-caae-4786-bdeb-6ca9f3c676f5) transitioned into state 'REVERTED' from state 'REVERTING' with result 'None'
Jul 24 08:39:58 user devstack@c-api.service[71319]: INFO cinder.api.openstack.wsgi [None req-8bf263e0-bc54-4a7a-b2a2-b05d1e2ec842 tempest-VolumeQuotasAdminTestJSON-1720673800 tempest-VolumeQuotasAdminTestJSON-1720673800-project-admin] http://10.0.0.210/volume/v3/3bd4b55557e8465cb796df31fe6319ad/os-quota-sets/c625df6dbaef408f9dd1b6bd7666b742 returned with HTTP 200
Jul 24 08:39:58 user devstack@c-api.service[71319]: [pid: 71319|app: 0|req: 105/331] 10.0.0.210 () {62 vars in 1411 bytes} [Mon Jul 24 08:39:58 2023] DELETE /volume/v3/3bd4b55557e8465cb796df31fe6319ad/os-quota-sets/c625df6dbaef408f9dd1b6bd7666b742 => generated 0 bytes in 18 msecs (HTTP/1.1 200) 7 headers in 283 bytes (1 switches on core 0)
Jul 24 08:39:58 user devstack@c-api.service[71318]: WARNING cinder.volume.api [None req-723bdcb9-837e-471f-ad8d-f306fb3c2084 tempest-VolumeQuotasNegativeTestJSON-1536954061 tempest-VolumeQuotasNegativeTestJSON-1536954061-project-member] Flow 'volume_create_api' (8cf2d2c5-fdd3-4abf-ba3c-31c698e96896) transitioned into state 'REVERTED' from state 'RUNNING'
Jul 24 08:39:58 user devstack@c-api.service[71318]: INFO cinder.api.middleware.fault [None req-723bdcb9-837e-471f-ad8d-f306fb3c2084 tempest-VolumeQuotasNegativeTestJSON-1536954061 tempest-VolumeQuotasNegativeTestJSON-1536954061-project-member] http://10.0.0.210/volume/v3/e144867dc9c54b40b50f6048b131e721/volumes returned with HTTP 413
Jul 24 08:39:58 user devstack@c-api.service[71318]: [pid: 71318|app: 0|req: 115/332] 10.0.0.210 () {64 vars in 1312 bytes} [Mon Jul 24 08:39:58 2023] POST /volume/v3/e144867dc9c54b40b50f6048b131e721/volumes => generated 208 bytes in 152 msecs (HTTP/1.1 413) 8 headers in 323 bytes (1 switches on core 0)
Jul 24 08:39:58 user devstack@c-api.service[71320]: DEBUG cinder.api.middleware.request_id [None req-5b89bb19-9ccb-4c2a-88dd-8804be04cccc None None] RequestId filter calling following filter/app {{(pid=71320) _context_setter /opt/stack/cinder/cinder/api/middleware/request_id.py:62}}
Jul 24 08:39:58 user devstack@c-api.service[71319]: DEBUG cinder.api.middleware.request_id [None req-a7c5d8ea-42dd-4aa6-892d-49ed28ae37dd None None] RequestId filter calling following filter/app {{(pid=71319) _context_setter /opt/stack/cinder/cinder/api/middleware/request_id.py:62}}
Jul 24 08:39:58 user devstack@c-api.service[71319]: INFO cinder.api.openstack.wsgi [None req-a7c5d8ea-42dd-4aa6-892d-49ed28ae37dd tempest-VolumeQuotasNegativeTestJSON-832533820 tempest-VolumeQuotasNegativeTestJSON-832533820-project-admin] PUT http://10.0.0.210/volume/v3/72e3bbfb5cf646e288357adb61a7f8a7/os-quota-sets/e144867dc9c54b40b50f6048b131e721
Jul 24 08:39:58 user devstack@c-api.service[71319]: DEBUG cinder.api.openstack.wsgi [None req-a7c5d8ea-42dd-4aa6-892d-49ed28ae37dd tempest-VolumeQuotasNegativeTestJSON-832533820 tempest-VolumeQuotasNegativeTestJSON-832533820-project-admin] Action: 'update', calling method: update, body: {"quota_set": {"volumes": 1, "gigabytes": -1}} {{(pid=71319) _process_stack /opt/stack/cinder/cinder/api/openstack/wsgi.py:866}}
Jul 24 08:39:58 user devstack@c-api.service[71320]: INFO cinder.api.openstack.wsgi [None req-5b89bb19-9ccb-4c2a-88dd-8804be04cccc tempest-VolumeQuotasAdminTestJSON-1720673800 tempest-VolumeQuotasAdminTestJSON-1720673800-project-admin] GET http://10.0.0.210/volume/v3/3bd4b55557e8465cb796df31fe6319ad/os-quota-sets/c625df6dbaef408f9dd1b6bd7666b742
Jul 24 08:39:58 user devstack@c-api.service[71320]: DEBUG cinder.api.openstack.wsgi [None req-5b89bb19-9ccb-4c2a-88dd-8804be04cccc tempest-VolumeQuotasAdminTestJSON-1720673800 tempest-VolumeQuotasAdminTestJSON-1720673800-project-admin] Empty body provided in request {{(pid=71320) get_body /opt/stack/cinder/cinder/api/openstack/wsgi.py:715}}
Jul 24 08:39:58 user devstack@c-api.service[71320]: DEBUG cinder.api.openstack.wsgi [None req-5b89bb19-9ccb-4c2a-88dd-8804be04cccc tempest-VolumeQuotasAdminTestJSON-1720673800 tempest-VolumeQuotasAdminTestJSON-1720673800-project-admin] Calling method 'show' {{(pid=71320) _process_stack /opt/stack/cinder/cinder/api/openstack/wsgi.py:868}}
Jul 24 08:39:58 user devstack@c-api.service[71318]: DEBUG cinder.api.middleware.request_id [None req-bbe05abf-9709-4810-9a34-1f404115af7a None None] RequestId filter calling following filter/app {{(pid=71318) _context_setter /opt/stack/cinder/cinder/api/middleware/request_id.py:62}}
Jul 24 08:39:58 user devstack@c-api.service[71318]: INFO cinder.api.openstack.wsgi [None req-bbe05abf-9709-4810-9a34-1f404115af7a tempest-GroupsV314Test-1415628953 tempest-GroupsV314Test-1415628953-project-member] GET http://10.0.0.210/volume/v3/de6b087c6aed4db7856c93ab0d0a2f6e/volumes/6401e113-f6f4-4556-a286-ca546166920e
Jul 24 08:39:58 user devstack@c-api.service[71318]: DEBUG cinder.api.openstack.wsgi [None req-bbe05abf-9709-4810-9a34-1f404115af7a tempest-GroupsV314Test-1415628953 tempest-GroupsV314Test-1415628953-project-member] Empty body provided in request {{(pid=71318) get_body /opt/stack/cinder/cinder/api/openstack/wsgi.py:715}}
Jul 24 08:39:58 user devstack@c-api.service[71318]: DEBUG cinder.api.openstack.wsgi [None req-bbe05abf-9709-4810-9a34-1f404115af7a tempest-GroupsV314Test-1415628953 tempest-GroupsV314Test-1415628953-project-member] Calling method 'show' {{(pid=71318) _process_stack /opt/stack/cinder/cinder/api/openstack/wsgi.py:868}}
Jul 24 08:39:58 user devstack@c-api.service[71320]: INFO cinder.api.openstack.wsgi [None req-5b89bb19-9ccb-4c2a-88dd-8804be04cccc tempest-VolumeQuotasAdminTestJSON-1720673800 tempest-VolumeQuotasAdminTestJSON-1720673800-project-admin] http://10.0.0.210/volume/v3/3bd4b55557e8465cb796df31fe6319ad/os-quota-sets/c625df6dbaef408f9dd1b6bd7666b742 returned with HTTP 200
Jul 24 08:39:58 user devstack@c-api.service[71320]: [pid: 71320|app: 0|req: 113/333] 10.0.0.210 () {62 vars in 1408 bytes} [Mon Jul 24 08:39:58 2023] GET /volume/v3/3bd4b55557e8465cb796df31fe6319ad/os-quota-sets/c625df6dbaef408f9dd1b6bd7666b742 => generated 741 bytes in 79 msecs (HTTP/1.1 200) 7 headers in 285 bytes (1 switches on core 0)
Jul 24 08:39:58 user devstack@c-api.service[71320]: DEBUG cinder.api.middleware.request_id [None req-1a7b88d8-b519-4c78-8102-7ce5a4d86c2f None None] RequestId filter calling following filter/app {{(pid=71320) _context_setter /opt/stack/cinder/cinder/api/middleware/request_id.py:62}}
Jul 24 08:39:58 user devstack@c-api.service[71318]: /usr/local/lib/python3.10/dist-packages/oslo_context/context.py:100: DeprecationWarning: Policy enforcement is depending on the value of is_admin. This key is deprecated. Please update your policy file to use the standard policy values.
Jul 24 08:39:58 user devstack@c-api.service[71318]: warnings.warn('Policy enforcement is depending on the value of '
Jul 24 08:39:58 user devstack@c-api.service[71320]: INFO cinder.api.openstack.wsgi [None req-1a7b88d8-b519-4c78-8102-7ce5a4d86c2f tempest-VolumeQuotasAdminTestJSON-1720673800 tempest-VolumeQuotasAdminTestJSON-1720673800-project-admin] PUT http://10.0.0.210/volume/v3/3bd4b55557e8465cb796df31fe6319ad/os-quota-sets/c625df6dbaef408f9dd1b6bd7666b742
Jul 24 08:39:58 user devstack@c-api.service[71320]: DEBUG cinder.api.openstack.wsgi [None req-1a7b88d8-b519-4c78-8102-7ce5a4d86c2f tempest-VolumeQuotasAdminTestJSON-1720673800 tempest-VolumeQuotasAdminTestJSON-1720673800-project-admin] Action: 'update', calling method: update, body: {"quota_set": {"volumes": 10, "per_volume_gigabytes": -1, "snapshots": 10, "gigabytes": 1000, "backups": 10, "backup_gigabytes": 1000}} {{(pid=71320) _process_stack /opt/stack/cinder/cinder/api/openstack/wsgi.py:866}}
Jul 24 08:39:58 user devstack@c-api.service[71318]: INFO cinder.volume.api [None req-bbe05abf-9709-4810-9a34-1f404115af7a tempest-GroupsV314Test-1415628953 tempest-GroupsV314Test-1415628953-project-member] Volume info retrieved successfully.
Jul 24 08:39:58 user devstack@c-api.service[71318]: WARNING stevedore.named [None req-bbe05abf-9709-4810-9a34-1f404115af7a tempest-GroupsV314Test-1415628953 tempest-GroupsV314Test-1415628953-project-member] Could not load cinder.keymgr.conf_key_mgr.ConfKeyManager
Jul 24 08:39:58 user devstack@c-api.service[71318]: WARNING castellan.key_manager [None req-bbe05abf-9709-4810-9a34-1f404115af7a tempest-GroupsV314Test-1415628953 tempest-GroupsV314Test-1415628953-project-member] Deprecation Warning : cinder.keymgr.conf_key_mgr.ConfKeyManager is not a stevedore based driver, trying to load it as a class: stevedore.exception.NoMatches: No 'castellan.drivers' driver found, looking for 'cinder.keymgr.conf_key_mgr.ConfKeyManager'
