Jul 24 08:29:56 user devstack@keystone.service[42254]: DEBUG keystone.server.flask.request_processing.req_logging [None req-833ea513-d882-4d10-b477-f26e37d9183b admin admin] REQUEST_METHOD: `GET` {{(pid=42254) log_request_info /opt/stack/keystone/keystone/server/flask/request_processing/req_logging.py:27}}
Jul 24 08:29:56 user devstack@keystone.service[42254]: DEBUG keystone.server.flask.request_processing.req_logging [None req-833ea513-d882-4d10-b477-f26e37d9183b admin admin] SCRIPT_NAME: `/identity` {{(pid=42254) log_request_info /opt/stack/keystone/keystone/server/flask/request_processing/req_logging.py:28}}
Jul 24 08:29:56 user devstack@keystone.service[42254]: DEBUG keystone.server.flask.request_processing.req_logging [None req-833ea513-d882-4d10-b477-f26e37d9183b admin admin] PATH_INFO: `/v3/groups/76f14bd324924a6ea4a5178a8442adf2` {{(pid=42254) log_request_info /opt/stack/keystone/keystone/server/flask/request_processing/req_logging.py:29}}
Jul 24 08:29:56 user devstack@keystone.service[42256]: DEBUG keystone.common.rbac_enforcer.enforcer [None req-78ec48a6-8010-477c-81fd-61778882362f None admin] RBAC: Authorization granted {{(pid=42256) enforce_call /opt/stack/keystone/keystone/common/rbac_enforcer/enforcer.py:457}}
Jul 24 08:29:56 user devstack@keystone.service[42256]: [pid: 42256|app: 0|req: 98/290] 10.0.0.210 () {56 vars in 1172 bytes} [Mon Jul 24 08:29:55 2023] GET /identity/v3/users/1e5e61bf2b7a4da891f1e64c157acdca => generated 292 bytes in 164 msecs (HTTP/1.1 200) 5 headers in 177 bytes (1 switches on core 0)
Jul 24 08:29:56 user devstack@keystone.service[42255]: DEBUG keystone.server.flask.request_processing.middleware.auth_context [None req-b2692118-561b-491a-856b-cd5289d4a161 admin admin] RBAC: auth_context: {'token': , 'domain_id': None, 'trust_id': None, 'trustor_id': None, 'trustee_id': None, 'domain_name': None, 'group_ids': [], 'user_id': '8017dccf2d344ae7aaf628828ab28f8d', 'user_domain_id': 'default', 'system_scope': None, 'project_id': 'be7d8770268c4507817f31eb4598acee', 'project_domain_id': 'default', 'roles': ['member', 'reader', 'admin'], 'is_admin_project': True, 'service_user_id': None, 'service_user_domain_id': None, 'service_project_id': None, 'service_project_domain_id': None, 'service_roles': []} {{(pid=42255) fill_context /opt/stack/keystone/keystone/server/flask/request_processing/middleware/auth_context.py:480}}
Jul 24 08:29:56 user devstack@keystone.service[42255]: DEBUG keystone.server.flask.request_processing.req_logging [None req-b2692118-561b-491a-856b-cd5289d4a161 admin admin] REQUEST_METHOD: `GET` {{(pid=42255) log_request_info /opt/stack/keystone/keystone/server/flask/request_processing/req_logging.py:27}}
Jul 24 08:29:56 user devstack@keystone.service[42255]: DEBUG keystone.server.flask.request_processing.req_logging [None req-b2692118-561b-491a-856b-cd5289d4a161 admin admin] SCRIPT_NAME: `/identity` {{(pid=42255) log_request_info /opt/stack/keystone/keystone/server/flask/request_processing/req_logging.py:28}}
Jul 24 08:29:56 user devstack@keystone.service[42255]: DEBUG keystone.server.flask.request_processing.req_logging [None req-b2692118-561b-491a-856b-cd5289d4a161 admin admin] PATH_INFO: `/v3/projects/43b16b0ee49e4e34bfb2e10a4ba066ae` {{(pid=42255) log_request_info /opt/stack/keystone/keystone/server/flask/request_processing/req_logging.py:29}}
Jul 24 08:29:56 user devstack@keystone.service[42254]: DEBUG keystone.common.rbac_enforcer.enforcer [None req-833ea513-d882-4d10-b477-f26e37d9183b admin admin] RBAC: Authorizing `identity:get_group(group_id=76f14bd324924a6ea4a5178a8442adf2)` {{(pid=42254) enforce_call /opt/stack/keystone/keystone/common/rbac_enforcer/enforcer.py:449}}
Jul 24 08:29:56 user devstack@keystone.service[42255]: DEBUG keystone.common.rbac_enforcer.enforcer [None req-b2692118-561b-491a-856b-cd5289d4a161 admin admin] RBAC: Authorizing `identity:get_project(project_id=43b16b0ee49e4e34bfb2e10a4ba066ae)` {{(pid=42255) enforce_call /opt/stack/keystone/keystone/common/rbac_enforcer/enforcer.py:449}}
Jul 24 08:29:56 user devstack@keystone.service[42254]: DEBUG keystone.common.rbac_enforcer.enforcer [None req-833ea513-d882-4d10-b477-f26e37d9183b admin admin] RBAC: Authorization granted {{(pid=42254) enforce_call /opt/stack/keystone/keystone/common/rbac_enforcer/enforcer.py:457}}
Jul 24 08:29:56 user devstack@keystone.service[42255]: DEBUG keystone.common.rbac_enforcer.enforcer [None req-b2692118-561b-491a-856b-cd5289d4a161 admin admin] RBAC: Authorization granted {{(pid=42255) enforce_call /opt/stack/keystone/keystone/common/rbac_enforcer/enforcer.py:457}}
Jul 24 08:29:56 user devstack@keystone.service[42254]: [pid: 42254|app: 0|req: 97/291] 10.0.0.210 () {56 vars in 1196 bytes} [Mon Jul 24 08:29:56 2023] GET /identity/v3/groups/76f14bd324924a6ea4a5178a8442adf2 => generated 228 bytes in 30 msecs (HTTP/1.1 200) 5 headers in 177 bytes (1 switches on core 0)
Jul 24 08:29:56 user devstack@keystone.service[42256]: DEBUG keystone.server.flask.request_processing.middleware.auth_context [None req-78ec48a6-8010-477c-81fd-61778882362f None admin] Authenticating user token {{(pid=42256) process_request /usr/local/lib/python3.10/dist-packages/keystonemiddleware/auth_token/__init__.py:406}}
Jul 24 08:29:56 user devstack@keystone.service[42255]: [pid: 42255|app: 0|req: 97/292] 10.0.0.210 () {56 vars in 1202 bytes} [Mon Jul 24 08:29:56 2023] GET /identity/v3/projects/43b16b0ee49e4e34bfb2e10a4ba066ae => generated 301 bytes in 28 msecs (HTTP/1.1 200) 5 headers in 177 bytes (1 switches on core 0)
Jul 24 08:29:56 user devstack@keystone.service[42254]: DEBUG keystone.server.flask.request_processing.middleware.auth_context [None req-833ea513-d882-4d10-b477-f26e37d9183b admin admin] Authenticating user token {{(pid=42254) process_request /usr/local/lib/python3.10/dist-packages/keystonemiddleware/auth_token/__init__.py:406}}
Jul 24 08:29:56 user devstack@keystone.service[42255]: DEBUG keystone.server.flask.request_processing.middleware.auth_context [None req-b2692118-561b-491a-856b-cd5289d4a161 admin admin] Authenticating user token {{(pid=42255) process_request /usr/local/lib/python3.10/dist-packages/keystonemiddleware/auth_token/__init__.py:406}}
Jul 24 08:29:56 user devstack@keystone.service[42254]: DEBUG keystone.server.flask.request_processing.middleware.auth_context [None req-833ea513-d882-4d10-b477-f26e37d9183b admin admin] Validating token access rules against request {{(pid=42254) validate_allowed_request /usr/local/lib/python3.10/dist-packages/keystonemiddleware/auth_token/__init__.py:544}}
Jul 24 08:29:56 user devstack@keystone.service[42254]: DEBUG keystone.server.flask.request_processing.middleware.auth_context [None req-e51b9fe6-1dd8-402e-af6c-482a728db3cc admin admin] RBAC: auth_context: {'token': , 'domain_id': None, 'trust_id': None, 'trustor_id': None, 'trustee_id': None, 'domain_name': None, 'group_ids': [], 'user_id': '8017dccf2d344ae7aaf628828ab28f8d', 'user_domain_id': 'default', 'system_scope': None, 'project_id': 'be7d8770268c4507817f31eb4598acee', 'project_domain_id': 'default', 'roles': ['member', 'reader', 'admin'], 'is_admin_project': True, 'service_user_id': None, 'service_user_domain_id': None, 'service_project_id': None, 'service_project_domain_id': None, 'service_roles': []} {{(pid=42254) fill_context /opt/stack/keystone/keystone/server/flask/request_processing/middleware/auth_context.py:480}}
Jul 24 08:29:56 user devstack@keystone.service[42254]: DEBUG keystone.server.flask.request_processing.req_logging [None req-e51b9fe6-1dd8-402e-af6c-482a728db3cc admin admin] REQUEST_METHOD: `GET` {{(pid=42254) log_request_info /opt/stack/keystone/keystone/server/flask/request_processing/req_logging.py:27}}
Jul 24 08:29:56 user devstack@keystone.service[42254]: DEBUG keystone.server.flask.request_processing.req_logging [None req-e51b9fe6-1dd8-402e-af6c-482a728db3cc admin admin] SCRIPT_NAME: `/identity` {{(pid=42254) log_request_info /opt/stack/keystone/keystone/server/flask/request_processing/req_logging.py:28}}
Jul 24 08:29:56 user devstack@keystone.service[42255]: DEBUG keystone.server.flask.request_processing.middleware.auth_context [None req-b2692118-561b-491a-856b-cd5289d4a161 admin admin] Validating token access rules against request {{(pid=42255) validate_allowed_request /usr/local/lib/python3.10/dist-packages/keystonemiddleware/auth_token/__init__.py:544}}
Jul 24 08:29:56 user devstack@keystone.service[42254]: DEBUG keystone.server.flask.request_processing.req_logging [None req-e51b9fe6-1dd8-402e-af6c-482a728db3cc admin admin] PATH_INFO: `/v3/projects/be7d8770268c4507817f31eb4598acee` {{(pid=42254) log_request_info /opt/stack/keystone/keystone/server/flask/request_processing/req_logging.py:29}}
Jul 24 08:29:56 user devstack@keystone.service[42254]: DEBUG keystone.common.rbac_enforcer.enforcer [None req-e51b9fe6-1dd8-402e-af6c-482a728db3cc admin admin] RBAC: Authorizing `identity:get_project(project_id=be7d8770268c4507817f31eb4598acee)` {{(pid=42254) enforce_call /opt/stack/keystone/keystone/common/rbac_enforcer/enforcer.py:449}}
Jul 24 08:29:56 user devstack@keystone.service[42254]: DEBUG keystone.common.rbac_enforcer.enforcer [None req-e51b9fe6-1dd8-402e-af6c-482a728db3cc admin admin] RBAC: Authorization granted {{(pid=42254) enforce_call /opt/stack/keystone/keystone/common/rbac_enforcer/enforcer.py:457}}
Jul 24 08:29:56 user devstack@keystone.service[42254]: [pid: 42254|app: 0|req: 98/293] 10.0.0.210 () {56 vars in 1202 bytes} [Mon Jul 24 08:29:56 2023] GET /identity/v3/projects/be7d8770268c4507817f31eb4598acee => generated 343 bytes in 20 msecs (HTTP/1.1 200) 5 headers in 177 bytes (1 switches on core 0)
Jul 24 08:29:56 user devstack@keystone.service[42255]: DEBUG keystone.server.flask.request_processing.middleware.auth_context [None req-6914647a-f190-4a5f-8f84-d2317cb63f1d admin admin] RBAC: auth_context: {'token': , 'domain_id': None, 'trust_id': None, 'trustor_id': None, 'trustee_id': None, 'domain_name': None, 'group_ids': [], 'user_id': '8017dccf2d344ae7aaf628828ab28f8d', 'user_domain_id': 'default', 'system_scope': None, 'project_id': 'be7d8770268c4507817f31eb4598acee', 'project_domain_id': 'default', 'roles': ['member', 'reader', 'admin'], 'is_admin_project': True, 'service_user_id': None, 'service_user_domain_id': None, 'service_project_id': None, 'service_project_domain_id': None, 'service_roles': []} {{(pid=42255) fill_context /opt/stack/keystone/keystone/server/flask/request_processing/middleware/auth_context.py:480}}
Jul 24 08:29:56 user devstack@keystone.service[42255]: DEBUG keystone.server.flask.request_processing.req_logging [None req-6914647a-f190-4a5f-8f84-d2317cb63f1d admin admin] REQUEST_METHOD: `PUT` {{(pid=42255) log_request_info /opt/stack/keystone/keystone/server/flask/request_processing/req_logging.py:27}}
Jul 24 08:29:56 user devstack@keystone.service[42255]: DEBUG keystone.server.flask.request_processing.req_logging [None req-6914647a-f190-4a5f-8f84-d2317cb63f1d admin admin] SCRIPT_NAME: `/identity` {{(pid=42255) log_request_info /opt/stack/keystone/keystone/server/flask/request_processing/req_logging.py:28}}
Jul 24 08:29:56 user devstack@keystone.service[42255]: DEBUG keystone.server.flask.request_processing.req_logging [None req-6914647a-f190-4a5f-8f84-d2317cb63f1d admin admin] PATH_INFO: `/v3/projects/43b16b0ee49e4e34bfb2e10a4ba066ae/groups/9616e35dbf6e44bd95e6754a2e9005d6/roles/53fca33c7ade4362972b1e62b59e33d9` {{(pid=42255) log_request_info /opt/stack/keystone/keystone/server/flask/request_processing/req_logging.py:29}}
Jul 24 08:29:56 user devstack@keystone.service[42254]: DEBUG keystone.server.flask.request_processing.middleware.auth_context [None req-e51b9fe6-1dd8-402e-af6c-482a728db3cc admin admin] Authenticating user token {{(pid=42254) process_request /usr/local/lib/python3.10/dist-packages/keystonemiddleware/auth_token/__init__.py:406}}
Jul 24 08:29:56 user devstack@keystone.service[42255]: DEBUG keystone.common.rbac_enforcer.enforcer [None req-6914647a-f190-4a5f-8f84-d2317cb63f1d admin admin] RBAC: Authorizing `identity:create_grant(project_id=43b16b0ee49e4e34bfb2e10a4ba066ae, group_id=9616e35dbf6e44bd95e6754a2e9005d6, role_id=53fca33c7ade4362972b1e62b59e33d9)` {{(pid=42255) enforce_call /opt/stack/keystone/keystone/common/rbac_enforcer/enforcer.py:449}}
Jul 24 08:29:56 user devstack@keystone.service[42255]: WARNING py.warnings [None req-6914647a-f190-4a5f-8f84-d2317cb63f1d admin admin] /usr/local/lib/python3.10/dist-packages/oslo_policy/policy.py:1130: UserWarning: Policy "identity:create_grant": "(role:admin and system_scope:all) or ((role:admin and domain_id:%(target.user.domain_id)s and domain_id:%(target.project.domain_id)s) or (role:admin and domain_id:%(target.user.domain_id)s and domain_id:%(target.domain.id)s) or (role:admin and domain_id:%(target.group.domain_id)s and domain_id:%(target.project.domain_id)s) or (role:admin and domain_id:%(target.group.domain_id)s and domain_id:%(target.domain.id)s)) and (domain_id:%(target.role.domain_id)s or None:%(target.role.domain_id)s)" failed scope check. The token used to make the request was project scoped but the policy requires ['system', 'domain'] scope. This behavior may change in the future where using the intended scope is required
Jul 24 08:29:56 user devstack@keystone.service[42255]: warnings.warn(msg)
Jul 24 08:29:56 user devstack@keystone.service[42255]:
Jul 24 08:29:56 user devstack@keystone.service[42255]: DEBUG keystone.common.rbac_enforcer.enforcer [None req-6914647a-f190-4a5f-8f84-d2317cb63f1d admin admin] RBAC: Authorization granted {{(pid=42255) enforce_call /opt/stack/keystone/keystone/common/rbac_enforcer/enforcer.py:457}}
Jul 24 08:29:56 user devstack@keystone.service[42254]: DEBUG keystone.server.flask.request_processing.middleware.auth_context [None req-e51b9fe6-1dd8-402e-af6c-482a728db3cc admin admin] Validating token access rules against request {{(pid=42254) validate_allowed_request /usr/local/lib/python3.10/dist-packages/keystonemiddleware/auth_token/__init__.py:544}}
Jul 24 08:29:56 user devstack@keystone.service[42254]: DEBUG keystone.server.flask.request_processing.middleware.auth_context [None req-2e5e836a-0105-43a8-9c69-80b8af75f658 admin admin] RBAC: auth_context: {'token': , 'domain_id': None, 'trust_id': None, 'trustor_id': None, 'trustee_id': None, 'domain_name': None, 'group_ids': [], 'user_id': '8017dccf2d344ae7aaf628828ab28f8d', 'user_domain_id': 'default', 'system_scope': None, 'project_id': 'be7d8770268c4507817f31eb4598acee', 'project_domain_id': 'default', 'roles': ['member', 'reader', 'admin'], 'is_admin_project': True, 'service_user_id': None, 'service_user_domain_id': None, 'service_project_id': None, 'service_project_domain_id': None, 'service_roles': []} {{(pid=42254) fill_context /opt/stack/keystone/keystone/server/flask/request_processing/middleware/auth_context.py:480}}
Jul 24 08:29:56 user devstack@keystone.service[42254]: DEBUG keystone.server.flask.request_processing.req_logging [None req-2e5e836a-0105-43a8-9c69-80b8af75f658 admin admin] REQUEST_METHOD: `PUT` {{(pid=42254) log_request_info /opt/stack/keystone/keystone/server/flask/request_processing/req_logging.py:27}}
Jul 24 08:29:56 user devstack@keystone.service[42254]: DEBUG keystone.server.flask.request_processing.req_logging [None req-2e5e836a-0105-43a8-9c69-80b8af75f658 admin admin] SCRIPT_NAME: `/identity` {{(pid=42254) log_request_info /opt/stack/keystone/keystone/server/flask/request_processing/req_logging.py:28}}
Jul 24 08:29:56 user devstack@keystone.service[42254]: DEBUG keystone.server.flask.request_processing.req_logging [None req-2e5e836a-0105-43a8-9c69-80b8af75f658 admin admin] PATH_INFO: `/v3/projects/be7d8770268c4507817f31eb4598acee/groups/76f14bd324924a6ea4a5178a8442adf2/roles/f32ba124bda146e5b4c4a38340f2bb37` {{(pid=42254) log_request_info /opt/stack/keystone/keystone/server/flask/request_processing/req_logging.py:29}}
Jul 24 08:29:56 user devstack@keystone.service[42254]: DEBUG keystone.common.rbac_enforcer.enforcer [None req-2e5e836a-0105-43a8-9c69-80b8af75f658 admin admin] RBAC: Authorizing `identity:create_grant(project_id=be7d8770268c4507817f31eb4598acee, group_id=76f14bd324924a6ea4a5178a8442adf2, role_id=f32ba124bda146e5b4c4a38340f2bb37)` {{(pid=42254) enforce_call /opt/stack/keystone/keystone/common/rbac_enforcer/enforcer.py:449}}
Jul 24 08:29:56 user devstack@keystone.service[42254]: DEBUG keystone.common.rbac_enforcer.enforcer [None req-2e5e836a-0105-43a8-9c69-80b8af75f658 admin admin] RBAC: Authorization granted {{(pid=42254) enforce_call /opt/stack/keystone/keystone/common/rbac_enforcer/enforcer.py:457}}
Jul 24 08:29:56 user devstack@keystone.service[42255]: [pid: 42255|app: 0|req: 98/294] 10.0.0.210 () {58 vars in 1458 bytes} [Mon Jul 24 08:29:56 2023] PUT /identity/v3/projects/43b16b0ee49e4e34bfb2e10a4ba066ae/groups/9616e35dbf6e44bd95e6754a2e9005d6/roles/53fca33c7ade4362972b1e62b59e33d9 => generated 0 bytes in 45 msecs (HTTP/1.1 204) 3 headers in 132 bytes (0 switches on core 0)
Jul 24 08:29:56 user devstack@keystone.service[42254]: [pid: 42254|app: 0|req: 99/295] 10.0.0.210 () {58 vars in 1458 bytes} [Mon Jul 24 08:29:56 2023] PUT /identity/v3/projects/be7d8770268c4507817f31eb4598acee/groups/76f14bd324924a6ea4a5178a8442adf2/roles/f32ba124bda146e5b4c4a38340f2bb37 => generated 0 bytes in 36 msecs (HTTP/1.1 204) 3 headers in 132 bytes (0 switches on core 0)
Jul 24 08:29:56 user devstack@keystone.service[42256]: DEBUG keystone.server.flask.request_processing.middleware.auth_context [None req-78ec48a6-8010-477c-81fd-61778882362f None admin] Validating token access rules against request {{(pid=42256) validate_allowed_request /usr/local/lib/python3.10/dist-packages/keystonemiddleware/auth_token/__init__.py:544}}
Jul 24 08:29:56 user devstack@keystone.service[42256]: DEBUG dbcounter [-] [42256] Writing DB stats keystone:SELECT=100 {{(pid=42256) stat_writer /usr/local/lib/python3.10/dist-packages/dbcounter.py:117}}
Jul 24 08:29:56 user devstack@keystone.service[42256]: DEBUG keystone.server.flask.request_processing.middleware.auth_context [None req-89a80c3a-a84b-4ccc-8e52-f0022ac56a6f None admin] RBAC: auth_context: {'token': , 'domain_id': None, 'trust_id': None, 'trustor_id': None, 'trustee_id': None, 'domain_name': None, 'group_ids': [], 'user_id': '8017dccf2d344ae7aaf628828ab28f8d', 'user_domain_id': 'default', 'system_scope': 'all', 'project_id': None, 'project_domain_id': None, 'roles': ['admin', 'member', 'reader'], 'is_admin_project': True, 'service_user_id': None, 'service_user_domain_id': None, 'service_project_id': None, 'service_project_domain_id': None, 'service_roles': []} {{(pid=42256) fill_context /opt/stack/keystone/keystone/server/flask/request_processing/middleware/auth_context.py:480}}
Jul 24 08:29:56 user devstack@keystone.service[42256]: DEBUG keystone.server.flask.request_processing.req_logging [None req-89a80c3a-a84b-4ccc-8e52-f0022ac56a6f None admin] REQUEST_METHOD: `GET` {{(pid=42256) log_request_info /opt/stack/keystone/keystone/server/flask/request_processing/req_logging.py:27}}
Jul 24 08:29:56 user devstack@keystone.service[42256]: DEBUG keystone.server.flask.request_processing.req_logging [None req-89a80c3a-a84b-4ccc-8e52-f0022ac56a6f None admin] SCRIPT_NAME: `/identity` {{(pid=42256) log_request_info /opt/stack/keystone/keystone/server/flask/request_processing/req_logging.py:28}}
Jul 24 08:29:56 user devstack@keystone.service[42256]: DEBUG keystone.server.flask.request_processing.req_logging [None req-89a80c3a-a84b-4ccc-8e52-f0022ac56a6f None admin] PATH_INFO: `/v3/role_assignments` {{(pid=42256) log_request_info /opt/stack/keystone/keystone/server/flask/request_processing/req_logging.py:29}}
Jul 24 08:29:56 user devstack@keystone.service[42256]: DEBUG keystone.common.rbac_enforcer.enforcer [None req-89a80c3a-a84b-4ccc-8e52-f0022ac56a6f None admin] RBAC: Adding query filter params (role.id=d2e18ef7ada6472fbe39536786dc6197, user.id=1e5e61bf2b7a4da891f1e64c157acdca, scope.system=all) {{(pid=42256) _extract_filter_values /opt/stack/keystone/keystone/common/rbac_enforcer/enforcer.py:167}}
Jul 24 08:29:56 user devstack@keystone.service[42256]: DEBUG keystone.common.rbac_enforcer.enforcer [None req-89a80c3a-a84b-4ccc-8e52-f0022ac56a6f None admin] RBAC: Authorizing `identity:list_role_assignments()` {{(pid=42256) enforce_call /opt/stack/keystone/keystone/common/rbac_enforcer/enforcer.py:449}}
Jul 24 08:29:56 user devstack@keystone.service[42256]: DEBUG keystone.common.rbac_enforcer.enforcer [None req-89a80c3a-a84b-4ccc-8e52-f0022ac56a6f None admin] RBAC: Authorization granted {{(pid=42256) enforce_call /opt/stack/keystone/keystone/common/rbac_enforcer/enforcer.py:457}}
Jul 24 08:29:56 user devstack@keystone.service[42256]: [pid: 42256|app: 0|req: 99/296] 10.0.0.210 () {56 vars in 1303 bytes} [Mon Jul 24 08:29:56 2023] GET /identity/v3/role_assignments?user.id=1e5e61bf2b7a4da891f1e64c157acdca&scope.system=all&role.id=d2e18ef7ada6472fbe39536786dc6197 => generated 508 bytes in 185 msecs (HTTP/1.1 200) 5 headers in 177 bytes (1 switches on core 0)
Jul 24 08:29:57 user devstack@keystone.service[42255]: DEBUG keystone.server.flask.request_processing.req_logging [None req-8e365842-6c33-4918-97f0-4e4d1d6562e1 None None] REQUEST_METHOD: `GET` {{(pid=42255) log_request_info /opt/stack/keystone/keystone/server/flask/request_processing/req_logging.py:27}}
Jul 24 08:29:57 user devstack@keystone.service[42255]: DEBUG keystone.server.flask.request_processing.req_logging [None req-8e365842-6c33-4918-97f0-4e4d1d6562e1 None None] SCRIPT_NAME: `/identity` {{(pid=42255) log_request_info /opt/stack/keystone/keystone/server/flask/request_processing/req_logging.py:28}}
Jul 24 08:29:57 user devstack@keystone.service[42255]: DEBUG keystone.server.flask.request_processing.req_logging [None req-8e365842-6c33-4918-97f0-4e4d1d6562e1 None None] PATH_INFO: `/` {{(pid=42255) log_request_info /opt/stack/keystone/keystone/server/flask/request_processing/req_logging.py:29}}
Jul 24 08:29:57 user devstack@keystone.service[42255]: [pid: 42255|app: 0|req: 99/297] 10.0.0.210 () {54 vars in 920 bytes} [Mon Jul 24 08:29:57 2023] GET /identity => generated 269 bytes in 3 msecs (HTTP/1.1 300) 6 headers in 233 bytes (1 switches on core 0)
Jul 24 08:29:57 user devstack@keystone.service[42254]: DEBUG keystone.server.flask.request_processing.req_logging [None req-9c7c77e4-c927-4712-8e12-60719a5dac45 None None] REQUEST_METHOD: `POST` {{(pid=42254) log_request_info /opt/stack/keystone/keystone/server/flask/request_processing/req_logging.py:27}}
Jul 24 08:29:57 user devstack@keystone.service[42254]: DEBUG keystone.server.flask.request_processing.req_logging [None req-9c7c77e4-c927-4712-8e12-60719a5dac45 None None] SCRIPT_NAME: `/identity` {{(pid=42254) log_request_info /opt/stack/keystone/keystone/server/flask/request_processing/req_logging.py:28}}
Jul 24 08:29:57 user devstack@keystone.service[42254]: DEBUG keystone.server.flask.request_processing.req_logging [None req-9c7c77e4-c927-4712-8e12-60719a5dac45 None None] PATH_INFO: `/v3/auth/tokens` {{(pid=42254) log_request_info /opt/stack/keystone/keystone/server/flask/request_processing/req_logging.py:29}}
Jul 24 08:29:57 user devstack@keystone.service[42254]: WARNING keystone.common.password_hashing [None req-9c7c77e4-c927-4712-8e12-60719a5dac45 None None] Truncating password to algorithm specific maximum length 54 characters.
Jul 24 08:29:57 user devstack@keystone.service[42254]: DEBUG keystone.auth.core [None req-9c7c77e4-c927-4712-8e12-60719a5dac45 None None] MFA Rules not processed for user `8017dccf2d344ae7aaf628828ab28f8d`. Rule list: `[]` (Enabled: `True`). {{(pid=42254) check_auth_methods_against_rules /opt/stack/keystone/keystone/auth/core.py:438}}
Jul 24 08:29:57 user devstack@keystone.service[42254]: DEBUG keystone.common.fernet_utils [None req-9c7c77e4-c927-4712-8e12-60719a5dac45 None None] Loaded 2 Fernet keys from /etc/keystone/fernet-keys/, but `[fernet_tokens] max_active_keys = 3`; perhaps there have not been enough key rotations to reach `max_active_keys` yet? {{(pid=42254) load_keys /opt/stack/keystone/keystone/common/fernet_utils.py:286}}
Jul 24 08:29:57 user devstack@keystone.service[42254]: [pid: 42254|app: 0|req: 100/298] 10.0.0.210 () {58 vars in 1017 bytes} [Mon Jul 24 08:29:57 2023] POST /identity/v3/auth/tokens => generated 798 bytes in 76 msecs (HTTP/1.1 201) 6 headers in 363 bytes (1 switches on core 0)
Jul 24 08:29:57 user devstack@keystone.service[42256]: DEBUG keystone.server.flask.request_processing.middleware.auth_context [None req-89a80c3a-a84b-4ccc-8e52-f0022ac56a6f None admin] Authenticating user token {{(pid=42256) process_request /usr/local/lib/python3.10/dist-packages/keystonemiddleware/auth_token/__init__.py:406}}
Jul 24 08:29:57 user devstack@keystone.service[42255]: DEBUG keystone.server.flask.request_processing.req_logging [None req-5f46c9a8-36ae-4933-bf14-0c130407f7fb None None] REQUEST_METHOD: `GET` {{(pid=42255) log_request_info /opt/stack/keystone/keystone/server/flask/request_processing/req_logging.py:27}}
Jul 24 08:29:57 user devstack@keystone.service[42255]: DEBUG keystone.server.flask.request_processing.req_logging [None req-5f46c9a8-36ae-4933-bf14-0c130407f7fb None None] SCRIPT_NAME: `/identity` {{(pid=42255) log_request_info /opt/stack/keystone/keystone/server/flask/request_processing/req_logging.py:28}}
Jul 24 08:29:57 user devstack@keystone.service[42255]: DEBUG keystone.server.flask.request_processing.req_logging [None req-5f46c9a8-36ae-4933-bf14-0c130407f7fb None None] PATH_INFO: `/` {{(pid=42255) log_request_info /opt/stack/keystone/keystone/server/flask/request_processing/req_logging.py:29}}
Jul 24 08:29:57 user devstack@keystone.service[42255]: [pid: 42255|app: 0|req: 100/299] 10.0.0.210 () {54 vars in 920 bytes} [Mon Jul 24 08:29:57 2023] GET /identity => generated 269 bytes in 2 msecs (HTTP/1.1 300) 6 headers in 233 bytes (1 switches on core 0)
Jul 24 08:29:57 user devstack@keystone.service[42254]: DEBUG keystone.server.flask.request_processing.req_logging [None req-9b092fec-daaf-4d6d-b1be-5199dda62439 None None] REQUEST_METHOD: `POST` {{(pid=42254) log_request_info /opt/stack/keystone/keystone/server/flask/request_processing/req_logging.py:27}}
Jul 24 08:29:57 user devstack@keystone.service[42254]: DEBUG keystone.server.flask.request_processing.req_logging [None req-9b092fec-daaf-4d6d-b1be-5199dda62439 None None] SCRIPT_NAME: `/identity` {{(pid=42254) log_request_info /opt/stack/keystone/keystone/server/flask/request_processing/req_logging.py:28}}
Jul 24 08:29:57 user devstack@keystone.service[42254]: DEBUG keystone.server.flask.request_processing.req_logging [None req-9b092fec-daaf-4d6d-b1be-5199dda62439 None None] PATH_INFO: `/v3/auth/tokens` {{(pid=42254) log_request_info /opt/stack/keystone/keystone/server/flask/request_processing/req_logging.py:29}}
Jul 24 08:29:57 user devstack@keystone.service[42254]: WARNING keystone.common.password_hashing [None req-9b092fec-daaf-4d6d-b1be-5199dda62439 None None] Truncating password to algorithm specific maximum length 54 characters.
Jul 24 08:29:57 user devstack@keystone.service[42254]: DEBUG keystone.auth.core [None req-9b092fec-daaf-4d6d-b1be-5199dda62439 None None] MFA Rules not processed for user `8017dccf2d344ae7aaf628828ab28f8d`. Rule list: `[]` (Enabled: `True`). {{(pid=42254) check_auth_methods_against_rules /opt/stack/keystone/keystone/auth/core.py:438}}
Jul 24 08:29:57 user devstack@keystone.service[42254]: DEBUG keystone.common.fernet_utils [None req-9b092fec-daaf-4d6d-b1be-5199dda62439 None None] Loaded 2 Fernet keys from /etc/keystone/fernet-keys/, but `[fernet_tokens] max_active_keys = 3`; perhaps there have not been enough key rotations to reach `max_active_keys` yet? {{(pid=42254) load_keys /opt/stack/keystone/keystone/common/fernet_utils.py:286}}
Jul 24 08:29:57 user devstack@keystone.service[42256]: DEBUG keystone.server.flask.request_processing.middleware.auth_context [None req-89a80c3a-a84b-4ccc-8e52-f0022ac56a6f None admin] Validating token access rules against request {{(pid=42256) validate_allowed_request /usr/local/lib/python3.10/dist-packages/keystonemiddleware/auth_token/__init__.py:544}}
Jul 24 08:29:57 user devstack@keystone.service[42256]: DEBUG keystone.server.flask.request_processing.middleware.auth_context [None req-667f37fd-3501-404b-bae2-c967d866ecde None admin] RBAC: auth_context: {'token': , 'domain_id': None, 'trust_id': None, 'trustor_id': None, 'trustee_id': None, 'domain_name': None, 'group_ids': [], 'user_id': '8017dccf2d344ae7aaf628828ab28f8d', 'user_domain_id': 'default', 'system_scope': 'all', 'project_id': None, 'project_domain_id': None, 'roles': ['admin', 'member', 'reader'], 'is_admin_project': True, 'service_user_id': None, 'service_user_domain_id': None, 'service_project_id': None, 'service_project_domain_id': None, 'service_roles': []} {{(pid=42256) fill_context /opt/stack/keystone/keystone/server/flask/request_processing/middleware/auth_context.py:480}}
Jul 24 08:29:57 user devstack@keystone.service[42256]: DEBUG keystone.server.flask.request_processing.req_logging [None req-667f37fd-3501-404b-bae2-c967d866ecde None admin] REQUEST_METHOD: `GET` {{(pid=42256) log_request_info /opt/stack/keystone/keystone/server/flask/request_processing/req_logging.py:27}}
Jul 24 08:29:57 user devstack@keystone.service[42256]: DEBUG keystone.server.flask.request_processing.req_logging [None req-667f37fd-3501-404b-bae2-c967d866ecde None admin] SCRIPT_NAME: `/identity` {{(pid=42256) log_request_info /opt/stack/keystone/keystone/server/flask/request_processing/req_logging.py:28}}
Jul 24 08:29:57 user devstack@keystone.service[42256]: DEBUG keystone.server.flask.request_processing.req_logging [None req-667f37fd-3501-404b-bae2-c967d866ecde None admin] PATH_INFO: `/v3/roles/member` {{(pid=42256) log_request_info /opt/stack/keystone/keystone/server/flask/request_processing/req_logging.py:29}}
Jul 24 08:29:57 user devstack@keystone.service[42254]: DEBUG dbcounter [-] [42254] Writing DB stats keystone:SELECT=99,keystone:INSERT=1 {{(pid=42254) stat_writer /usr/local/lib/python3.10/dist-packages/dbcounter.py:117}}
Jul 24 08:29:57 user devstack@keystone.service[42256]: DEBUG keystone.common.rbac_enforcer.enforcer [None req-667f37fd-3501-404b-bae2-c967d866ecde None admin] Extracting inferred target data resulted in "NOT FOUND (404)". {{(pid=42256) enforce_call /opt/stack/keystone/keystone/common/rbac_enforcer/enforcer.py:409}}
Jul 24 08:29:57 user devstack@keystone.service[42255]: DEBUG keystone.server.flask.request_processing.req_logging [None req-1d4d24c2-95fd-4869-a845-0b0b1fc4c70c None None] REQUEST_METHOD: `GET` {{(pid=42255) log_request_info /opt/stack/keystone/keystone/server/flask/request_processing/req_logging.py:27}}
Jul 24 08:29:57 user devstack@keystone.service[42255]: DEBUG keystone.server.flask.request_processing.req_logging [None req-1d4d24c2-95fd-4869-a845-0b0b1fc4c70c None None] SCRIPT_NAME: `/identity` {{(pid=42255) log_request_info /opt/stack/keystone/keystone/server/flask/request_processing/req_logging.py:28}}
Jul 24 08:29:57 user devstack@keystone.service[42255]: DEBUG keystone.server.flask.request_processing.req_logging [None req-1d4d24c2-95fd-4869-a845-0b0b1fc4c70c None None] PATH_INFO: `/` {{(pid=42255) log_request_info /opt/stack/keystone/keystone/server/flask/request_processing/req_logging.py:29}}
Jul 24 08:29:57 user devstack@keystone.service[42255]: [pid: 42255|app: 0|req: 101/300] 10.0.0.210 () {54 vars in 920 bytes} [Mon Jul 24 08:29:57 2023] GET /identity => generated 269 bytes in 2 msecs (HTTP/1.1 300) 6 headers in 233 bytes (1 switches on core 0)
Jul 24 08:29:57 user devstack@keystone.service[42256]: ERROR keystone.server.flask.application [None req-667f37fd-3501-404b-bae2-c967d866ecde None admin] Could not find role: member.: keystone.exception.RoleNotFound: Could not find role: member.
Jul 24 08:29:57 user devstack@keystone.service[42256]: ERROR keystone.server.flask.application
Traceback (most recent call last):
Jul 24 08:29:57 user devstack@keystone.service[42256]: ERROR keystone.server.flask.application
File "/usr/local/lib/python3.10/dist-packages/flask/app.py", line 1823, in full_dispatch_request
Jul 24 08:29:57 user devstack@keystone.service[42256]: ERROR keystone.server.flask.application rv = self.dispatch_request()
Jul 24 08:29:57 user devstack@keystone.service[42256]: ERROR keystone.server.flask.application
File "/usr/local/lib/python3.10/dist-packages/flask/app.py", line 1799, in dispatch_request
Jul 24 08:29:57 user devstack@keystone.service[42256]: ERROR keystone.server.flask.application return self.ensure_sync(self.view_functions[rule.endpoint])(**view_args)
Jul 24 08:29:57 user devstack@keystone.service[42256]: ERROR keystone.server.flask.application
File "/usr/local/lib/python3.10/dist-packages/flask_restful/__init__.py", line 467, in wrapper
Jul 24 08:29:57 user devstack@keystone.service[42256]: ERROR keystone.server.flask.application resp = resource(*args, **kwargs)
Jul 24 08:29:57 user devstack@keystone.service[42256]: ERROR keystone.server.flask.application
File "/usr/local/lib/python3.10/dist-packages/flask/views.py", line 107, in view
Jul 24 08:29:57 user devstack@keystone.service[42256]: ERROR keystone.server.flask.application return current_app.ensure_sync(self.dispatch_request)(**kwargs)
Jul 24 08:29:57 user devstack@keystone.service[42256]: ERROR keystone.server.flask.application
File "/usr/local/lib/python3.10/dist-packages/flask_restful/__init__.py", line 582, in dispatch_request
Jul 24 08:29:57 user devstack@keystone.service[42256]: ERROR keystone.server.flask.application resp = meth(*args, **kwargs)
Jul 24 08:29:57 user devstack@keystone.service[42256]: ERROR keystone.server.flask.application
File "/opt/stack/keystone/keystone/api/roles.py", line 50, in get
Jul 24 08:29:57 user devstack@keystone.service[42256]: ERROR keystone.server.flask.application return self._get_role(role_id)
Jul 24 08:29:57 user devstack@keystone.service[42256]: ERROR keystone.server.flask.application
File "/opt/stack/keystone/keystone/api/roles.py", line 70, in _get_role
Jul 24 08:29:57 user devstack@keystone.service[42256]: ERROR keystone.server.flask.application ENFORCER.enforce_call(action='identity:get_role')
Jul 24 08:29:57 user devstack@keystone.service[42256]: ERROR keystone.server.flask.application
File "/opt/stack/keystone/keystone/common/rbac_enforcer/enforcer.py", line 402, in enforce_call
Jul 24 08:29:57 user devstack@keystone.service[42256]: ERROR keystone.server.flask.application policy_dict.update(cls._extract_member_target_data(
Jul 24 08:29:57 user devstack@keystone.service[42256]: ERROR keystone.server.flask.application
File "/opt/stack/keystone/keystone/common/rbac_enforcer/enforcer.py", line 234, in _extract_member_target_data
Jul 24 08:29:57 user devstack@keystone.service[42256]: ERROR keystone.server.flask.application member_name: func(flask.request.view_args[key])
Jul 24 08:29:57 user devstack@keystone.service[42256]: ERROR keystone.server.flask.application
File "/opt/stack/keystone/keystone/common/manager.py", line 115, in wrapped
Jul 24 08:29:57 user devstack@keystone.service[42256]: ERROR keystone.server.flask.application __ret_val = __f(*args, **kwargs)
Jul 24 08:29:57 user devstack@keystone.service[42256]: ERROR keystone.server.flask.application
File "/usr/local/lib/python3.10/dist-packages/decorator.py", line 232, in fun
Jul 24 08:29:57 user devstack@keystone.service[42256]: ERROR keystone.server.flask.application return caller(func, *(extras + args), **kw)
Jul 24 08:29:57 user devstack@keystone.service[42256]: ERROR keystone.server.flask.application
File "/usr/local/lib/python3.10/dist-packages/dogpile/cache/region.py", line 1577, in get_or_create_for_user_func
Jul 24 08:29:57 user devstack@keystone.service[42256]: ERROR keystone.server.flask.application return self.get_or_create(
Jul 24 08:29:57 user devstack@keystone.service[42256]: ERROR keystone.server.flask.application
File "/usr/local/lib/python3.10/dist-packages/dogpile/cache/region.py", line 1042, in get_or_create
Jul 24 08:29:57 user devstack@keystone.service[42256]: ERROR keystone.server.flask.application with Lock(
Jul 24 08:29:57 user devstack@keystone.service[42256]: ERROR keystone.server.flask.application
File "/usr/local/lib/python3.10/dist-packages/dogpile/lock.py", line 185, in __enter__
Jul 24 08:29:57 user devstack@keystone.service[42256]: ERROR keystone.server.flask.application return self._enter()
Jul 24 08:29:57 user devstack@keystone.service[42256]: ERROR keystone.server.flask.application
File "/usr/local/lib/python3.10/dist-packages/dogpile/lock.py", line 94, in _enter
Jul 24 08:29:57 user devstack@keystone.service[42256]: ERROR keystone.server.flask.application generated = self._enter_create(value, createdtime)
Jul 24 08:29:57 user devstack@keystone.service[42256]: ERROR keystone.server.flask.application
File "/usr/local/lib/python3.10/dist-packages/dogpile/lock.py", line 178, in _enter_create
Jul 24 08:29:57 user devstack@keystone.service[42256]: ERROR keystone.server.flask.application return self.creator()
Jul 24 08:29:57 user devstack@keystone.service[42256]: ERROR keystone.server.flask.application
File "/usr/local/lib/python3.10/dist-packages/dogpile/cache/region.py", line 995, in gen_value
Jul 24 08:29:57 user devstack@keystone.service[42256]: ERROR keystone.server.flask.application created_value = creator(
Jul 24 08:29:57 user devstack@keystone.service[42256]: ERROR keystone.server.flask.application
File "/opt/stack/keystone/keystone/assignment/core.py", line 1276, in get_role
Jul 24 08:29:57 user devstack@keystone.service[42256]: ERROR keystone.server.flask.application return self.driver.get_role(role_id)
Jul 24 08:29:57 user devstack@keystone.service[42256]: ERROR keystone.server.flask.application
File "/opt/stack/keystone/keystone/assignment/role_backends/sql.py", line 70, in get_role
Jul 24 08:29:57 user devstack@keystone.service[42256]: ERROR keystone.server.flask.application return self._get_role(session, role_id).to_dict()
Jul 24 08:29:57 user devstack@keystone.service[42256]: ERROR keystone.server.flask.application
File "/opt/stack/keystone/keystone/assignment/role_backends/sql.py", line 65, in _get_role
Jul 24 08:29:57 user devstack@keystone.service[42256]: ERROR keystone.server.flask.application raise exception.RoleNotFound(role_id=role_id)
Jul 24 08:29:57 user devstack@keystone.service[42256]: ERROR keystone.server.flask.application keystone.exception.RoleNotFound: Could not find role: member.
Jul 24 08:29:57 user devstack@keystone.service[42256]: ERROR keystone.server.flask.application
Jul 24 08:29:57 user devstack@keystone.service[42256]: [pid: 42256|app: 0|req: 100/301] 10.0.0.210 () {56 vars in 1094 bytes} [Mon Jul 24 08:29:57 2023] GET /identity/v3/roles/member => generated 84 bytes in 146 msecs (HTTP/1.1 404) 5 headers in 183 bytes (1 switches on core 0)
Jul 24 08:29:57 user devstack@keystone.service[42255]: DEBUG keystone.server.flask.request_processing.req_logging [None req-097c8d74-13cf-49f4-94dd-acd03dcb00a5 None None] REQUEST_METHOD: `POST` {{(pid=42255) log_request_info /opt/stack/keystone/keystone/server/flask/request_processing/req_logging.py:27}}
Jul 24 08:29:57 user devstack@keystone.service[42255]: DEBUG keystone.server.flask.request_processing.req_logging [None req-097c8d74-13cf-49f4-94dd-acd03dcb00a5 None None] SCRIPT_NAME: `/identity` {{(pid=42255) log_request_info /opt/stack/keystone/keystone/server/flask/request_processing/req_logging.py:28}}
Jul 24 08:29:57 user devstack@keystone.service[42255]: DEBUG keystone.server.flask.request_processing.req_logging [None req-097c8d74-13cf-49f4-94dd-acd03dcb00a5 None None] PATH_INFO: `/v3/auth/tokens` {{(pid=42255) log_request_info /opt/stack/keystone/keystone/server/flask/request_processing/req_logging.py:29}}
Jul 24 08:29:57 user devstack@keystone.service[42254]: [pid: 42254|app: 0|req: 101/302] 10.0.0.210 () {58 vars in 1017 bytes} [Mon Jul 24 08:29:57 2023] POST /identity/v3/auth/tokens => generated 798 bytes in 84 msecs (HTTP/1.1 201) 6 headers in 363 bytes (1 switches on core 0)
Jul 24 08:29:57 user devstack@keystone.service[42256]: DEBUG keystone.server.flask.request_processing.middleware.auth_context [None req-667f37fd-3501-404b-bae2-c967d866ecde None admin] Authenticating user token {{(pid=42256) process_request /usr/local/lib/python3.10/dist-packages/keystonemiddleware/auth_token/__init__.py:406}}
Jul 24 08:29:57 user devstack@keystone.service[42255]: WARNING keystone.common.password_hashing [None req-097c8d74-13cf-49f4-94dd-acd03dcb00a5 None None] Truncating password to algorithm specific maximum length 54 characters.
Jul 24 08:29:57 user devstack@keystone.service[42255]: DEBUG keystone.auth.core [None req-097c8d74-13cf-49f4-94dd-acd03dcb00a5 None None] MFA Rules not processed for user `8017dccf2d344ae7aaf628828ab28f8d`. Rule list: `[]` (Enabled: `True`). {{(pid=42255) check_auth_methods_against_rules /opt/stack/keystone/keystone/auth/core.py:438}}
Jul 24 08:29:57 user devstack@keystone.service[42255]: DEBUG keystone.common.fernet_utils [None req-097c8d74-13cf-49f4-94dd-acd03dcb00a5 None None] Loaded 2 Fernet keys from /etc/keystone/fernet-keys/, but `[fernet_tokens] max_active_keys = 3`; perhaps there have not been enough key rotations to reach `max_active_keys` yet? {{(pid=42255) load_keys /opt/stack/keystone/keystone/common/fernet_utils.py:286}}
Jul 24 08:29:57 user devstack@keystone.service[42256]: DEBUG dbcounter [-] [42256] Writing DB stats keystone:SELECT=100 {{(pid=42256) stat_writer /usr/local/lib/python3.10/dist-packages/dbcounter.py:117}}
Jul 24 08:29:57 user devstack@keystone.service[42255]: DEBUG dbcounter [-] [42255] Writing DB stats keystone:SELECT=99,keystone:INSERT=1 {{(pid=42255) stat_writer /usr/local/lib/python3.10/dist-packages/dbcounter.py:117}}
Jul 24 08:29:57 user devstack@keystone.service[42255]: [pid: 42255|app: 0|req: 102/303] 10.0.0.210 () {58 vars in 1017 bytes} [Mon Jul 24 08:29:57 2023] POST /identity/v3/auth/tokens => generated 798 bytes in 88 msecs (HTTP/1.1 201) 6 headers in 363 bytes (1 switches on core 0)
Jul 24 08:29:57 user devstack@keystone.service[42256]: DEBUG keystone.server.flask.request_processing.middleware.auth_context [None req-667f37fd-3501-404b-bae2-c967d866ecde None admin] Validating token access rules against request {{(pid=42256) validate_allowed_request /usr/local/lib/python3.10/dist-packages/keystonemiddleware/auth_token/__init__.py:544}}
Jul 24 08:29:57 user devstack@keystone.service[42256]: DEBUG keystone.server.flask.request_processing.middleware.auth_context [None req-c7b0b60b-06bc-46c0-a7c0-d2ab706d369a None admin] RBAC: auth_context: {'token': , 'domain_id': None, 'trust_id': None, 'trustor_id': None, 'trustee_id': None, 'domain_name': None, 'group_ids': [], 'user_id': '8017dccf2d344ae7aaf628828ab28f8d', 'user_domain_id': 'default', 'system_scope': 'all', 'project_id': None, 'project_domain_id': None, 'roles': ['admin', 'member', 'reader'], 'is_admin_project': True, 'service_user_id': None, 'service_user_domain_id': None, 'service_project_id': None, 'service_project_domain_id': None, 'service_roles': []} {{(pid=42256) fill_context /opt/stack/keystone/keystone/server/flask/request_processing/middleware/auth_context.py:480}}
Jul 24 08:29:57 user devstack@keystone.service[42256]: DEBUG keystone.server.flask.request_processing.req_logging [None req-c7b0b60b-06bc-46c0-a7c0-d2ab706d369a None admin] REQUEST_METHOD: `GET` {{(pid=42256) log_request_info /opt/stack/keystone/keystone/server/flask/request_processing/req_logging.py:27}}
Jul 24 08:29:57 user devstack@keystone.service[42256]: DEBUG keystone.server.flask.request_processing.req_logging [None req-c7b0b60b-06bc-46c0-a7c0-d2ab706d369a None admin] SCRIPT_NAME: `/identity` {{(pid=42256) log_request_info /opt/stack/keystone/keystone/server/flask/request_processing/req_logging.py:28}}
Jul 24 08:29:57 user devstack@keystone.service[42256]: DEBUG keystone.server.flask.request_processing.req_logging [None req-c7b0b60b-06bc-46c0-a7c0-d2ab706d369a None admin] PATH_INFO: `/v3/roles` {{(pid=42256) log_request_info /opt/stack/keystone/keystone/server/flask/request_processing/req_logging.py:29}}
Jul 24 08:29:57 user devstack@keystone.service[42256]: DEBUG keystone.common.rbac_enforcer.enforcer [None req-c7b0b60b-06bc-46c0-a7c0-d2ab706d369a None admin] RBAC: Adding query filter params (name=member) {{(pid=42256) _extract_filter_values /opt/stack/keystone/keystone/common/rbac_enforcer/enforcer.py:167}}
Jul 24 08:29:57 user devstack@keystone.service[42256]: DEBUG keystone.common.rbac_enforcer.enforcer [None req-c7b0b60b-06bc-46c0-a7c0-d2ab706d369a None admin] RBAC: Authorizing `identity:list_roles()` {{(pid=42256) enforce_call /opt/stack/keystone/keystone/common/rbac_enforcer/enforcer.py:449}}
Jul 24 08:29:57 user devstack@keystone.service[42256]: DEBUG keystone.common.rbac_enforcer.enforcer [None req-c7b0b60b-06bc-46c0-a7c0-d2ab706d369a None admin] RBAC: Authorization granted {{(pid=42256) enforce_call /opt/stack/keystone/keystone/common/rbac_enforcer/enforcer.py:457}}
Jul 24 08:29:57 user devstack@keystone.service[42256]: [pid: 42256|app: 0|req: 101/304] 10.0.0.210 () {56 vars in 1096 bytes} [Mon Jul 24 08:29:57 2023] GET /identity/v3/roles?name=member => generated 339 bytes in 142 msecs (HTTP/1.1 200) 5 headers in 177 bytes (1 switches on core 0)
Jul 24 08:29:57 user devstack@keystone.service[42254]: DEBUG keystone.server.flask.request_processing.middleware.auth_context [None req-9b092fec-daaf-4d6d-b1be-5199dda62439 None None] Authenticating user token {{(pid=42254) process_request /usr/local/lib/python3.10/dist-packages/keystonemiddleware/auth_token/__init__.py:406}}
Jul 24 08:29:57 user devstack@keystone.service[42255]: DEBUG keystone.server.flask.request_processing.middleware.auth_context [None req-097c8d74-13cf-49f4-94dd-acd03dcb00a5 None None] Authenticating user token {{(pid=42255) process_request /usr/local/lib/python3.10/dist-packages/keystonemiddleware/auth_token/__init__.py:406}}
Jul 24 08:29:57 user devstack@keystone.service[42254]: DEBUG keystone.server.flask.request_processing.middleware.auth_context [None req-9b092fec-daaf-4d6d-b1be-5199dda62439 None None] Validating token access rules against request {{(pid=42254) validate_allowed_request /usr/local/lib/python3.10/dist-packages/keystonemiddleware/auth_token/__init__.py:544}}
Jul 24 08:29:57 user devstack@keystone.service[42254]: DEBUG keystone.server.flask.request_processing.middleware.auth_context [None req-8631b3ea-ef27-43dc-a49d-51e2481ccf2c None admin] RBAC: auth_context: {'token': , 'domain_id': None, 'trust_id': None, 'trustor_id': None, 'trustee_id': None, 'domain_name': None, 'group_ids': [], 'user_id': '8017dccf2d344ae7aaf628828ab28f8d', 'user_domain_id': 'default', 'system_scope': 'all', 'project_id': None, 'project_domain_id': None, 'roles': ['admin', 'member', 'reader'], 'is_admin_project': True, 'service_user_id': None, 'service_user_domain_id': None, 'service_project_id': None, 'service_project_domain_id': None, 'service_roles': []} {{(pid=42254) fill_context /opt/stack/keystone/keystone/server/flask/request_processing/middleware/auth_context.py:480}}
Jul 24 08:29:57 user devstack@keystone.service[42254]: DEBUG keystone.server.flask.request_processing.req_logging [None req-8631b3ea-ef27-43dc-a49d-51e2481ccf2c None admin] REQUEST_METHOD: `GET` {{(pid=42254) log_request_info /opt/stack/keystone/keystone/server/flask/request_processing/req_logging.py:27}}
Jul 24 08:29:57 user devstack@keystone.service[42256]: DEBUG keystone.server.flask.request_processing.req_logging [None req-0e24cf97-3468-4551-baca-6193d0b38f28 None None] REQUEST_METHOD: `GET` {{(pid=42256) log_request_info /opt/stack/keystone/keystone/server/flask/request_processing/req_logging.py:27}}
Jul 24 08:29:57 user devstack@keystone.service[42254]: DEBUG keystone.server.flask.request_processing.req_logging [None req-8631b3ea-ef27-43dc-a49d-51e2481ccf2c None admin] SCRIPT_NAME: `/identity` {{(pid=42254) log_request_info /opt/stack/keystone/keystone/server/flask/request_processing/req_logging.py:28}}
Jul 24 08:29:57 user devstack@keystone.service[42256]: DEBUG keystone.server.flask.request_processing.req_logging [None req-0e24cf97-3468-4551-baca-6193d0b38f28 None None] SCRIPT_NAME: `/identity` {{(pid=42256) log_request_info /opt/stack/keystone/keystone/server/flask/request_processing/req_logging.py:28}}
Jul 24 08:29:57 user devstack@keystone.service[42254]: DEBUG keystone.server.flask.request_processing.req_logging [None req-8631b3ea-ef27-43dc-a49d-51e2481ccf2c None admin] PATH_INFO: `/v3/auth/tokens` {{(pid=42254) log_request_info /opt/stack/keystone/keystone/server/flask/request_processing/req_logging.py:29}}
Jul 24 08:29:57 user devstack@keystone.service[42256]: DEBUG keystone.server.flask.request_processing.req_logging [None req-0e24cf97-3468-4551-baca-6193d0b38f28 None None] PATH_INFO: `/` {{(pid=42256) log_request_info /opt/stack/keystone/keystone/server/flask/request_processing/req_logging.py:29}}
Jul 24 08:29:57 user devstack@keystone.service[42256]: [pid: 42256|app: 0|req: 102/305] 10.0.0.210 () {54 vars in 920 bytes} [Mon Jul 24 08:29:57 2023] GET /identity => generated 269 bytes in 6 msecs (HTTP/1.1 300) 6 headers in 233 bytes (1 switches on core 0)
Jul 24 08:29:57 user devstack@keystone.service[42256]: DEBUG keystone.server.flask.request_processing.req_logging [None req-5079d517-b92f-4580-aaeb-963fb7b88c04 None None] REQUEST_METHOD: `POST` {{(pid=42256) log_request_info /opt/stack/keystone/keystone/server/flask/request_processing/req_logging.py:27}}
Jul 24 08:29:57 user devstack@keystone.service[42256]: DEBUG keystone.server.flask.request_processing.req_logging [None req-5079d517-b92f-4580-aaeb-963fb7b88c04 None None] SCRIPT_NAME: `/identity` {{(pid=42256) log_request_info /opt/stack/keystone/keystone/server/flask/request_processing/req_logging.py:28}}
