Aug 16 14:50:17 user devstack@keystone.service[44267]: DEBUG keystone.server.flask.request_processing.middleware.auth_context [None req-9bff1b45-e9a9-48da-aff8-edb75b12445d None admin] Validating token access rules against request {{(pid=44267) validate_allowed_request /opt/stack/data/venv/lib/python3.10/site-packages/keystonemiddleware/auth_token/__init__.py:544}}
Aug 16 14:50:17 user devstack@keystone.service[44269]: DEBUG keystone.server.flask.request_processing.middleware.auth_context [None req-472a50c3-361f-46e3-8d14-322178756cae None admin] RBAC: auth_context: {'token': , 'domain_id': None, 'trust_id': None, 'trustor_id': None, 'trustee_id': None, 'domain_name': None, 'group_ids': [], 'user_id': '451eb30ded6e41618db522e9039caabf', 'user_domain_id': 'default', 'system_scope': 'all', 'project_id': None, 'project_domain_id': None, 'roles': ['admin', 'member', 'reader'], 'is_admin_project': True, 'service_user_id': None, 'service_user_domain_id': None, 'service_project_id': None, 'service_project_domain_id': None, 'service_roles': []} {{(pid=44269) fill_context /opt/stack/keystone/keystone/server/flask/request_processing/middleware/auth_context.py:480}}
Aug 16 14:50:17 user devstack@keystone.service[44269]: DEBUG keystone.server.flask.request_processing.req_logging [None req-472a50c3-361f-46e3-8d14-322178756cae None admin] REQUEST_METHOD: `GET` {{(pid=44269) log_request_info /opt/stack/keystone/keystone/server/flask/request_processing/req_logging.py:27}}
Aug 16 14:50:17 user devstack@keystone.service[44269]: DEBUG keystone.server.flask.request_processing.req_logging [None req-472a50c3-361f-46e3-8d14-322178756cae None admin] SCRIPT_NAME: `/identity` {{(pid=44269) log_request_info /opt/stack/keystone/keystone/server/flask/request_processing/req_logging.py:28}}
Aug 16 14:50:17 user devstack@keystone.service[44269]: DEBUG keystone.server.flask.request_processing.req_logging [None req-472a50c3-361f-46e3-8d14-322178756cae None admin] PATH_INFO: `/v3/domains/default` {{(pid=44269) log_request_info /opt/stack/keystone/keystone/server/flask/request_processing/req_logging.py:29}}
Aug 16 14:50:17 user devstack@keystone.service[44269]: DEBUG keystone.common.rbac_enforcer.enforcer [None req-472a50c3-361f-46e3-8d14-322178756cae None admin] RBAC: Authorizing `identity:get_domain(domain_id=default)` {{(pid=44269) enforce_call /opt/stack/keystone/keystone/common/rbac_enforcer/enforcer.py:449}}
Aug 16 14:50:17 user devstack@keystone.service[44269]: DEBUG keystone.common.rbac_enforcer.enforcer [None req-472a50c3-361f-46e3-8d14-322178756cae None admin] RBAC: Authorization granted {{(pid=44269) enforce_call /opt/stack/keystone/keystone/common/rbac_enforcer/enforcer.py:457}}
Aug 16 14:50:17 user devstack@keystone.service[44269]: [pid: 44269|app: 0|req: 50/154] 10.0.0.210 () {56 vars in 1103 bytes} [Wed Aug 16 14:50:17 2023] GET /identity/v3/domains/default => generated 198 bytes in 122 msecs (HTTP/1.1 200) 5 headers in 177 bytes (1 switches on core 0)
Aug 16 14:50:17 user devstack@keystone.service[44269]: DEBUG keystone.server.flask.request_processing.middleware.auth_context [None req-472a50c3-361f-46e3-8d14-322178756cae None admin] Authenticating user token {{(pid=44269) process_request /opt/stack/data/venv/lib/python3.10/site-packages/keystonemiddleware/auth_token/__init__.py:406}}
Aug 16 14:50:17 user devstack@keystone.service[44267]: DEBUG keystone.server.flask.request_processing.middleware.auth_context [None req-d59f702c-71da-4e38-a55c-299e46f7c447 None admin] RBAC: auth_context: {'token': , 'domain_id': None, 'trust_id': None, 'trustor_id': None, 'trustee_id': None, 'domain_name': None, 'group_ids': [], 'user_id': '451eb30ded6e41618db522e9039caabf', 'user_domain_id': 'default', 'system_scope': 'all', 'project_id': None, 'project_domain_id': None, 'roles': ['admin', 'member', 'reader'], 'is_admin_project': True, 'service_user_id': None, 'service_user_domain_id': None, 'service_project_id': None, 'service_project_domain_id': None, 'service_roles': []} {{(pid=44267) fill_context /opt/stack/keystone/keystone/server/flask/request_processing/middleware/auth_context.py:480}}
Aug 16 14:50:17 user devstack@keystone.service[44267]: DEBUG keystone.server.flask.request_processing.req_logging [None req-d59f702c-71da-4e38-a55c-299e46f7c447 None admin] REQUEST_METHOD: `GET` {{(pid=44267) log_request_info /opt/stack/keystone/keystone/server/flask/request_processing/req_logging.py:27}}
Aug 16 14:50:17 user devstack@keystone.service[44267]: DEBUG keystone.server.flask.request_processing.req_logging [None req-d59f702c-71da-4e38-a55c-299e46f7c447 None admin] SCRIPT_NAME: `/identity` {{(pid=44267) log_request_info /opt/stack/keystone/keystone/server/flask/request_processing/req_logging.py:28}}
Aug 16 14:50:17 user devstack@keystone.service[44267]: DEBUG keystone.server.flask.request_processing.req_logging [None req-d59f702c-71da-4e38-a55c-299e46f7c447 None admin] PATH_INFO: `/v3/roles` {{(pid=44267) log_request_info /opt/stack/keystone/keystone/server/flask/request_processing/req_logging.py:29}}
Aug 16 14:50:17 user devstack@keystone.service[44267]: DEBUG keystone.common.rbac_enforcer.enforcer [None req-d59f702c-71da-4e38-a55c-299e46f7c447 None admin] RBAC: Adding query filter params (name=anotherrole) {{(pid=44267) _extract_filter_values /opt/stack/keystone/keystone/common/rbac_enforcer/enforcer.py:167}}
Aug 16 14:50:17 user devstack@keystone.service[44267]: DEBUG keystone.common.rbac_enforcer.enforcer [None req-d59f702c-71da-4e38-a55c-299e46f7c447 None admin] RBAC: Authorizing `identity:list_roles()` {{(pid=44267) enforce_call /opt/stack/keystone/keystone/common/rbac_enforcer/enforcer.py:449}}
Aug 16 14:50:17 user devstack@keystone.service[44267]: DEBUG keystone.common.rbac_enforcer.enforcer [None req-d59f702c-71da-4e38-a55c-299e46f7c447 None admin] RBAC: Authorization granted {{(pid=44267) enforce_call /opt/stack/keystone/keystone/common/rbac_enforcer/enforcer.py:457}}
Aug 16 14:50:17 user devstack@keystone.service[44267]: [pid: 44267|app: 0|req: 52/155] 10.0.0.210 () {56 vars in 1106 bytes} [Wed Aug 16 14:50:17 2023] GET /identity/v3/roles?name=anotherrole => generated 332 bytes in 123 msecs (HTTP/1.1 200) 5 headers in 177 bytes (2 switches on core 0)
Aug 16 14:50:17 user devstack@keystone.service[44267]: DEBUG keystone.server.flask.request_processing.middleware.auth_context [None req-d59f702c-71da-4e38-a55c-299e46f7c447 None admin] Authenticating user token {{(pid=44267) process_request /opt/stack/data/venv/lib/python3.10/site-packages/keystonemiddleware/auth_token/__init__.py:406}}
Aug 16 14:50:17 user devstack@keystone.service[44268]: DEBUG keystone.server.flask.request_processing.middleware.auth_context [None req-7bec9573-bfc4-4a00-a21a-b4d45ddc046d None admin] Validating token access rules against request {{(pid=44268) validate_allowed_request /opt/stack/data/venv/lib/python3.10/site-packages/keystonemiddleware/auth_token/__init__.py:544}}
Aug 16 14:50:17 user devstack@keystone.service[44268]: DEBUG keystone.server.flask.request_processing.middleware.auth_context [None req-d079c5db-bec2-405e-8d3f-9db9732e098a None admin] RBAC: auth_context: {'token': , 'domain_id': None, 'trust_id': None, 'trustor_id': None, 'trustee_id': None, 'domain_name': None, 'group_ids': [], 'user_id': '451eb30ded6e41618db522e9039caabf', 'user_domain_id': 'default', 'system_scope': 'all', 'project_id': None, 'project_domain_id': None, 'roles': ['admin', 'member', 'reader'], 'is_admin_project': True, 'service_user_id': None, 'service_user_domain_id': None, 'service_project_id': None, 'service_project_domain_id': None, 'service_roles': []} {{(pid=44268) fill_context /opt/stack/keystone/keystone/server/flask/request_processing/middleware/auth_context.py:480}}
Aug 16 14:50:17 user devstack@keystone.service[44268]: DEBUG keystone.server.flask.request_processing.req_logging [None req-d079c5db-bec2-405e-8d3f-9db9732e098a None admin] REQUEST_METHOD: `GET` {{(pid=44268) log_request_info /opt/stack/keystone/keystone/server/flask/request_processing/req_logging.py:27}}
Aug 16 14:50:17 user devstack@keystone.service[44268]: DEBUG keystone.server.flask.request_processing.req_logging [None req-d079c5db-bec2-405e-8d3f-9db9732e098a None admin] SCRIPT_NAME: `/identity` {{(pid=44268) log_request_info /opt/stack/keystone/keystone/server/flask/request_processing/req_logging.py:28}}
Aug 16 14:50:17 user devstack@keystone.service[44268]: DEBUG keystone.server.flask.request_processing.req_logging [None req-d079c5db-bec2-405e-8d3f-9db9732e098a None admin] PATH_INFO: `/v3/projects/ffd1256bed0842aaa9c20c009ce110be` {{(pid=44268) log_request_info /opt/stack/keystone/keystone/server/flask/request_processing/req_logging.py:29}}
Aug 16 14:50:17 user devstack@keystone.service[44268]: DEBUG keystone.common.rbac_enforcer.enforcer [None req-d079c5db-bec2-405e-8d3f-9db9732e098a None admin] RBAC: Authorizing `identity:get_project(project_id=ffd1256bed0842aaa9c20c009ce110be)` {{(pid=44268) enforce_call /opt/stack/keystone/keystone/common/rbac_enforcer/enforcer.py:449}}
Aug 16 14:50:17 user devstack@keystone.service[44268]: DEBUG keystone.common.rbac_enforcer.enforcer [None req-d079c5db-bec2-405e-8d3f-9db9732e098a None admin] RBAC: Authorization granted {{(pid=44268) enforce_call /opt/stack/keystone/keystone/common/rbac_enforcer/enforcer.py:457}}
Aug 16 14:50:17 user devstack@keystone.service[44268]: [pid: 44268|app: 0|req: 54/156] 10.0.0.210 () {56 vars in 1181 bytes} [Wed Aug 16 14:50:17 2023] GET /identity/v3/projects/ffd1256bed0842aaa9c20c009ce110be => generated 301 bytes in 119 msecs (HTTP/1.1 200) 5 headers in 177 bytes (2 switches on core 0)
Aug 16 14:50:17 user devstack@keystone.service[44269]: DEBUG keystone.server.flask.request_processing.middleware.auth_context [None req-472a50c3-361f-46e3-8d14-322178756cae None admin] Validating token access rules against request {{(pid=44269) validate_allowed_request /opt/stack/data/venv/lib/python3.10/site-packages/keystonemiddleware/auth_token/__init__.py:544}}
Aug 16 14:50:17 user devstack@keystone.service[44268]: DEBUG keystone.server.flask.request_processing.middleware.auth_context [None req-d079c5db-bec2-405e-8d3f-9db9732e098a None admin] Authenticating user token {{(pid=44268) process_request /opt/stack/data/venv/lib/python3.10/site-packages/keystonemiddleware/auth_token/__init__.py:406}}
Aug 16 14:50:17 user devstack@keystone.service[44267]: DEBUG keystone.server.flask.request_processing.middleware.auth_context [None req-d59f702c-71da-4e38-a55c-299e46f7c447 None admin] Validating token access rules against request {{(pid=44267) validate_allowed_request /opt/stack/data/venv/lib/python3.10/site-packages/keystonemiddleware/auth_token/__init__.py:544}}
Aug 16 14:50:17 user devstack@keystone.service[44269]: DEBUG keystone.server.flask.request_processing.middleware.auth_context [None req-906f5905-9ff6-465f-b9fd-b36480fec2ca None admin] RBAC: auth_context: {'token': , 'domain_id': None, 'trust_id': None, 'trustor_id': None, 'trustee_id': None, 'domain_name': None, 'group_ids': [], 'user_id': '451eb30ded6e41618db522e9039caabf', 'user_domain_id': 'default', 'system_scope': 'all', 'project_id': None, 'project_domain_id': None, 'roles': ['admin', 'member', 'reader'], 'is_admin_project': True, 'service_user_id': None, 'service_user_domain_id': None, 'service_project_id': None, 'service_project_domain_id': None, 'service_roles': []} {{(pid=44269) fill_context /opt/stack/keystone/keystone/server/flask/request_processing/middleware/auth_context.py:480}}
Aug 16 14:50:17 user devstack@keystone.service[44269]: DEBUG keystone.server.flask.request_processing.req_logging [None req-906f5905-9ff6-465f-b9fd-b36480fec2ca None admin] REQUEST_METHOD: `POST` {{(pid=44269) log_request_info /opt/stack/keystone/keystone/server/flask/request_processing/req_logging.py:27}}
Aug 16 14:50:17 user devstack@keystone.service[44269]: DEBUG keystone.server.flask.request_processing.req_logging [None req-906f5905-9ff6-465f-b9fd-b36480fec2ca None admin] SCRIPT_NAME: `/identity` {{(pid=44269) log_request_info /opt/stack/keystone/keystone/server/flask/request_processing/req_logging.py:28}}
Aug 16 14:50:17 user devstack@keystone.service[44269]: DEBUG keystone.server.flask.request_processing.req_logging [None req-906f5905-9ff6-465f-b9fd-b36480fec2ca None admin] PATH_INFO: `/v3/users` {{(pid=44269) log_request_info /opt/stack/keystone/keystone/server/flask/request_processing/req_logging.py:29}}
Aug 16 14:50:17 user devstack@keystone.service[44269]: DEBUG keystone.common.rbac_enforcer.enforcer [None req-906f5905-9ff6-465f-b9fd-b36480fec2ca None admin] RBAC: Authorizing `identity:create_user()` {{(pid=44269) enforce_call /opt/stack/keystone/keystone/common/rbac_enforcer/enforcer.py:449}}
Aug 16 14:50:17 user devstack@keystone.service[44269]: DEBUG keystone.common.rbac_enforcer.enforcer [None req-906f5905-9ff6-465f-b9fd-b36480fec2ca None admin] RBAC: Authorization granted {{(pid=44269) enforce_call /opt/stack/keystone/keystone/common/rbac_enforcer/enforcer.py:457}}
Aug 16 14:50:17 user devstack@keystone.service[44269]: WARNING keystone.common.password_hashing [None req-906f5905-9ff6-465f-b9fd-b36480fec2ca None admin] Truncating password to algorithm specific maximum length 72 characters.
Aug 16 14:50:17 user devstack@keystone.service[44267]: DEBUG keystone.server.flask.request_processing.middleware.auth_context [None req-5376f28f-1d2e-4120-8252-2e0a8408fb71 None admin] RBAC: auth_context: {'token': , 'domain_id': None, 'trust_id': None, 'trustor_id': None, 'trustee_id': None, 'domain_name': None, 'group_ids': [], 'user_id': '451eb30ded6e41618db522e9039caabf', 'user_domain_id': 'default', 'system_scope': 'all', 'project_id': None, 'project_domain_id': None, 'roles': ['admin', 'member', 'reader'], 'is_admin_project': True, 'service_user_id': None, 'service_user_domain_id': None, 'service_project_id': None, 'service_project_domain_id': None, 'service_roles': []} {{(pid=44267) fill_context /opt/stack/keystone/keystone/server/flask/request_processing/middleware/auth_context.py:480}}
Aug 16 14:50:17 user devstack@keystone.service[44267]: DEBUG keystone.server.flask.request_processing.req_logging [None req-5376f28f-1d2e-4120-8252-2e0a8408fb71 None admin] REQUEST_METHOD: `GET` {{(pid=44267) log_request_info /opt/stack/keystone/keystone/server/flask/request_processing/req_logging.py:27}}
Aug 16 14:50:17 user devstack@keystone.service[44267]: DEBUG keystone.server.flask.request_processing.req_logging [None req-5376f28f-1d2e-4120-8252-2e0a8408fb71 None admin] SCRIPT_NAME: `/identity` {{(pid=44267) log_request_info /opt/stack/keystone/keystone/server/flask/request_processing/req_logging.py:28}}
Aug 16 14:50:17 user devstack@keystone.service[44267]: DEBUG keystone.server.flask.request_processing.req_logging [None req-5376f28f-1d2e-4120-8252-2e0a8408fb71 None admin] PATH_INFO: `/v3/users/bc6308c6540746a182dbabdc56cabb11` {{(pid=44267) log_request_info /opt/stack/keystone/keystone/server/flask/request_processing/req_logging.py:29}}
Aug 16 14:50:17 user devstack@keystone.service[44267]: DEBUG keystone.common.rbac_enforcer.enforcer [None req-5376f28f-1d2e-4120-8252-2e0a8408fb71 None admin] RBAC: Authorizing `identity:get_user(user_id=bc6308c6540746a182dbabdc56cabb11)` {{(pid=44267) enforce_call /opt/stack/keystone/keystone/common/rbac_enforcer/enforcer.py:449}}
Aug 16 14:50:17 user devstack@keystone.service[44267]: DEBUG keystone.common.rbac_enforcer.enforcer [None req-5376f28f-1d2e-4120-8252-2e0a8408fb71 None admin] RBAC: Authorization granted {{(pid=44267) enforce_call /opt/stack/keystone/keystone/common/rbac_enforcer/enforcer.py:457}}
Aug 16 14:50:17 user devstack@keystone.service[44267]: [pid: 44267|app: 0|req: 53/157] 10.0.0.210 () {56 vars in 1172 bytes} [Wed Aug 16 14:50:17 2023] GET /identity/v3/users/bc6308c6540746a182dbabdc56cabb11 => generated 282 bytes in 117 msecs (HTTP/1.1 200) 5 headers in 177 bytes (2 switches on core 0)
Aug 16 14:50:17 user devstack@keystone.service[44269]: [pid: 44269|app: 0|req: 51/158] 10.0.0.210 () {60 vars in 1127 bytes} [Wed Aug 16 14:50:17 2023] POST /identity/v3/users => generated 296 bytes in 134 msecs (HTTP/1.1 201) 5 headers in 182 bytes (2 switches on core 0)
Aug 16 14:50:17 user devstack@keystone.service[44267]: DEBUG keystone.server.flask.request_processing.middleware.auth_context [None req-5376f28f-1d2e-4120-8252-2e0a8408fb71 None admin] Authenticating user token {{(pid=44267) process_request /opt/stack/data/venv/lib/python3.10/site-packages/keystonemiddleware/auth_token/__init__.py:406}}
Aug 16 14:50:17 user devstack@keystone.service[44268]: DEBUG keystone.server.flask.request_processing.middleware.auth_context [None req-d079c5db-bec2-405e-8d3f-9db9732e098a None admin] Validating token access rules against request {{(pid=44268) validate_allowed_request /opt/stack/data/venv/lib/python3.10/site-packages/keystonemiddleware/auth_token/__init__.py:544}}
Aug 16 14:50:17 user devstack@keystone.service[44268]: DEBUG keystone.server.flask.request_processing.middleware.auth_context [None req-c1922b38-6d3f-4500-ae5e-d9dbb40f51c2 None admin] RBAC: auth_context: {'token': , 'domain_id': None, 'trust_id': None, 'trustor_id': None, 'trustee_id': None, 'domain_name': None, 'group_ids': [], 'user_id': '451eb30ded6e41618db522e9039caabf', 'user_domain_id': 'default', 'system_scope': 'all', 'project_id': None, 'project_domain_id': None, 'roles': ['admin', 'member', 'reader'], 'is_admin_project': True, 'service_user_id': None, 'service_user_domain_id': None, 'service_project_id': None, 'service_project_domain_id': None, 'service_roles': []} {{(pid=44268) fill_context /opt/stack/keystone/keystone/server/flask/request_processing/middleware/auth_context.py:480}}
Aug 16 14:50:17 user devstack@keystone.service[44268]: DEBUG keystone.server.flask.request_processing.req_logging [None req-c1922b38-6d3f-4500-ae5e-d9dbb40f51c2 None admin] REQUEST_METHOD: `PUT` {{(pid=44268) log_request_info /opt/stack/keystone/keystone/server/flask/request_processing/req_logging.py:27}}
Aug 16 14:50:17 user devstack@keystone.service[44268]: DEBUG keystone.server.flask.request_processing.req_logging [None req-c1922b38-6d3f-4500-ae5e-d9dbb40f51c2 None admin] SCRIPT_NAME: `/identity` {{(pid=44268) log_request_info /opt/stack/keystone/keystone/server/flask/request_processing/req_logging.py:28}}
Aug 16 14:50:17 user devstack@keystone.service[44268]: DEBUG keystone.server.flask.request_processing.req_logging [None req-c1922b38-6d3f-4500-ae5e-d9dbb40f51c2 None admin] PATH_INFO: `/v3/projects/ffd1256bed0842aaa9c20c009ce110be/users/bc6308c6540746a182dbabdc56cabb11/roles/85f1d3eaee94483f845812aec2713df4` {{(pid=44268) log_request_info /opt/stack/keystone/keystone/server/flask/request_processing/req_logging.py:29}}
Aug 16 14:50:17 user devstack@keystone.service[44268]: DEBUG keystone.common.rbac_enforcer.enforcer [None req-c1922b38-6d3f-4500-ae5e-d9dbb40f51c2 None admin] RBAC: Authorizing `identity:create_grant(project_id=ffd1256bed0842aaa9c20c009ce110be, user_id=bc6308c6540746a182dbabdc56cabb11, role_id=85f1d3eaee94483f845812aec2713df4)` {{(pid=44268) enforce_call /opt/stack/keystone/keystone/common/rbac_enforcer/enforcer.py:449}}
Aug 16 14:50:17 user devstack@keystone.service[44268]: DEBUG keystone.common.rbac_enforcer.enforcer [None req-c1922b38-6d3f-4500-ae5e-d9dbb40f51c2 None admin] RBAC: Authorization granted {{(pid=44268) enforce_call /opt/stack/keystone/keystone/common/rbac_enforcer/enforcer.py:457}}
Aug 16 14:50:17 user devstack@keystone.service[44268]: [pid: 44268|app: 0|req: 55/159] 10.0.0.210 () {58 vars in 1434 bytes} [Wed Aug 16 14:50:17 2023] PUT /identity/v3/projects/ffd1256bed0842aaa9c20c009ce110be/users/bc6308c6540746a182dbabdc56cabb11/roles/85f1d3eaee94483f845812aec2713df4 => generated 0 bytes in 143 msecs (HTTP/1.1 204) 3 headers in 132 bytes (1 switches on core 0)
Aug 16 14:50:17 user devstack@keystone.service[44267]: DEBUG keystone.server.flask.request_processing.middleware.auth_context [None req-5376f28f-1d2e-4120-8252-2e0a8408fb71 None admin] Validating token access rules against request {{(pid=44267) validate_allowed_request /opt/stack/data/venv/lib/python3.10/site-packages/keystonemiddleware/auth_token/__init__.py:544}}
Aug 16 14:50:17 user devstack@keystone.service[44267]: DEBUG keystone.server.flask.request_processing.middleware.auth_context [None req-aecc2559-f98f-4d39-95cc-d17b894cb7fe None admin] RBAC: auth_context: {'token': , 'domain_id': None, 'trust_id': None, 'trustor_id': None, 'trustee_id': None, 'domain_name': None, 'group_ids': [], 'user_id': '451eb30ded6e41618db522e9039caabf', 'user_domain_id': 'default', 'system_scope': 'all', 'project_id': None, 'project_domain_id': None, 'roles': ['admin', 'member', 'reader'], 'is_admin_project': True, 'service_user_id': None, 'service_user_domain_id': None, 'service_project_id': None, 'service_project_domain_id': None, 'service_roles': []} {{(pid=44267) fill_context /opt/stack/keystone/keystone/server/flask/request_processing/middleware/auth_context.py:480}}
Aug 16 14:50:17 user devstack@keystone.service[44267]: DEBUG keystone.server.flask.request_processing.req_logging [None req-aecc2559-f98f-4d39-95cc-d17b894cb7fe None admin] REQUEST_METHOD: `GET` {{(pid=44267) log_request_info /opt/stack/keystone/keystone/server/flask/request_processing/req_logging.py:27}}
Aug 16 14:50:17 user devstack@keystone.service[44267]: DEBUG keystone.server.flask.request_processing.req_logging [None req-aecc2559-f98f-4d39-95cc-d17b894cb7fe None admin] SCRIPT_NAME: `/identity` {{(pid=44267) log_request_info /opt/stack/keystone/keystone/server/flask/request_processing/req_logging.py:28}}
Aug 16 14:50:17 user devstack@keystone.service[44267]: DEBUG keystone.server.flask.request_processing.req_logging [None req-aecc2559-f98f-4d39-95cc-d17b894cb7fe None admin] PATH_INFO: `/v3/projects/ffd1256bed0842aaa9c20c009ce110be` {{(pid=44267) log_request_info /opt/stack/keystone/keystone/server/flask/request_processing/req_logging.py:29}}
Aug 16 14:50:17 user devstack@keystone.service[44267]: DEBUG keystone.common.rbac_enforcer.enforcer [None req-aecc2559-f98f-4d39-95cc-d17b894cb7fe None admin] RBAC: Authorizing `identity:get_project(project_id=ffd1256bed0842aaa9c20c009ce110be)` {{(pid=44267) enforce_call /opt/stack/keystone/keystone/common/rbac_enforcer/enforcer.py:449}}
Aug 16 14:50:17 user devstack@keystone.service[44267]: DEBUG keystone.common.rbac_enforcer.enforcer [None req-aecc2559-f98f-4d39-95cc-d17b894cb7fe None admin] RBAC: Authorization granted {{(pid=44267) enforce_call /opt/stack/keystone/keystone/common/rbac_enforcer/enforcer.py:457}}
Aug 16 14:50:17 user devstack@keystone.service[44267]: [pid: 44267|app: 0|req: 54/160] 10.0.0.210 () {56 vars in 1181 bytes} [Wed Aug 16 14:50:17 2023] GET /identity/v3/projects/ffd1256bed0842aaa9c20c009ce110be => generated 301 bytes in 136 msecs (HTTP/1.1 200) 5 headers in 177 bytes (1 switches on core 0)
Aug 16 14:50:17 user devstack@keystone.service[44269]: DEBUG keystone.server.flask.request_processing.middleware.auth_context [None req-906f5905-9ff6-465f-b9fd-b36480fec2ca None admin] Authenticating user token {{(pid=44269) process_request /opt/stack/data/venv/lib/python3.10/site-packages/keystonemiddleware/auth_token/__init__.py:406}}
Aug 16 14:50:17 user devstack@keystone.service[44269]: DEBUG keystone.server.flask.request_processing.middleware.auth_context [None req-906f5905-9ff6-465f-b9fd-b36480fec2ca None admin] Validating token access rules against request {{(pid=44269) validate_allowed_request /opt/stack/data/venv/lib/python3.10/site-packages/keystonemiddleware/auth_token/__init__.py:544}}
Aug 16 14:50:17 user devstack@keystone.service[44269]: DEBUG keystone.server.flask.request_processing.middleware.auth_context [None req-e07bf5d6-3936-4cc7-a279-80a13a928ad2 None admin] RBAC: auth_context: {'token': , 'domain_id': None, 'trust_id': None, 'trustor_id': None, 'trustee_id': None, 'domain_name': None, 'group_ids': [], 'user_id': '451eb30ded6e41618db522e9039caabf', 'user_domain_id': 'default', 'system_scope': 'all', 'project_id': None, 'project_domain_id': None, 'roles': ['admin', 'member', 'reader'], 'is_admin_project': True, 'service_user_id': None, 'service_user_domain_id': None, 'service_project_id': None, 'service_project_domain_id': None, 'service_roles': []} {{(pid=44269) fill_context /opt/stack/keystone/keystone/server/flask/request_processing/middleware/auth_context.py:480}}
Aug 16 14:50:17 user devstack@keystone.service[44269]: DEBUG keystone.server.flask.request_processing.req_logging [None req-e07bf5d6-3936-4cc7-a279-80a13a928ad2 None admin] REQUEST_METHOD: `PUT` {{(pid=44269) log_request_info /opt/stack/keystone/keystone/server/flask/request_processing/req_logging.py:27}}
Aug 16 14:50:17 user devstack@keystone.service[44269]: DEBUG keystone.server.flask.request_processing.req_logging [None req-e07bf5d6-3936-4cc7-a279-80a13a928ad2 None admin] SCRIPT_NAME: `/identity` {{(pid=44269) log_request_info /opt/stack/keystone/keystone/server/flask/request_processing/req_logging.py:28}}
Aug 16 14:50:17 user devstack@keystone.service[44269]: DEBUG keystone.server.flask.request_processing.req_logging [None req-e07bf5d6-3936-4cc7-a279-80a13a928ad2 None admin] PATH_INFO: `/v3/projects/ffd1256bed0842aaa9c20c009ce110be/users/bc6308c6540746a182dbabdc56cabb11/roles/4a873ed42a54452fb9e9f81619be51bd` {{(pid=44269) log_request_info /opt/stack/keystone/keystone/server/flask/request_processing/req_logging.py:29}}
Aug 16 14:50:17 user devstack@keystone.service[44269]: DEBUG keystone.common.rbac_enforcer.enforcer [None req-e07bf5d6-3936-4cc7-a279-80a13a928ad2 None admin] RBAC: Authorizing `identity:create_grant(project_id=ffd1256bed0842aaa9c20c009ce110be, user_id=bc6308c6540746a182dbabdc56cabb11, role_id=4a873ed42a54452fb9e9f81619be51bd)` {{(pid=44269) enforce_call /opt/stack/keystone/keystone/common/rbac_enforcer/enforcer.py:449}}
Aug 16 14:50:17 user devstack@keystone.service[44269]: DEBUG keystone.common.rbac_enforcer.enforcer [None req-e07bf5d6-3936-4cc7-a279-80a13a928ad2 None admin] RBAC: Authorization granted {{(pid=44269) enforce_call /opt/stack/keystone/keystone/common/rbac_enforcer/enforcer.py:457}}
Aug 16 14:50:17 user devstack@keystone.service[44269]: [pid: 44269|app: 0|req: 52/161] 10.0.0.210 () {58 vars in 1434 bytes} [Wed Aug 16 14:50:17 2023] PUT /identity/v3/projects/ffd1256bed0842aaa9c20c009ce110be/users/bc6308c6540746a182dbabdc56cabb11/roles/4a873ed42a54452fb9e9f81619be51bd => generated 0 bytes in 147 msecs (HTTP/1.1 204) 3 headers in 132 bytes (0 switches on core 0)
Aug 16 14:50:19 user devstack@keystone.service[44268]: DEBUG keystone.server.flask.request_processing.req_logging [None req-0189eebc-b6a4-4e3a-8038-596f03d3ef0b None None] REQUEST_METHOD: `GET` {{(pid=44268) log_request_info /opt/stack/keystone/keystone/server/flask/request_processing/req_logging.py:27}}
Aug 16 14:50:19 user devstack@keystone.service[44268]: DEBUG keystone.server.flask.request_processing.req_logging [None req-0189eebc-b6a4-4e3a-8038-596f03d3ef0b None None] SCRIPT_NAME: `/identity` {{(pid=44268) log_request_info /opt/stack/keystone/keystone/server/flask/request_processing/req_logging.py:28}}
Aug 16 14:50:19 user devstack@keystone.service[44268]: DEBUG keystone.server.flask.request_processing.req_logging [None req-0189eebc-b6a4-4e3a-8038-596f03d3ef0b None None] PATH_INFO: `/` {{(pid=44268) log_request_info /opt/stack/keystone/keystone/server/flask/request_processing/req_logging.py:29}}
Aug 16 14:50:19 user devstack@keystone.service[44268]: [pid: 44268|app: 0|req: 56/162] 10.0.0.210 () {54 vars in 921 bytes} [Wed Aug 16 14:50:19 2023] GET /identity => generated 269 bytes in 6 msecs (HTTP/1.1 300) 6 headers in 233 bytes (1 switches on core 0)
Aug 16 14:50:19 user devstack@keystone.service[44267]: DEBUG keystone.server.flask.request_processing.req_logging [None req-21ec4bce-310a-4dda-89e2-d08d4b056c0b None None] REQUEST_METHOD: `POST` {{(pid=44267) log_request_info /opt/stack/keystone/keystone/server/flask/request_processing/req_logging.py:27}}
Aug 16 14:50:19 user devstack@keystone.service[44267]: DEBUG keystone.server.flask.request_processing.req_logging [None req-21ec4bce-310a-4dda-89e2-d08d4b056c0b None None] SCRIPT_NAME: `/identity` {{(pid=44267) log_request_info /opt/stack/keystone/keystone/server/flask/request_processing/req_logging.py:28}}
Aug 16 14:50:19 user devstack@keystone.service[44267]: DEBUG keystone.server.flask.request_processing.req_logging [None req-21ec4bce-310a-4dda-89e2-d08d4b056c0b None None] PATH_INFO: `/v3/auth/tokens` {{(pid=44267) log_request_info /opt/stack/keystone/keystone/server/flask/request_processing/req_logging.py:29}}
Aug 16 14:50:19 user devstack@keystone.service[44267]: WARNING keystone.common.password_hashing [None req-21ec4bce-310a-4dda-89e2-d08d4b056c0b None None] Truncating password to algorithm specific maximum length 72 characters.
Aug 16 14:50:19 user devstack@keystone.service[44267]: DEBUG keystone.auth.core [None req-21ec4bce-310a-4dda-89e2-d08d4b056c0b None None] MFA Rules not processed for user `451eb30ded6e41618db522e9039caabf`. Rule list: `[]` (Enabled: `True`). {{(pid=44267) check_auth_methods_against_rules /opt/stack/keystone/keystone/auth/core.py:438}}
Aug 16 14:50:19 user devstack@keystone.service[44267]: DEBUG keystone.common.fernet_utils [None req-21ec4bce-310a-4dda-89e2-d08d4b056c0b None None] Loaded 2 Fernet keys from /etc/keystone/fernet-keys/, but `[fernet_tokens] max_active_keys = 3`; perhaps there have not been enough key rotations to reach `max_active_keys` yet? {{(pid=44267) load_keys /opt/stack/keystone/keystone/common/fernet_utils.py:286}}
Aug 16 14:50:19 user devstack@keystone.service[44267]: [pid: 44267|app: 0|req: 55/163] 10.0.0.210 () {58 vars in 1018 bytes} [Wed Aug 16 14:50:19 2023] POST /identity/v3/auth/tokens => generated 798 bytes in 82 msecs (HTTP/1.1 201) 6 headers in 363 bytes (1 switches on core 0)
Aug 16 14:50:19 user devstack@keystone.service[44269]: DEBUG keystone.server.flask.request_processing.req_logging [None req-f66757ec-ebed-4b4d-a233-8c9fe90928e7 None None] REQUEST_METHOD: `GET` {{(pid=44269) log_request_info /opt/stack/keystone/keystone/server/flask/request_processing/req_logging.py:27}}
Aug 16 14:50:19 user devstack@keystone.service[44269]: DEBUG keystone.server.flask.request_processing.req_logging [None req-f66757ec-ebed-4b4d-a233-8c9fe90928e7 None None] SCRIPT_NAME: `/identity` {{(pid=44269) log_request_info /opt/stack/keystone/keystone/server/flask/request_processing/req_logging.py:28}}
Aug 16 14:50:19 user devstack@keystone.service[44269]: DEBUG keystone.server.flask.request_processing.req_logging [None req-f66757ec-ebed-4b4d-a233-8c9fe90928e7 None None] PATH_INFO: `/` {{(pid=44269) log_request_info /opt/stack/keystone/keystone/server/flask/request_processing/req_logging.py:29}}
Aug 16 14:50:19 user devstack@keystone.service[44269]: [pid: 44269|app: 0|req: 53/164] 10.0.0.210 () {54 vars in 921 bytes} [Wed Aug 16 14:50:19 2023] GET /identity => generated 269 bytes in 3 msecs (HTTP/1.1 300) 6 headers in 233 bytes (1 switches on core 0)
Aug 16 14:50:19 user devstack@keystone.service[44268]: DEBUG keystone.server.flask.request_processing.req_logging [None req-d8457dfc-5034-4129-8210-af80b4bf5229 None None] REQUEST_METHOD: `POST` {{(pid=44268) log_request_info /opt/stack/keystone/keystone/server/flask/request_processing/req_logging.py:27}}
Aug 16 14:50:19 user devstack@keystone.service[44268]: DEBUG keystone.server.flask.request_processing.req_logging [None req-d8457dfc-5034-4129-8210-af80b4bf5229 None None] SCRIPT_NAME: `/identity` {{(pid=44268) log_request_info /opt/stack/keystone/keystone/server/flask/request_processing/req_logging.py:28}}
Aug 16 14:50:19 user devstack@keystone.service[44268]: DEBUG keystone.server.flask.request_processing.req_logging [None req-d8457dfc-5034-4129-8210-af80b4bf5229 None None] PATH_INFO: `/v3/auth/tokens` {{(pid=44268) log_request_info /opt/stack/keystone/keystone/server/flask/request_processing/req_logging.py:29}}
Aug 16 14:50:19 user devstack@keystone.service[44268]: WARNING keystone.common.password_hashing [None req-d8457dfc-5034-4129-8210-af80b4bf5229 None None] Truncating password to algorithm specific maximum length 72 characters.
Aug 16 14:50:19 user devstack@keystone.service[44268]: DEBUG keystone.auth.core [None req-d8457dfc-5034-4129-8210-af80b4bf5229 None None] MFA Rules not processed for user `451eb30ded6e41618db522e9039caabf`. Rule list: `[]` (Enabled: `True`). {{(pid=44268) check_auth_methods_against_rules /opt/stack/keystone/keystone/auth/core.py:438}}
Aug 16 14:50:19 user devstack@keystone.service[44268]: DEBUG keystone.common.fernet_utils [None req-d8457dfc-5034-4129-8210-af80b4bf5229 None None] Loaded 2 Fernet keys from /etc/keystone/fernet-keys/, but `[fernet_tokens] max_active_keys = 3`; perhaps there have not been enough key rotations to reach `max_active_keys` yet? {{(pid=44268) load_keys /opt/stack/keystone/keystone/common/fernet_utils.py:286}}
Aug 16 14:50:19 user devstack@keystone.service[44268]: [pid: 44268|app: 0|req: 57/165] 10.0.0.210 () {58 vars in 1018 bytes} [Wed Aug 16 14:50:19 2023] POST /identity/v3/auth/tokens => generated 798 bytes in 82 msecs (HTTP/1.1 201) 6 headers in 363 bytes (2 switches on core 0)
Aug 16 14:50:19 user devstack@keystone.service[44267]: DEBUG keystone.server.flask.request_processing.req_logging [None req-bc82057d-4ffa-4097-bd51-539c1810c480 None None] REQUEST_METHOD: `GET` {{(pid=44267) log_request_info /opt/stack/keystone/keystone/server/flask/request_processing/req_logging.py:27}}
Aug 16 14:50:19 user devstack@keystone.service[44267]: DEBUG keystone.server.flask.request_processing.req_logging [None req-bc82057d-4ffa-4097-bd51-539c1810c480 None None] SCRIPT_NAME: `/identity` {{(pid=44267) log_request_info /opt/stack/keystone/keystone/server/flask/request_processing/req_logging.py:28}}
Aug 16 14:50:19 user devstack@keystone.service[44267]: DEBUG keystone.server.flask.request_processing.req_logging [None req-bc82057d-4ffa-4097-bd51-539c1810c480 None None] PATH_INFO: `/` {{(pid=44267) log_request_info /opt/stack/keystone/keystone/server/flask/request_processing/req_logging.py:29}}
Aug 16 14:50:19 user devstack@keystone.service[44267]: [pid: 44267|app: 0|req: 56/166] 10.0.0.210 () {54 vars in 921 bytes} [Wed Aug 16 14:50:19 2023] GET /identity => generated 269 bytes in 3 msecs (HTTP/1.1 300) 6 headers in 233 bytes (1 switches on core 0)
Aug 16 14:50:19 user devstack@keystone.service[44269]: DEBUG keystone.server.flask.request_processing.req_logging [None req-da123301-15f2-4e06-af74-ca98dfd4f458 None None] REQUEST_METHOD: `GET` {{(pid=44269) log_request_info /opt/stack/keystone/keystone/server/flask/request_processing/req_logging.py:27}}
Aug 16 14:50:19 user devstack@keystone.service[44268]: DEBUG keystone.server.flask.request_processing.req_logging [None req-542e4611-270e-480e-9a0b-7969fb4abff4 None None] REQUEST_METHOD: `POST` {{(pid=44268) log_request_info /opt/stack/keystone/keystone/server/flask/request_processing/req_logging.py:27}}
Aug 16 14:50:19 user devstack@keystone.service[44269]: DEBUG keystone.server.flask.request_processing.req_logging [None req-da123301-15f2-4e06-af74-ca98dfd4f458 None None] SCRIPT_NAME: `/identity` {{(pid=44269) log_request_info /opt/stack/keystone/keystone/server/flask/request_processing/req_logging.py:28}}
Aug 16 14:50:19 user devstack@keystone.service[44268]: DEBUG keystone.server.flask.request_processing.req_logging [None req-542e4611-270e-480e-9a0b-7969fb4abff4 None None] SCRIPT_NAME: `/identity` {{(pid=44268) log_request_info /opt/stack/keystone/keystone/server/flask/request_processing/req_logging.py:28}}
Aug 16 14:50:19 user devstack@keystone.service[44269]: DEBUG keystone.server.flask.request_processing.req_logging [None req-da123301-15f2-4e06-af74-ca98dfd4f458 None None] PATH_INFO: `/` {{(pid=44269) log_request_info /opt/stack/keystone/keystone/server/flask/request_processing/req_logging.py:29}}
Aug 16 14:50:19 user devstack@keystone.service[44268]: DEBUG keystone.server.flask.request_processing.req_logging [None req-542e4611-270e-480e-9a0b-7969fb4abff4 None None] PATH_INFO: `/v3/auth/tokens` {{(pid=44268) log_request_info /opt/stack/keystone/keystone/server/flask/request_processing/req_logging.py:29}}
Aug 16 14:50:19 user devstack@keystone.service[44269]: [pid: 44269|app: 0|req: 54/167] 10.0.0.210 () {54 vars in 921 bytes} [Wed Aug 16 14:50:19 2023] GET /identity => generated 269 bytes in 3 msecs (HTTP/1.1 300) 6 headers in 233 bytes (2 switches on core 0)
Aug 16 14:50:19 user devstack@keystone.service[44267]: DEBUG keystone.server.flask.request_processing.req_logging [None req-b83d98e2-be95-4ec4-9a23-f4f775747def None None] REQUEST_METHOD: `POST` {{(pid=44267) log_request_info /opt/stack/keystone/keystone/server/flask/request_processing/req_logging.py:27}}
Aug 16 14:50:19 user devstack@keystone.service[44267]: DEBUG keystone.server.flask.request_processing.req_logging [None req-b83d98e2-be95-4ec4-9a23-f4f775747def None None] SCRIPT_NAME: `/identity` {{(pid=44267) log_request_info /opt/stack/keystone/keystone/server/flask/request_processing/req_logging.py:28}}
Aug 16 14:50:19 user devstack@keystone.service[44267]: DEBUG keystone.server.flask.request_processing.req_logging [None req-b83d98e2-be95-4ec4-9a23-f4f775747def None None] PATH_INFO: `/v3/auth/tokens` {{(pid=44267) log_request_info /opt/stack/keystone/keystone/server/flask/request_processing/req_logging.py:29}}
Aug 16 14:50:19 user devstack@keystone.service[44268]: WARNING keystone.common.password_hashing [None req-542e4611-270e-480e-9a0b-7969fb4abff4 None None] Truncating password to algorithm specific maximum length 72 characters.
Aug 16 14:50:19 user devstack@keystone.service[44268]: DEBUG keystone.auth.core [None req-542e4611-270e-480e-9a0b-7969fb4abff4 None None] MFA Rules not processed for user `451eb30ded6e41618db522e9039caabf`. Rule list: `[]` (Enabled: `True`). {{(pid=44268) check_auth_methods_against_rules /opt/stack/keystone/keystone/auth/core.py:438}}
Aug 16 14:50:19 user devstack@keystone.service[44268]: DEBUG keystone.common.fernet_utils [None req-542e4611-270e-480e-9a0b-7969fb4abff4 None None] Loaded 2 Fernet keys from /etc/keystone/fernet-keys/, but `[fernet_tokens] max_active_keys = 3`; perhaps there have not been enough key rotations to reach `max_active_keys` yet? {{(pid=44268) load_keys /opt/stack/keystone/keystone/common/fernet_utils.py:286}}
Aug 16 14:50:19 user devstack@keystone.service[44267]: WARNING keystone.common.password_hashing [None req-b83d98e2-be95-4ec4-9a23-f4f775747def None None] Truncating password to algorithm specific maximum length 72 characters.
Aug 16 14:50:19 user devstack@keystone.service[44267]: DEBUG keystone.auth.core [None req-b83d98e2-be95-4ec4-9a23-f4f775747def None None] MFA Rules not processed for user `451eb30ded6e41618db522e9039caabf`. Rule list: `[]` (Enabled: `True`). {{(pid=44267) check_auth_methods_against_rules /opt/stack/keystone/keystone/auth/core.py:438}}
Aug 16 14:50:19 user devstack@keystone.service[44267]: DEBUG keystone.common.fernet_utils [None req-b83d98e2-be95-4ec4-9a23-f4f775747def None None] Loaded 2 Fernet keys from /etc/keystone/fernet-keys/, but `[fernet_tokens] max_active_keys = 3`; perhaps there have not been enough key rotations to reach `max_active_keys` yet? {{(pid=44267) load_keys /opt/stack/keystone/keystone/common/fernet_utils.py:286}}
Aug 16 14:50:19 user devstack@keystone.service[44269]: DEBUG keystone.server.flask.request_processing.middleware.auth_context [None req-da123301-15f2-4e06-af74-ca98dfd4f458 None None] Authenticating user token {{(pid=44269) process_request /opt/stack/data/venv/lib/python3.10/site-packages/keystonemiddleware/auth_token/__init__.py:406}}
Aug 16 14:50:19 user devstack@keystone.service[44268]: [pid: 44268|app: 0|req: 58/168] 10.0.0.210 () {58 vars in 1018 bytes} [Wed Aug 16 14:50:19 2023] POST /identity/v3/auth/tokens => generated 798 bytes in 76 msecs (HTTP/1.1 201) 6 headers in 363 bytes (1 switches on core 0)
Aug 16 14:50:19 user devstack@keystone.service[44267]: [pid: 44267|app: 0|req: 57/169] 10.0.0.210 () {58 vars in 1018 bytes} [Wed Aug 16 14:50:19 2023] POST /identity/v3/auth/tokens => generated 798 bytes in 75 msecs (HTTP/1.1 201) 6 headers in 363 bytes (1 switches on core 0)
Aug 16 14:50:19 user devstack@keystone.service[44269]: DEBUG keystone.server.flask.request_processing.middleware.auth_context [None req-da123301-15f2-4e06-af74-ca98dfd4f458 None None] Validating token access rules against request {{(pid=44269) validate_allowed_request /opt/stack/data/venv/lib/python3.10/site-packages/keystonemiddleware/auth_token/__init__.py:544}}
Aug 16 14:50:19 user devstack@keystone.service[44269]: DEBUG keystone.server.flask.request_processing.middleware.auth_context [None req-11087db2-58d0-4c67-891e-be5778d0ee52 None admin] RBAC: auth_context: {'token': , 'domain_id': None, 'trust_id': None, 'trustor_id': None, 'trustee_id': None, 'domain_name': None, 'group_ids': [], 'user_id': '451eb30ded6e41618db522e9039caabf', 'user_domain_id': 'default', 'system_scope': 'all', 'project_id': None, 'project_domain_id': None, 'roles': ['admin', 'member', 'reader'], 'is_admin_project': True, 'service_user_id': None, 'service_user_domain_id': None, 'service_project_id': None, 'service_project_domain_id': None, 'service_roles': []} {{(pid=44269) fill_context /opt/stack/keystone/keystone/server/flask/request_processing/middleware/auth_context.py:480}}
Aug 16 14:50:19 user devstack@keystone.service[44269]: DEBUG keystone.server.flask.request_processing.req_logging [None req-11087db2-58d0-4c67-891e-be5778d0ee52 None admin] REQUEST_METHOD: `GET` {{(pid=44269) log_request_info /opt/stack/keystone/keystone/server/flask/request_processing/req_logging.py:27}}
Aug 16 14:50:19 user devstack@keystone.service[44269]: DEBUG keystone.server.flask.request_processing.req_logging [None req-11087db2-58d0-4c67-891e-be5778d0ee52 None admin] SCRIPT_NAME: `/identity` {{(pid=44269) log_request_info /opt/stack/keystone/keystone/server/flask/request_processing/req_logging.py:28}}
Aug 16 14:50:19 user devstack@keystone.service[44269]: DEBUG keystone.server.flask.request_processing.req_logging [None req-11087db2-58d0-4c67-891e-be5778d0ee52 None admin] PATH_INFO: `/v3/roles/admin` {{(pid=44269) log_request_info /opt/stack/keystone/keystone/server/flask/request_processing/req_logging.py:29}}
Aug 16 14:50:19 user devstack@keystone.service[44268]: DEBUG keystone.server.flask.request_processing.middleware.auth_context [None req-542e4611-270e-480e-9a0b-7969fb4abff4 None None] Authenticating user token {{(pid=44268) process_request /opt/stack/data/venv/lib/python3.10/site-packages/keystonemiddleware/auth_token/__init__.py:406}}
Aug 16 14:50:19 user devstack@keystone.service[44269]: DEBUG keystone.common.rbac_enforcer.enforcer [None req-11087db2-58d0-4c67-891e-be5778d0ee52 None admin] Extracting inferred target data resulted in "NOT FOUND (404)". {{(pid=44269) enforce_call /opt/stack/keystone/keystone/common/rbac_enforcer/enforcer.py:409}}
Aug 16 14:50:19 user devstack@keystone.service[44269]: ERROR keystone.server.flask.application [None req-11087db2-58d0-4c67-891e-be5778d0ee52 None admin] Could not find role: admin.: keystone.exception.RoleNotFound: Could not find role: admin.
Aug 16 14:50:19 user devstack@keystone.service[44269]: ERROR keystone.server.flask.application
Traceback (most recent call last):
Aug 16 14:50:19 user devstack@keystone.service[44269]: ERROR keystone.server.flask.application
File "/opt/stack/data/venv/lib/python3.10/site-packages/flask/app.py", line 1823, in full_dispatch_request
Aug 16 14:50:19 user devstack@keystone.service[44269]: ERROR keystone.server.flask.application rv = self.dispatch_request()
Aug 16 14:50:19 user devstack@keystone.service[44269]: ERROR keystone.server.flask.application
File "/opt/stack/data/venv/lib/python3.10/site-packages/flask/app.py", line 1799, in dispatch_request
Aug 16 14:50:19 user devstack@keystone.service[44269]: ERROR keystone.server.flask.application return self.ensure_sync(self.view_functions[rule.endpoint])(**view_args)
Aug 16 14:50:19 user devstack@keystone.service[44269]: ERROR keystone.server.flask.application
File "/opt/stack/data/venv/lib/python3.10/site-packages/flask_restful/__init__.py", line 467, in wrapper
Aug 16 14:50:19 user devstack@keystone.service[44269]: ERROR keystone.server.flask.application resp = resource(*args, **kwargs)
Aug 16 14:50:19 user devstack@keystone.service[44269]: ERROR keystone.server.flask.application
File "/opt/stack/data/venv/lib/python3.10/site-packages/flask/views.py", line 107, in view
Aug 16 14:50:19 user devstack@keystone.service[44269]: ERROR keystone.server.flask.application return current_app.ensure_sync(self.dispatch_request)(**kwargs)
Aug 16 14:50:19 user devstack@keystone.service[44269]: ERROR keystone.server.flask.application
File "/opt/stack/data/venv/lib/python3.10/site-packages/flask_restful/__init__.py", line 582, in dispatch_request
Aug 16 14:50:19 user devstack@keystone.service[44269]: ERROR keystone.server.flask.application resp = meth(*args, **kwargs)
Aug 16 14:50:19 user devstack@keystone.service[44269]: ERROR keystone.server.flask.application
File "/opt/stack/keystone/keystone/api/roles.py", line 50, in get
Aug 16 14:50:19 user devstack@keystone.service[44269]: ERROR keystone.server.flask.application return self._get_role(role_id)
Aug 16 14:50:19 user devstack@keystone.service[44269]: ERROR keystone.server.flask.application
File "/opt/stack/keystone/keystone/api/roles.py", line 70, in _get_role
Aug 16 14:50:19 user devstack@keystone.service[44269]: ERROR keystone.server.flask.application ENFORCER.enforce_call(action='identity:get_role')
Aug 16 14:50:19 user devstack@keystone.service[44269]: ERROR keystone.server.flask.application
File "/opt/stack/keystone/keystone/common/rbac_enforcer/enforcer.py", line 402, in enforce_call
Aug 16 14:50:19 user devstack@keystone.service[44269]: ERROR keystone.server.flask.application policy_dict.update(cls._extract_member_target_data(
Aug 16 14:50:19 user devstack@keystone.service[44269]: ERROR keystone.server.flask.application
File "/opt/stack/keystone/keystone/common/rbac_enforcer/enforcer.py", line 234, in _extract_member_target_data
Aug 16 14:50:19 user devstack@keystone.service[44269]: ERROR keystone.server.flask.application member_name: func(flask.request.view_args[key])
Aug 16 14:50:19 user devstack@keystone.service[44269]: ERROR keystone.server.flask.application
File "/opt/stack/keystone/keystone/common/manager.py", line 115, in wrapped
Aug 16 14:50:19 user devstack@keystone.service[44269]: ERROR keystone.server.flask.application __ret_val = __f(*args, **kwargs)
Aug 16 14:50:19 user devstack@keystone.service[44269]: ERROR keystone.server.flask.application
File "/opt/stack/data/venv/lib/python3.10/site-packages/decorator.py", line 232, in fun
Aug 16 14:50:19 user devstack@keystone.service[44269]: ERROR keystone.server.flask.application return caller(func, *(extras + args), **kw)
Aug 16 14:50:19 user devstack@keystone.service[44269]: ERROR keystone.server.flask.application
File "/opt/stack/data/venv/lib/python3.10/site-packages/dogpile/cache/region.py", line 1577, in get_or_create_for_user_func
Aug 16 14:50:19 user devstack@keystone.service[44269]: ERROR keystone.server.flask.application return self.get_or_create(
Aug 16 14:50:19 user devstack@keystone.service[44269]: ERROR keystone.server.flask.application
File "/opt/stack/data/venv/lib/python3.10/site-packages/dogpile/cache/region.py", line 1042, in get_or_create
Aug 16 14:50:19 user devstack@keystone.service[44269]: ERROR keystone.server.flask.application with Lock(
Aug 16 14:50:19 user devstack@keystone.service[44269]: ERROR keystone.server.flask.application
File "/opt/stack/data/venv/lib/python3.10/site-packages/dogpile/lock.py", line 185, in __enter__
Aug 16 14:50:19 user devstack@keystone.service[44269]: ERROR keystone.server.flask.application return self._enter()
Aug 16 14:50:19 user devstack@keystone.service[44269]: ERROR keystone.server.flask.application
File "/opt/stack/data/venv/lib/python3.10/site-packages/dogpile/lock.py", line 94, in _enter
Aug 16 14:50:19 user devstack@keystone.service[44269]: ERROR keystone.server.flask.application generated = self._enter_create(value, createdtime)
Aug 16 14:50:19 user devstack@keystone.service[44269]: ERROR keystone.server.flask.application
File "/opt/stack/data/venv/lib/python3.10/site-packages/dogpile/lock.py", line 178, in _enter_create
Aug 16 14:50:19 user devstack@keystone.service[44269]: ERROR keystone.server.flask.application return self.creator()
Aug 16 14:50:19 user devstack@keystone.service[44269]: ERROR keystone.server.flask.application
File "/opt/stack/data/venv/lib/python3.10/site-packages/dogpile/cache/region.py", line 995, in gen_value
Aug 16 14:50:19 user devstack@keystone.service[44269]: ERROR keystone.server.flask.application created_value = creator(
Aug 16 14:50:19 user devstack@keystone.service[44269]: ERROR keystone.server.flask.application
File "/opt/stack/keystone/keystone/assignment/core.py", line 1276, in get_role
Aug 16 14:50:19 user devstack@keystone.service[44269]: ERROR keystone.server.flask.application return self.driver.get_role(role_id)
Aug 16 14:50:19 user devstack@keystone.service[44269]: ERROR keystone.server.flask.application
File "/opt/stack/keystone/keystone/assignment/role_backends/sql.py", line 70, in get_role
Aug 16 14:50:19 user devstack@keystone.service[44269]: ERROR keystone.server.flask.application return self._get_role(session, role_id).to_dict()
Aug 16 14:50:19 user devstack@keystone.service[44269]: ERROR keystone.server.flask.application
File "/opt/stack/keystone/keystone/assignment/role_backends/sql.py", line 65, in _get_role
Aug 16 14:50:19 user devstack@keystone.service[44269]: ERROR keystone.server.flask.application raise exception.RoleNotFound(role_id=role_id)
