Aug 16 14:50:22 user devstack@keystone.service[44268]: DEBUG keystone.server.flask.request_processing.req_logging [None req-04be6417-73ef-4c09-a293-f134219cfdc9 None admin] PATH_INFO: `/v3/domains/default` {{(pid=44268) log_request_info /opt/stack/keystone/keystone/server/flask/request_processing/req_logging.py:29}}
Aug 16 14:50:22 user devstack@keystone.service[44268]: DEBUG keystone.common.rbac_enforcer.enforcer [None req-04be6417-73ef-4c09-a293-f134219cfdc9 None admin] RBAC: Authorizing `identity:get_domain(domain_id=default)` {{(pid=44268) enforce_call /opt/stack/keystone/keystone/common/rbac_enforcer/enforcer.py:449}}
Aug 16 14:50:22 user devstack@keystone.service[44269]: DEBUG keystone.server.flask.request_processing.middleware.auth_context [None req-b7943ff7-5f4c-4321-b522-d5cec5c6a884 None admin] Authenticating user token {{(pid=44269) process_request /opt/stack/data/venv/lib/python3.10/site-packages/keystonemiddleware/auth_token/__init__.py:406}}
Aug 16 14:50:22 user devstack@keystone.service[44268]: DEBUG keystone.common.rbac_enforcer.enforcer [None req-04be6417-73ef-4c09-a293-f134219cfdc9 None admin] RBAC: Authorization granted {{(pid=44268) enforce_call /opt/stack/keystone/keystone/common/rbac_enforcer/enforcer.py:457}}
Aug 16 14:50:22 user devstack@keystone.service[44268]: [pid: 44268|app: 0|req: 67/196] 10.0.0.210 () {56 vars in 1103 bytes} [Wed Aug 16 14:50:22 2023] GET /identity/v3/domains/default => generated 198 bytes in 122 msecs (HTTP/1.1 200) 5 headers in 177 bytes (1 switches on core 0)
Aug 16 14:50:22 user devstack@keystone.service[44267]: DEBUG keystone.server.flask.request_processing.middleware.auth_context [None req-8ab262a9-9942-4952-989b-baead8ab0d8e None None] Validating token access rules against request {{(pid=44267) validate_allowed_request /opt/stack/data/venv/lib/python3.10/site-packages/keystonemiddleware/auth_token/__init__.py:544}}
Aug 16 14:50:22 user devstack@keystone.service[44268]: DEBUG keystone.server.flask.request_processing.middleware.auth_context [None req-04be6417-73ef-4c09-a293-f134219cfdc9 None admin] Authenticating user token {{(pid=44268) process_request /opt/stack/data/venv/lib/python3.10/site-packages/keystonemiddleware/auth_token/__init__.py:406}}
Aug 16 14:50:22 user devstack@keystone.service[44267]: DEBUG keystone.server.flask.request_processing.middleware.auth_context [None req-17e2903f-ed5a-4291-b0b2-5629c6d2e17b None admin] RBAC: auth_context: {'token': , 'domain_id': None, 'trust_id': None, 'trustor_id': None, 'trustee_id': None, 'domain_name': None, 'group_ids': [], 'user_id': '451eb30ded6e41618db522e9039caabf', 'user_domain_id': 'default', 'system_scope': 'all', 'project_id': None, 'project_domain_id': None, 'roles': ['admin', 'member', 'reader'], 'is_admin_project': True, 'service_user_id': None, 'service_user_domain_id': None, 'service_project_id': None, 'service_project_domain_id': None, 'service_roles': []} {{(pid=44267) fill_context /opt/stack/keystone/keystone/server/flask/request_processing/middleware/auth_context.py:480}}
Aug 16 14:50:22 user devstack@keystone.service[44267]: DEBUG keystone.server.flask.request_processing.req_logging [None req-17e2903f-ed5a-4291-b0b2-5629c6d2e17b None admin] REQUEST_METHOD: `GET` {{(pid=44267) log_request_info /opt/stack/keystone/keystone/server/flask/request_processing/req_logging.py:27}}
Aug 16 14:50:22 user devstack@keystone.service[44267]: DEBUG keystone.server.flask.request_processing.req_logging [None req-17e2903f-ed5a-4291-b0b2-5629c6d2e17b None admin] SCRIPT_NAME: `/identity` {{(pid=44267) log_request_info /opt/stack/keystone/keystone/server/flask/request_processing/req_logging.py:28}}
Aug 16 14:50:22 user devstack@keystone.service[44267]: DEBUG keystone.server.flask.request_processing.req_logging [None req-17e2903f-ed5a-4291-b0b2-5629c6d2e17b None admin] PATH_INFO: `/v3/roles` {{(pid=44267) log_request_info /opt/stack/keystone/keystone/server/flask/request_processing/req_logging.py:29}}
Aug 16 14:50:22 user devstack@keystone.service[44267]: DEBUG keystone.common.rbac_enforcer.enforcer [None req-17e2903f-ed5a-4291-b0b2-5629c6d2e17b None admin] RBAC: Adding query filter params (name=reader) {{(pid=44267) _extract_filter_values /opt/stack/keystone/keystone/common/rbac_enforcer/enforcer.py:167}}
Aug 16 14:50:22 user devstack@keystone.service[44267]: DEBUG keystone.common.rbac_enforcer.enforcer [None req-17e2903f-ed5a-4291-b0b2-5629c6d2e17b None admin] RBAC: Authorizing `identity:list_roles()` {{(pid=44267) enforce_call /opt/stack/keystone/keystone/common/rbac_enforcer/enforcer.py:449}}
Aug 16 14:50:22 user devstack@keystone.service[44267]: DEBUG keystone.common.rbac_enforcer.enforcer [None req-17e2903f-ed5a-4291-b0b2-5629c6d2e17b None admin] RBAC: Authorization granted {{(pid=44267) enforce_call /opt/stack/keystone/keystone/common/rbac_enforcer/enforcer.py:457}}
Aug 16 14:50:22 user devstack@keystone.service[44267]: [pid: 44267|app: 0|req: 66/197] 10.0.0.210 () {56 vars in 1096 bytes} [Wed Aug 16 14:50:22 2023] GET /identity/v3/roles?name=reader => generated 339 bytes in 138 msecs (HTTP/1.1 200) 5 headers in 177 bytes (1 switches on core 0)
Aug 16 14:50:22 user devstack@keystone.service[44267]: DEBUG keystone.server.flask.request_processing.middleware.auth_context [None req-17e2903f-ed5a-4291-b0b2-5629c6d2e17b None admin] Authenticating user token {{(pid=44267) process_request /opt/stack/data/venv/lib/python3.10/site-packages/keystonemiddleware/auth_token/__init__.py:406}}
Aug 16 14:50:22 user devstack@keystone.service[44269]: DEBUG keystone.server.flask.request_processing.middleware.auth_context [None req-b7943ff7-5f4c-4321-b522-d5cec5c6a884 None admin] Validating token access rules against request {{(pid=44269) validate_allowed_request /opt/stack/data/venv/lib/python3.10/site-packages/keystonemiddleware/auth_token/__init__.py:544}}
Aug 16 14:50:22 user devstack@keystone.service[44268]: DEBUG keystone.server.flask.request_processing.middleware.auth_context [None req-04be6417-73ef-4c09-a293-f134219cfdc9 None admin] Validating token access rules against request {{(pid=44268) validate_allowed_request /opt/stack/data/venv/lib/python3.10/site-packages/keystonemiddleware/auth_token/__init__.py:544}}
Aug 16 14:50:22 user devstack@keystone.service[44269]: DEBUG keystone.server.flask.request_processing.middleware.auth_context [None req-de7567c8-3222-4e6f-8f5f-79b93f5b1355 None admin] RBAC: auth_context: {'token': , 'domain_id': None, 'trust_id': None, 'trustor_id': None, 'trustee_id': None, 'domain_name': None, 'group_ids': [], 'user_id': '451eb30ded6e41618db522e9039caabf', 'user_domain_id': 'default', 'system_scope': 'all', 'project_id': None, 'project_domain_id': None, 'roles': ['admin', 'member', 'reader'], 'is_admin_project': True, 'service_user_id': None, 'service_user_domain_id': None, 'service_project_id': None, 'service_project_domain_id': None, 'service_roles': []} {{(pid=44269) fill_context /opt/stack/keystone/keystone/server/flask/request_processing/middleware/auth_context.py:480}}
Aug 16 14:50:22 user devstack@keystone.service[44269]: DEBUG keystone.server.flask.request_processing.req_logging [None req-de7567c8-3222-4e6f-8f5f-79b93f5b1355 None admin] REQUEST_METHOD: `GET` {{(pid=44269) log_request_info /opt/stack/keystone/keystone/server/flask/request_processing/req_logging.py:27}}
Aug 16 14:50:22 user devstack@keystone.service[44268]: DEBUG keystone.server.flask.request_processing.middleware.auth_context [None req-3a6e3165-aec4-47c3-8521-9499905a80c4 None admin] RBAC: auth_context: {'token': , 'domain_id': None, 'trust_id': None, 'trustor_id': None, 'trustee_id': None, 'domain_name': None, 'group_ids': [], 'user_id': '451eb30ded6e41618db522e9039caabf', 'user_domain_id': 'default', 'system_scope': 'all', 'project_id': None, 'project_domain_id': None, 'roles': ['admin', 'member', 'reader'], 'is_admin_project': True, 'service_user_id': None, 'service_user_domain_id': None, 'service_project_id': None, 'service_project_domain_id': None, 'service_roles': []} {{(pid=44268) fill_context /opt/stack/keystone/keystone/server/flask/request_processing/middleware/auth_context.py:480}}
Aug 16 14:50:22 user devstack@keystone.service[44269]: DEBUG keystone.server.flask.request_processing.req_logging [None req-de7567c8-3222-4e6f-8f5f-79b93f5b1355 None admin] SCRIPT_NAME: `/identity` {{(pid=44269) log_request_info /opt/stack/keystone/keystone/server/flask/request_processing/req_logging.py:28}}
Aug 16 14:50:22 user devstack@keystone.service[44268]: DEBUG keystone.server.flask.request_processing.req_logging [None req-3a6e3165-aec4-47c3-8521-9499905a80c4 None admin] REQUEST_METHOD: `POST` {{(pid=44268) log_request_info /opt/stack/keystone/keystone/server/flask/request_processing/req_logging.py:27}}
Aug 16 14:50:22 user devstack@keystone.service[44268]: DEBUG keystone.server.flask.request_processing.req_logging [None req-3a6e3165-aec4-47c3-8521-9499905a80c4 None admin] SCRIPT_NAME: `/identity` {{(pid=44268) log_request_info /opt/stack/keystone/keystone/server/flask/request_processing/req_logging.py:28}}
Aug 16 14:50:22 user devstack@keystone.service[44269]: DEBUG keystone.server.flask.request_processing.req_logging [None req-de7567c8-3222-4e6f-8f5f-79b93f5b1355 None admin] PATH_INFO: `/v3/roles/member` {{(pid=44269) log_request_info /opt/stack/keystone/keystone/server/flask/request_processing/req_logging.py:29}}
Aug 16 14:50:22 user devstack@keystone.service[44268]: DEBUG keystone.server.flask.request_processing.req_logging [None req-3a6e3165-aec4-47c3-8521-9499905a80c4 None admin] PATH_INFO: `/v3/users` {{(pid=44268) log_request_info /opt/stack/keystone/keystone/server/flask/request_processing/req_logging.py:29}}
Aug 16 14:50:22 user devstack@keystone.service[44268]: DEBUG keystone.common.rbac_enforcer.enforcer [None req-3a6e3165-aec4-47c3-8521-9499905a80c4 None admin] RBAC: Authorizing `identity:create_user()` {{(pid=44268) enforce_call /opt/stack/keystone/keystone/common/rbac_enforcer/enforcer.py:449}}
Aug 16 14:50:22 user devstack@keystone.service[44268]: DEBUG keystone.common.rbac_enforcer.enforcer [None req-3a6e3165-aec4-47c3-8521-9499905a80c4 None admin] RBAC: Authorization granted {{(pid=44268) enforce_call /opt/stack/keystone/keystone/common/rbac_enforcer/enforcer.py:457}}
Aug 16 14:50:22 user devstack@keystone.service[44268]: WARNING keystone.common.password_hashing [None req-3a6e3165-aec4-47c3-8521-9499905a80c4 None admin] Truncating password to algorithm specific maximum length 72 characters.
Aug 16 14:50:22 user devstack@keystone.service[44269]: DEBUG keystone.common.rbac_enforcer.enforcer [None req-de7567c8-3222-4e6f-8f5f-79b93f5b1355 None admin] Extracting inferred target data resulted in "NOT FOUND (404)". {{(pid=44269) enforce_call /opt/stack/keystone/keystone/common/rbac_enforcer/enforcer.py:409}}
Aug 16 14:50:22 user devstack@keystone.service[44269]: ERROR keystone.server.flask.application [None req-de7567c8-3222-4e6f-8f5f-79b93f5b1355 None admin] Could not find role: member.: keystone.exception.RoleNotFound: Could not find role: member.
Aug 16 14:50:22 user devstack@keystone.service[44269]: ERROR keystone.server.flask.application
Traceback (most recent call last):
Aug 16 14:50:22 user devstack@keystone.service[44269]: ERROR keystone.server.flask.application
File "/opt/stack/data/venv/lib/python3.10/site-packages/flask/app.py", line 1823, in full_dispatch_request
Aug 16 14:50:22 user devstack@keystone.service[44269]: ERROR keystone.server.flask.application rv = self.dispatch_request()
Aug 16 14:50:22 user devstack@keystone.service[44269]: ERROR keystone.server.flask.application
File "/opt/stack/data/venv/lib/python3.10/site-packages/flask/app.py", line 1799, in dispatch_request
Aug 16 14:50:22 user devstack@keystone.service[44269]: ERROR keystone.server.flask.application return self.ensure_sync(self.view_functions[rule.endpoint])(**view_args)
Aug 16 14:50:22 user devstack@keystone.service[44269]: ERROR keystone.server.flask.application
File "/opt/stack/data/venv/lib/python3.10/site-packages/flask_restful/__init__.py", line 467, in wrapper
Aug 16 14:50:22 user devstack@keystone.service[44269]: ERROR keystone.server.flask.application resp = resource(*args, **kwargs)
Aug 16 14:50:22 user devstack@keystone.service[44269]: ERROR keystone.server.flask.application
File "/opt/stack/data/venv/lib/python3.10/site-packages/flask/views.py", line 107, in view
Aug 16 14:50:22 user devstack@keystone.service[44269]: ERROR keystone.server.flask.application return current_app.ensure_sync(self.dispatch_request)(**kwargs)
Aug 16 14:50:22 user devstack@keystone.service[44269]: ERROR keystone.server.flask.application
File "/opt/stack/data/venv/lib/python3.10/site-packages/flask_restful/__init__.py", line 582, in dispatch_request
Aug 16 14:50:22 user devstack@keystone.service[44269]: ERROR keystone.server.flask.application resp = meth(*args, **kwargs)
Aug 16 14:50:22 user devstack@keystone.service[44269]: ERROR keystone.server.flask.application
File "/opt/stack/keystone/keystone/api/roles.py", line 50, in get
Aug 16 14:50:22 user devstack@keystone.service[44269]: ERROR keystone.server.flask.application return self._get_role(role_id)
Aug 16 14:50:22 user devstack@keystone.service[44269]: ERROR keystone.server.flask.application
File "/opt/stack/keystone/keystone/api/roles.py", line 70, in _get_role
Aug 16 14:50:22 user devstack@keystone.service[44269]: ERROR keystone.server.flask.application ENFORCER.enforce_call(action='identity:get_role')
Aug 16 14:50:22 user devstack@keystone.service[44269]: ERROR keystone.server.flask.application
File "/opt/stack/keystone/keystone/common/rbac_enforcer/enforcer.py", line 402, in enforce_call
Aug 16 14:50:22 user devstack@keystone.service[44269]: ERROR keystone.server.flask.application policy_dict.update(cls._extract_member_target_data(
Aug 16 14:50:22 user devstack@keystone.service[44269]: ERROR keystone.server.flask.application
File "/opt/stack/keystone/keystone/common/rbac_enforcer/enforcer.py", line 234, in _extract_member_target_data
Aug 16 14:50:22 user devstack@keystone.service[44269]: ERROR keystone.server.flask.application member_name: func(flask.request.view_args[key])
Aug 16 14:50:22 user devstack@keystone.service[44269]: ERROR keystone.server.flask.application
File "/opt/stack/keystone/keystone/common/manager.py", line 115, in wrapped
Aug 16 14:50:22 user devstack@keystone.service[44269]: ERROR keystone.server.flask.application __ret_val = __f(*args, **kwargs)
Aug 16 14:50:22 user devstack@keystone.service[44269]: ERROR keystone.server.flask.application
File "/opt/stack/data/venv/lib/python3.10/site-packages/decorator.py", line 232, in fun
Aug 16 14:50:22 user devstack@keystone.service[44269]: ERROR keystone.server.flask.application return caller(func, *(extras + args), **kw)
Aug 16 14:50:22 user devstack@keystone.service[44269]: ERROR keystone.server.flask.application
File "/opt/stack/data/venv/lib/python3.10/site-packages/dogpile/cache/region.py", line 1577, in get_or_create_for_user_func
Aug 16 14:50:22 user devstack@keystone.service[44269]: ERROR keystone.server.flask.application return self.get_or_create(
Aug 16 14:50:22 user devstack@keystone.service[44269]: ERROR keystone.server.flask.application
File "/opt/stack/data/venv/lib/python3.10/site-packages/dogpile/cache/region.py", line 1042, in get_or_create
Aug 16 14:50:22 user devstack@keystone.service[44269]: ERROR keystone.server.flask.application with Lock(
Aug 16 14:50:22 user devstack@keystone.service[44269]: ERROR keystone.server.flask.application
File "/opt/stack/data/venv/lib/python3.10/site-packages/dogpile/lock.py", line 185, in __enter__
Aug 16 14:50:22 user devstack@keystone.service[44269]: ERROR keystone.server.flask.application return self._enter()
Aug 16 14:50:22 user devstack@keystone.service[44269]: ERROR keystone.server.flask.application
File "/opt/stack/data/venv/lib/python3.10/site-packages/dogpile/lock.py", line 94, in _enter
Aug 16 14:50:22 user devstack@keystone.service[44269]: ERROR keystone.server.flask.application generated = self._enter_create(value, createdtime)
Aug 16 14:50:22 user devstack@keystone.service[44269]: ERROR keystone.server.flask.application
File "/opt/stack/data/venv/lib/python3.10/site-packages/dogpile/lock.py", line 178, in _enter_create
Aug 16 14:50:22 user devstack@keystone.service[44269]: ERROR keystone.server.flask.application return self.creator()
Aug 16 14:50:22 user devstack@keystone.service[44269]: ERROR keystone.server.flask.application
File "/opt/stack/data/venv/lib/python3.10/site-packages/dogpile/cache/region.py", line 995, in gen_value
Aug 16 14:50:22 user devstack@keystone.service[44269]: ERROR keystone.server.flask.application created_value = creator(
Aug 16 14:50:22 user devstack@keystone.service[44269]: ERROR keystone.server.flask.application
File "/opt/stack/keystone/keystone/assignment/core.py", line 1276, in get_role
Aug 16 14:50:22 user devstack@keystone.service[44269]: ERROR keystone.server.flask.application return self.driver.get_role(role_id)
Aug 16 14:50:22 user devstack@keystone.service[44269]: ERROR keystone.server.flask.application
File "/opt/stack/keystone/keystone/assignment/role_backends/sql.py", line 70, in get_role
Aug 16 14:50:22 user devstack@keystone.service[44269]: ERROR keystone.server.flask.application return self._get_role(session, role_id).to_dict()
Aug 16 14:50:22 user devstack@keystone.service[44269]: ERROR keystone.server.flask.application
File "/opt/stack/keystone/keystone/assignment/role_backends/sql.py", line 65, in _get_role
Aug 16 14:50:22 user devstack@keystone.service[44269]: ERROR keystone.server.flask.application raise exception.RoleNotFound(role_id=role_id)
Aug 16 14:50:22 user devstack@keystone.service[44269]: ERROR keystone.server.flask.application keystone.exception.RoleNotFound: Could not find role: member.
Aug 16 14:50:22 user devstack@keystone.service[44269]: ERROR keystone.server.flask.application
Aug 16 14:50:22 user devstack@keystone.service[44269]: [pid: 44269|app: 0|req: 65/198] 10.0.0.210 () {56 vars in 1094 bytes} [Wed Aug 16 14:50:22 2023] GET /identity/v3/roles/member => generated 84 bytes in 142 msecs (HTTP/1.1 404) 5 headers in 183 bytes (1 switches on core 0)
Aug 16 14:50:22 user devstack@keystone.service[44267]: DEBUG keystone.server.flask.request_processing.middleware.auth_context [None req-17e2903f-ed5a-4291-b0b2-5629c6d2e17b None admin] Validating token access rules against request {{(pid=44267) validate_allowed_request /opt/stack/data/venv/lib/python3.10/site-packages/keystonemiddleware/auth_token/__init__.py:544}}
Aug 16 14:50:22 user devstack@keystone.service[44269]: DEBUG keystone.server.flask.request_processing.middleware.auth_context [None req-de7567c8-3222-4e6f-8f5f-79b93f5b1355 None admin] Authenticating user token {{(pid=44269) process_request /opt/stack/data/venv/lib/python3.10/site-packages/keystonemiddleware/auth_token/__init__.py:406}}
Aug 16 14:50:22 user devstack@keystone.service[44268]: [pid: 44268|app: 0|req: 68/199] 10.0.0.210 () {60 vars in 1127 bytes} [Wed Aug 16 14:50:22 2023] POST /identity/v3/users => generated 292 bytes in 156 msecs (HTTP/1.1 201) 5 headers in 182 bytes (2 switches on core 0)
Aug 16 14:50:22 user devstack@keystone.service[44267]: DEBUG keystone.server.flask.request_processing.middleware.auth_context [None req-17ab6cd9-54da-4651-9b01-d01928248850 None admin] RBAC: auth_context: {'token': , 'domain_id': None, 'trust_id': None, 'trustor_id': None, 'trustee_id': None, 'domain_name': None, 'group_ids': [], 'user_id': '451eb30ded6e41618db522e9039caabf', 'user_domain_id': 'default', 'system_scope': 'all', 'project_id': None, 'project_domain_id': None, 'roles': ['admin', 'member', 'reader'], 'is_admin_project': True, 'service_user_id': None, 'service_user_domain_id': None, 'service_project_id': None, 'service_project_domain_id': None, 'service_roles': []} {{(pid=44267) fill_context /opt/stack/keystone/keystone/server/flask/request_processing/middleware/auth_context.py:480}}
Aug 16 14:50:22 user devstack@keystone.service[44267]: DEBUG keystone.server.flask.request_processing.req_logging [None req-17ab6cd9-54da-4651-9b01-d01928248850 None admin] REQUEST_METHOD: `GET` {{(pid=44267) log_request_info /opt/stack/keystone/keystone/server/flask/request_processing/req_logging.py:27}}
Aug 16 14:50:22 user devstack@keystone.service[44267]: DEBUG keystone.server.flask.request_processing.req_logging [None req-17ab6cd9-54da-4651-9b01-d01928248850 None admin] SCRIPT_NAME: `/identity` {{(pid=44267) log_request_info /opt/stack/keystone/keystone/server/flask/request_processing/req_logging.py:28}}
Aug 16 14:50:22 user devstack@keystone.service[44267]: DEBUG keystone.server.flask.request_processing.req_logging [None req-17ab6cd9-54da-4651-9b01-d01928248850 None admin] PATH_INFO: `/v3/users/d8b964359a5d4c9fb91f8244b1714b46` {{(pid=44267) log_request_info /opt/stack/keystone/keystone/server/flask/request_processing/req_logging.py:29}}
Aug 16 14:50:22 user devstack@keystone.service[44267]: DEBUG keystone.common.rbac_enforcer.enforcer [None req-17ab6cd9-54da-4651-9b01-d01928248850 None admin] RBAC: Authorizing `identity:get_user(user_id=d8b964359a5d4c9fb91f8244b1714b46)` {{(pid=44267) enforce_call /opt/stack/keystone/keystone/common/rbac_enforcer/enforcer.py:449}}
Aug 16 14:50:22 user devstack@keystone.service[44267]: DEBUG keystone.common.rbac_enforcer.enforcer [None req-17ab6cd9-54da-4651-9b01-d01928248850 None admin] RBAC: Authorization granted {{(pid=44267) enforce_call /opt/stack/keystone/keystone/common/rbac_enforcer/enforcer.py:457}}
Aug 16 14:50:22 user devstack@keystone.service[44267]: [pid: 44267|app: 0|req: 67/200] 10.0.0.210 () {56 vars in 1172 bytes} [Wed Aug 16 14:50:22 2023] GET /identity/v3/users/d8b964359a5d4c9fb91f8244b1714b46 => generated 296 bytes in 143 msecs (HTTP/1.1 200) 5 headers in 177 bytes (1 switches on core 0)
Aug 16 14:50:22 user devstack@keystone.service[44268]: DEBUG keystone.server.flask.request_processing.middleware.auth_context [None req-3a6e3165-aec4-47c3-8521-9499905a80c4 None admin] Authenticating user token {{(pid=44268) process_request /opt/stack/data/venv/lib/python3.10/site-packages/keystonemiddleware/auth_token/__init__.py:406}}
Aug 16 14:50:22 user devstack@keystone.service[44269]: DEBUG keystone.server.flask.request_processing.middleware.auth_context [None req-de7567c8-3222-4e6f-8f5f-79b93f5b1355 None admin] Validating token access rules against request {{(pid=44269) validate_allowed_request /opt/stack/data/venv/lib/python3.10/site-packages/keystonemiddleware/auth_token/__init__.py:544}}
Aug 16 14:50:22 user devstack@keystone.service[44269]: DEBUG keystone.server.flask.request_processing.middleware.auth_context [None req-e5bd42d6-d795-4a45-862d-bb7dd00dcfe6 None admin] RBAC: auth_context: {'token': , 'domain_id': None, 'trust_id': None, 'trustor_id': None, 'trustee_id': None, 'domain_name': None, 'group_ids': [], 'user_id': '451eb30ded6e41618db522e9039caabf', 'user_domain_id': 'default', 'system_scope': 'all', 'project_id': None, 'project_domain_id': None, 'roles': ['admin', 'member', 'reader'], 'is_admin_project': True, 'service_user_id': None, 'service_user_domain_id': None, 'service_project_id': None, 'service_project_domain_id': None, 'service_roles': []} {{(pid=44269) fill_context /opt/stack/keystone/keystone/server/flask/request_processing/middleware/auth_context.py:480}}
Aug 16 14:50:22 user devstack@keystone.service[44269]: DEBUG keystone.server.flask.request_processing.req_logging [None req-e5bd42d6-d795-4a45-862d-bb7dd00dcfe6 None admin] REQUEST_METHOD: `GET` {{(pid=44269) log_request_info /opt/stack/keystone/keystone/server/flask/request_processing/req_logging.py:27}}
Aug 16 14:50:22 user devstack@keystone.service[44269]: DEBUG keystone.server.flask.request_processing.req_logging [None req-e5bd42d6-d795-4a45-862d-bb7dd00dcfe6 None admin] SCRIPT_NAME: `/identity` {{(pid=44269) log_request_info /opt/stack/keystone/keystone/server/flask/request_processing/req_logging.py:28}}
Aug 16 14:50:22 user devstack@keystone.service[44269]: DEBUG keystone.server.flask.request_processing.req_logging [None req-e5bd42d6-d795-4a45-862d-bb7dd00dcfe6 None admin] PATH_INFO: `/v3/roles` {{(pid=44269) log_request_info /opt/stack/keystone/keystone/server/flask/request_processing/req_logging.py:29}}
Aug 16 14:50:22 user devstack@keystone.service[44269]: DEBUG keystone.common.rbac_enforcer.enforcer [None req-e5bd42d6-d795-4a45-862d-bb7dd00dcfe6 None admin] RBAC: Adding query filter params (name=member) {{(pid=44269) _extract_filter_values /opt/stack/keystone/keystone/common/rbac_enforcer/enforcer.py:167}}
Aug 16 14:50:22 user devstack@keystone.service[44269]: DEBUG keystone.common.rbac_enforcer.enforcer [None req-e5bd42d6-d795-4a45-862d-bb7dd00dcfe6 None admin] RBAC: Authorizing `identity:list_roles()` {{(pid=44269) enforce_call /opt/stack/keystone/keystone/common/rbac_enforcer/enforcer.py:449}}
Aug 16 14:50:22 user devstack@keystone.service[44269]: DEBUG keystone.common.rbac_enforcer.enforcer [None req-e5bd42d6-d795-4a45-862d-bb7dd00dcfe6 None admin] RBAC: Authorization granted {{(pid=44269) enforce_call /opt/stack/keystone/keystone/common/rbac_enforcer/enforcer.py:457}}
Aug 16 14:50:22 user devstack@keystone.service[44269]: [pid: 44269|app: 0|req: 66/201] 10.0.0.210 () {56 vars in 1096 bytes} [Wed Aug 16 14:50:22 2023] GET /identity/v3/roles?name=member => generated 339 bytes in 131 msecs (HTTP/1.1 200) 5 headers in 177 bytes (1 switches on core 0)
Aug 16 14:50:22 user devstack@keystone.service[44267]: DEBUG keystone.server.flask.request_processing.middleware.auth_context [None req-17ab6cd9-54da-4651-9b01-d01928248850 None admin] Authenticating user token {{(pid=44267) process_request /opt/stack/data/venv/lib/python3.10/site-packages/keystonemiddleware/auth_token/__init__.py:406}}
Aug 16 14:50:22 user devstack@keystone.service[44268]: DEBUG keystone.server.flask.request_processing.middleware.auth_context [None req-3a6e3165-aec4-47c3-8521-9499905a80c4 None admin] Validating token access rules against request {{(pid=44268) validate_allowed_request /opt/stack/data/venv/lib/python3.10/site-packages/keystonemiddleware/auth_token/__init__.py:544}}
Aug 16 14:50:22 user devstack@keystone.service[44268]: DEBUG keystone.server.flask.request_processing.middleware.auth_context [None req-8b9a85ac-5463-423e-bd4e-e3e3a122b7f4 None admin] RBAC: auth_context: {'token': , 'domain_id': None, 'trust_id': None, 'trustor_id': None, 'trustee_id': None, 'domain_name': None, 'group_ids': [], 'user_id': '451eb30ded6e41618db522e9039caabf', 'user_domain_id': 'default', 'system_scope': 'all', 'project_id': None, 'project_domain_id': None, 'roles': ['admin', 'member', 'reader'], 'is_admin_project': True, 'service_user_id': None, 'service_user_domain_id': None, 'service_project_id': None, 'service_project_domain_id': None, 'service_roles': []} {{(pid=44268) fill_context /opt/stack/keystone/keystone/server/flask/request_processing/middleware/auth_context.py:480}}
Aug 16 14:50:22 user devstack@keystone.service[44268]: DEBUG keystone.server.flask.request_processing.req_logging [None req-8b9a85ac-5463-423e-bd4e-e3e3a122b7f4 None admin] REQUEST_METHOD: `GET` {{(pid=44268) log_request_info /opt/stack/keystone/keystone/server/flask/request_processing/req_logging.py:27}}
Aug 16 14:50:22 user devstack@keystone.service[44268]: DEBUG keystone.server.flask.request_processing.req_logging [None req-8b9a85ac-5463-423e-bd4e-e3e3a122b7f4 None admin] SCRIPT_NAME: `/identity` {{(pid=44268) log_request_info /opt/stack/keystone/keystone/server/flask/request_processing/req_logging.py:28}}
Aug 16 14:50:22 user devstack@keystone.service[44268]: DEBUG keystone.server.flask.request_processing.req_logging [None req-8b9a85ac-5463-423e-bd4e-e3e3a122b7f4 None admin] PATH_INFO: `/v3/projects/ffd1256bed0842aaa9c20c009ce110be` {{(pid=44268) log_request_info /opt/stack/keystone/keystone/server/flask/request_processing/req_logging.py:29}}
Aug 16 14:50:22 user devstack@keystone.service[44268]: DEBUG keystone.common.rbac_enforcer.enforcer [None req-8b9a85ac-5463-423e-bd4e-e3e3a122b7f4 None admin] RBAC: Authorizing `identity:get_project(project_id=ffd1256bed0842aaa9c20c009ce110be)` {{(pid=44268) enforce_call /opt/stack/keystone/keystone/common/rbac_enforcer/enforcer.py:449}}
Aug 16 14:50:22 user devstack@keystone.service[44268]: DEBUG keystone.common.rbac_enforcer.enforcer [None req-8b9a85ac-5463-423e-bd4e-e3e3a122b7f4 None admin] RBAC: Authorization granted {{(pid=44268) enforce_call /opt/stack/keystone/keystone/common/rbac_enforcer/enforcer.py:457}}
Aug 16 14:50:22 user devstack@keystone.service[44268]: [pid: 44268|app: 0|req: 69/202] 10.0.0.210 () {56 vars in 1181 bytes} [Wed Aug 16 14:50:22 2023] GET /identity/v3/projects/ffd1256bed0842aaa9c20c009ce110be => generated 301 bytes in 132 msecs (HTTP/1.1 200) 5 headers in 177 bytes (1 switches on core 0)
Aug 16 14:50:22 user devstack@keystone.service[44269]: DEBUG keystone.server.flask.request_processing.middleware.auth_context [None req-e5bd42d6-d795-4a45-862d-bb7dd00dcfe6 None admin] Authenticating user token {{(pid=44269) process_request /opt/stack/data/venv/lib/python3.10/site-packages/keystonemiddleware/auth_token/__init__.py:406}}
Aug 16 14:50:22 user devstack@keystone.service[44267]: DEBUG keystone.server.flask.request_processing.middleware.auth_context [None req-17ab6cd9-54da-4651-9b01-d01928248850 None admin] Validating token access rules against request {{(pid=44267) validate_allowed_request /opt/stack/data/venv/lib/python3.10/site-packages/keystonemiddleware/auth_token/__init__.py:544}}
Aug 16 14:50:22 user devstack@keystone.service[44267]: DEBUG keystone.server.flask.request_processing.middleware.auth_context [None req-4a0dc8ab-61d4-45e1-8bb1-cb136167f281 None admin] RBAC: auth_context: {'token': , 'domain_id': None, 'trust_id': None, 'trustor_id': None, 'trustee_id': None, 'domain_name': None, 'group_ids': [], 'user_id': '451eb30ded6e41618db522e9039caabf', 'user_domain_id': 'default', 'system_scope': 'all', 'project_id': None, 'project_domain_id': None, 'roles': ['admin', 'member', 'reader'], 'is_admin_project': True, 'service_user_id': None, 'service_user_domain_id': None, 'service_project_id': None, 'service_project_domain_id': None, 'service_roles': []} {{(pid=44267) fill_context /opt/stack/keystone/keystone/server/flask/request_processing/middleware/auth_context.py:480}}
Aug 16 14:50:22 user devstack@keystone.service[44267]: DEBUG keystone.server.flask.request_processing.req_logging [None req-4a0dc8ab-61d4-45e1-8bb1-cb136167f281 None admin] REQUEST_METHOD: `GET` {{(pid=44267) log_request_info /opt/stack/keystone/keystone/server/flask/request_processing/req_logging.py:27}}
Aug 16 14:50:22 user devstack@keystone.service[44269]: DEBUG keystone.server.flask.request_processing.middleware.auth_context [None req-e5bd42d6-d795-4a45-862d-bb7dd00dcfe6 None admin] Validating token access rules against request {{(pid=44269) validate_allowed_request /opt/stack/data/venv/lib/python3.10/site-packages/keystonemiddleware/auth_token/__init__.py:544}}
Aug 16 14:50:22 user devstack@keystone.service[44267]: DEBUG keystone.server.flask.request_processing.req_logging [None req-4a0dc8ab-61d4-45e1-8bb1-cb136167f281 None admin] SCRIPT_NAME: `/identity` {{(pid=44267) log_request_info /opt/stack/keystone/keystone/server/flask/request_processing/req_logging.py:28}}
Aug 16 14:50:22 user devstack@keystone.service[44267]: DEBUG keystone.server.flask.request_processing.req_logging [None req-4a0dc8ab-61d4-45e1-8bb1-cb136167f281 None admin] PATH_INFO: `/v3/users/dfae3b3e7b364c84a6ff0d3365c21265` {{(pid=44267) log_request_info /opt/stack/keystone/keystone/server/flask/request_processing/req_logging.py:29}}
Aug 16 14:50:22 user devstack@keystone.service[44267]: DEBUG keystone.common.rbac_enforcer.enforcer [None req-4a0dc8ab-61d4-45e1-8bb1-cb136167f281 None admin] RBAC: Authorizing `identity:get_user(user_id=dfae3b3e7b364c84a6ff0d3365c21265)` {{(pid=44267) enforce_call /opt/stack/keystone/keystone/common/rbac_enforcer/enforcer.py:449}}
Aug 16 14:50:22 user devstack@keystone.service[44267]: DEBUG keystone.common.rbac_enforcer.enforcer [None req-4a0dc8ab-61d4-45e1-8bb1-cb136167f281 None admin] RBAC: Authorization granted {{(pid=44267) enforce_call /opt/stack/keystone/keystone/common/rbac_enforcer/enforcer.py:457}}
Aug 16 14:50:22 user devstack@keystone.service[44267]: [pid: 44267|app: 0|req: 68/203] 10.0.0.210 () {56 vars in 1172 bytes} [Wed Aug 16 14:50:22 2023] GET /identity/v3/users/dfae3b3e7b364c84a6ff0d3365c21265 => generated 296 bytes in 132 msecs (HTTP/1.1 200) 5 headers in 177 bytes (1 switches on core 0)
Aug 16 14:50:22 user devstack@keystone.service[44268]: DEBUG keystone.server.flask.request_processing.middleware.auth_context [None req-8b9a85ac-5463-423e-bd4e-e3e3a122b7f4 None admin] Authenticating user token {{(pid=44268) process_request /opt/stack/data/venv/lib/python3.10/site-packages/keystonemiddleware/auth_token/__init__.py:406}}
Aug 16 14:50:22 user devstack@keystone.service[44269]: DEBUG keystone.server.flask.request_processing.middleware.auth_context [None req-b265c920-5f1d-4b62-8c8d-1cdffe887299 None admin] RBAC: auth_context: {'token': , 'domain_id': None, 'trust_id': None, 'trustor_id': None, 'trustee_id': None, 'domain_name': None, 'group_ids': [], 'user_id': '451eb30ded6e41618db522e9039caabf', 'user_domain_id': 'default', 'system_scope': 'all', 'project_id': None, 'project_domain_id': None, 'roles': ['admin', 'member', 'reader'], 'is_admin_project': True, 'service_user_id': None, 'service_user_domain_id': None, 'service_project_id': None, 'service_project_domain_id': None, 'service_roles': []} {{(pid=44269) fill_context /opt/stack/keystone/keystone/server/flask/request_processing/middleware/auth_context.py:480}}
Aug 16 14:50:22 user devstack@keystone.service[44269]: DEBUG keystone.server.flask.request_processing.req_logging [None req-b265c920-5f1d-4b62-8c8d-1cdffe887299 None admin] REQUEST_METHOD: `PUT` {{(pid=44269) log_request_info /opt/stack/keystone/keystone/server/flask/request_processing/req_logging.py:27}}
Aug 16 14:50:22 user devstack@keystone.service[44269]: DEBUG keystone.server.flask.request_processing.req_logging [None req-b265c920-5f1d-4b62-8c8d-1cdffe887299 None admin] SCRIPT_NAME: `/identity` {{(pid=44269) log_request_info /opt/stack/keystone/keystone/server/flask/request_processing/req_logging.py:28}}
Aug 16 14:50:22 user devstack@keystone.service[44269]: DEBUG keystone.server.flask.request_processing.req_logging [None req-b265c920-5f1d-4b62-8c8d-1cdffe887299 None admin] PATH_INFO: `/v3/projects/ffd1256bed0842aaa9c20c009ce110be/users/d8b964359a5d4c9fb91f8244b1714b46/roles/0affadf61e594edab18cb9573f103d29` {{(pid=44269) log_request_info /opt/stack/keystone/keystone/server/flask/request_processing/req_logging.py:29}}
Aug 16 14:50:22 user devstack@keystone.service[44269]: DEBUG keystone.common.rbac_enforcer.enforcer [None req-b265c920-5f1d-4b62-8c8d-1cdffe887299 None admin] RBAC: Authorizing `identity:create_grant(project_id=ffd1256bed0842aaa9c20c009ce110be, user_id=d8b964359a5d4c9fb91f8244b1714b46, role_id=0affadf61e594edab18cb9573f103d29)` {{(pid=44269) enforce_call /opt/stack/keystone/keystone/common/rbac_enforcer/enforcer.py:449}}
Aug 16 14:50:22 user devstack@keystone.service[44269]: DEBUG keystone.common.rbac_enforcer.enforcer [None req-b265c920-5f1d-4b62-8c8d-1cdffe887299 None admin] RBAC: Authorization granted {{(pid=44269) enforce_call /opt/stack/keystone/keystone/common/rbac_enforcer/enforcer.py:457}}
Aug 16 14:50:22 user devstack@keystone.service[44269]: [pid: 44269|app: 0|req: 67/204] 10.0.0.210 () {58 vars in 1434 bytes} [Wed Aug 16 14:50:22 2023] PUT /identity/v3/projects/ffd1256bed0842aaa9c20c009ce110be/users/d8b964359a5d4c9fb91f8244b1714b46/roles/0affadf61e594edab18cb9573f103d29 => generated 0 bytes in 133 msecs (HTTP/1.1 204) 3 headers in 132 bytes (0 switches on core 0)
Aug 16 14:50:22 user devstack@keystone.service[44268]: DEBUG keystone.server.flask.request_processing.middleware.auth_context [None req-8b9a85ac-5463-423e-bd4e-e3e3a122b7f4 None admin] Validating token access rules against request {{(pid=44268) validate_allowed_request /opt/stack/data/venv/lib/python3.10/site-packages/keystonemiddleware/auth_token/__init__.py:544}}
Aug 16 14:50:23 user devstack@keystone.service[44268]: DEBUG keystone.server.flask.request_processing.middleware.auth_context [None req-1f48dfeb-13bf-4903-af10-acffa906cb50 None admin] RBAC: auth_context: {'token': , 'domain_id': None, 'trust_id': None, 'trustor_id': None, 'trustee_id': None, 'domain_name': None, 'group_ids': [], 'user_id': '451eb30ded6e41618db522e9039caabf', 'user_domain_id': 'default', 'system_scope': 'all', 'project_id': None, 'project_domain_id': None, 'roles': ['admin', 'member', 'reader'], 'is_admin_project': True, 'service_user_id': None, 'service_user_domain_id': None, 'service_project_id': None, 'service_project_domain_id': None, 'service_roles': []} {{(pid=44268) fill_context /opt/stack/keystone/keystone/server/flask/request_processing/middleware/auth_context.py:480}}
Aug 16 14:50:23 user devstack@keystone.service[44268]: DEBUG keystone.server.flask.request_processing.req_logging [None req-1f48dfeb-13bf-4903-af10-acffa906cb50 None admin] REQUEST_METHOD: `GET` {{(pid=44268) log_request_info /opt/stack/keystone/keystone/server/flask/request_processing/req_logging.py:27}}
Aug 16 14:50:23 user devstack@keystone.service[44268]: DEBUG keystone.server.flask.request_processing.req_logging [None req-1f48dfeb-13bf-4903-af10-acffa906cb50 None admin] SCRIPT_NAME: `/identity` {{(pid=44268) log_request_info /opt/stack/keystone/keystone/server/flask/request_processing/req_logging.py:28}}
Aug 16 14:50:23 user devstack@keystone.service[44268]: DEBUG keystone.server.flask.request_processing.req_logging [None req-1f48dfeb-13bf-4903-af10-acffa906cb50 None admin] PATH_INFO: `/v3/auth/tokens` {{(pid=44268) log_request_info /opt/stack/keystone/keystone/server/flask/request_processing/req_logging.py:29}}
Aug 16 14:50:23 user devstack@keystone.service[44268]: DEBUG keystone.common.rbac_enforcer.enforcer [None req-1f48dfeb-13bf-4903-af10-acffa906cb50 None admin] RBAC: Authorizing `identity:validate_token()` {{(pid=44268) enforce_call /opt/stack/keystone/keystone/common/rbac_enforcer/enforcer.py:449}}
Aug 16 14:50:23 user devstack@keystone.service[44268]: DEBUG keystone.common.rbac_enforcer.enforcer [None req-1f48dfeb-13bf-4903-af10-acffa906cb50 None admin] RBAC: Authorization granted {{(pid=44268) enforce_call /opt/stack/keystone/keystone/common/rbac_enforcer/enforcer.py:457}}
Aug 16 14:50:23 user devstack@keystone.service[44268]: [pid: 44268|app: 0|req: 70/205] 10.0.0.210 () {58 vars in 1277 bytes} [Wed Aug 16 14:50:22 2023] GET /identity/v3/auth/tokens => generated 798 bytes in 278 msecs (HTTP/1.1 200) 6 headers in 358 bytes (1 switches on core 0)
Aug 16 14:50:23 user devstack@keystone.service[44267]: DEBUG keystone.server.flask.request_processing.middleware.auth_context [None req-4a0dc8ab-61d4-45e1-8bb1-cb136167f281 None admin] Authenticating user token {{(pid=44267) process_request /opt/stack/data/venv/lib/python3.10/site-packages/keystonemiddleware/auth_token/__init__.py:406}}
Aug 16 14:50:23 user devstack@keystone.service[44267]: DEBUG keystone.server.flask.request_processing.middleware.auth_context [None req-4a0dc8ab-61d4-45e1-8bb1-cb136167f281 None admin] Validating token access rules against request {{(pid=44267) validate_allowed_request /opt/stack/data/venv/lib/python3.10/site-packages/keystonemiddleware/auth_token/__init__.py:544}}
Aug 16 14:50:23 user devstack@keystone.service[44267]: DEBUG keystone.server.flask.request_processing.middleware.auth_context [None req-c7259219-ab28-4b01-832c-5472e9a76bcc None admin] RBAC: auth_context: {'token': , 'domain_id': None, 'trust_id': None, 'trustor_id': None, 'trustee_id': None, 'domain_name': None, 'group_ids': [], 'user_id': '451eb30ded6e41618db522e9039caabf', 'user_domain_id': 'default', 'system_scope': 'all', 'project_id': None, 'project_domain_id': None, 'roles': ['admin', 'member', 'reader'], 'is_admin_project': True, 'service_user_id': None, 'service_user_domain_id': None, 'service_project_id': None, 'service_project_domain_id': None, 'service_roles': []} {{(pid=44267) fill_context /opt/stack/keystone/keystone/server/flask/request_processing/middleware/auth_context.py:480}}
Aug 16 14:50:23 user devstack@keystone.service[44267]: DEBUG keystone.server.flask.request_processing.req_logging [None req-c7259219-ab28-4b01-832c-5472e9a76bcc None admin] REQUEST_METHOD: `GET` {{(pid=44267) log_request_info /opt/stack/keystone/keystone/server/flask/request_processing/req_logging.py:27}}
Aug 16 14:50:23 user devstack@keystone.service[44267]: DEBUG keystone.server.flask.request_processing.req_logging [None req-c7259219-ab28-4b01-832c-5472e9a76bcc None admin] SCRIPT_NAME: `/identity` {{(pid=44267) log_request_info /opt/stack/keystone/keystone/server/flask/request_processing/req_logging.py:28}}
Aug 16 14:50:23 user devstack@keystone.service[44267]: DEBUG keystone.server.flask.request_processing.req_logging [None req-c7259219-ab28-4b01-832c-5472e9a76bcc None admin] PATH_INFO: `/v3/projects/ffd1256bed0842aaa9c20c009ce110be` {{(pid=44267) log_request_info /opt/stack/keystone/keystone/server/flask/request_processing/req_logging.py:29}}
Aug 16 14:50:23 user devstack@keystone.service[44267]: DEBUG keystone.common.rbac_enforcer.enforcer [None req-c7259219-ab28-4b01-832c-5472e9a76bcc None admin] RBAC: Authorizing `identity:get_project(project_id=ffd1256bed0842aaa9c20c009ce110be)` {{(pid=44267) enforce_call /opt/stack/keystone/keystone/common/rbac_enforcer/enforcer.py:449}}
Aug 16 14:50:23 user devstack@keystone.service[44267]: DEBUG keystone.common.rbac_enforcer.enforcer [None req-c7259219-ab28-4b01-832c-5472e9a76bcc None admin] RBAC: Authorization granted {{(pid=44267) enforce_call /opt/stack/keystone/keystone/common/rbac_enforcer/enforcer.py:457}}
Aug 16 14:50:23 user devstack@keystone.service[44267]: [pid: 44267|app: 0|req: 69/206] 10.0.0.210 () {56 vars in 1181 bytes} [Wed Aug 16 14:50:23 2023] GET /identity/v3/projects/ffd1256bed0842aaa9c20c009ce110be => generated 301 bytes in 232 msecs (HTTP/1.1 200) 5 headers in 177 bytes (1 switches on core 0)
Aug 16 14:50:23 user devstack@keystone.service[44269]: DEBUG keystone.server.flask.request_processing.middleware.auth_context [None req-b265c920-5f1d-4b62-8c8d-1cdffe887299 None admin] Authenticating user token {{(pid=44269) process_request /opt/stack/data/venv/lib/python3.10/site-packages/keystonemiddleware/auth_token/__init__.py:406}}
Aug 16 14:50:23 user devstack@keystone.service[44269]: DEBUG keystone.server.flask.request_processing.middleware.auth_context [None req-b265c920-5f1d-4b62-8c8d-1cdffe887299 None admin] Validating token access rules against request {{(pid=44269) validate_allowed_request /opt/stack/data/venv/lib/python3.10/site-packages/keystonemiddleware/auth_token/__init__.py:544}}
Aug 16 14:50:23 user devstack@keystone.service[44269]: DEBUG keystone.server.flask.request_processing.middleware.auth_context [None req-81d5351b-e9fd-41db-9184-4c3c61e76bde None admin] RBAC: auth_context: {'token': , 'domain_id': None, 'trust_id': None, 'trustor_id': None, 'trustee_id': None, 'domain_name': None, 'group_ids': [], 'user_id': '451eb30ded6e41618db522e9039caabf', 'user_domain_id': 'default', 'system_scope': 'all', 'project_id': None, 'project_domain_id': None, 'roles': ['admin', 'member', 'reader'], 'is_admin_project': True, 'service_user_id': None, 'service_user_domain_id': None, 'service_project_id': None, 'service_project_domain_id': None, 'service_roles': []} {{(pid=44269) fill_context /opt/stack/keystone/keystone/server/flask/request_processing/middleware/auth_context.py:480}}
Aug 16 14:50:23 user devstack@keystone.service[44269]: DEBUG keystone.server.flask.request_processing.req_logging [None req-81d5351b-e9fd-41db-9184-4c3c61e76bde None admin] REQUEST_METHOD: `GET` {{(pid=44269) log_request_info /opt/stack/keystone/keystone/server/flask/request_processing/req_logging.py:27}}
Aug 16 14:50:23 user devstack@keystone.service[44269]: DEBUG keystone.server.flask.request_processing.req_logging [None req-81d5351b-e9fd-41db-9184-4c3c61e76bde None admin] SCRIPT_NAME: `/identity` {{(pid=44269) log_request_info /opt/stack/keystone/keystone/server/flask/request_processing/req_logging.py:28}}
Aug 16 14:50:23 user devstack@keystone.service[44269]: DEBUG keystone.server.flask.request_processing.req_logging [None req-81d5351b-e9fd-41db-9184-4c3c61e76bde None admin] PATH_INFO: `/v3/role_assignments` {{(pid=44269) log_request_info /opt/stack/keystone/keystone/server/flask/request_processing/req_logging.py:29}}
Aug 16 14:50:23 user devstack@keystone.service[44269]: DEBUG keystone.common.rbac_enforcer.enforcer [None req-81d5351b-e9fd-41db-9184-4c3c61e76bde None admin] RBAC: Adding query filter params (role.id=7b8fb7d06339496bbb96ed1c4d4f9dac, scope.project.id=ffd1256bed0842aaa9c20c009ce110be, user.id=dfae3b3e7b364c84a6ff0d3365c21265) {{(pid=44269) _extract_filter_values /opt/stack/keystone/keystone/common/rbac_enforcer/enforcer.py:167}}
Aug 16 14:50:23 user devstack@keystone.service[44269]: DEBUG keystone.common.rbac_enforcer.enforcer [None req-81d5351b-e9fd-41db-9184-4c3c61e76bde None admin] RBAC: Authorizing `identity:list_role_assignments()` {{(pid=44269) enforce_call /opt/stack/keystone/keystone/common/rbac_enforcer/enforcer.py:449}}
Aug 16 14:50:23 user devstack@keystone.service[44269]: DEBUG keystone.common.rbac_enforcer.enforcer [None req-81d5351b-e9fd-41db-9184-4c3c61e76bde None admin] RBAC: Authorization granted {{(pid=44269) enforce_call /opt/stack/keystone/keystone/common/rbac_enforcer/enforcer.py:457}}
Aug 16 14:50:23 user devstack@keystone.service[44269]: [pid: 44269|app: 0|req: 68/207] 10.0.0.210 () {56 vars in 1369 bytes} [Wed Aug 16 14:50:23 2023] GET /identity/v3/role_assignments?user.id=dfae3b3e7b364c84a6ff0d3365c21265&scope.project.id=ffd1256bed0842aaa9c20c009ce110be&role.id=7b8fb7d06339496bbb96ed1c4d4f9dac => generated 606 bytes in 142 msecs (HTTP/1.1 200) 5 headers in 177 bytes (1 switches on core 0)
Aug 16 14:50:24 user devstack@keystone.service[44268]: DEBUG keystone.server.flask.request_processing.req_logging [None req-79afee93-76ac-4499-ba7e-b4d5bbc63b66 None None] REQUEST_METHOD: `GET` {{(pid=44268) log_request_info /opt/stack/keystone/keystone/server/flask/request_processing/req_logging.py:27}}
Aug 16 14:50:24 user devstack@keystone.service[44268]: DEBUG keystone.server.flask.request_processing.req_logging [None req-79afee93-76ac-4499-ba7e-b4d5bbc63b66 None None] SCRIPT_NAME: `/identity` {{(pid=44268) log_request_info /opt/stack/keystone/keystone/server/flask/request_processing/req_logging.py:28}}
Aug 16 14:50:24 user devstack@keystone.service[44268]: DEBUG keystone.server.flask.request_processing.req_logging [None req-79afee93-76ac-4499-ba7e-b4d5bbc63b66 None None] PATH_INFO: `/` {{(pid=44268) log_request_info /opt/stack/keystone/keystone/server/flask/request_processing/req_logging.py:29}}
Aug 16 14:50:24 user devstack@keystone.service[44268]: [pid: 44268|app: 0|req: 71/208] 10.0.0.210 () {54 vars in 921 bytes} [Wed Aug 16 14:50:24 2023] GET /identity => generated 269 bytes in 3 msecs (HTTP/1.1 300) 6 headers in 233 bytes (1 switches on core 0)
Aug 16 14:50:24 user devstack@keystone.service[44267]: DEBUG keystone.server.flask.request_processing.req_logging [None req-bc1abb98-9245-4f02-bf52-95af354dca92 None None] REQUEST_METHOD: `POST` {{(pid=44267) log_request_info /opt/stack/keystone/keystone/server/flask/request_processing/req_logging.py:27}}
Aug 16 14:50:24 user devstack@keystone.service[44267]: DEBUG keystone.server.flask.request_processing.req_logging [None req-bc1abb98-9245-4f02-bf52-95af354dca92 None None] SCRIPT_NAME: `/identity` {{(pid=44267) log_request_info /opt/stack/keystone/keystone/server/flask/request_processing/req_logging.py:28}}
Aug 16 14:50:24 user devstack@keystone.service[44267]: DEBUG keystone.server.flask.request_processing.req_logging [None req-bc1abb98-9245-4f02-bf52-95af354dca92 None None] PATH_INFO: `/v3/auth/tokens` {{(pid=44267) log_request_info /opt/stack/keystone/keystone/server/flask/request_processing/req_logging.py:29}}
Aug 16 14:50:24 user devstack@keystone.service[44267]: WARNING keystone.common.password_hashing [None req-bc1abb98-9245-4f02-bf52-95af354dca92 None None] Truncating password to algorithm specific maximum length 72 characters.
Aug 16 14:50:24 user devstack@keystone.service[44267]: DEBUG keystone.auth.core [None req-bc1abb98-9245-4f02-bf52-95af354dca92 None None] MFA Rules not processed for user `451eb30ded6e41618db522e9039caabf`. Rule list: `[]` (Enabled: `True`). {{(pid=44267) check_auth_methods_against_rules /opt/stack/keystone/keystone/auth/core.py:438}}
Aug 16 14:50:24 user devstack@keystone.service[44267]: DEBUG keystone.common.fernet_utils [None req-bc1abb98-9245-4f02-bf52-95af354dca92 None None] Loaded 2 Fernet keys from /etc/keystone/fernet-keys/, but `[fernet_tokens] max_active_keys = 3`; perhaps there have not been enough key rotations to reach `max_active_keys` yet? {{(pid=44267) load_keys /opt/stack/keystone/keystone/common/fernet_utils.py:286}}
Aug 16 14:50:24 user devstack@keystone.service[44269]: DEBUG keystone.server.flask.request_processing.req_logging [None req-b61e2d5e-32f0-495f-a8dc-106133d923e6 None None] REQUEST_METHOD: `GET` {{(pid=44269) log_request_info /opt/stack/keystone/keystone/server/flask/request_processing/req_logging.py:27}}
Aug 16 14:50:24 user devstack@keystone.service[44269]: DEBUG keystone.server.flask.request_processing.req_logging [None req-b61e2d5e-32f0-495f-a8dc-106133d923e6 None None] SCRIPT_NAME: `/identity` {{(pid=44269) log_request_info /opt/stack/keystone/keystone/server/flask/request_processing/req_logging.py:28}}
