Aug 16 15:04:04 user devstack@n-api.service[62918]: DEBUG nova.compute.api [None req-27cf9c00-ef4d-4289-984c-4a56d265521d tempest-VolumesActionsTest-1670917556 tempest-VolumesActionsTest-1670917556-project-member] [instance: 6f87afe3-51c9-4a81-ac75-bbb0a555b041] block_device_mapping [BlockDeviceMapping(attachment_id=,boot_index=0,connection_info=None,created_at=,delete_on_termination=True,deleted=,deleted_at=,destination_type='local',device_name=None,device_type='disk',disk_bus=None,encrypted=False,encryption_format=None,encryption_options=None,encryption_secret_uuid=None,guest_format=None,id=,image_id='b18d278d-2e25-4ef6-ba90-d1af21f699be',instance=,instance_uuid=,no_device=False,snapshot_id=None,source_type='image',tag=None,updated_at=,uuid=,volume_id=None,volume_size=None,volume_type=None)] {{(pid=62918) _bdm_validate_set_size_and_instance /opt/stack/nova/nova/compute/api.py:1865}}
Aug 16 15:04:04 user devstack@n-api.service[62918]: INFO nova.api.openstack.requestlog [None req-27cf9c00-ef4d-4289-984c-4a56d265521d tempest-VolumesActionsTest-1670917556 tempest-VolumesActionsTest-1670917556-project-member] 10.0.0.210 "POST /compute/v2.1/servers" status: 202 len: 378 microversion: 2.1 time: 1.331699
Aug 16 15:04:04 user devstack@n-api.service[62918]: [pid: 62918|app: 0|req: 66/203] 10.0.0.210 () {64 vars in 1224 bytes} [Wed Aug 16 15:04:02 2023] POST /compute/v2.1/servers => generated 378 bytes in 1333 msecs (HTTP/1.1 202) 10 headers in 450 bytes (1 switches on core 0)
Aug 16 15:04:04 user devstack@n-api.service[62920]: DEBUG nova.api.openstack.wsgi [None req-6d601831-1c6a-4bb8-aed8-1811121b1e42 tempest-VolumesActionsTest-1670917556 tempest-VolumesActionsTest-1670917556-project-member] Calling method '>' {{(pid=62920) _process_stack /opt/stack/nova/nova/api/openstack/wsgi.py:513}}
Aug 16 15:04:04 user devstack@n-api.service[62920]: DEBUG nova.compute.api [None req-6d601831-1c6a-4bb8-aed8-1811121b1e42 tempest-VolumesActionsTest-1670917556 tempest-VolumesActionsTest-1670917556-project-member] [instance: 6f87afe3-51c9-4a81-ac75-bbb0a555b041] Fetching instance by UUID {{(pid=62920) get /opt/stack/nova/nova/compute/api.py:2978}}
Aug 16 15:04:04 user devstack@n-api.service[62920]: DEBUG nova.policy [None req-6d601831-1c6a-4bb8-aed8-1811121b1e42 tempest-VolumesActionsTest-1670917556 tempest-VolumesActionsTest-1670917556-project-member] Policy check for os_compute_api:os-extended-server-attributes failed with credentials {'is_admin': False, 'user_id': 'a9e2d700270c444dbd589941e320cb00', 'user_domain_id': 'default', 'system_scope': None, 'domain_id': None, 'project_id': '7eecf18330f0441985585318dd8edf13', 'project_domain_id': 'default', 'roles': ['reader', 'member'], 'is_admin_project': True, 'service_user_id': None, 'service_user_domain_id': None, 'service_project_id': None, 'service_project_domain_id': None, 'service_roles': []} {{(pid=62920) authorize /opt/stack/nova/nova/policy.py:203}}
Aug 16 15:04:04 user devstack@n-api.service[62920]: INFO nova.api.openstack.requestlog [None req-6d601831-1c6a-4bb8-aed8-1811121b1e42 tempest-VolumesActionsTest-1670917556 tempest-VolumesActionsTest-1670917556-project-member] 10.0.0.210 "GET /compute/v2.1/servers/6f87afe3-51c9-4a81-ac75-bbb0a555b041" status: 200 len: 1206 microversion: 2.1 time: 0.243339
Aug 16 15:04:04 user devstack@n-api.service[62920]: [pid: 62920|app: 0|req: 69/204] 10.0.0.210 () {62 vars in 1313 bytes} [Wed Aug 16 15:04:04 2023] GET /compute/v2.1/servers/6f87afe3-51c9-4a81-ac75-bbb0a555b041 => generated 1206 bytes in 246 msecs (HTTP/1.1 200) 9 headers in 358 bytes (2 switches on core 0)
Aug 16 15:04:08 user devstack@n-api.service[62919]: DEBUG nova.api.openstack.wsgi [None req-f7c5f7c0-e909-47f6-8a06-b78ac677b8b3 tempest-ServerActionsTestOtherA-305054434 tempest-ServerActionsTestOtherA-305054434-project-member] Action: 'create', calling method: .version_select at 0x7fe5bf2d7e20>, body: {"keypair": {"name": "tempest-keypair-183354870", "public_key": "ecdsa-sha2-nistp384 AAAAE2VjZHNhLXNoYTItbmlzdHAzODQAAAAIbmlzdHAzODQAAABhBIeWiWE+9Y36hTNKc+fw6eNSTabxWHKknbdUel+a8nBFzXqQa0lYg3YyUCzGRmZrHNtjHJRU5gFgxXjrrOzz7U3DFGvvdVnjDEmR5+IzaV3ICq/c9t4KSv3+veIY46b7Xw=="}} {{(pid=62919) _process_stack /opt/stack/nova/nova/api/openstack/wsgi.py:511}}
Aug 16 15:04:08 user devstack@n-api.service[62919]: DEBUG nova.quota [None req-f7c5f7c0-e909-47f6-8a06-b78ac677b8b3 tempest-ServerActionsTestOtherA-305054434 tempest-ServerActionsTestOtherA-305054434-project-member] Getting quotas for project 99af3ee8a3c64c50a44aa98bcdd05222. Resources: {'key_pairs'} {{(pid=62919) _get_quotas /opt/stack/nova/nova/quota.py:393}}
Aug 16 15:04:08 user devstack@n-api.service[62919]: DEBUG nova.quota [None req-f7c5f7c0-e909-47f6-8a06-b78ac677b8b3 tempest-ServerActionsTestOtherA-305054434 tempest-ServerActionsTestOtherA-305054434-project-member] Getting quotas for user 40bf98e80707482a9c43719d7a56004a and project 99af3ee8a3c64c50a44aa98bcdd05222. Resources: {'key_pairs'} {{(pid=62919) _get_quotas /opt/stack/nova/nova/quota.py:383}}
Aug 16 15:04:08 user devstack@n-api.service[62919]: INFO nova.api.openstack.requestlog [None req-f7c5f7c0-e909-47f6-8a06-b78ac677b8b3 tempest-ServerActionsTestOtherA-305054434 tempest-ServerActionsTestOtherA-305054434-project-member] 10.0.0.210 "POST /compute/v2.1/os-keypairs" status: 200 len: 385 microversion: 2.1 time: 0.110261
Aug 16 15:04:08 user devstack@n-api.service[62919]: [pid: 62919|app: 0|req: 70/205] 10.0.0.210 () {64 vars in 1236 bytes} [Wed Aug 16 15:04:08 2023] POST /compute/v2.1/os-keypairs => generated 385 bytes in 112 msecs (HTTP/1.1 200) 9 headers in 357 bytes (1 switches on core 0)
Aug 16 15:04:08 user devstack@n-api.service[62918]: DEBUG nova.api.openstack.wsgi [req-546ab7ae-eb94-40ea-a4a1-3c3a545d251c req-0e187689-7bf0-4bc0-a777-30c8728dd9c9 service nova] Action: 'create', calling method: >, body: {"events": [{"name": "network-changed", "server_uuid": "6f87afe3-51c9-4a81-ac75-bbb0a555b041", "tag": "22b4c8b9-d5cb-404a-bad2-89a4785f4c6d"}]} {{(pid=62918) _process_stack /opt/stack/nova/nova/api/openstack/wsgi.py:511}}
Aug 16 15:04:08 user devstack@n-api.service[62918]: DEBUG oslo_concurrency.lockutils [req-546ab7ae-eb94-40ea-a4a1-3c3a545d251c req-0e187689-7bf0-4bc0-a777-30c8728dd9c9 service nova] Acquiring lock "75342e9b-ccfd-4857-aa54-b370904c2af1" by "nova.context.set_target_cell..get_or_set_cached_cell_and_set_connections" {{(pid=62918) inner /opt/stack/data/venv/lib/python3.10/site-packages/oslo_concurrency/lockutils.py:404}}
Aug 16 15:04:08 user devstack@n-api.service[62918]: DEBUG oslo_concurrency.lockutils [req-546ab7ae-eb94-40ea-a4a1-3c3a545d251c req-0e187689-7bf0-4bc0-a777-30c8728dd9c9 service nova] Lock "75342e9b-ccfd-4857-aa54-b370904c2af1" acquired by "nova.context.set_target_cell..get_or_set_cached_cell_and_set_connections" :: waited 0.001s {{(pid=62918) inner /opt/stack/data/venv/lib/python3.10/site-packages/oslo_concurrency/lockutils.py:409}}
Aug 16 15:04:08 user devstack@n-api.service[62918]: DEBUG oslo_concurrency.lockutils [req-546ab7ae-eb94-40ea-a4a1-3c3a545d251c req-0e187689-7bf0-4bc0-a777-30c8728dd9c9 service nova] Lock "75342e9b-ccfd-4857-aa54-b370904c2af1" "released" by "nova.context.set_target_cell..get_or_set_cached_cell_and_set_connections" :: held 0.001s {{(pid=62918) inner /opt/stack/data/venv/lib/python3.10/site-packages/oslo_concurrency/lockutils.py:423}}
Aug 16 15:04:08 user devstack@n-api.service[62918]: INFO nova.api.openstack.compute.server_external_events [req-546ab7ae-eb94-40ea-a4a1-3c3a545d251c req-0e187689-7bf0-4bc0-a777-30c8728dd9c9 service nova] Creating event network-changed:22b4c8b9-d5cb-404a-bad2-89a4785f4c6d for instance 6f87afe3-51c9-4a81-ac75-bbb0a555b041 on user
Aug 16 15:04:08 user devstack@n-api.service[62918]: INFO nova.api.openstack.requestlog [req-546ab7ae-eb94-40ea-a4a1-3c3a545d251c req-0e187689-7bf0-4bc0-a777-30c8728dd9c9 service nova] 10.0.0.210 "POST /compute/v2.1/os-server-external-events" status: 200 len: 179 microversion: 2.1 time: 0.045335
Aug 16 15:04:08 user devstack@n-api.service[62918]: [pid: 62918|app: 0|req: 67/206] 10.0.0.210 () {68 vars in 1394 bytes} [Wed Aug 16 15:04:08 2023] POST /compute/v2.1/os-server-external-events => generated 179 bytes in 48 msecs (HTTP/1.1 200) 9 headers in 357 bytes (1 switches on core 0)
Aug 16 15:04:10 user devstack@n-api.service[62920]: DEBUG nova.api.openstack.wsgi [None req-2bd63a71-5fa4-4ef2-b83f-f674d60e6721 tempest-VolumesAssistedSnapshotsTest-1605885550 tempest-VolumesAssistedSnapshotsTest-1605885550-project-member] Calling method '>' {{(pid=62920) _process_stack /opt/stack/nova/nova/api/openstack/wsgi.py:513}}
Aug 16 15:04:10 user devstack@n-api.service[62920]: DEBUG nova.compute.api [None req-2bd63a71-5fa4-4ef2-b83f-f674d60e6721 tempest-VolumesAssistedSnapshotsTest-1605885550 tempest-VolumesAssistedSnapshotsTest-1605885550-project-member] [instance: 555e458d-ddd4-41a7-8d7a-b763c3090f3d] Fetching instance by UUID {{(pid=62920) get /opt/stack/nova/nova/compute/api.py:2978}}
Aug 16 15:04:10 user devstack@n-api.service[62920]: DEBUG oslo_concurrency.lockutils [None req-2bd63a71-5fa4-4ef2-b83f-f674d60e6721 tempest-VolumesAssistedSnapshotsTest-1605885550 tempest-VolumesAssistedSnapshotsTest-1605885550-project-member] Acquiring lock "75342e9b-ccfd-4857-aa54-b370904c2af1" by "nova.context.set_target_cell..get_or_set_cached_cell_and_set_connections" {{(pid=62920) inner /opt/stack/data/venv/lib/python3.10/site-packages/oslo_concurrency/lockutils.py:404}}
Aug 16 15:04:10 user devstack@n-api.service[62920]: DEBUG oslo_concurrency.lockutils [None req-2bd63a71-5fa4-4ef2-b83f-f674d60e6721 tempest-VolumesAssistedSnapshotsTest-1605885550 tempest-VolumesAssistedSnapshotsTest-1605885550-project-member] Lock "75342e9b-ccfd-4857-aa54-b370904c2af1" acquired by "nova.context.set_target_cell..get_or_set_cached_cell_and_set_connections" :: waited 0.001s {{(pid=62920) inner /opt/stack/data/venv/lib/python3.10/site-packages/oslo_concurrency/lockutils.py:409}}
Aug 16 15:04:10 user devstack@n-api.service[62920]: DEBUG oslo_concurrency.lockutils [None req-2bd63a71-5fa4-4ef2-b83f-f674d60e6721 tempest-VolumesAssistedSnapshotsTest-1605885550 tempest-VolumesAssistedSnapshotsTest-1605885550-project-member] Lock "75342e9b-ccfd-4857-aa54-b370904c2af1" "released" by "nova.context.set_target_cell..get_or_set_cached_cell_and_set_connections" :: held 0.002s {{(pid=62920) inner /opt/stack/data/venv/lib/python3.10/site-packages/oslo_concurrency/lockutils.py:423}}
Aug 16 15:04:10 user devstack@n-api.service[62920]: DEBUG oslo_concurrency.lockutils [None req-2bd63a71-5fa4-4ef2-b83f-f674d60e6721 tempest-VolumesAssistedSnapshotsTest-1605885550 tempest-VolumesAssistedSnapshotsTest-1605885550-project-member] Acquiring lock "75342e9b-ccfd-4857-aa54-b370904c2af1" by "nova.context.set_target_cell..get_or_set_cached_cell_and_set_connections" {{(pid=62920) inner /opt/stack/data/venv/lib/python3.10/site-packages/oslo_concurrency/lockutils.py:404}}
Aug 16 15:04:10 user devstack@n-api.service[62920]: DEBUG oslo_concurrency.lockutils [None req-2bd63a71-5fa4-4ef2-b83f-f674d60e6721 tempest-VolumesAssistedSnapshotsTest-1605885550 tempest-VolumesAssistedSnapshotsTest-1605885550-project-member] Lock "75342e9b-ccfd-4857-aa54-b370904c2af1" acquired by "nova.context.set_target_cell..get_or_set_cached_cell_and_set_connections" :: waited 0.001s {{(pid=62920) inner /opt/stack/data/venv/lib/python3.10/site-packages/oslo_concurrency/lockutils.py:409}}
Aug 16 15:04:10 user devstack@n-api.service[62920]: DEBUG oslo_concurrency.lockutils [None req-2bd63a71-5fa4-4ef2-b83f-f674d60e6721 tempest-VolumesAssistedSnapshotsTest-1605885550 tempest-VolumesAssistedSnapshotsTest-1605885550-project-member] Lock "75342e9b-ccfd-4857-aa54-b370904c2af1" "released" by "nova.context.set_target_cell..get_or_set_cached_cell_and_set_connections" :: held 0.001s {{(pid=62920) inner /opt/stack/data/venv/lib/python3.10/site-packages/oslo_concurrency/lockutils.py:423}}
Aug 16 15:04:10 user devstack@n-api.service[62920]: DEBUG nova.compute.api [None req-2bd63a71-5fa4-4ef2-b83f-f674d60e6721 tempest-VolumesAssistedSnapshotsTest-1605885550 tempest-VolumesAssistedSnapshotsTest-1605885550-project-member] [instance: 555e458d-ddd4-41a7-8d7a-b763c3090f3d] Going to try to terminate instance {{(pid=62920) delete /opt/stack/nova/nova/compute/api.py:2722}}
Aug 16 15:04:10 user devstack@n-api.service[62920]: INFO nova.api.openstack.requestlog [None req-2bd63a71-5fa4-4ef2-b83f-f674d60e6721 tempest-VolumesAssistedSnapshotsTest-1605885550 tempest-VolumesAssistedSnapshotsTest-1605885550-project-member] 10.0.0.210 "DELETE /compute/v2.1/servers/555e458d-ddd4-41a7-8d7a-b763c3090f3d" status: 204 len: 0 microversion: 2.1 time: 0.228033
Aug 16 15:04:10 user devstack@n-api.service[62920]: [pid: 62920|app: 0|req: 70/207] 10.0.0.210 () {62 vars in 1316 bytes} [Wed Aug 16 15:04:10 2023] DELETE /compute/v2.1/servers/555e458d-ddd4-41a7-8d7a-b763c3090f3d => generated 0 bytes in 230 msecs (HTTP/1.1 204) 9 headers in 363 bytes (1 switches on core 0)
Aug 16 15:04:10 user devstack@n-api.service[62919]: DEBUG nova.api.openstack.wsgi [None req-79059b1e-d5f6-4e65-8337-c4ccda723143 tempest-VolumesAssistedSnapshotsTest-1605885550 tempest-VolumesAssistedSnapshotsTest-1605885550-project-member] Calling method '>' {{(pid=62919) _process_stack /opt/stack/nova/nova/api/openstack/wsgi.py:513}}
Aug 16 15:04:10 user devstack@n-api.service[62919]: DEBUG nova.compute.api [None req-79059b1e-d5f6-4e65-8337-c4ccda723143 tempest-VolumesAssistedSnapshotsTest-1605885550 tempest-VolumesAssistedSnapshotsTest-1605885550-project-member] [instance: 555e458d-ddd4-41a7-8d7a-b763c3090f3d] Fetching instance by UUID {{(pid=62919) get /opt/stack/nova/nova/compute/api.py:2978}}
Aug 16 15:04:10 user devstack@n-api.service[62919]: DEBUG oslo_concurrency.lockutils [None req-79059b1e-d5f6-4e65-8337-c4ccda723143 tempest-VolumesAssistedSnapshotsTest-1605885550 tempest-VolumesAssistedSnapshotsTest-1605885550-project-member] Acquiring lock "75342e9b-ccfd-4857-aa54-b370904c2af1" by "nova.context.set_target_cell..get_or_set_cached_cell_and_set_connections" {{(pid=62919) inner /opt/stack/data/venv/lib/python3.10/site-packages/oslo_concurrency/lockutils.py:404}}
Aug 16 15:04:10 user devstack@n-api.service[62919]: DEBUG oslo_concurrency.lockutils [None req-79059b1e-d5f6-4e65-8337-c4ccda723143 tempest-VolumesAssistedSnapshotsTest-1605885550 tempest-VolumesAssistedSnapshotsTest-1605885550-project-member] Lock "75342e9b-ccfd-4857-aa54-b370904c2af1" acquired by "nova.context.set_target_cell..get_or_set_cached_cell_and_set_connections" :: waited 0.001s {{(pid=62919) inner /opt/stack/data/venv/lib/python3.10/site-packages/oslo_concurrency/lockutils.py:409}}
Aug 16 15:04:10 user devstack@n-api.service[62919]: DEBUG oslo_concurrency.lockutils [None req-79059b1e-d5f6-4e65-8337-c4ccda723143 tempest-VolumesAssistedSnapshotsTest-1605885550 tempest-VolumesAssistedSnapshotsTest-1605885550-project-member] Lock "75342e9b-ccfd-4857-aa54-b370904c2af1" "released" by "nova.context.set_target_cell..get_or_set_cached_cell_and_set_connections" :: held 0.000s {{(pid=62919) inner /opt/stack/data/venv/lib/python3.10/site-packages/oslo_concurrency/lockutils.py:423}}
Aug 16 15:04:10 user devstack@n-api.service[62919]: DEBUG oslo_concurrency.lockutils [None req-79059b1e-d5f6-4e65-8337-c4ccda723143 tempest-VolumesAssistedSnapshotsTest-1605885550 tempest-VolumesAssistedSnapshotsTest-1605885550-project-member] Acquiring lock "75342e9b-ccfd-4857-aa54-b370904c2af1" by "nova.context.set_target_cell..get_or_set_cached_cell_and_set_connections" {{(pid=62919) inner /opt/stack/data/venv/lib/python3.10/site-packages/oslo_concurrency/lockutils.py:404}}
Aug 16 15:04:10 user devstack@n-api.service[62919]: DEBUG oslo_concurrency.lockutils [None req-79059b1e-d5f6-4e65-8337-c4ccda723143 tempest-VolumesAssistedSnapshotsTest-1605885550 tempest-VolumesAssistedSnapshotsTest-1605885550-project-member] Lock "75342e9b-ccfd-4857-aa54-b370904c2af1" acquired by "nova.context.set_target_cell..get_or_set_cached_cell_and_set_connections" :: waited 0.001s {{(pid=62919) inner /opt/stack/data/venv/lib/python3.10/site-packages/oslo_concurrency/lockutils.py:409}}
Aug 16 15:04:10 user devstack@n-api.service[62919]: DEBUG oslo_concurrency.lockutils [None req-79059b1e-d5f6-4e65-8337-c4ccda723143 tempest-VolumesAssistedSnapshotsTest-1605885550 tempest-VolumesAssistedSnapshotsTest-1605885550-project-member] Lock "75342e9b-ccfd-4857-aa54-b370904c2af1" "released" by "nova.context.set_target_cell..get_or_set_cached_cell_and_set_connections" :: held 0.000s {{(pid=62919) inner /opt/stack/data/venv/lib/python3.10/site-packages/oslo_concurrency/lockutils.py:423}}
Aug 16 15:04:10 user devstack@n-api.service[62919]: DEBUG nova.policy [None req-79059b1e-d5f6-4e65-8337-c4ccda723143 tempest-VolumesAssistedSnapshotsTest-1605885550 tempest-VolumesAssistedSnapshotsTest-1605885550-project-member] Policy check for os_compute_api:os-extended-server-attributes failed with credentials {'is_admin': False, 'user_id': '32add1019c1e41369c1b3a38e5dbf35e', 'user_domain_id': 'default', 'system_scope': None, 'domain_id': None, 'project_id': '3c5afb4af0834ef8aa81c324976ea127', 'project_domain_id': 'default', 'roles': ['reader', 'member'], 'is_admin_project': True, 'service_user_id': None, 'service_user_domain_id': None, 'service_project_id': None, 'service_project_domain_id': None, 'service_roles': []} {{(pid=62919) authorize /opt/stack/nova/nova/policy.py:203}}
Aug 16 15:04:10 user devstack@n-api.service[62918]: DEBUG nova.api.openstack.wsgi [req-010bdaac-0d53-44d2-b15f-d19092ef30e6 req-e60ad22d-d46a-4d27-8fac-513c1f333dd3 service nova] Action: 'create', calling method: >, body: {"events": [{"server_uuid": "555e458d-ddd4-41a7-8d7a-b763c3090f3d", "name": "network-vif-unplugged", "status": "completed", "tag": "97c80a4f-c105-435d-ae7c-e0ef30d1fb9f"}]} {{(pid=62918) _process_stack /opt/stack/nova/nova/api/openstack/wsgi.py:511}}
Aug 16 15:04:10 user devstack@n-api.service[62919]: INFO nova.api.openstack.requestlog [None req-79059b1e-d5f6-4e65-8337-c4ccda723143 tempest-VolumesAssistedSnapshotsTest-1605885550 tempest-VolumesAssistedSnapshotsTest-1605885550-project-member] 10.0.0.210 "GET /compute/v2.1/servers/555e458d-ddd4-41a7-8d7a-b763c3090f3d" status: 200 len: 1678 microversion: 2.1 time: 0.497058
Aug 16 15:04:10 user devstack@n-api.service[62918]: DEBUG oslo_concurrency.lockutils [req-010bdaac-0d53-44d2-b15f-d19092ef30e6 req-e60ad22d-d46a-4d27-8fac-513c1f333dd3 service nova] Acquiring lock "75342e9b-ccfd-4857-aa54-b370904c2af1" by "nova.context.set_target_cell..get_or_set_cached_cell_and_set_connections" {{(pid=62918) inner /opt/stack/data/venv/lib/python3.10/site-packages/oslo_concurrency/lockutils.py:404}}
Aug 16 15:04:10 user devstack@n-api.service[62918]: DEBUG oslo_concurrency.lockutils [req-010bdaac-0d53-44d2-b15f-d19092ef30e6 req-e60ad22d-d46a-4d27-8fac-513c1f333dd3 service nova] Lock "75342e9b-ccfd-4857-aa54-b370904c2af1" acquired by "nova.context.set_target_cell..get_or_set_cached_cell_and_set_connections" :: waited 0.001s {{(pid=62918) inner /opt/stack/data/venv/lib/python3.10/site-packages/oslo_concurrency/lockutils.py:409}}
Aug 16 15:04:10 user devstack@n-api.service[62918]: DEBUG oslo_concurrency.lockutils [req-010bdaac-0d53-44d2-b15f-d19092ef30e6 req-e60ad22d-d46a-4d27-8fac-513c1f333dd3 service nova] Lock "75342e9b-ccfd-4857-aa54-b370904c2af1" "released" by "nova.context.set_target_cell..get_or_set_cached_cell_and_set_connections" :: held 0.000s {{(pid=62918) inner /opt/stack/data/venv/lib/python3.10/site-packages/oslo_concurrency/lockutils.py:423}}
Aug 16 15:04:10 user devstack@n-api.service[62919]: [pid: 62919|app: 0|req: 71/208] 10.0.0.210 () {62 vars in 1313 bytes} [Wed Aug 16 15:04:10 2023] GET /compute/v2.1/servers/555e458d-ddd4-41a7-8d7a-b763c3090f3d => generated 1678 bytes in 501 msecs (HTTP/1.1 200) 9 headers in 358 bytes (1 switches on core 0)
Aug 16 15:04:10 user devstack@n-api.service[62918]: INFO nova.api.openstack.compute.server_external_events [req-010bdaac-0d53-44d2-b15f-d19092ef30e6 req-e60ad22d-d46a-4d27-8fac-513c1f333dd3 service nova] Creating event network-vif-unplugged:97c80a4f-c105-435d-ae7c-e0ef30d1fb9f for instance 555e458d-ddd4-41a7-8d7a-b763c3090f3d on user
Aug 16 15:04:10 user devstack@n-api.service[62918]: INFO nova.api.openstack.requestlog [req-010bdaac-0d53-44d2-b15f-d19092ef30e6 req-e60ad22d-d46a-4d27-8fac-513c1f333dd3 service nova] 10.0.0.210 "POST /compute/v2.1/os-server-external-events" status: 200 len: 185 microversion: 2.1 time: 0.035936
Aug 16 15:04:10 user devstack@n-api.service[62918]: [pid: 62918|app: 0|req: 68/209] 10.0.0.210 () {68 vars in 1394 bytes} [Wed Aug 16 15:04:10 2023] POST /compute/v2.1/os-server-external-events => generated 185 bytes in 38 msecs (HTTP/1.1 200) 9 headers in 357 bytes (1 switches on core 0)
Aug 16 15:04:10 user devstack@n-api.service[62920]: DEBUG nova.api.openstack.wsgi [None req-124f64d6-3a15-4f6a-842b-f59e59776082 tempest-ServerActionsTestOtherA-305054434 tempest-ServerActionsTestOtherA-305054434-project-member] Action: 'create', calling method: >, body: {"server": {"name": "tempest-tempest.common.compute-instance-659850977", "imageRef": "b18d278d-2e25-4ef6-ba90-d1af21f699be", "flavorRef": "1", "networks": [{"uuid": "62d5daec-b9d3-4714-b18b-703304c0a611"}], "security_groups": [{"name": "tempest-securitygroup--1226951090"}], "key_name": "tempest-keypair-183354870", "user_data": "IyEvYmluL3NoCmVjaG8gIlByaW50aW5nIGNpcnJvcyB1c2VyIGF1dGhvcml6ZWQga2V5cyIKY2F0IH5jaXJyb3MvLnNzaC9hdXRob3JpemVkX2tleXMgfHwgdHJ1ZQo="}} {{(pid=62920) _process_stack /opt/stack/nova/nova/api/openstack/wsgi.py:511}}
Aug 16 15:04:11 user devstack@n-api.service[62920]: DEBUG nova.network.neutron [None req-124f64d6-3a15-4f6a-842b-f59e59776082 tempest-ServerActionsTestOtherA-305054434 tempest-ServerActionsTestOtherA-305054434-project-member] validate_networks() for [('62d5daec-b9d3-4714-b18b-703304c0a611', None, None, None, None, None)] {{(pid=62920) validate_networks /opt/stack/nova/nova/network/neutron.py:2638}}
Aug 16 15:04:11 user devstack@n-api.service[62919]: DEBUG nova.api.openstack.wsgi [req-13c3c23f-4497-40d9-8044-04187cb7073d req-45257726-6a8a-4156-b81c-ef8b9278b668 service nova] Action: 'create', calling method: >, body: {"events": [{"server_uuid": "6f87afe3-51c9-4a81-ac75-bbb0a555b041", "name": "network-vif-plugged", "status": "completed", "tag": "22b4c8b9-d5cb-404a-bad2-89a4785f4c6d"}]} {{(pid=62919) _process_stack /opt/stack/nova/nova/api/openstack/wsgi.py:511}}
Aug 16 15:04:11 user devstack@n-api.service[62919]: DEBUG oslo_concurrency.lockutils [req-13c3c23f-4497-40d9-8044-04187cb7073d req-45257726-6a8a-4156-b81c-ef8b9278b668 service nova] Acquiring lock "75342e9b-ccfd-4857-aa54-b370904c2af1" by "nova.context.set_target_cell..get_or_set_cached_cell_and_set_connections" {{(pid=62919) inner /opt/stack/data/venv/lib/python3.10/site-packages/oslo_concurrency/lockutils.py:404}}
Aug 16 15:04:11 user devstack@n-api.service[62919]: DEBUG oslo_concurrency.lockutils [req-13c3c23f-4497-40d9-8044-04187cb7073d req-45257726-6a8a-4156-b81c-ef8b9278b668 service nova] Lock "75342e9b-ccfd-4857-aa54-b370904c2af1" acquired by "nova.context.set_target_cell..get_or_set_cached_cell_and_set_connections" :: waited 0.001s {{(pid=62919) inner /opt/stack/data/venv/lib/python3.10/site-packages/oslo_concurrency/lockutils.py:409}}
Aug 16 15:04:11 user devstack@n-api.service[62919]: DEBUG oslo_concurrency.lockutils [req-13c3c23f-4497-40d9-8044-04187cb7073d req-45257726-6a8a-4156-b81c-ef8b9278b668 service nova] Lock "75342e9b-ccfd-4857-aa54-b370904c2af1" "released" by "nova.context.set_target_cell..get_or_set_cached_cell_and_set_connections" :: held 0.001s {{(pid=62919) inner /opt/stack/data/venv/lib/python3.10/site-packages/oslo_concurrency/lockutils.py:423}}
Aug 16 15:04:11 user devstack@n-api.service[62919]: INFO nova.api.openstack.compute.server_external_events [req-13c3c23f-4497-40d9-8044-04187cb7073d req-45257726-6a8a-4156-b81c-ef8b9278b668 service nova] Creating event network-vif-plugged:22b4c8b9-d5cb-404a-bad2-89a4785f4c6d for instance 6f87afe3-51c9-4a81-ac75-bbb0a555b041 on user
Aug 16 15:04:11 user devstack@n-api.service[62919]: INFO nova.api.openstack.requestlog [req-13c3c23f-4497-40d9-8044-04187cb7073d req-45257726-6a8a-4156-b81c-ef8b9278b668 service nova] 10.0.0.210 "POST /compute/v2.1/os-server-external-events" status: 200 len: 183 microversion: 2.1 time: 0.258565
Aug 16 15:04:11 user devstack@n-api.service[62919]: [pid: 62919|app: 0|req: 72/210] 10.0.0.210 () {68 vars in 1394 bytes} [Wed Aug 16 15:04:11 2023] POST /compute/v2.1/os-server-external-events => generated 183 bytes in 263 msecs (HTTP/1.1 200) 9 headers in 357 bytes (1 switches on core 0)
Aug 16 15:04:12 user devstack@n-api.service[62920]: DEBUG nova.virt.hardware [None req-124f64d6-3a15-4f6a-842b-f59e59776082 tempest-ServerActionsTestOtherA-305054434 tempest-ServerActionsTestOtherA-305054434-project-member] Flavor limits 0:0:0 {{(pid=62920) get_cpu_topology_constraints /opt/stack/nova/nova/virt/hardware.py:343}}
Aug 16 15:04:12 user devstack@n-api.service[62920]: DEBUG nova.virt.hardware [None req-124f64d6-3a15-4f6a-842b-f59e59776082 tempest-ServerActionsTestOtherA-305054434 tempest-ServerActionsTestOtherA-305054434-project-member] Image limits 0:0:0 {{(pid=62920) get_cpu_topology_constraints /opt/stack/nova/nova/virt/hardware.py:347}}
Aug 16 15:04:12 user devstack@n-api.service[62920]: DEBUG nova.virt.hardware [None req-124f64d6-3a15-4f6a-842b-f59e59776082 tempest-ServerActionsTestOtherA-305054434 tempest-ServerActionsTestOtherA-305054434-project-member] Flavor pref 0:0:0 {{(pid=62920) get_cpu_topology_constraints /opt/stack/nova/nova/virt/hardware.py:383}}
Aug 16 15:04:12 user devstack@n-api.service[62920]: DEBUG nova.virt.hardware [None req-124f64d6-3a15-4f6a-842b-f59e59776082 tempest-ServerActionsTestOtherA-305054434 tempest-ServerActionsTestOtherA-305054434-project-member] Image pref 0:0:0 {{(pid=62920) get_cpu_topology_constraints /opt/stack/nova/nova/virt/hardware.py:387}}
Aug 16 15:04:12 user devstack@n-api.service[62920]: DEBUG nova.virt.hardware [None req-124f64d6-3a15-4f6a-842b-f59e59776082 tempest-ServerActionsTestOtherA-305054434 tempest-ServerActionsTestOtherA-305054434-project-member] Chose sockets=0, cores=0, threads=0; limits were sockets=65536, cores=65536, threads=65536 {{(pid=62920) get_cpu_topology_constraints /opt/stack/nova/nova/virt/hardware.py:425}}
Aug 16 15:04:12 user devstack@n-api.service[62920]: DEBUG oslo_concurrency.lockutils [None req-124f64d6-3a15-4f6a-842b-f59e59776082 tempest-ServerActionsTestOtherA-305054434 tempest-ServerActionsTestOtherA-305054434-project-member] Acquiring lock "00000000-0000-0000-0000-000000000000" by "nova.context.set_target_cell..get_or_set_cached_cell_and_set_connections" {{(pid=62920) inner /opt/stack/data/venv/lib/python3.10/site-packages/oslo_concurrency/lockutils.py:404}}
Aug 16 15:04:12 user devstack@n-api.service[62920]: DEBUG oslo_concurrency.lockutils [None req-124f64d6-3a15-4f6a-842b-f59e59776082 tempest-ServerActionsTestOtherA-305054434 tempest-ServerActionsTestOtherA-305054434-project-member] Lock "00000000-0000-0000-0000-000000000000" acquired by "nova.context.set_target_cell..get_or_set_cached_cell_and_set_connections" :: waited 0.001s {{(pid=62920) inner /opt/stack/data/venv/lib/python3.10/site-packages/oslo_concurrency/lockutils.py:409}}
Aug 16 15:04:12 user devstack@n-api.service[62920]: DEBUG oslo_concurrency.lockutils [None req-124f64d6-3a15-4f6a-842b-f59e59776082 tempest-ServerActionsTestOtherA-305054434 tempest-ServerActionsTestOtherA-305054434-project-member] Lock "00000000-0000-0000-0000-000000000000" "released" by "nova.context.set_target_cell..get_or_set_cached_cell_and_set_connections" :: held 0.000s {{(pid=62920) inner /opt/stack/data/venv/lib/python3.10/site-packages/oslo_concurrency/lockutils.py:423}}
Aug 16 15:04:12 user devstack@n-api.service[62920]: DEBUG oslo_concurrency.lockutils [None req-124f64d6-3a15-4f6a-842b-f59e59776082 tempest-ServerActionsTestOtherA-305054434 tempest-ServerActionsTestOtherA-305054434-project-member] Acquiring lock "75342e9b-ccfd-4857-aa54-b370904c2af1" by "nova.context.set_target_cell..get_or_set_cached_cell_and_set_connections" {{(pid=62920) inner /opt/stack/data/venv/lib/python3.10/site-packages/oslo_concurrency/lockutils.py:404}}
Aug 16 15:04:12 user devstack@n-api.service[62920]: DEBUG oslo_concurrency.lockutils [None req-124f64d6-3a15-4f6a-842b-f59e59776082 tempest-ServerActionsTestOtherA-305054434 tempest-ServerActionsTestOtherA-305054434-project-member] Lock "75342e9b-ccfd-4857-aa54-b370904c2af1" acquired by "nova.context.set_target_cell..get_or_set_cached_cell_and_set_connections" :: waited 0.000s {{(pid=62920) inner /opt/stack/data/venv/lib/python3.10/site-packages/oslo_concurrency/lockutils.py:409}}
Aug 16 15:04:12 user devstack@n-api.service[62920]: DEBUG oslo_concurrency.lockutils [None req-124f64d6-3a15-4f6a-842b-f59e59776082 tempest-ServerActionsTestOtherA-305054434 tempest-ServerActionsTestOtherA-305054434-project-member] Lock "75342e9b-ccfd-4857-aa54-b370904c2af1" "released" by "nova.context.set_target_cell..get_or_set_cached_cell_and_set_connections" :: held 0.000s {{(pid=62920) inner /opt/stack/data/venv/lib/python3.10/site-packages/oslo_concurrency/lockutils.py:423}}
Aug 16 15:04:12 user devstack@n-api.service[62920]: DEBUG nova.quota [None req-124f64d6-3a15-4f6a-842b-f59e59776082 tempest-ServerActionsTestOtherA-305054434 tempest-ServerActionsTestOtherA-305054434-project-member] Getting quotas for project 99af3ee8a3c64c50a44aa98bcdd05222. Resources: {'cores', 'ram', 'instances'} {{(pid=62920) _get_quotas /opt/stack/nova/nova/quota.py:393}}
Aug 16 15:04:12 user devstack@n-api.service[62920]: DEBUG nova.quota [None req-124f64d6-3a15-4f6a-842b-f59e59776082 tempest-ServerActionsTestOtherA-305054434 tempest-ServerActionsTestOtherA-305054434-project-member] Getting quotas for user 40bf98e80707482a9c43719d7a56004a and project 99af3ee8a3c64c50a44aa98bcdd05222. Resources: {'cores', 'ram', 'instances'} {{(pid=62920) _get_quotas /opt/stack/nova/nova/quota.py:383}}
Aug 16 15:04:12 user devstack@n-api.service[62920]: DEBUG nova.compute.api [None req-124f64d6-3a15-4f6a-842b-f59e59776082 tempest-ServerActionsTestOtherA-305054434 tempest-ServerActionsTestOtherA-305054434-project-member] Going to run 1 instances... {{(pid=62920) _provision_instances /opt/stack/nova/nova/compute/api.py:1404}}
Aug 16 15:04:12 user devstack@n-api.service[62920]: DEBUG nova.compute.api [None req-124f64d6-3a15-4f6a-842b-f59e59776082 tempest-ServerActionsTestOtherA-305054434 tempest-ServerActionsTestOtherA-305054434-project-member] [instance: 8d21e8b1-c405-4d34-a582-ec36fdefe584] block_device_mapping [BlockDeviceMapping(attachment_id=,boot_index=0,connection_info=None,created_at=,delete_on_termination=True,deleted=,deleted_at=,destination_type='local',device_name=None,device_type='disk',disk_bus=None,encrypted=False,encryption_format=None,encryption_options=None,encryption_secret_uuid=None,guest_format=None,id=,image_id='b18d278d-2e25-4ef6-ba90-d1af21f699be',instance=,instance_uuid=,no_device=False,snapshot_id=None,source_type='image',tag=None,updated_at=,uuid=,volume_id=None,volume_size=None,volume_type=None)] {{(pid=62920) _bdm_validate_set_size_and_instance /opt/stack/nova/nova/compute/api.py:1865}}
Aug 16 15:04:12 user devstack@n-api.service[62920]: INFO nova.api.openstack.requestlog [None req-124f64d6-3a15-4f6a-842b-f59e59776082 tempest-ServerActionsTestOtherA-305054434 tempest-ServerActionsTestOtherA-305054434-project-member] 10.0.0.210 "POST /compute/v2.1/servers" status: 202 len: 404 microversion: 2.1 time: 1.580653
Aug 16 15:04:12 user devstack@n-api.service[62920]: [pid: 62920|app: 0|req: 71/211] 10.0.0.210 () {64 vars in 1224 bytes} [Wed Aug 16 15:04:10 2023] POST /compute/v2.1/servers => generated 404 bytes in 1582 msecs (HTTP/1.1 202) 10 headers in 450 bytes (1 switches on core 0)
Aug 16 15:04:12 user devstack@n-api.service[62918]: DEBUG nova.api.openstack.wsgi [None req-c3796024-97b3-49e2-bf39-aca1a984caff tempest-ServerActionsTestOtherA-305054434 tempest-ServerActionsTestOtherA-305054434-project-member] Calling method '>' {{(pid=62918) _process_stack /opt/stack/nova/nova/api/openstack/wsgi.py:513}}
Aug 16 15:04:12 user devstack@n-api.service[62918]: DEBUG nova.compute.api [None req-c3796024-97b3-49e2-bf39-aca1a984caff tempest-ServerActionsTestOtherA-305054434 tempest-ServerActionsTestOtherA-305054434-project-member] [instance: 8d21e8b1-c405-4d34-a582-ec36fdefe584] Fetching instance by UUID {{(pid=62918) get /opt/stack/nova/nova/compute/api.py:2978}}
Aug 16 15:04:13 user devstack@n-api.service[62919]: DEBUG nova.api.openstack.wsgi [req-2b1e9ae2-ea86-43f3-b56d-739919077a64 req-62b26282-6cdf-48c4-9e43-921eb6ea2fa7 service nova] Action: 'create', calling method: >, body: {"events": [{"server_uuid": "555e458d-ddd4-41a7-8d7a-b763c3090f3d", "name": "network-vif-plugged", "status": "completed", "tag": "97c80a4f-c105-435d-ae7c-e0ef30d1fb9f"}]} {{(pid=62919) _process_stack /opt/stack/nova/nova/api/openstack/wsgi.py:511}}
Aug 16 15:04:13 user devstack@n-api.service[62919]: DEBUG oslo_concurrency.lockutils [req-2b1e9ae2-ea86-43f3-b56d-739919077a64 req-62b26282-6cdf-48c4-9e43-921eb6ea2fa7 service nova] Acquiring lock "75342e9b-ccfd-4857-aa54-b370904c2af1" by "nova.context.set_target_cell..get_or_set_cached_cell_and_set_connections" {{(pid=62919) inner /opt/stack/data/venv/lib/python3.10/site-packages/oslo_concurrency/lockutils.py:404}}
Aug 16 15:04:13 user devstack@n-api.service[62919]: DEBUG oslo_concurrency.lockutils [req-2b1e9ae2-ea86-43f3-b56d-739919077a64 req-62b26282-6cdf-48c4-9e43-921eb6ea2fa7 service nova] Lock "75342e9b-ccfd-4857-aa54-b370904c2af1" acquired by "nova.context.set_target_cell..get_or_set_cached_cell_and_set_connections" :: waited 0.001s {{(pid=62919) inner /opt/stack/data/venv/lib/python3.10/site-packages/oslo_concurrency/lockutils.py:409}}
Aug 16 15:04:13 user devstack@n-api.service[62919]: DEBUG oslo_concurrency.lockutils [req-2b1e9ae2-ea86-43f3-b56d-739919077a64 req-62b26282-6cdf-48c4-9e43-921eb6ea2fa7 service nova] Lock "75342e9b-ccfd-4857-aa54-b370904c2af1" "released" by "nova.context.set_target_cell..get_or_set_cached_cell_and_set_connections" :: held 0.001s {{(pid=62919) inner /opt/stack/data/venv/lib/python3.10/site-packages/oslo_concurrency/lockutils.py:423}}
Aug 16 15:04:13 user devstack@n-api.service[62919]: INFO nova.api.openstack.compute.server_external_events [req-2b1e9ae2-ea86-43f3-b56d-739919077a64 req-62b26282-6cdf-48c4-9e43-921eb6ea2fa7 service nova] Creating event network-vif-plugged:97c80a4f-c105-435d-ae7c-e0ef30d1fb9f for instance 555e458d-ddd4-41a7-8d7a-b763c3090f3d on user
Aug 16 15:04:13 user devstack@n-api.service[62919]: INFO nova.api.openstack.requestlog [req-2b1e9ae2-ea86-43f3-b56d-739919077a64 req-62b26282-6cdf-48c4-9e43-921eb6ea2fa7 service nova] 10.0.0.210 "POST /compute/v2.1/os-server-external-events" status: 200 len: 183 microversion: 2.1 time: 0.072330
Aug 16 15:04:13 user devstack@n-api.service[62919]: [pid: 62919|app: 0|req: 73/212] 10.0.0.210 () {68 vars in 1394 bytes} [Wed Aug 16 15:04:13 2023] POST /compute/v2.1/os-server-external-events => generated 183 bytes in 76 msecs (HTTP/1.1 200) 9 headers in 357 bytes (1 switches on core 0)
Aug 16 15:04:13 user devstack@n-api.service[62918]: DEBUG nova.policy [None req-c3796024-97b3-49e2-bf39-aca1a984caff tempest-ServerActionsTestOtherA-305054434 tempest-ServerActionsTestOtherA-305054434-project-member] Policy check for os_compute_api:os-extended-server-attributes failed with credentials {'is_admin': False, 'user_id': '40bf98e80707482a9c43719d7a56004a', 'user_domain_id': 'default', 'system_scope': None, 'domain_id': None, 'project_id': '99af3ee8a3c64c50a44aa98bcdd05222', 'project_domain_id': 'default', 'roles': ['reader', 'member'], 'is_admin_project': True, 'service_user_id': None, 'service_user_domain_id': None, 'service_project_id': None, 'service_project_domain_id': None, 'service_roles': []} {{(pid=62918) authorize /opt/stack/nova/nova/policy.py:203}}
Aug 16 15:04:13 user devstack@n-api.service[62918]: INFO nova.api.openstack.requestlog [None req-c3796024-97b3-49e2-bf39-aca1a984caff tempest-ServerActionsTestOtherA-305054434 tempest-ServerActionsTestOtherA-305054434-project-member] 10.0.0.210 "GET /compute/v2.1/servers/8d21e8b1-c405-4d34-a582-ec36fdefe584" status: 200 len: 1232 microversion: 2.1 time: 0.660792
Aug 16 15:04:13 user devstack@n-api.service[62918]: [pid: 62918|app: 0|req: 69/213] 10.0.0.210 () {62 vars in 1313 bytes} [Wed Aug 16 15:04:12 2023] GET /compute/v2.1/servers/8d21e8b1-c405-4d34-a582-ec36fdefe584 => generated 1232 bytes in 664 msecs (HTTP/1.1 200) 9 headers in 358 bytes (1 switches on core 0)
Aug 16 15:04:13 user devstack@n-api.service[62920]: DEBUG nova.api.openstack.wsgi [req-db51ad5b-31d0-416b-ad7a-33f7235b0497 req-280a507e-a4ec-4c26-9cb3-a6907dab4d0e service nova] Action: 'create', calling method: >, body: {"events": [{"server_uuid": "6f87afe3-51c9-4a81-ac75-bbb0a555b041", "name": "network-vif-plugged", "status": "completed", "tag": "22b4c8b9-d5cb-404a-bad2-89a4785f4c6d"}]} {{(pid=62920) _process_stack /opt/stack/nova/nova/api/openstack/wsgi.py:511}}
Aug 16 15:04:13 user devstack@n-api.service[62920]: DEBUG oslo_concurrency.lockutils [req-db51ad5b-31d0-416b-ad7a-33f7235b0497 req-280a507e-a4ec-4c26-9cb3-a6907dab4d0e service nova] Acquiring lock "75342e9b-ccfd-4857-aa54-b370904c2af1" by "nova.context.set_target_cell..get_or_set_cached_cell_and_set_connections" {{(pid=62920) inner /opt/stack/data/venv/lib/python3.10/site-packages/oslo_concurrency/lockutils.py:404}}
Aug 16 15:04:13 user devstack@n-api.service[62920]: DEBUG oslo_concurrency.lockutils [req-db51ad5b-31d0-416b-ad7a-33f7235b0497 req-280a507e-a4ec-4c26-9cb3-a6907dab4d0e service nova] Lock "75342e9b-ccfd-4857-aa54-b370904c2af1" acquired by "nova.context.set_target_cell..get_or_set_cached_cell_and_set_connections" :: waited 0.001s {{(pid=62920) inner /opt/stack/data/venv/lib/python3.10/site-packages/oslo_concurrency/lockutils.py:409}}
Aug 16 15:04:13 user devstack@n-api.service[62920]: DEBUG oslo_concurrency.lockutils [req-db51ad5b-31d0-416b-ad7a-33f7235b0497 req-280a507e-a4ec-4c26-9cb3-a6907dab4d0e service nova] Lock "75342e9b-ccfd-4857-aa54-b370904c2af1" "released" by "nova.context.set_target_cell..get_or_set_cached_cell_and_set_connections" :: held 0.001s {{(pid=62920) inner /opt/stack/data/venv/lib/python3.10/site-packages/oslo_concurrency/lockutils.py:423}}
Aug 16 15:04:13 user devstack@n-api.service[62920]: INFO nova.api.openstack.compute.server_external_events [req-db51ad5b-31d0-416b-ad7a-33f7235b0497 req-280a507e-a4ec-4c26-9cb3-a6907dab4d0e service nova] Creating event network-vif-plugged:22b4c8b9-d5cb-404a-bad2-89a4785f4c6d for instance 6f87afe3-51c9-4a81-ac75-bbb0a555b041 on user
Aug 16 15:04:13 user devstack@n-api.service[62920]: INFO nova.api.openstack.requestlog [req-db51ad5b-31d0-416b-ad7a-33f7235b0497 req-280a507e-a4ec-4c26-9cb3-a6907dab4d0e service nova] 10.0.0.210 "POST /compute/v2.1/os-server-external-events" status: 200 len: 183 microversion: 2.1 time: 0.068745
Aug 16 15:04:13 user devstack@n-api.service[62920]: [pid: 62920|app: 0|req: 72/214] 10.0.0.210 () {68 vars in 1394 bytes} [Wed Aug 16 15:04:13 2023] POST /compute/v2.1/os-server-external-events => generated 183 bytes in 72 msecs (HTTP/1.1 200) 9 headers in 357 bytes (1 switches on core 0)
Aug 16 15:04:15 user devstack@n-api.service[62919]: DEBUG nova.api.openstack.wsgi [req-0c5860f2-f306-4236-9d59-d450f508b7e1 req-1dfdbb30-0d14-43d8-9fad-0cb3ec33b3a4 service nova] Action: 'create', calling method: >, body: {"events": [{"server_uuid": "555e458d-ddd4-41a7-8d7a-b763c3090f3d", "name": "network-vif-deleted", "tag": "97c80a4f-c105-435d-ae7c-e0ef30d1fb9f"}]} {{(pid=62919) _process_stack /opt/stack/nova/nova/api/openstack/wsgi.py:511}}
Aug 16 15:04:15 user devstack@n-api.service[62919]: DEBUG oslo_concurrency.lockutils [req-0c5860f2-f306-4236-9d59-d450f508b7e1 req-1dfdbb30-0d14-43d8-9fad-0cb3ec33b3a4 service nova] Acquiring lock "75342e9b-ccfd-4857-aa54-b370904c2af1" by "nova.context.set_target_cell..get_or_set_cached_cell_and_set_connections" {{(pid=62919) inner /opt/stack/data/venv/lib/python3.10/site-packages/oslo_concurrency/lockutils.py:404}}
Aug 16 15:04:15 user devstack@n-api.service[62919]: DEBUG oslo_concurrency.lockutils [req-0c5860f2-f306-4236-9d59-d450f508b7e1 req-1dfdbb30-0d14-43d8-9fad-0cb3ec33b3a4 service nova] Lock "75342e9b-ccfd-4857-aa54-b370904c2af1" acquired by "nova.context.set_target_cell..get_or_set_cached_cell_and_set_connections" :: waited 0.001s {{(pid=62919) inner /opt/stack/data/venv/lib/python3.10/site-packages/oslo_concurrency/lockutils.py:409}}
Aug 16 15:04:15 user devstack@n-api.service[62919]: DEBUG oslo_concurrency.lockutils [req-0c5860f2-f306-4236-9d59-d450f508b7e1 req-1dfdbb30-0d14-43d8-9fad-0cb3ec33b3a4 service nova] Lock "75342e9b-ccfd-4857-aa54-b370904c2af1" "released" by "nova.context.set_target_cell..get_or_set_cached_cell_and_set_connections" :: held 0.001s {{(pid=62919) inner /opt/stack/data/venv/lib/python3.10/site-packages/oslo_concurrency/lockutils.py:423}}
Aug 16 15:04:15 user devstack@n-api.service[62919]: INFO nova.api.openstack.compute.server_external_events [req-0c5860f2-f306-4236-9d59-d450f508b7e1 req-1dfdbb30-0d14-43d8-9fad-0cb3ec33b3a4 service nova] Creating event network-vif-deleted:97c80a4f-c105-435d-ae7c-e0ef30d1fb9f for instance 555e458d-ddd4-41a7-8d7a-b763c3090f3d on user
Aug 16 15:04:15 user devstack@n-api.service[62919]: INFO nova.api.openstack.requestlog [req-0c5860f2-f306-4236-9d59-d450f508b7e1 req-1dfdbb30-0d14-43d8-9fad-0cb3ec33b3a4 service nova] 10.0.0.210 "POST /compute/v2.1/os-server-external-events" status: 200 len: 183 microversion: 2.1 time: 0.063887
Aug 16 15:04:15 user devstack@n-api.service[62919]: [pid: 62919|app: 0|req: 74/215] 10.0.0.210 () {68 vars in 1394 bytes} [Wed Aug 16 15:04:15 2023] POST /compute/v2.1/os-server-external-events => generated 183 bytes in 68 msecs (HTTP/1.1 200) 9 headers in 357 bytes (1 switches on core 0)
Aug 16 15:04:16 user devstack@n-api.service[62918]: DEBUG nova.api.openstack.wsgi [req-a84607a6-5f79-4b18-8806-515db76d9259 req-52f638b1-2ff9-4e8d-96bd-de56a4c0f5d8 service nova] Action: 'create', calling method: >, body: {"events": [{"name": "network-changed", "server_uuid": "8d21e8b1-c405-4d34-a582-ec36fdefe584", "tag": "58cb3a47-39d4-400e-9cb3-05371a448fb6"}]} {{(pid=62918) _process_stack /opt/stack/nova/nova/api/openstack/wsgi.py:511}}
Aug 16 15:04:16 user devstack@n-api.service[62918]: DEBUG dbcounter [-] [62918] Writing DB stats nova_cell0:SELECT=2 {{(pid=62918) stat_writer /opt/stack/data/venv/lib/python3.10/site-packages/dbcounter.py:115}}
Aug 16 15:04:16 user devstack@n-api.service[62918]: DEBUG oslo_concurrency.lockutils [req-a84607a6-5f79-4b18-8806-515db76d9259 req-52f638b1-2ff9-4e8d-96bd-de56a4c0f5d8 service nova] Acquiring lock "75342e9b-ccfd-4857-aa54-b370904c2af1" by "nova.context.set_target_cell..get_or_set_cached_cell_and_set_connections" {{(pid=62918) inner /opt/stack/data/venv/lib/python3.10/site-packages/oslo_concurrency/lockutils.py:404}}
Aug 16 15:04:16 user devstack@n-api.service[62918]: DEBUG oslo_concurrency.lockutils [req-a84607a6-5f79-4b18-8806-515db76d9259 req-52f638b1-2ff9-4e8d-96bd-de56a4c0f5d8 service nova] Lock "75342e9b-ccfd-4857-aa54-b370904c2af1" acquired by "nova.context.set_target_cell..get_or_set_cached_cell_and_set_connections" :: waited 0.000s {{(pid=62918) inner /opt/stack/data/venv/lib/python3.10/site-packages/oslo_concurrency/lockutils.py:409}}
Aug 16 15:04:16 user devstack@n-api.service[62918]: DEBUG oslo_concurrency.lockutils [req-a84607a6-5f79-4b18-8806-515db76d9259 req-52f638b1-2ff9-4e8d-96bd-de56a4c0f5d8 service nova] Lock "75342e9b-ccfd-4857-aa54-b370904c2af1" "released" by "nova.context.set_target_cell..get_or_set_cached_cell_and_set_connections" :: held 0.000s {{(pid=62918) inner /opt/stack/data/venv/lib/python3.10/site-packages/oslo_concurrency/lockutils.py:423}}
Aug 16 15:04:16 user devstack@n-api.service[62920]: DEBUG nova.api.openstack.wsgi [None req-48091ede-7847-40e0-b768-d1812cf6a802 tempest-TaggedBootDevicesTest-1454900072 tempest-TaggedBootDevicesTest-1454900072-project-member] Action: 'create', calling method: .version_select at 0x7fe5bf0df010>, body: {"keypair": {"name": "tempest-keypair-1151121414", "public_key": "ecdsa-sha2-nistp384 AAAAE2VjZHNhLXNoYTItbmlzdHAzODQAAAAIbmlzdHAzODQAAABhBONaRF+fPS+1bWyZrrktGdPfd4vWxuoZRTO2YDq3RvbJFCnWPhfnBZkLBN6tiZQZYIpbkM69s6/J7FxIlE8hMJcNy5OMgYrfzdlknavE1nSLj1C7w55zMbL9gQrQe/OL1A=="}} {{(pid=62920) _process_stack /opt/stack/nova/nova/api/openstack/wsgi.py:511}}
Aug 16 15:04:16 user devstack@n-api.service[62918]: INFO nova.api.openstack.compute.server_external_events [req-a84607a6-5f79-4b18-8806-515db76d9259 req-52f638b1-2ff9-4e8d-96bd-de56a4c0f5d8 service nova] Creating event network-changed:58cb3a47-39d4-400e-9cb3-05371a448fb6 for instance 8d21e8b1-c405-4d34-a582-ec36fdefe584 on user
Aug 16 15:04:16 user devstack@n-api.service[62918]: INFO nova.api.openstack.requestlog [req-a84607a6-5f79-4b18-8806-515db76d9259 req-52f638b1-2ff9-4e8d-96bd-de56a4c0f5d8 service nova] 10.0.0.210 "POST /compute/v2.1/os-server-external-events" status: 200 len: 179 microversion: 2.1 time: 0.043178
Aug 16 15:04:16 user devstack@n-api.service[62918]: [pid: 62918|app: 0|req: 70/216] 10.0.0.210 () {68 vars in 1394 bytes} [Wed Aug 16 15:04:16 2023] POST /compute/v2.1/os-server-external-events => generated 179 bytes in 45 msecs (HTTP/1.1 200) 9 headers in 357 bytes (1 switches on core 0)
Aug 16 15:04:16 user devstack@n-api.service[62920]: DEBUG nova.quota [None req-48091ede-7847-40e0-b768-d1812cf6a802 tempest-TaggedBootDevicesTest-1454900072 tempest-TaggedBootDevicesTest-1454900072-project-member] Getting quotas for project 3e3d3941ef45419db169d1b5ff06514c. Resources: {'key_pairs'} {{(pid=62920) _get_quotas /opt/stack/nova/nova/quota.py:393}}
Aug 16 15:04:16 user devstack@n-api.service[62920]: DEBUG nova.quota [None req-48091ede-7847-40e0-b768-d1812cf6a802 tempest-TaggedBootDevicesTest-1454900072 tempest-TaggedBootDevicesTest-1454900072-project-member] Getting quotas for user 3a0c10fbba48411f944c1bef52e9a246 and project 3e3d3941ef45419db169d1b5ff06514c. Resources: {'key_pairs'} {{(pid=62920) _get_quotas /opt/stack/nova/nova/quota.py:383}}
Aug 16 15:04:16 user devstack@n-api.service[62920]: INFO nova.api.openstack.requestlog [None req-48091ede-7847-40e0-b768-d1812cf6a802 tempest-TaggedBootDevicesTest-1454900072 tempest-TaggedBootDevicesTest-1454900072-project-member] 10.0.0.210 "POST /compute/v2.1/os-keypairs" status: 201 len: 401 microversion: 2.32 time: 0.079203
Aug 16 15:04:16 user devstack@n-api.service[62920]: [pid: 62920|app: 0|req: 73/217] 10.0.0.210 () {66 vars in 1277 bytes} [Wed Aug 16 15:04:16 2023] POST /compute/v2.1/os-keypairs => generated 401 bytes in 83 msecs (HTTP/1.1 201) 9 headers in 364 bytes (1 switches on core 0)
Aug 16 15:04:19 user devstack@n-api.service[62919]: DEBUG dbcounter [-] [62919] Writing DB stats nova_cell0:SELECT=4 {{(pid=62919) stat_writer /opt/stack/data/venv/lib/python3.10/site-packages/dbcounter.py:115}}
Aug 16 15:04:19 user devstack@n-api.service[62919]: DEBUG nova.api.openstack.wsgi [None req-59f6bf2b-f844-40f0-825d-5188e136e07a tempest-TaggedBootDevicesTest-1454900072 tempest-TaggedBootDevicesTest-1454900072-project-member] Action: 'create', calling method: >, body: {"server": {"name": "tempest-device-tagging-server-1709633691", "imageRef": "b18d278d-2e25-4ef6-ba90-d1af21f699be", "flavorRef": "1", "config_drive": true, "networks": [{"uuid": "dd344320-54b6-4661-8402-69c4cb756065"}, {"port": "47cd5df7-ddde-4bbe-ad46-617c5ba459ac", "tag": "port-1"}, {"port": "13d18a09-d88c-481f-beb1-4c28608731b4", "tag": "port-2"}, {"uuid": "8f079a8a-ea6e-4c2c-9434-3475678f257e", "tag": "net-1"}, {"uuid": "8f079a8a-ea6e-4c2c-9434-3475678f257e"}, {"uuid": "1be5a8ed-f3a9-4173-8e50-b0247481bcab", "fixed_ip": "10.2.2.100", "tag": "net-2-100"}, {"uuid": "1be5a8ed-f3a9-4173-8e50-b0247481bcab", "fixed_ip": "10.2.2.200", "tag": "net-2-200"}], "block_device_mapping_v2": [{"uuid": "e93b636c-81f5-4db4-99a9-deba13b52eb9", "source_type": "volume", "destination_type": "volume", "boot_index": 0, "tag": "boot"}, {"uuid": "8e4e0893-8a6d-4df4-bf4a-8a172d04a832", "source_type": "volume", "destination_type": "volume", "boot_index": 1, "tag": "other"}, {"uuid": "7ec316be-57f0-4318-9c11-b2d3ea40ff43", "source_type": "volume", "destination_type": "volume", "boot_index": 2}], "security_groups": [{"name": "tempest-securitygroup--391142755"}], "key_name": "tempest-keypair-1151121414", "user_data": "IyEvYmluL3NoCmVjaG8gIlByaW50aW5nIGNpcnJvcyB1c2VyIGF1dGhvcml6ZWQga2V5cyIKY2F0IH5jaXJyb3MvLnNzaC9hdXRob3JpemVkX2tleXMgfHwgdHJ1ZQo="}} {{(pid=62919) _process_stack /opt/stack/nova/nova/api/openstack/wsgi.py:511}}
Aug 16 15:04:19 user devstack@n-api.service[62919]: DEBUG nova.network.neutron [None req-59f6bf2b-f844-40f0-825d-5188e136e07a tempest-TaggedBootDevicesTest-1454900072 tempest-TaggedBootDevicesTest-1454900072-project-member] validate_networks() for [('dd344320-54b6-4661-8402-69c4cb756065', None, None, None, None, None), (None, None, '47cd5df7-ddde-4bbe-ad46-617c5ba459ac', None, None, None), (None, None, '13d18a09-d88c-481f-beb1-4c28608731b4', None, None, None), ('8f079a8a-ea6e-4c2c-9434-3475678f257e', None, None, None, None, None), ('8f079a8a-ea6e-4c2c-9434-3475678f257e', None, None, None, None, None), ('1be5a8ed-f3a9-4173-8e50-b0247481bcab', '10.2.2.100', None, None, None, None), ('1be5a8ed-f3a9-4173-8e50-b0247481bcab', '10.2.2.200', None, None, None, None)] {{(pid=62919) validate_networks /opt/stack/nova/nova/network/neutron.py:2638}}
