Apr 19 15:32:21 user devstack@keystone.service[54199]: DEBUG keystone.server.flask.request_processing.req_logging [None req-b9a4f455-8dd8-44df-acb0-350f36da9022 None admin] REQUEST_METHOD: `GET` {{(pid=54199) log_request_info /opt/stack/keystone/keystone/server/flask/request_processing/req_logging.py:27}}
Apr 19 15:32:21 user devstack@keystone.service[54199]: DEBUG keystone.server.flask.request_processing.req_logging [None req-b9a4f455-8dd8-44df-acb0-350f36da9022 None admin] SCRIPT_NAME: `/identity` {{(pid=54199) log_request_info /opt/stack/keystone/keystone/server/flask/request_processing/req_logging.py:28}}
Apr 19 15:32:21 user devstack@keystone.service[54199]: DEBUG keystone.server.flask.request_processing.req_logging [None req-b9a4f455-8dd8-44df-acb0-350f36da9022 None admin] PATH_INFO: `/v3/users/0ad75eb05228454cad3b8285d4fbe13e` {{(pid=54199) log_request_info /opt/stack/keystone/keystone/server/flask/request_processing/req_logging.py:29}}
Apr 19 15:32:21 user devstack@keystone.service[54199]: DEBUG keystone.common.rbac_enforcer.enforcer [None req-b9a4f455-8dd8-44df-acb0-350f36da9022 None admin] RBAC: Authorizing `identity:get_user(user_id=0ad75eb05228454cad3b8285d4fbe13e)` {{(pid=54199) enforce_call /opt/stack/keystone/keystone/common/rbac_enforcer/enforcer.py:449}}
Apr 19 15:32:21 user devstack@keystone.service[54199]: DEBUG keystone.common.rbac_enforcer.enforcer [None req-b9a4f455-8dd8-44df-acb0-350f36da9022 None admin] RBAC: Authorization granted {{(pid=54199) enforce_call /opt/stack/keystone/keystone/common/rbac_enforcer/enforcer.py:457}}
Apr 19 15:32:21 user devstack@keystone.service[54199]: [pid: 54199|app: 0|req: 24/71] 10.0.0.210 () {56 vars in 1172 bytes} [Wed Apr 19 15:32:21 2023] GET /identity/v3/users/0ad75eb05228454cad3b8285d4fbe13e => generated 274 bytes in 134 msecs (HTTP/1.1 200) 5 headers in 177 bytes (2 switches on core 0)
Apr 19 15:32:21 user devstack@keystone.service[54199]: DEBUG keystone.server.flask.request_processing.middleware.auth_context [None req-b9a4f455-8dd8-44df-acb0-350f36da9022 None admin] Authenticating user token {{(pid=54199) process_request /usr/local/lib/python3.10/dist-packages/keystonemiddleware/auth_token/__init__.py:406}}
Apr 19 15:32:21 user devstack@keystone.service[54198]: DEBUG keystone.server.flask.request_processing.middleware.auth_context [None req-3265bc78-f25b-4d45-9aac-d50d27fd7748 None admin] Validating token access rules against request {{(pid=54198) validate_allowed_request /usr/local/lib/python3.10/dist-packages/keystonemiddleware/auth_token/__init__.py:544}}
Apr 19 15:32:21 user devstack@keystone.service[54197]: DEBUG keystone.server.flask.request_processing.middleware.auth_context [None req-2e8c1325-b1ac-4a88-ad36-8f4be0a612a8 None admin] Validating token access rules against request {{(pid=54197) validate_allowed_request /usr/local/lib/python3.10/dist-packages/keystonemiddleware/auth_token/__init__.py:544}}
Apr 19 15:32:21 user devstack@keystone.service[54198]: DEBUG dbcounter [-] [54198] Writing DB stats keystone:SELECT=100 {{(pid=54198) stat_writer /usr/local/lib/python3.10/dist-packages/dbcounter.py:117}}
Apr 19 15:32:21 user devstack@keystone.service[54197]: DEBUG dbcounter [-] [54197] Writing DB stats keystone:SELECT=100 {{(pid=54197) stat_writer /usr/local/lib/python3.10/dist-packages/dbcounter.py:117}}
Apr 19 15:32:21 user devstack@keystone.service[54199]: DEBUG keystone.server.flask.request_processing.middleware.auth_context [None req-b9a4f455-8dd8-44df-acb0-350f36da9022 None admin] Validating token access rules against request {{(pid=54199) validate_allowed_request /usr/local/lib/python3.10/dist-packages/keystonemiddleware/auth_token/__init__.py:544}}
Apr 19 15:32:21 user devstack@keystone.service[54198]: DEBUG keystone.server.flask.request_processing.middleware.auth_context [None req-0e056c5c-75de-4463-b90f-d26dc6f19774 None admin] RBAC: auth_context: {'token': , 'domain_id': None, 'trust_id': None, 'trustor_id': None, 'trustee_id': None, 'domain_name': None, 'group_ids': [], 'user_id': 'fa99d0812ab14421bbfa76f0dee01168', 'user_domain_id': 'default', 'system_scope': 'all', 'project_id': None, 'project_domain_id': None, 'roles': ['admin', 'member', 'reader'], 'is_admin_project': True, 'service_user_id': None, 'service_user_domain_id': None, 'service_project_id': None, 'service_project_domain_id': None, 'service_roles': []} {{(pid=54198) fill_context /opt/stack/keystone/keystone/server/flask/request_processing/middleware/auth_context.py:478}}
Apr 19 15:32:21 user devstack@keystone.service[54197]: DEBUG keystone.server.flask.request_processing.middleware.auth_context [None req-4927776c-2b8f-468f-bfaf-924ea9de0003 None admin] RBAC: auth_context: {'token': , 'domain_id': None, 'trust_id': None, 'trustor_id': None, 'trustee_id': None, 'domain_name': None, 'group_ids': [], 'user_id': 'fa99d0812ab14421bbfa76f0dee01168', 'user_domain_id': 'default', 'system_scope': 'all', 'project_id': None, 'project_domain_id': None, 'roles': ['admin', 'member', 'reader'], 'is_admin_project': True, 'service_user_id': None, 'service_user_domain_id': None, 'service_project_id': None, 'service_project_domain_id': None, 'service_roles': []} {{(pid=54197) fill_context /opt/stack/keystone/keystone/server/flask/request_processing/middleware/auth_context.py:478}}
Apr 19 15:32:21 user devstack@keystone.service[54198]: DEBUG keystone.server.flask.request_processing.req_logging [None req-0e056c5c-75de-4463-b90f-d26dc6f19774 None admin] REQUEST_METHOD: `GET` {{(pid=54198) log_request_info /opt/stack/keystone/keystone/server/flask/request_processing/req_logging.py:27}}
Apr 19 15:32:21 user devstack@keystone.service[54198]: DEBUG keystone.server.flask.request_processing.req_logging [None req-0e056c5c-75de-4463-b90f-d26dc6f19774 None admin] SCRIPT_NAME: `/identity` {{(pid=54198) log_request_info /opt/stack/keystone/keystone/server/flask/request_processing/req_logging.py:28}}
Apr 19 15:32:21 user devstack@keystone.service[54198]: DEBUG keystone.server.flask.request_processing.req_logging [None req-0e056c5c-75de-4463-b90f-d26dc6f19774 None admin] PATH_INFO: `/v3/roles/member` {{(pid=54198) log_request_info /opt/stack/keystone/keystone/server/flask/request_processing/req_logging.py:29}}
Apr 19 15:32:21 user devstack@keystone.service[54197]: DEBUG keystone.server.flask.request_processing.req_logging [None req-4927776c-2b8f-468f-bfaf-924ea9de0003 None admin] REQUEST_METHOD: `GET` {{(pid=54197) log_request_info /opt/stack/keystone/keystone/server/flask/request_processing/req_logging.py:27}}
Apr 19 15:32:21 user devstack@keystone.service[54197]: DEBUG keystone.server.flask.request_processing.req_logging [None req-4927776c-2b8f-468f-bfaf-924ea9de0003 None admin] SCRIPT_NAME: `/identity` {{(pid=54197) log_request_info /opt/stack/keystone/keystone/server/flask/request_processing/req_logging.py:28}}
Apr 19 15:32:21 user devstack@keystone.service[54197]: DEBUG keystone.server.flask.request_processing.req_logging [None req-4927776c-2b8f-468f-bfaf-924ea9de0003 None admin] PATH_INFO: `/v3/projects/6bdd59151a064a09a835231b1d921247` {{(pid=54197) log_request_info /opt/stack/keystone/keystone/server/flask/request_processing/req_logging.py:29}}
Apr 19 15:32:21 user devstack@keystone.service[54197]: DEBUG keystone.common.rbac_enforcer.enforcer [None req-4927776c-2b8f-468f-bfaf-924ea9de0003 None admin] RBAC: Authorizing `identity:get_project(project_id=6bdd59151a064a09a835231b1d921247)` {{(pid=54197) enforce_call /opt/stack/keystone/keystone/common/rbac_enforcer/enforcer.py:449}}
Apr 19 15:32:21 user devstack@keystone.service[54197]: DEBUG keystone.common.rbac_enforcer.enforcer [None req-4927776c-2b8f-468f-bfaf-924ea9de0003 None admin] RBAC: Authorization granted {{(pid=54197) enforce_call /opt/stack/keystone/keystone/common/rbac_enforcer/enforcer.py:457}}
Apr 19 15:32:21 user devstack@keystone.service[54197]: [pid: 54197|app: 0|req: 25/72] 10.0.0.210 () {56 vars in 1181 bytes} [Wed Apr 19 15:32:21 2023] GET /identity/v3/projects/6bdd59151a064a09a835231b1d921247 => generated 297 bytes in 120 msecs (HTTP/1.1 200) 5 headers in 177 bytes (1 switches on core 0)
Apr 19 15:32:21 user devstack@keystone.service[54197]: DEBUG keystone.server.flask.request_processing.middleware.auth_context [None req-4927776c-2b8f-468f-bfaf-924ea9de0003 None admin] Authenticating user token {{(pid=54197) process_request /usr/local/lib/python3.10/dist-packages/keystonemiddleware/auth_token/__init__.py:406}}
Apr 19 15:32:21 user devstack@keystone.service[54198]: DEBUG keystone.common.rbac_enforcer.enforcer [None req-0e056c5c-75de-4463-b90f-d26dc6f19774 None admin] Extracting inferred target data resulted in "NOT FOUND (404)". {{(pid=54198) enforce_call /opt/stack/keystone/keystone/common/rbac_enforcer/enforcer.py:409}}
Apr 19 15:32:21 user devstack@keystone.service[54198]: ERROR keystone.server.flask.application [None req-0e056c5c-75de-4463-b90f-d26dc6f19774 None admin] Could not find role: member.: keystone.exception.RoleNotFound: Could not find role: member.
Apr 19 15:32:21 user devstack@keystone.service[54198]: ERROR keystone.server.flask.application
Traceback (most recent call last):
Apr 19 15:32:21 user devstack@keystone.service[54198]: ERROR keystone.server.flask.application
File "/usr/local/lib/python3.10/dist-packages/flask/app.py", line 1823, in full_dispatch_request
Apr 19 15:32:21 user devstack@keystone.service[54198]: ERROR keystone.server.flask.application rv = self.dispatch_request()
Apr 19 15:32:21 user devstack@keystone.service[54198]: ERROR keystone.server.flask.application
File "/usr/local/lib/python3.10/dist-packages/flask/app.py", line 1799, in dispatch_request
Apr 19 15:32:21 user devstack@keystone.service[54198]: ERROR keystone.server.flask.application return self.ensure_sync(self.view_functions[rule.endpoint])(**view_args)
Apr 19 15:32:21 user devstack@keystone.service[54198]: ERROR keystone.server.flask.application
File "/usr/local/lib/python3.10/dist-packages/flask_restful/__init__.py", line 467, in wrapper
Apr 19 15:32:21 user devstack@keystone.service[54198]: ERROR keystone.server.flask.application resp = resource(*args, **kwargs)
Apr 19 15:32:21 user devstack@keystone.service[54198]: ERROR keystone.server.flask.application
File "/usr/local/lib/python3.10/dist-packages/flask/views.py", line 107, in view
Apr 19 15:32:21 user devstack@keystone.service[54198]: ERROR keystone.server.flask.application return current_app.ensure_sync(self.dispatch_request)(**kwargs)
Apr 19 15:32:21 user devstack@keystone.service[54198]: ERROR keystone.server.flask.application
File "/usr/local/lib/python3.10/dist-packages/flask_restful/__init__.py", line 582, in dispatch_request
Apr 19 15:32:21 user devstack@keystone.service[54198]: ERROR keystone.server.flask.application resp = meth(*args, **kwargs)
Apr 19 15:32:21 user devstack@keystone.service[54198]: ERROR keystone.server.flask.application
File "/opt/stack/keystone/keystone/api/roles.py", line 50, in get
Apr 19 15:32:21 user devstack@keystone.service[54198]: ERROR keystone.server.flask.application return self._get_role(role_id)
Apr 19 15:32:21 user devstack@keystone.service[54198]: ERROR keystone.server.flask.application
File "/opt/stack/keystone/keystone/api/roles.py", line 70, in _get_role
Apr 19 15:32:21 user devstack@keystone.service[54198]: ERROR keystone.server.flask.application ENFORCER.enforce_call(action='identity:get_role')
Apr 19 15:32:21 user devstack@keystone.service[54198]: ERROR keystone.server.flask.application
File "/opt/stack/keystone/keystone/common/rbac_enforcer/enforcer.py", line 402, in enforce_call
Apr 19 15:32:21 user devstack@keystone.service[54198]: ERROR keystone.server.flask.application policy_dict.update(cls._extract_member_target_data(
Apr 19 15:32:21 user devstack@keystone.service[54198]: ERROR keystone.server.flask.application
File "/opt/stack/keystone/keystone/common/rbac_enforcer/enforcer.py", line 234, in _extract_member_target_data
Apr 19 15:32:21 user devstack@keystone.service[54198]: ERROR keystone.server.flask.application member_name: func(flask.request.view_args[key])
Apr 19 15:32:21 user devstack@keystone.service[54198]: ERROR keystone.server.flask.application
File "/opt/stack/keystone/keystone/common/manager.py", line 115, in wrapped
Apr 19 15:32:21 user devstack@keystone.service[54198]: ERROR keystone.server.flask.application __ret_val = __f(*args, **kwargs)
Apr 19 15:32:21 user devstack@keystone.service[54198]: ERROR keystone.server.flask.application
File "/usr/local/lib/python3.10/dist-packages/decorator.py", line 232, in fun
Apr 19 15:32:21 user devstack@keystone.service[54198]: ERROR keystone.server.flask.application return caller(func, *(extras + args), **kw)
Apr 19 15:32:21 user devstack@keystone.service[54198]: ERROR keystone.server.flask.application
File "/usr/local/lib/python3.10/dist-packages/dogpile/cache/region.py", line 1577, in get_or_create_for_user_func
Apr 19 15:32:21 user devstack@keystone.service[54198]: ERROR keystone.server.flask.application return self.get_or_create(
Apr 19 15:32:21 user devstack@keystone.service[54198]: ERROR keystone.server.flask.application
File "/usr/local/lib/python3.10/dist-packages/dogpile/cache/region.py", line 1042, in get_or_create
Apr 19 15:32:21 user devstack@keystone.service[54198]: ERROR keystone.server.flask.application with Lock(
Apr 19 15:32:21 user devstack@keystone.service[54198]: ERROR keystone.server.flask.application
File "/usr/local/lib/python3.10/dist-packages/dogpile/lock.py", line 185, in __enter__
Apr 19 15:32:21 user devstack@keystone.service[54198]: ERROR keystone.server.flask.application return self._enter()
Apr 19 15:32:21 user devstack@keystone.service[54198]: ERROR keystone.server.flask.application
File "/usr/local/lib/python3.10/dist-packages/dogpile/lock.py", line 94, in _enter
Apr 19 15:32:21 user devstack@keystone.service[54198]: ERROR keystone.server.flask.application generated = self._enter_create(value, createdtime)
Apr 19 15:32:21 user devstack@keystone.service[54198]: ERROR keystone.server.flask.application
File "/usr/local/lib/python3.10/dist-packages/dogpile/lock.py", line 178, in _enter_create
Apr 19 15:32:21 user devstack@keystone.service[54198]: ERROR keystone.server.flask.application return self.creator()
Apr 19 15:32:21 user devstack@keystone.service[54198]: ERROR keystone.server.flask.application
File "/usr/local/lib/python3.10/dist-packages/dogpile/cache/region.py", line 995, in gen_value
Apr 19 15:32:21 user devstack@keystone.service[54198]: ERROR keystone.server.flask.application created_value = creator(
Apr 19 15:32:21 user devstack@keystone.service[54198]: ERROR keystone.server.flask.application
File "/opt/stack/keystone/keystone/assignment/core.py", line 1276, in get_role
Apr 19 15:32:21 user devstack@keystone.service[54198]: ERROR keystone.server.flask.application return self.driver.get_role(role_id)
Apr 19 15:32:21 user devstack@keystone.service[54198]: ERROR keystone.server.flask.application
File "/opt/stack/keystone/keystone/assignment/role_backends/sql.py", line 70, in get_role
Apr 19 15:32:21 user devstack@keystone.service[54198]: ERROR keystone.server.flask.application return self._get_role(session, role_id).to_dict()
Apr 19 15:32:21 user devstack@keystone.service[54198]: ERROR keystone.server.flask.application
File "/opt/stack/keystone/keystone/assignment/role_backends/sql.py", line 65, in _get_role
Apr 19 15:32:21 user devstack@keystone.service[54198]: ERROR keystone.server.flask.application raise exception.RoleNotFound(role_id=role_id)
Apr 19 15:32:21 user devstack@keystone.service[54198]: ERROR keystone.server.flask.application keystone.exception.RoleNotFound: Could not find role: member.
Apr 19 15:32:21 user devstack@keystone.service[54198]: ERROR keystone.server.flask.application
Apr 19 15:32:21 user devstack@keystone.service[54198]: [pid: 54198|app: 0|req: 24/73] 10.0.0.210 () {56 vars in 1094 bytes} [Wed Apr 19 15:32:21 2023] GET /identity/v3/roles/member => generated 84 bytes in 137 msecs (HTTP/1.1 404) 5 headers in 183 bytes (1 switches on core 0)
Apr 19 15:32:21 user devstack@keystone.service[54198]: DEBUG keystone.server.flask.request_processing.middleware.auth_context [None req-0e056c5c-75de-4463-b90f-d26dc6f19774 None admin] Authenticating user token {{(pid=54198) process_request /usr/local/lib/python3.10/dist-packages/keystonemiddleware/auth_token/__init__.py:406}}
Apr 19 15:32:21 user devstack@keystone.service[54199]: DEBUG dbcounter [-] [54199] Writing DB stats keystone:SELECT=100 {{(pid=54199) stat_writer /usr/local/lib/python3.10/dist-packages/dbcounter.py:117}}
Apr 19 15:32:21 user devstack@keystone.service[54199]: DEBUG keystone.server.flask.request_processing.middleware.auth_context [None req-05fb9e10-5b34-44c8-817f-26beccaf4c70 None admin] RBAC: auth_context: {'token': , 'domain_id': None, 'trust_id': None, 'trustor_id': None, 'trustee_id': None, 'domain_name': None, 'group_ids': [], 'user_id': 'fa99d0812ab14421bbfa76f0dee01168', 'user_domain_id': 'default', 'system_scope': 'all', 'project_id': None, 'project_domain_id': None, 'roles': ['admin', 'member', 'reader'], 'is_admin_project': True, 'service_user_id': None, 'service_user_domain_id': None, 'service_project_id': None, 'service_project_domain_id': None, 'service_roles': []} {{(pid=54199) fill_context /opt/stack/keystone/keystone/server/flask/request_processing/middleware/auth_context.py:478}}
Apr 19 15:32:21 user devstack@keystone.service[54199]: DEBUG keystone.server.flask.request_processing.req_logging [None req-05fb9e10-5b34-44c8-817f-26beccaf4c70 None admin] REQUEST_METHOD: `GET` {{(pid=54199) log_request_info /opt/stack/keystone/keystone/server/flask/request_processing/req_logging.py:27}}
Apr 19 15:32:21 user devstack@keystone.service[54199]: DEBUG keystone.server.flask.request_processing.req_logging [None req-05fb9e10-5b34-44c8-817f-26beccaf4c70 None admin] SCRIPT_NAME: `/identity` {{(pid=54199) log_request_info /opt/stack/keystone/keystone/server/flask/request_processing/req_logging.py:28}}
Apr 19 15:32:21 user devstack@keystone.service[54199]: DEBUG keystone.server.flask.request_processing.req_logging [None req-05fb9e10-5b34-44c8-817f-26beccaf4c70 None admin] PATH_INFO: `/v3/roles` {{(pid=54199) log_request_info /opt/stack/keystone/keystone/server/flask/request_processing/req_logging.py:29}}
Apr 19 15:32:21 user devstack@keystone.service[54199]: DEBUG keystone.common.rbac_enforcer.enforcer [None req-05fb9e10-5b34-44c8-817f-26beccaf4c70 None admin] RBAC: Adding query filter params (name=anotherrole) {{(pid=54199) _extract_filter_values /opt/stack/keystone/keystone/common/rbac_enforcer/enforcer.py:167}}
Apr 19 15:32:21 user devstack@keystone.service[54199]: DEBUG keystone.common.rbac_enforcer.enforcer [None req-05fb9e10-5b34-44c8-817f-26beccaf4c70 None admin] RBAC: Authorizing `identity:list_roles()` {{(pid=54199) enforce_call /opt/stack/keystone/keystone/common/rbac_enforcer/enforcer.py:449}}
Apr 19 15:32:21 user devstack@keystone.service[54199]: DEBUG keystone.common.rbac_enforcer.enforcer [None req-05fb9e10-5b34-44c8-817f-26beccaf4c70 None admin] RBAC: Authorization granted {{(pid=54199) enforce_call /opt/stack/keystone/keystone/common/rbac_enforcer/enforcer.py:457}}
Apr 19 15:32:21 user devstack@keystone.service[54199]: [pid: 54199|app: 0|req: 25/74] 10.0.0.210 () {56 vars in 1106 bytes} [Wed Apr 19 15:32:21 2023] GET /identity/v3/roles?name=anotherrole => generated 332 bytes in 125 msecs (HTTP/1.1 200) 5 headers in 177 bytes (1 switches on core 0)
Apr 19 15:32:21 user devstack@keystone.service[54199]: DEBUG keystone.server.flask.request_processing.middleware.auth_context [None req-05fb9e10-5b34-44c8-817f-26beccaf4c70 None admin] Authenticating user token {{(pid=54199) process_request /usr/local/lib/python3.10/dist-packages/keystonemiddleware/auth_token/__init__.py:406}}
Apr 19 15:32:21 user devstack@keystone.service[54197]: DEBUG keystone.server.flask.request_processing.middleware.auth_context [None req-4927776c-2b8f-468f-bfaf-924ea9de0003 None admin] Validating token access rules against request {{(pid=54197) validate_allowed_request /usr/local/lib/python3.10/dist-packages/keystonemiddleware/auth_token/__init__.py:544}}
Apr 19 15:32:21 user devstack@keystone.service[54198]: DEBUG keystone.server.flask.request_processing.middleware.auth_context [None req-0e056c5c-75de-4463-b90f-d26dc6f19774 None admin] Validating token access rules against request {{(pid=54198) validate_allowed_request /usr/local/lib/python3.10/dist-packages/keystonemiddleware/auth_token/__init__.py:544}}
Apr 19 15:32:21 user devstack@keystone.service[54197]: DEBUG keystone.server.flask.request_processing.middleware.auth_context [None req-ffa0d8a0-54f5-4079-80ea-c574fa58a288 None admin] RBAC: auth_context: {'token': , 'domain_id': None, 'trust_id': None, 'trustor_id': None, 'trustee_id': None, 'domain_name': None, 'group_ids': [], 'user_id': 'fa99d0812ab14421bbfa76f0dee01168', 'user_domain_id': 'default', 'system_scope': 'all', 'project_id': None, 'project_domain_id': None, 'roles': ['admin', 'member', 'reader'], 'is_admin_project': True, 'service_user_id': None, 'service_user_domain_id': None, 'service_project_id': None, 'service_project_domain_id': None, 'service_roles': []} {{(pid=54197) fill_context /opt/stack/keystone/keystone/server/flask/request_processing/middleware/auth_context.py:478}}
Apr 19 15:32:21 user devstack@keystone.service[54197]: DEBUG keystone.server.flask.request_processing.req_logging [None req-ffa0d8a0-54f5-4079-80ea-c574fa58a288 None admin] REQUEST_METHOD: `GET` {{(pid=54197) log_request_info /opt/stack/keystone/keystone/server/flask/request_processing/req_logging.py:27}}
Apr 19 15:32:21 user devstack@keystone.service[54197]: DEBUG keystone.server.flask.request_processing.req_logging [None req-ffa0d8a0-54f5-4079-80ea-c574fa58a288 None admin] SCRIPT_NAME: `/identity` {{(pid=54197) log_request_info /opt/stack/keystone/keystone/server/flask/request_processing/req_logging.py:28}}
Apr 19 15:32:21 user devstack@keystone.service[54197]: DEBUG keystone.server.flask.request_processing.req_logging [None req-ffa0d8a0-54f5-4079-80ea-c574fa58a288 None admin] PATH_INFO: `/v3/projects/6bdd59151a064a09a835231b1d921247` {{(pid=54197) log_request_info /opt/stack/keystone/keystone/server/flask/request_processing/req_logging.py:29}}
Apr 19 15:32:21 user devstack@keystone.service[54199]: DEBUG keystone.server.flask.request_processing.middleware.auth_context [None req-05fb9e10-5b34-44c8-817f-26beccaf4c70 None admin] Validating token access rules against request {{(pid=54199) validate_allowed_request /usr/local/lib/python3.10/dist-packages/keystonemiddleware/auth_token/__init__.py:544}}
Apr 19 15:32:21 user devstack@keystone.service[54197]: DEBUG keystone.common.rbac_enforcer.enforcer [None req-ffa0d8a0-54f5-4079-80ea-c574fa58a288 None admin] RBAC: Authorizing `identity:get_project(project_id=6bdd59151a064a09a835231b1d921247)` {{(pid=54197) enforce_call /opt/stack/keystone/keystone/common/rbac_enforcer/enforcer.py:449}}
Apr 19 15:32:21 user devstack@keystone.service[54197]: DEBUG keystone.common.rbac_enforcer.enforcer [None req-ffa0d8a0-54f5-4079-80ea-c574fa58a288 None admin] RBAC: Authorization granted {{(pid=54197) enforce_call /opt/stack/keystone/keystone/common/rbac_enforcer/enforcer.py:457}}
Apr 19 15:32:21 user devstack@keystone.service[54197]: [pid: 54197|app: 0|req: 26/75] 10.0.0.210 () {56 vars in 1181 bytes} [Wed Apr 19 15:32:21 2023] GET /identity/v3/projects/6bdd59151a064a09a835231b1d921247 => generated 297 bytes in 119 msecs (HTTP/1.1 200) 5 headers in 177 bytes (1 switches on core 0)
Apr 19 15:32:21 user devstack@keystone.service[54197]: DEBUG keystone.server.flask.request_processing.middleware.auth_context [None req-ffa0d8a0-54f5-4079-80ea-c574fa58a288 None admin] Authenticating user token {{(pid=54197) process_request /usr/local/lib/python3.10/dist-packages/keystonemiddleware/auth_token/__init__.py:406}}
Apr 19 15:32:21 user devstack@keystone.service[54198]: DEBUG keystone.server.flask.request_processing.middleware.auth_context [None req-d655d716-6824-40b2-a088-6171618c5bff None admin] RBAC: auth_context: {'token': , 'domain_id': None, 'trust_id': None, 'trustor_id': None, 'trustee_id': None, 'domain_name': None, 'group_ids': [], 'user_id': 'fa99d0812ab14421bbfa76f0dee01168', 'user_domain_id': 'default', 'system_scope': 'all', 'project_id': None, 'project_domain_id': None, 'roles': ['admin', 'member', 'reader'], 'is_admin_project': True, 'service_user_id': None, 'service_user_domain_id': None, 'service_project_id': None, 'service_project_domain_id': None, 'service_roles': []} {{(pid=54198) fill_context /opt/stack/keystone/keystone/server/flask/request_processing/middleware/auth_context.py:478}}
Apr 19 15:32:21 user devstack@keystone.service[54198]: DEBUG keystone.server.flask.request_processing.req_logging [None req-d655d716-6824-40b2-a088-6171618c5bff None admin] REQUEST_METHOD: `GET` {{(pid=54198) log_request_info /opt/stack/keystone/keystone/server/flask/request_processing/req_logging.py:27}}
Apr 19 15:32:21 user devstack@keystone.service[54198]: DEBUG keystone.server.flask.request_processing.req_logging [None req-d655d716-6824-40b2-a088-6171618c5bff None admin] SCRIPT_NAME: `/identity` {{(pid=54198) log_request_info /opt/stack/keystone/keystone/server/flask/request_processing/req_logging.py:28}}
Apr 19 15:32:21 user devstack@keystone.service[54198]: DEBUG keystone.server.flask.request_processing.req_logging [None req-d655d716-6824-40b2-a088-6171618c5bff None admin] PATH_INFO: `/v3/domains/default` {{(pid=54198) log_request_info /opt/stack/keystone/keystone/server/flask/request_processing/req_logging.py:29}}
Apr 19 15:32:21 user devstack@keystone.service[54198]: DEBUG keystone.common.rbac_enforcer.enforcer [None req-d655d716-6824-40b2-a088-6171618c5bff None admin] RBAC: Authorizing `identity:get_domain(domain_id=default)` {{(pid=54198) enforce_call /opt/stack/keystone/keystone/common/rbac_enforcer/enforcer.py:449}}
Apr 19 15:32:21 user devstack@keystone.service[54198]: DEBUG keystone.common.rbac_enforcer.enforcer [None req-d655d716-6824-40b2-a088-6171618c5bff None admin] RBAC: Authorization granted {{(pid=54198) enforce_call /opt/stack/keystone/keystone/common/rbac_enforcer/enforcer.py:457}}
Apr 19 15:32:21 user devstack@keystone.service[54198]: [pid: 54198|app: 0|req: 25/76] 10.0.0.210 () {56 vars in 1103 bytes} [Wed Apr 19 15:32:21 2023] GET /identity/v3/domains/default => generated 198 bytes in 121 msecs (HTTP/1.1 200) 5 headers in 177 bytes (1 switches on core 0)
Apr 19 15:32:21 user devstack@keystone.service[54198]: DEBUG keystone.server.flask.request_processing.middleware.auth_context [None req-d655d716-6824-40b2-a088-6171618c5bff None admin] Authenticating user token {{(pid=54198) process_request /usr/local/lib/python3.10/dist-packages/keystonemiddleware/auth_token/__init__.py:406}}
Apr 19 15:32:21 user devstack@keystone.service[54199]: DEBUG keystone.server.flask.request_processing.middleware.auth_context [None req-b2d70a45-c496-4da2-b50b-b538da339880 None admin] RBAC: auth_context: {'token': , 'domain_id': None, 'trust_id': None, 'trustor_id': None, 'trustee_id': None, 'domain_name': None, 'group_ids': [], 'user_id': 'fa99d0812ab14421bbfa76f0dee01168', 'user_domain_id': 'default', 'system_scope': 'all', 'project_id': None, 'project_domain_id': None, 'roles': ['admin', 'member', 'reader'], 'is_admin_project': True, 'service_user_id': None, 'service_user_domain_id': None, 'service_project_id': None, 'service_project_domain_id': None, 'service_roles': []} {{(pid=54199) fill_context /opt/stack/keystone/keystone/server/flask/request_processing/middleware/auth_context.py:478}}
Apr 19 15:32:21 user devstack@keystone.service[54199]: DEBUG keystone.server.flask.request_processing.req_logging [None req-b2d70a45-c496-4da2-b50b-b538da339880 None admin] REQUEST_METHOD: `PUT` {{(pid=54199) log_request_info /opt/stack/keystone/keystone/server/flask/request_processing/req_logging.py:27}}
Apr 19 15:32:21 user devstack@keystone.service[54199]: DEBUG keystone.server.flask.request_processing.req_logging [None req-b2d70a45-c496-4da2-b50b-b538da339880 None admin] SCRIPT_NAME: `/identity` {{(pid=54199) log_request_info /opt/stack/keystone/keystone/server/flask/request_processing/req_logging.py:28}}
Apr 19 15:32:21 user devstack@keystone.service[54199]: DEBUG keystone.server.flask.request_processing.req_logging [None req-b2d70a45-c496-4da2-b50b-b538da339880 None admin] PATH_INFO: `/v3/projects/6bdd59151a064a09a835231b1d921247/users/fa99d0812ab14421bbfa76f0dee01168/roles/d74c5f7925974414a5481eb95926c346` {{(pid=54199) log_request_info /opt/stack/keystone/keystone/server/flask/request_processing/req_logging.py:29}}
Apr 19 15:32:21 user devstack@keystone.service[54199]: DEBUG keystone.common.rbac_enforcer.enforcer [None req-b2d70a45-c496-4da2-b50b-b538da339880 None admin] RBAC: Authorizing `identity:create_grant(project_id=6bdd59151a064a09a835231b1d921247, user_id=fa99d0812ab14421bbfa76f0dee01168, role_id=d74c5f7925974414a5481eb95926c346)` {{(pid=54199) enforce_call /opt/stack/keystone/keystone/common/rbac_enforcer/enforcer.py:449}}
Apr 19 15:32:21 user devstack@keystone.service[54199]: DEBUG keystone.common.rbac_enforcer.enforcer [None req-b2d70a45-c496-4da2-b50b-b538da339880 None admin] RBAC: Authorization granted {{(pid=54199) enforce_call /opt/stack/keystone/keystone/common/rbac_enforcer/enforcer.py:457}}
Apr 19 15:32:21 user devstack@keystone.service[54199]: [pid: 54199|app: 0|req: 26/77] 10.0.0.210 () {58 vars in 1434 bytes} [Wed Apr 19 15:32:21 2023] PUT /identity/v3/projects/6bdd59151a064a09a835231b1d921247/users/fa99d0812ab14421bbfa76f0dee01168/roles/d74c5f7925974414a5481eb95926c346 => generated 0 bytes in 132 msecs (HTTP/1.1 204) 3 headers in 132 bytes (0 switches on core 0)
Apr 19 15:32:21 user devstack@keystone.service[54199]: DEBUG keystone.server.flask.request_processing.middleware.auth_context [None req-b2d70a45-c496-4da2-b50b-b538da339880 None admin] Authenticating user token {{(pid=54199) process_request /usr/local/lib/python3.10/dist-packages/keystonemiddleware/auth_token/__init__.py:406}}
Apr 19 15:32:21 user devstack@keystone.service[54197]: DEBUG dbcounter [-] [54197] Writing DB stats keystone:SELECT=100 {{(pid=54197) stat_writer /usr/local/lib/python3.10/dist-packages/dbcounter.py:117}}
Apr 19 15:32:21 user devstack@keystone.service[54198]: DEBUG dbcounter [-] [54198] Writing DB stats keystone:SELECT=100 {{(pid=54198) stat_writer /usr/local/lib/python3.10/dist-packages/dbcounter.py:117}}
Apr 19 15:32:21 user devstack@keystone.service[54199]: DEBUG dbcounter [-] [54199] Writing DB stats keystone:SELECT=99,keystone:INSERT=1 {{(pid=54199) stat_writer /usr/local/lib/python3.10/dist-packages/dbcounter.py:117}}
Apr 19 15:32:21 user devstack@keystone.service[54197]: DEBUG keystone.server.flask.request_processing.middleware.auth_context [None req-ffa0d8a0-54f5-4079-80ea-c574fa58a288 None admin] Validating token access rules against request {{(pid=54197) validate_allowed_request /usr/local/lib/python3.10/dist-packages/keystonemiddleware/auth_token/__init__.py:544}}
Apr 19 15:32:21 user devstack@keystone.service[54198]: DEBUG keystone.server.flask.request_processing.middleware.auth_context [None req-d655d716-6824-40b2-a088-6171618c5bff None admin] Validating token access rules against request {{(pid=54198) validate_allowed_request /usr/local/lib/python3.10/dist-packages/keystonemiddleware/auth_token/__init__.py:544}}
Apr 19 15:32:21 user devstack@keystone.service[54199]: DEBUG keystone.server.flask.request_processing.middleware.auth_context [None req-b2d70a45-c496-4da2-b50b-b538da339880 None admin] Validating token access rules against request {{(pid=54199) validate_allowed_request /usr/local/lib/python3.10/dist-packages/keystonemiddleware/auth_token/__init__.py:544}}
Apr 19 15:32:21 user devstack@keystone.service[54198]: DEBUG keystone.server.flask.request_processing.middleware.auth_context [None req-0675f8e3-8907-4efc-adc4-778cca83bdfe None admin] RBAC: auth_context: {'token': , 'domain_id': None, 'trust_id': None, 'trustor_id': None, 'trustee_id': None, 'domain_name': None, 'group_ids': [], 'user_id': 'fa99d0812ab14421bbfa76f0dee01168', 'user_domain_id': 'default', 'system_scope': 'all', 'project_id': None, 'project_domain_id': None, 'roles': ['admin', 'member', 'reader'], 'is_admin_project': True, 'service_user_id': None, 'service_user_domain_id': None, 'service_project_id': None, 'service_project_domain_id': None, 'service_roles': []} {{(pid=54198) fill_context /opt/stack/keystone/keystone/server/flask/request_processing/middleware/auth_context.py:478}}
Apr 19 15:32:21 user devstack@keystone.service[54197]: DEBUG keystone.server.flask.request_processing.middleware.auth_context [None req-3306f9d7-05c6-45c9-ba41-6d5d99d2a2c9 None admin] RBAC: auth_context: {'token': , 'domain_id': None, 'trust_id': None, 'trustor_id': None, 'trustee_id': None, 'domain_name': None, 'group_ids': [], 'user_id': 'fa99d0812ab14421bbfa76f0dee01168', 'user_domain_id': 'default', 'system_scope': 'all', 'project_id': None, 'project_domain_id': None, 'roles': ['admin', 'member', 'reader'], 'is_admin_project': True, 'service_user_id': None, 'service_user_domain_id': None, 'service_project_id': None, 'service_project_domain_id': None, 'service_roles': []} {{(pid=54197) fill_context /opt/stack/keystone/keystone/server/flask/request_processing/middleware/auth_context.py:478}}
Apr 19 15:32:21 user devstack@keystone.service[54198]: DEBUG keystone.server.flask.request_processing.req_logging [None req-0675f8e3-8907-4efc-adc4-778cca83bdfe None admin] REQUEST_METHOD: `GET` {{(pid=54198) log_request_info /opt/stack/keystone/keystone/server/flask/request_processing/req_logging.py:27}}
Apr 19 15:32:21 user devstack@keystone.service[54198]: DEBUG keystone.server.flask.request_processing.req_logging [None req-0675f8e3-8907-4efc-adc4-778cca83bdfe None admin] SCRIPT_NAME: `/identity` {{(pid=54198) log_request_info /opt/stack/keystone/keystone/server/flask/request_processing/req_logging.py:28}}
Apr 19 15:32:21 user devstack@keystone.service[54198]: DEBUG keystone.server.flask.request_processing.req_logging [None req-0675f8e3-8907-4efc-adc4-778cca83bdfe None admin] PATH_INFO: `/v3/users/0ad75eb05228454cad3b8285d4fbe13e` {{(pid=54198) log_request_info /opt/stack/keystone/keystone/server/flask/request_processing/req_logging.py:29}}
Apr 19 15:32:21 user devstack@keystone.service[54197]: DEBUG keystone.server.flask.request_processing.req_logging [None req-3306f9d7-05c6-45c9-ba41-6d5d99d2a2c9 None admin] REQUEST_METHOD: `GET` {{(pid=54197) log_request_info /opt/stack/keystone/keystone/server/flask/request_processing/req_logging.py:27}}
Apr 19 15:32:21 user devstack@keystone.service[54197]: DEBUG keystone.server.flask.request_processing.req_logging [None req-3306f9d7-05c6-45c9-ba41-6d5d99d2a2c9 None admin] SCRIPT_NAME: `/identity` {{(pid=54197) log_request_info /opt/stack/keystone/keystone/server/flask/request_processing/req_logging.py:28}}
Apr 19 15:32:21 user devstack@keystone.service[54197]: DEBUG keystone.server.flask.request_processing.req_logging [None req-3306f9d7-05c6-45c9-ba41-6d5d99d2a2c9 None admin] PATH_INFO: `/v3/roles` {{(pid=54197) log_request_info /opt/stack/keystone/keystone/server/flask/request_processing/req_logging.py:29}}
Apr 19 15:32:21 user devstack@keystone.service[54198]: DEBUG keystone.common.rbac_enforcer.enforcer [None req-0675f8e3-8907-4efc-adc4-778cca83bdfe None admin] RBAC: Authorizing `identity:get_user(user_id=0ad75eb05228454cad3b8285d4fbe13e)` {{(pid=54198) enforce_call /opt/stack/keystone/keystone/common/rbac_enforcer/enforcer.py:449}}
Apr 19 15:32:21 user devstack@keystone.service[54197]: DEBUG keystone.common.rbac_enforcer.enforcer [None req-3306f9d7-05c6-45c9-ba41-6d5d99d2a2c9 None admin] RBAC: Adding query filter params (name=member) {{(pid=54197) _extract_filter_values /opt/stack/keystone/keystone/common/rbac_enforcer/enforcer.py:167}}
Apr 19 15:32:21 user devstack@keystone.service[54197]: DEBUG keystone.common.rbac_enforcer.enforcer [None req-3306f9d7-05c6-45c9-ba41-6d5d99d2a2c9 None admin] RBAC: Authorizing `identity:list_roles()` {{(pid=54197) enforce_call /opt/stack/keystone/keystone/common/rbac_enforcer/enforcer.py:449}}
Apr 19 15:32:21 user devstack@keystone.service[54198]: DEBUG keystone.common.rbac_enforcer.enforcer [None req-0675f8e3-8907-4efc-adc4-778cca83bdfe None admin] RBAC: Authorization granted {{(pid=54198) enforce_call /opt/stack/keystone/keystone/common/rbac_enforcer/enforcer.py:457}}
Apr 19 15:32:21 user devstack@keystone.service[54197]: DEBUG keystone.common.rbac_enforcer.enforcer [None req-3306f9d7-05c6-45c9-ba41-6d5d99d2a2c9 None admin] RBAC: Authorization granted {{(pid=54197) enforce_call /opt/stack/keystone/keystone/common/rbac_enforcer/enforcer.py:457}}
Apr 19 15:32:21 user devstack@keystone.service[54198]: [pid: 54198|app: 0|req: 26/78] 10.0.0.210 () {56 vars in 1172 bytes} [Wed Apr 19 15:32:21 2023] GET /identity/v3/users/0ad75eb05228454cad3b8285d4fbe13e => generated 274 bytes in 124 msecs (HTTP/1.1 200) 5 headers in 177 bytes (1 switches on core 0)
Apr 19 15:32:21 user devstack@keystone.service[54198]: DEBUG keystone.server.flask.request_processing.middleware.auth_context [None req-0675f8e3-8907-4efc-adc4-778cca83bdfe None admin] Authenticating user token {{(pid=54198) process_request /usr/local/lib/python3.10/dist-packages/keystonemiddleware/auth_token/__init__.py:406}}
Apr 19 15:32:21 user devstack@keystone.service[54197]: [pid: 54197|app: 0|req: 27/79] 10.0.0.210 () {56 vars in 1096 bytes} [Wed Apr 19 15:32:21 2023] GET /identity/v3/roles?name=member => generated 339 bytes in 147 msecs (HTTP/1.1 200) 5 headers in 177 bytes (1 switches on core 0)
Apr 19 15:32:21 user devstack@keystone.service[54197]: DEBUG keystone.server.flask.request_processing.middleware.auth_context [None req-3306f9d7-05c6-45c9-ba41-6d5d99d2a2c9 None admin] Authenticating user token {{(pid=54197) process_request /usr/local/lib/python3.10/dist-packages/keystonemiddleware/auth_token/__init__.py:406}}
Apr 19 15:32:21 user devstack@keystone.service[54199]: DEBUG keystone.server.flask.request_processing.middleware.auth_context [None req-8b0da4aa-4d21-4df2-8401-ce641e441953 None admin] RBAC: auth_context: {'token': , 'domain_id': None, 'trust_id': None, 'trustor_id': None, 'trustee_id': None, 'domain_name': None, 'group_ids': [], 'user_id': 'fa99d0812ab14421bbfa76f0dee01168', 'user_domain_id': 'default', 'system_scope': 'all', 'project_id': None, 'project_domain_id': None, 'roles': ['admin', 'member', 'reader'], 'is_admin_project': True, 'service_user_id': None, 'service_user_domain_id': None, 'service_project_id': None, 'service_project_domain_id': None, 'service_roles': []} {{(pid=54199) fill_context /opt/stack/keystone/keystone/server/flask/request_processing/middleware/auth_context.py:478}}
Apr 19 15:32:21 user devstack@keystone.service[54199]: DEBUG keystone.server.flask.request_processing.req_logging [None req-8b0da4aa-4d21-4df2-8401-ce641e441953 None admin] REQUEST_METHOD: `PUT` {{(pid=54199) log_request_info /opt/stack/keystone/keystone/server/flask/request_processing/req_logging.py:27}}
Apr 19 15:32:21 user devstack@keystone.service[54199]: DEBUG keystone.server.flask.request_processing.req_logging [None req-8b0da4aa-4d21-4df2-8401-ce641e441953 None admin] SCRIPT_NAME: `/identity` {{(pid=54199) log_request_info /opt/stack/keystone/keystone/server/flask/request_processing/req_logging.py:28}}
Apr 19 15:32:21 user devstack@keystone.service[54199]: DEBUG keystone.server.flask.request_processing.req_logging [None req-8b0da4aa-4d21-4df2-8401-ce641e441953 None admin] PATH_INFO: `/v3/projects/6bdd59151a064a09a835231b1d921247/users/0ad75eb05228454cad3b8285d4fbe13e/roles/c0735e332dd5482bacc9c1f218fb0119` {{(pid=54199) log_request_info /opt/stack/keystone/keystone/server/flask/request_processing/req_logging.py:29}}
Apr 19 15:32:21 user devstack@keystone.service[54199]: DEBUG keystone.common.rbac_enforcer.enforcer [None req-8b0da4aa-4d21-4df2-8401-ce641e441953 None admin] RBAC: Authorizing `identity:create_grant(project_id=6bdd59151a064a09a835231b1d921247, user_id=0ad75eb05228454cad3b8285d4fbe13e, role_id=c0735e332dd5482bacc9c1f218fb0119)` {{(pid=54199) enforce_call /opt/stack/keystone/keystone/common/rbac_enforcer/enforcer.py:449}}
Apr 19 15:32:21 user devstack@keystone.service[54199]: DEBUG keystone.common.rbac_enforcer.enforcer [None req-8b0da4aa-4d21-4df2-8401-ce641e441953 None admin] RBAC: Authorization granted {{(pid=54199) enforce_call /opt/stack/keystone/keystone/common/rbac_enforcer/enforcer.py:457}}
Apr 19 15:32:21 user devstack@keystone.service[54199]: [pid: 54199|app: 0|req: 27/80] 10.0.0.210 () {58 vars in 1434 bytes} [Wed Apr 19 15:32:21 2023] PUT /identity/v3/projects/6bdd59151a064a09a835231b1d921247/users/0ad75eb05228454cad3b8285d4fbe13e/roles/c0735e332dd5482bacc9c1f218fb0119 => generated 0 bytes in 131 msecs (HTTP/1.1 204) 3 headers in 132 bytes (0 switches on core 0)
Apr 19 15:32:21 user devstack@keystone.service[54199]: DEBUG keystone.server.flask.request_processing.middleware.auth_context [None req-8b0da4aa-4d21-4df2-8401-ce641e441953 None admin] Authenticating user token {{(pid=54199) process_request /usr/local/lib/python3.10/dist-packages/keystonemiddleware/auth_token/__init__.py:406}}
Apr 19 15:32:21 user devstack@keystone.service[54198]: DEBUG keystone.server.flask.request_processing.middleware.auth_context [None req-0675f8e3-8907-4efc-adc4-778cca83bdfe None admin] Validating token access rules against request {{(pid=54198) validate_allowed_request /usr/local/lib/python3.10/dist-packages/keystonemiddleware/auth_token/__init__.py:544}}
Apr 19 15:32:21 user devstack@keystone.service[54198]: DEBUG dbcounter [-] [54198] Writing DB stats keystone:SELECT=100 {{(pid=54198) stat_writer /usr/local/lib/python3.10/dist-packages/dbcounter.py:117}}
Apr 19 15:32:21 user devstack@keystone.service[54197]: DEBUG keystone.server.flask.request_processing.middleware.auth_context [None req-3306f9d7-05c6-45c9-ba41-6d5d99d2a2c9 None admin] Validating token access rules against request {{(pid=54197) validate_allowed_request /usr/local/lib/python3.10/dist-packages/keystonemiddleware/auth_token/__init__.py:544}}
Apr 19 15:32:21 user devstack@keystone.service[54198]: DEBUG keystone.server.flask.request_processing.middleware.auth_context [None req-30bfbc23-c4bf-4652-9952-c4c049f53a3d None admin] RBAC: auth_context: {'token': , 'domain_id': None, 'trust_id': None, 'trustor_id': None, 'trustee_id': None, 'domain_name': None, 'group_ids': [], 'user_id': 'fa99d0812ab14421bbfa76f0dee01168', 'user_domain_id': 'default', 'system_scope': 'all', 'project_id': None, 'project_domain_id': None, 'roles': ['admin', 'member', 'reader'], 'is_admin_project': True, 'service_user_id': None, 'service_user_domain_id': None, 'service_project_id': None, 'service_project_domain_id': None, 'service_roles': []} {{(pid=54198) fill_context /opt/stack/keystone/keystone/server/flask/request_processing/middleware/auth_context.py:478}}
Apr 19 15:32:21 user devstack@keystone.service[54198]: DEBUG keystone.server.flask.request_processing.req_logging [None req-30bfbc23-c4bf-4652-9952-c4c049f53a3d None admin] REQUEST_METHOD: `POST` {{(pid=54198) log_request_info /opt/stack/keystone/keystone/server/flask/request_processing/req_logging.py:27}}
Apr 19 15:32:21 user devstack@keystone.service[54198]: DEBUG keystone.server.flask.request_processing.req_logging [None req-30bfbc23-c4bf-4652-9952-c4c049f53a3d None admin] SCRIPT_NAME: `/identity` {{(pid=54198) log_request_info /opt/stack/keystone/keystone/server/flask/request_processing/req_logging.py:28}}
Apr 19 15:32:21 user devstack@keystone.service[54198]: DEBUG keystone.server.flask.request_processing.req_logging [None req-30bfbc23-c4bf-4652-9952-c4c049f53a3d None admin] PATH_INFO: `/v3/users` {{(pid=54198) log_request_info /opt/stack/keystone/keystone/server/flask/request_processing/req_logging.py:29}}
Apr 19 15:32:21 user devstack@keystone.service[54198]: DEBUG keystone.common.rbac_enforcer.enforcer [None req-30bfbc23-c4bf-4652-9952-c4c049f53a3d None admin] RBAC: Authorizing `identity:create_user()` {{(pid=54198) enforce_call /opt/stack/keystone/keystone/common/rbac_enforcer/enforcer.py:449}}
Apr 19 15:32:21 user devstack@keystone.service[54198]: DEBUG keystone.common.rbac_enforcer.enforcer [None req-30bfbc23-c4bf-4652-9952-c4c049f53a3d None admin] RBAC: Authorization granted {{(pid=54198) enforce_call /opt/stack/keystone/keystone/common/rbac_enforcer/enforcer.py:457}}
Apr 19 15:32:21 user devstack@keystone.service[54199]: DEBUG keystone.server.flask.request_processing.middleware.auth_context [None req-8b0da4aa-4d21-4df2-8401-ce641e441953 None admin] Validating token access rules against request {{(pid=54199) validate_allowed_request /usr/local/lib/python3.10/dist-packages/keystonemiddleware/auth_token/__init__.py:544}}
Apr 19 15:32:21 user devstack@keystone.service[54198]: WARNING keystone.common.password_hashing [None req-30bfbc23-c4bf-4652-9952-c4c049f53a3d None admin] Truncating password to algorithm specific maximum length 54 characters.
Apr 19 15:32:21 user devstack@keystone.service[54197]: DEBUG dbcounter [-] [54197] Writing DB stats keystone:SELECT=100 {{(pid=54197) stat_writer /usr/local/lib/python3.10/dist-packages/dbcounter.py:117}}
Apr 19 15:32:21 user devstack@keystone.service[54199]: DEBUG dbcounter [-] [54199] Writing DB stats keystone:SELECT=99,keystone:INSERT=1 {{(pid=54199) stat_writer /usr/local/lib/python3.10/dist-packages/dbcounter.py:117}}
Apr 19 15:32:21 user devstack@keystone.service[54198]: [pid: 54198|app: 0|req: 27/81] 10.0.0.210 () {60 vars in 1127 bytes} [Wed Apr 19 15:32:21 2023] POST /identity/v3/users => generated 288 bytes in 151 msecs (HTTP/1.1 201) 5 headers in 182 bytes (1 switches on core 0)
Apr 19 15:32:21 user devstack@keystone.service[54197]: DEBUG keystone.server.flask.request_processing.middleware.auth_context [None req-71d56d1f-0de3-4c76-8960-6784caf19a4d None admin] RBAC: auth_context: {'token': , 'domain_id': None, 'trust_id': None, 'trustor_id': None, 'trustee_id': None, 'domain_name': None, 'group_ids': [], 'user_id': 'fa99d0812ab14421bbfa76f0dee01168', 'user_domain_id': 'default', 'system_scope': 'all', 'project_id': None, 'project_domain_id': None, 'roles': ['admin', 'member', 'reader'], 'is_admin_project': True, 'service_user_id': None, 'service_user_domain_id': None, 'service_project_id': None, 'service_project_domain_id': None, 'service_roles': []} {{(pid=54197) fill_context /opt/stack/keystone/keystone/server/flask/request_processing/middleware/auth_context.py:478}}
Apr 19 15:32:21 user devstack@keystone.service[54197]: DEBUG keystone.server.flask.request_processing.req_logging [None req-71d56d1f-0de3-4c76-8960-6784caf19a4d None admin] REQUEST_METHOD: `GET` {{(pid=54197) log_request_info /opt/stack/keystone/keystone/server/flask/request_processing/req_logging.py:27}}
Apr 19 15:32:21 user devstack@keystone.service[54197]: DEBUG keystone.server.flask.request_processing.req_logging [None req-71d56d1f-0de3-4c76-8960-6784caf19a4d None admin] SCRIPT_NAME: `/identity` {{(pid=54197) log_request_info /opt/stack/keystone/keystone/server/flask/request_processing/req_logging.py:28}}
Apr 19 15:32:21 user devstack@keystone.service[54197]: DEBUG keystone.server.flask.request_processing.req_logging [None req-71d56d1f-0de3-4c76-8960-6784caf19a4d None admin] PATH_INFO: `/v3/projects/6bdd59151a064a09a835231b1d921247` {{(pid=54197) log_request_info /opt/stack/keystone/keystone/server/flask/request_processing/req_logging.py:29}}
Apr 19 15:32:21 user devstack@keystone.service[54199]: DEBUG keystone.server.flask.request_processing.middleware.auth_context [None req-ea267d0a-777e-4455-b70d-18bb6adc221f None admin] RBAC: auth_context: {'token': , 'domain_id': None, 'trust_id': None, 'trustor_id': None, 'trustee_id': None, 'domain_name': None, 'group_ids': [], 'user_id': 'fa99d0812ab14421bbfa76f0dee01168', 'user_domain_id': 'default', 'system_scope': 'all', 'project_id': None, 'project_domain_id': None, 'roles': ['admin', 'member', 'reader'], 'is_admin_project': True, 'service_user_id': None, 'service_user_domain_id': None, 'service_project_id': None, 'service_project_domain_id': None, 'service_roles': []} {{(pid=54199) fill_context /opt/stack/keystone/keystone/server/flask/request_processing/middleware/auth_context.py:478}}
Apr 19 15:32:21 user devstack@keystone.service[54197]: DEBUG keystone.common.rbac_enforcer.enforcer [None req-71d56d1f-0de3-4c76-8960-6784caf19a4d None admin] RBAC: Authorizing `identity:get_project(project_id=6bdd59151a064a09a835231b1d921247)` {{(pid=54197) enforce_call /opt/stack/keystone/keystone/common/rbac_enforcer/enforcer.py:449}}
Apr 19 15:32:21 user devstack@keystone.service[54199]: DEBUG keystone.server.flask.request_processing.req_logging [None req-ea267d0a-777e-4455-b70d-18bb6adc221f None admin] REQUEST_METHOD: `GET` {{(pid=54199) log_request_info /opt/stack/keystone/keystone/server/flask/request_processing/req_logging.py:27}}
Apr 19 15:32:21 user devstack@keystone.service[54199]: DEBUG keystone.server.flask.request_processing.req_logging [None req-ea267d0a-777e-4455-b70d-18bb6adc221f None admin] SCRIPT_NAME: `/identity` {{(pid=54199) log_request_info /opt/stack/keystone/keystone/server/flask/request_processing/req_logging.py:28}}
Apr 19 15:32:21 user devstack@keystone.service[54199]: DEBUG keystone.server.flask.request_processing.req_logging [None req-ea267d0a-777e-4455-b70d-18bb6adc221f None admin] PATH_INFO: `/v3/users/0ad75eb05228454cad3b8285d4fbe13e` {{(pid=54199) log_request_info /opt/stack/keystone/keystone/server/flask/request_processing/req_logging.py:29}}
