Apr 17 20:06:45 user devstack@keystone.service[53974]: DEBUG keystone.common.rbac_enforcer.enforcer [None req-d9da3537-b0ad-4fd8-988a-b55374852b26 admin admin] RBAC: Authorizing `identity:list_roles()` {{(pid=53974) enforce_call /opt/stack/keystone/keystone/common/rbac_enforcer/enforcer.py:449}}
Apr 17 20:06:45 user devstack@keystone.service[53974]: DEBUG keystone.common.rbac_enforcer.enforcer [None req-d9da3537-b0ad-4fd8-988a-b55374852b26 admin admin] RBAC: Authorization granted {{(pid=53974) enforce_call /opt/stack/keystone/keystone/common/rbac_enforcer/enforcer.py:457}}
Apr 17 20:06:45 user devstack@keystone.service[53974]: [pid: 53974|app: 0|req: 94/281] 10.0.0.210 () {56 vars in 1117 bytes} [Mon Apr 17 20:06:45 2023] GET /identity/v3/roles?name=member => generated 339 bytes in 26 msecs (HTTP/1.1 200) 5 headers in 177 bytes (1 switches on core 0)
Apr 17 20:06:45 user devstack@keystone.service[53972]: DEBUG keystone.server.flask.request_processing.middleware.auth_context [None req-ba56e96e-99cd-45a9-a7bb-65282036fa08 admin admin] Authenticating user token {{(pid=53972) process_request /usr/local/lib/python3.10/dist-packages/keystonemiddleware/auth_token/__init__.py:406}}
Apr 17 20:06:45 user devstack@keystone.service[53972]: DEBUG keystone.server.flask.request_processing.middleware.auth_context [None req-ba56e96e-99cd-45a9-a7bb-65282036fa08 admin admin] Validating token access rules against request {{(pid=53972) validate_allowed_request /usr/local/lib/python3.10/dist-packages/keystonemiddleware/auth_token/__init__.py:544}}
Apr 17 20:06:45 user devstack@keystone.service[53972]: DEBUG keystone.server.flask.request_processing.middleware.auth_context [None req-010df8cc-0922-4c39-8f03-40c743b58fce admin admin] RBAC: auth_context: {'token': , 'domain_id': None, 'trust_id': None, 'trustor_id': None, 'trustee_id': None, 'domain_name': None, 'group_ids': [], 'user_id': '8f9164dc287f441fabdbfe0d7052d168', 'user_domain_id': 'default', 'system_scope': None, 'project_id': 'fcd8e6cc84214765ba7074e481fc2424', 'project_domain_id': 'default', 'roles': ['member', 'admin', 'reader'], 'is_admin_project': True, 'service_user_id': None, 'service_user_domain_id': None, 'service_project_id': None, 'service_project_domain_id': None, 'service_roles': []} {{(pid=53972) fill_context /opt/stack/keystone/keystone/server/flask/request_processing/middleware/auth_context.py:478}}
Apr 17 20:06:45 user devstack@keystone.service[53972]: DEBUG keystone.server.flask.request_processing.req_logging [None req-010df8cc-0922-4c39-8f03-40c743b58fce admin admin] REQUEST_METHOD: `GET` {{(pid=53972) log_request_info /opt/stack/keystone/keystone/server/flask/request_processing/req_logging.py:27}}
Apr 17 20:06:45 user devstack@keystone.service[53972]: DEBUG keystone.server.flask.request_processing.req_logging [None req-010df8cc-0922-4c39-8f03-40c743b58fce admin admin] SCRIPT_NAME: `/identity` {{(pid=53972) log_request_info /opt/stack/keystone/keystone/server/flask/request_processing/req_logging.py:28}}
Apr 17 20:06:45 user devstack@keystone.service[53972]: DEBUG keystone.server.flask.request_processing.req_logging [None req-010df8cc-0922-4c39-8f03-40c743b58fce admin admin] PATH_INFO: `/v3/groups/8f5664558793426f92822fb33493626d` {{(pid=53972) log_request_info /opt/stack/keystone/keystone/server/flask/request_processing/req_logging.py:29}}
Apr 17 20:06:45 user devstack@keystone.service[53972]: DEBUG keystone.common.rbac_enforcer.enforcer [None req-010df8cc-0922-4c39-8f03-40c743b58fce admin admin] RBAC: Authorizing `identity:get_group(group_id=8f5664558793426f92822fb33493626d)` {{(pid=53972) enforce_call /opt/stack/keystone/keystone/common/rbac_enforcer/enforcer.py:449}}
Apr 17 20:06:45 user devstack@keystone.service[53972]: DEBUG keystone.common.rbac_enforcer.enforcer [None req-010df8cc-0922-4c39-8f03-40c743b58fce admin admin] RBAC: Authorization granted {{(pid=53972) enforce_call /opt/stack/keystone/keystone/common/rbac_enforcer/enforcer.py:457}}
Apr 17 20:06:45 user devstack@keystone.service[53972]: [pid: 53972|app: 0|req: 95/282] 10.0.0.210 () {56 vars in 1196 bytes} [Mon Apr 17 20:06:45 2023] GET /identity/v3/groups/8f5664558793426f92822fb33493626d => generated 225 bytes in 20 msecs (HTTP/1.1 200) 5 headers in 177 bytes (1 switches on core 0)
Apr 17 20:06:45 user devstack@keystone.service[53972]: DEBUG keystone.server.flask.request_processing.middleware.auth_context [None req-010df8cc-0922-4c39-8f03-40c743b58fce admin admin] Authenticating user token {{(pid=53972) process_request /usr/local/lib/python3.10/dist-packages/keystonemiddleware/auth_token/__init__.py:406}}
Apr 17 20:06:45 user devstack@keystone.service[53974]: DEBUG keystone.server.flask.request_processing.middleware.auth_context [None req-d9da3537-b0ad-4fd8-988a-b55374852b26 admin admin] Authenticating user token {{(pid=53974) process_request /usr/local/lib/python3.10/dist-packages/keystonemiddleware/auth_token/__init__.py:406}}
Apr 17 20:06:45 user devstack@keystone.service[53973]: DEBUG keystone.server.flask.request_processing.middleware.auth_context [None req-7d9aac2d-b8a9-4bbe-a06b-c412ca14f104 None admin] RBAC: auth_context: {'token': , 'domain_id': None, 'trust_id': None, 'trustor_id': None, 'trustee_id': None, 'domain_name': None, 'group_ids': [], 'user_id': '8f9164dc287f441fabdbfe0d7052d168', 'user_domain_id': 'default', 'system_scope': 'all', 'project_id': None, 'project_domain_id': None, 'roles': ['admin', 'member', 'reader'], 'is_admin_project': True, 'service_user_id': None, 'service_user_domain_id': None, 'service_project_id': None, 'service_project_domain_id': None, 'service_roles': []} {{(pid=53973) fill_context /opt/stack/keystone/keystone/server/flask/request_processing/middleware/auth_context.py:478}}
Apr 17 20:06:45 user devstack@keystone.service[53973]: DEBUG keystone.server.flask.request_processing.req_logging [None req-7d9aac2d-b8a9-4bbe-a06b-c412ca14f104 None admin] REQUEST_METHOD: `GET` {{(pid=53973) log_request_info /opt/stack/keystone/keystone/server/flask/request_processing/req_logging.py:27}}
Apr 17 20:06:45 user devstack@keystone.service[53973]: DEBUG keystone.server.flask.request_processing.req_logging [None req-7d9aac2d-b8a9-4bbe-a06b-c412ca14f104 None admin] SCRIPT_NAME: `/identity` {{(pid=53973) log_request_info /opt/stack/keystone/keystone/server/flask/request_processing/req_logging.py:28}}
Apr 17 20:06:45 user devstack@keystone.service[53973]: DEBUG keystone.server.flask.request_processing.req_logging [None req-7d9aac2d-b8a9-4bbe-a06b-c412ca14f104 None admin] PATH_INFO: `/v3/users/078b0d241fc443b587492f15c8969016` {{(pid=53973) log_request_info /opt/stack/keystone/keystone/server/flask/request_processing/req_logging.py:29}}
Apr 17 20:06:45 user devstack@keystone.service[53972]: DEBUG keystone.server.flask.request_processing.middleware.auth_context [None req-010df8cc-0922-4c39-8f03-40c743b58fce admin admin] Validating token access rules against request {{(pid=53972) validate_allowed_request /usr/local/lib/python3.10/dist-packages/keystonemiddleware/auth_token/__init__.py:544}}
Apr 17 20:06:45 user devstack@keystone.service[53973]: DEBUG keystone.common.rbac_enforcer.enforcer [None req-7d9aac2d-b8a9-4bbe-a06b-c412ca14f104 None admin] RBAC: Authorizing `identity:get_user(user_id=078b0d241fc443b587492f15c8969016)` {{(pid=53973) enforce_call /opt/stack/keystone/keystone/common/rbac_enforcer/enforcer.py:449}}
Apr 17 20:06:45 user devstack@keystone.service[53974]: DEBUG keystone.server.flask.request_processing.middleware.auth_context [None req-d9da3537-b0ad-4fd8-988a-b55374852b26 admin admin] Validating token access rules against request {{(pid=53974) validate_allowed_request /usr/local/lib/python3.10/dist-packages/keystonemiddleware/auth_token/__init__.py:544}}
Apr 17 20:06:45 user devstack@keystone.service[53973]: DEBUG keystone.common.rbac_enforcer.enforcer [None req-7d9aac2d-b8a9-4bbe-a06b-c412ca14f104 None admin] RBAC: Authorization granted {{(pid=53973) enforce_call /opt/stack/keystone/keystone/common/rbac_enforcer/enforcer.py:457}}
Apr 17 20:06:45 user devstack@keystone.service[53973]: [pid: 53973|app: 0|req: 94/283] 10.0.0.210 () {56 vars in 1172 bytes} [Mon Apr 17 20:06:45 2023] GET /identity/v3/users/078b0d241fc443b587492f15c8969016 => generated 292 bytes in 169 msecs (HTTP/1.1 200) 5 headers in 177 bytes (1 switches on core 0)
Apr 17 20:06:45 user devstack@keystone.service[53972]: DEBUG keystone.server.flask.request_processing.middleware.auth_context [None req-68166a75-e875-4450-86f9-983c1356116e admin admin] RBAC: auth_context: {'token': , 'domain_id': None, 'trust_id': None, 'trustor_id': None, 'trustee_id': None, 'domain_name': None, 'group_ids': [], 'user_id': '8f9164dc287f441fabdbfe0d7052d168', 'user_domain_id': 'default', 'system_scope': None, 'project_id': 'fcd8e6cc84214765ba7074e481fc2424', 'project_domain_id': 'default', 'roles': ['member', 'admin', 'reader'], 'is_admin_project': True, 'service_user_id': None, 'service_user_domain_id': None, 'service_project_id': None, 'service_project_domain_id': None, 'service_roles': []} {{(pid=53972) fill_context /opt/stack/keystone/keystone/server/flask/request_processing/middleware/auth_context.py:478}}
Apr 17 20:06:45 user devstack@keystone.service[53972]: DEBUG keystone.server.flask.request_processing.req_logging [None req-68166a75-e875-4450-86f9-983c1356116e admin admin] REQUEST_METHOD: `GET` {{(pid=53972) log_request_info /opt/stack/keystone/keystone/server/flask/request_processing/req_logging.py:27}}
Apr 17 20:06:45 user devstack@keystone.service[53972]: DEBUG keystone.server.flask.request_processing.req_logging [None req-68166a75-e875-4450-86f9-983c1356116e admin admin] SCRIPT_NAME: `/identity` {{(pid=53972) log_request_info /opt/stack/keystone/keystone/server/flask/request_processing/req_logging.py:28}}
Apr 17 20:06:45 user devstack@keystone.service[53972]: DEBUG keystone.server.flask.request_processing.req_logging [None req-68166a75-e875-4450-86f9-983c1356116e admin admin] PATH_INFO: `/v3/projects/7a8e02b19b3d4fa89a188dec0aac2b4a` {{(pid=53972) log_request_info /opt/stack/keystone/keystone/server/flask/request_processing/req_logging.py:29}}
Apr 17 20:06:45 user devstack@keystone.service[53972]: DEBUG keystone.common.rbac_enforcer.enforcer [None req-68166a75-e875-4450-86f9-983c1356116e admin admin] RBAC: Authorizing `identity:get_project(project_id=7a8e02b19b3d4fa89a188dec0aac2b4a)` {{(pid=53972) enforce_call /opt/stack/keystone/keystone/common/rbac_enforcer/enforcer.py:449}}
Apr 17 20:06:45 user devstack@keystone.service[53972]: DEBUG keystone.common.rbac_enforcer.enforcer [None req-68166a75-e875-4450-86f9-983c1356116e admin admin] RBAC: Authorization granted {{(pid=53972) enforce_call /opt/stack/keystone/keystone/common/rbac_enforcer/enforcer.py:457}}
Apr 17 20:06:45 user devstack@keystone.service[53973]: DEBUG keystone.server.flask.request_processing.middleware.auth_context [None req-7d9aac2d-b8a9-4bbe-a06b-c412ca14f104 None admin] Authenticating user token {{(pid=53973) process_request /usr/local/lib/python3.10/dist-packages/keystonemiddleware/auth_token/__init__.py:406}}
Apr 17 20:06:45 user devstack@keystone.service[53972]: [pid: 53972|app: 0|req: 96/284] 10.0.0.210 () {56 vars in 1202 bytes} [Mon Apr 17 20:06:45 2023] GET /identity/v3/projects/7a8e02b19b3d4fa89a188dec0aac2b4a => generated 301 bytes in 19 msecs (HTTP/1.1 200) 5 headers in 177 bytes (1 switches on core 0)
Apr 17 20:06:45 user devstack@keystone.service[53974]: DEBUG keystone.server.flask.request_processing.middleware.auth_context [None req-6392e60c-c474-4147-a1a9-6bfd2d60af71 admin admin] RBAC: auth_context: {'token': , 'domain_id': None, 'trust_id': None, 'trustor_id': None, 'trustee_id': None, 'domain_name': None, 'group_ids': [], 'user_id': '8f9164dc287f441fabdbfe0d7052d168', 'user_domain_id': 'default', 'system_scope': None, 'project_id': 'fcd8e6cc84214765ba7074e481fc2424', 'project_domain_id': 'default', 'roles': ['member', 'admin', 'reader'], 'is_admin_project': True, 'service_user_id': None, 'service_user_domain_id': None, 'service_project_id': None, 'service_project_domain_id': None, 'service_roles': []} {{(pid=53974) fill_context /opt/stack/keystone/keystone/server/flask/request_processing/middleware/auth_context.py:478}}
Apr 17 20:06:45 user devstack@keystone.service[53974]: DEBUG keystone.server.flask.request_processing.req_logging [None req-6392e60c-c474-4147-a1a9-6bfd2d60af71 admin admin] REQUEST_METHOD: `GET` {{(pid=53974) log_request_info /opt/stack/keystone/keystone/server/flask/request_processing/req_logging.py:27}}
Apr 17 20:06:45 user devstack@keystone.service[53974]: DEBUG keystone.server.flask.request_processing.req_logging [None req-6392e60c-c474-4147-a1a9-6bfd2d60af71 admin admin] SCRIPT_NAME: `/identity` {{(pid=53974) log_request_info /opt/stack/keystone/keystone/server/flask/request_processing/req_logging.py:28}}
Apr 17 20:06:45 user devstack@keystone.service[53974]: DEBUG keystone.server.flask.request_processing.req_logging [None req-6392e60c-c474-4147-a1a9-6bfd2d60af71 admin admin] PATH_INFO: `/v3/roles/anotherrole` {{(pid=53974) log_request_info /opt/stack/keystone/keystone/server/flask/request_processing/req_logging.py:29}}
Apr 17 20:06:45 user devstack@keystone.service[53974]: DEBUG dbcounter [-] [53974] Writing DB stats keystone:SELECT=99,keystone:INSERT=1 {{(pid=53974) stat_writer /usr/local/lib/python3.10/dist-packages/dbcounter.py:117}}
Apr 17 20:06:45 user devstack@keystone.service[53972]: DEBUG keystone.server.flask.request_processing.middleware.auth_context [None req-68166a75-e875-4450-86f9-983c1356116e admin admin] Authenticating user token {{(pid=53972) process_request /usr/local/lib/python3.10/dist-packages/keystonemiddleware/auth_token/__init__.py:406}}
Apr 17 20:06:45 user devstack@keystone.service[53974]: DEBUG keystone.common.rbac_enforcer.enforcer [None req-6392e60c-c474-4147-a1a9-6bfd2d60af71 admin admin] Extracting inferred target data resulted in "NOT FOUND (404)". {{(pid=53974) enforce_call /opt/stack/keystone/keystone/common/rbac_enforcer/enforcer.py:409}}
Apr 17 20:06:45 user devstack@keystone.service[53972]: DEBUG keystone.server.flask.request_processing.middleware.auth_context [None req-68166a75-e875-4450-86f9-983c1356116e admin admin] Validating token access rules against request {{(pid=53972) validate_allowed_request /usr/local/lib/python3.10/dist-packages/keystonemiddleware/auth_token/__init__.py:544}}
Apr 17 20:06:45 user devstack@keystone.service[53974]: ERROR keystone.server.flask.application [None req-6392e60c-c474-4147-a1a9-6bfd2d60af71 admin admin] Could not find role: anotherrole.: keystone.exception.RoleNotFound: Could not find role: anotherrole.
Apr 17 20:06:45 user devstack@keystone.service[53974]: ERROR keystone.server.flask.application
Traceback (most recent call last):
Apr 17 20:06:45 user devstack@keystone.service[53974]: ERROR keystone.server.flask.application
File "/usr/local/lib/python3.10/dist-packages/flask/app.py", line 1823, in full_dispatch_request
Apr 17 20:06:45 user devstack@keystone.service[53974]: ERROR keystone.server.flask.application rv = self.dispatch_request()
Apr 17 20:06:45 user devstack@keystone.service[53974]: ERROR keystone.server.flask.application
File "/usr/local/lib/python3.10/dist-packages/flask/app.py", line 1799, in dispatch_request
Apr 17 20:06:45 user devstack@keystone.service[53974]: ERROR keystone.server.flask.application return self.ensure_sync(self.view_functions[rule.endpoint])(**view_args)
Apr 17 20:06:45 user devstack@keystone.service[53974]: ERROR keystone.server.flask.application
File "/usr/local/lib/python3.10/dist-packages/flask_restful/__init__.py", line 467, in wrapper
Apr 17 20:06:45 user devstack@keystone.service[53974]: ERROR keystone.server.flask.application resp = resource(*args, **kwargs)
Apr 17 20:06:45 user devstack@keystone.service[53974]: ERROR keystone.server.flask.application
File "/usr/local/lib/python3.10/dist-packages/flask/views.py", line 107, in view
Apr 17 20:06:45 user devstack@keystone.service[53974]: ERROR keystone.server.flask.application return current_app.ensure_sync(self.dispatch_request)(**kwargs)
Apr 17 20:06:45 user devstack@keystone.service[53974]: ERROR keystone.server.flask.application
File "/usr/local/lib/python3.10/dist-packages/flask_restful/__init__.py", line 582, in dispatch_request
Apr 17 20:06:45 user devstack@keystone.service[53974]: ERROR keystone.server.flask.application resp = meth(*args, **kwargs)
Apr 17 20:06:45 user devstack@keystone.service[53974]: ERROR keystone.server.flask.application
File "/opt/stack/keystone/keystone/api/roles.py", line 50, in get
Apr 17 20:06:45 user devstack@keystone.service[53974]: ERROR keystone.server.flask.application return self._get_role(role_id)
Apr 17 20:06:45 user devstack@keystone.service[53974]: ERROR keystone.server.flask.application
File "/opt/stack/keystone/keystone/api/roles.py", line 70, in _get_role
Apr 17 20:06:45 user devstack@keystone.service[53974]: ERROR keystone.server.flask.application ENFORCER.enforce_call(action='identity:get_role')
Apr 17 20:06:45 user devstack@keystone.service[53974]: ERROR keystone.server.flask.application
File "/opt/stack/keystone/keystone/common/rbac_enforcer/enforcer.py", line 402, in enforce_call
Apr 17 20:06:45 user devstack@keystone.service[53974]: ERROR keystone.server.flask.application policy_dict.update(cls._extract_member_target_data(
Apr 17 20:06:45 user devstack@keystone.service[53974]: ERROR keystone.server.flask.application
File "/opt/stack/keystone/keystone/common/rbac_enforcer/enforcer.py", line 234, in _extract_member_target_data
Apr 17 20:06:45 user devstack@keystone.service[53974]: ERROR keystone.server.flask.application member_name: func(flask.request.view_args[key])
Apr 17 20:06:45 user devstack@keystone.service[53974]: ERROR keystone.server.flask.application
File "/opt/stack/keystone/keystone/common/manager.py", line 115, in wrapped
Apr 17 20:06:45 user devstack@keystone.service[53974]: ERROR keystone.server.flask.application __ret_val = __f(*args, **kwargs)
Apr 17 20:06:45 user devstack@keystone.service[53974]: ERROR keystone.server.flask.application
File "/usr/local/lib/python3.10/dist-packages/decorator.py", line 232, in fun
Apr 17 20:06:45 user devstack@keystone.service[53974]: ERROR keystone.server.flask.application return caller(func, *(extras + args), **kw)
Apr 17 20:06:45 user devstack@keystone.service[53974]: ERROR keystone.server.flask.application
File "/usr/local/lib/python3.10/dist-packages/dogpile/cache/region.py", line 1577, in get_or_create_for_user_func
Apr 17 20:06:45 user devstack@keystone.service[53974]: ERROR keystone.server.flask.application return self.get_or_create(
Apr 17 20:06:45 user devstack@keystone.service[53974]: ERROR keystone.server.flask.application
File "/usr/local/lib/python3.10/dist-packages/dogpile/cache/region.py", line 1042, in get_or_create
Apr 17 20:06:45 user devstack@keystone.service[53974]: ERROR keystone.server.flask.application with Lock(
Apr 17 20:06:45 user devstack@keystone.service[53974]: ERROR keystone.server.flask.application
File "/usr/local/lib/python3.10/dist-packages/dogpile/lock.py", line 185, in __enter__
Apr 17 20:06:45 user devstack@keystone.service[53974]: ERROR keystone.server.flask.application return self._enter()
Apr 17 20:06:45 user devstack@keystone.service[53974]: ERROR keystone.server.flask.application
File "/usr/local/lib/python3.10/dist-packages/dogpile/lock.py", line 94, in _enter
Apr 17 20:06:45 user devstack@keystone.service[53974]: ERROR keystone.server.flask.application generated = self._enter_create(value, createdtime)
Apr 17 20:06:45 user devstack@keystone.service[53974]: ERROR keystone.server.flask.application
File "/usr/local/lib/python3.10/dist-packages/dogpile/lock.py", line 178, in _enter_create
Apr 17 20:06:45 user devstack@keystone.service[53974]: ERROR keystone.server.flask.application return self.creator()
Apr 17 20:06:45 user devstack@keystone.service[53974]: ERROR keystone.server.flask.application
File "/usr/local/lib/python3.10/dist-packages/dogpile/cache/region.py", line 995, in gen_value
Apr 17 20:06:45 user devstack@keystone.service[53974]: ERROR keystone.server.flask.application created_value = creator(
Apr 17 20:06:45 user devstack@keystone.service[53974]: ERROR keystone.server.flask.application
File "/opt/stack/keystone/keystone/assignment/core.py", line 1276, in get_role
Apr 17 20:06:45 user devstack@keystone.service[53974]: ERROR keystone.server.flask.application return self.driver.get_role(role_id)
Apr 17 20:06:45 user devstack@keystone.service[53974]: ERROR keystone.server.flask.application
File "/opt/stack/keystone/keystone/assignment/role_backends/sql.py", line 70, in get_role
Apr 17 20:06:45 user devstack@keystone.service[53974]: ERROR keystone.server.flask.application return self._get_role(session, role_id).to_dict()
Apr 17 20:06:45 user devstack@keystone.service[53974]: ERROR keystone.server.flask.application
File "/opt/stack/keystone/keystone/assignment/role_backends/sql.py", line 65, in _get_role
Apr 17 20:06:45 user devstack@keystone.service[53974]: ERROR keystone.server.flask.application raise exception.RoleNotFound(role_id=role_id)
Apr 17 20:06:45 user devstack@keystone.service[53974]: ERROR keystone.server.flask.application keystone.exception.RoleNotFound: Could not find role: anotherrole.
Apr 17 20:06:45 user devstack@keystone.service[53974]: ERROR keystone.server.flask.application
Apr 17 20:06:45 user devstack@keystone.service[53974]: [pid: 53974|app: 0|req: 95/285] 10.0.0.210 () {56 vars in 1130 bytes} [Mon Apr 17 20:06:45 2023] GET /identity/v3/roles/anotherrole => generated 89 bytes in 37 msecs (HTTP/1.1 404) 5 headers in 183 bytes (1 switches on core 0)
Apr 17 20:06:45 user devstack@keystone.service[53972]: DEBUG keystone.server.flask.request_processing.middleware.auth_context [None req-a374ed13-8997-4b0a-bbca-beba01137919 admin admin] RBAC: auth_context: {'token': , 'domain_id': None, 'trust_id': None, 'trustor_id': None, 'trustee_id': None, 'domain_name': None, 'group_ids': [], 'user_id': '8f9164dc287f441fabdbfe0d7052d168', 'user_domain_id': 'default', 'system_scope': None, 'project_id': 'fcd8e6cc84214765ba7074e481fc2424', 'project_domain_id': 'default', 'roles': ['member', 'admin', 'reader'], 'is_admin_project': True, 'service_user_id': None, 'service_user_domain_id': None, 'service_project_id': None, 'service_project_domain_id': None, 'service_roles': []} {{(pid=53972) fill_context /opt/stack/keystone/keystone/server/flask/request_processing/middleware/auth_context.py:478}}
Apr 17 20:06:45 user devstack@keystone.service[53972]: DEBUG keystone.server.flask.request_processing.req_logging [None req-a374ed13-8997-4b0a-bbca-beba01137919 admin admin] REQUEST_METHOD: `PUT` {{(pid=53972) log_request_info /opt/stack/keystone/keystone/server/flask/request_processing/req_logging.py:27}}
Apr 17 20:06:45 user devstack@keystone.service[53972]: DEBUG keystone.server.flask.request_processing.req_logging [None req-a374ed13-8997-4b0a-bbca-beba01137919 admin admin] SCRIPT_NAME: `/identity` {{(pid=53972) log_request_info /opt/stack/keystone/keystone/server/flask/request_processing/req_logging.py:28}}
Apr 17 20:06:45 user devstack@keystone.service[53972]: DEBUG keystone.server.flask.request_processing.req_logging [None req-a374ed13-8997-4b0a-bbca-beba01137919 admin admin] PATH_INFO: `/v3/projects/7a8e02b19b3d4fa89a188dec0aac2b4a/groups/8f5664558793426f92822fb33493626d/roles/a2a30d2c8f704a8c988f96189c4a30c2` {{(pid=53972) log_request_info /opt/stack/keystone/keystone/server/flask/request_processing/req_logging.py:29}}
Apr 17 20:06:45 user devstack@keystone.service[53972]: DEBUG keystone.common.rbac_enforcer.enforcer [None req-a374ed13-8997-4b0a-bbca-beba01137919 admin admin] RBAC: Authorizing `identity:create_grant(project_id=7a8e02b19b3d4fa89a188dec0aac2b4a, group_id=8f5664558793426f92822fb33493626d, role_id=a2a30d2c8f704a8c988f96189c4a30c2)` {{(pid=53972) enforce_call /opt/stack/keystone/keystone/common/rbac_enforcer/enforcer.py:449}}
Apr 17 20:06:45 user devstack@keystone.service[53972]: DEBUG keystone.common.rbac_enforcer.enforcer [None req-a374ed13-8997-4b0a-bbca-beba01137919 admin admin] RBAC: Authorization granted {{(pid=53972) enforce_call /opt/stack/keystone/keystone/common/rbac_enforcer/enforcer.py:457}}
Apr 17 20:06:45 user devstack@keystone.service[53974]: DEBUG keystone.server.flask.request_processing.middleware.auth_context [None req-6392e60c-c474-4147-a1a9-6bfd2d60af71 admin admin] Authenticating user token {{(pid=53974) process_request /usr/local/lib/python3.10/dist-packages/keystonemiddleware/auth_token/__init__.py:406}}
Apr 17 20:06:45 user devstack@keystone.service[53974]: DEBUG keystone.server.flask.request_processing.middleware.auth_context [None req-6392e60c-c474-4147-a1a9-6bfd2d60af71 admin admin] Validating token access rules against request {{(pid=53974) validate_allowed_request /usr/local/lib/python3.10/dist-packages/keystonemiddleware/auth_token/__init__.py:544}}
Apr 17 20:06:45 user devstack@keystone.service[53972]: [pid: 53972|app: 0|req: 97/286] 10.0.0.210 () {58 vars in 1458 bytes} [Mon Apr 17 20:06:45 2023] PUT /identity/v3/projects/7a8e02b19b3d4fa89a188dec0aac2b4a/groups/8f5664558793426f92822fb33493626d/roles/a2a30d2c8f704a8c988f96189c4a30c2 => generated 0 bytes in 32 msecs (HTTP/1.1 204) 3 headers in 132 bytes (0 switches on core 0)
Apr 17 20:06:45 user devstack@keystone.service[53974]: DEBUG keystone.server.flask.request_processing.middleware.auth_context [None req-d288c625-9335-40f2-a17b-6cdd6351142d admin admin] RBAC: auth_context: {'token': , 'domain_id': None, 'trust_id': None, 'trustor_id': None, 'trustee_id': None, 'domain_name': None, 'group_ids': [], 'user_id': '8f9164dc287f441fabdbfe0d7052d168', 'user_domain_id': 'default', 'system_scope': None, 'project_id': 'fcd8e6cc84214765ba7074e481fc2424', 'project_domain_id': 'default', 'roles': ['member', 'admin', 'reader'], 'is_admin_project': True, 'service_user_id': None, 'service_user_domain_id': None, 'service_project_id': None, 'service_project_domain_id': None, 'service_roles': []} {{(pid=53974) fill_context /opt/stack/keystone/keystone/server/flask/request_processing/middleware/auth_context.py:478}}
Apr 17 20:06:45 user devstack@keystone.service[53974]: DEBUG keystone.server.flask.request_processing.req_logging [None req-d288c625-9335-40f2-a17b-6cdd6351142d admin admin] REQUEST_METHOD: `GET` {{(pid=53974) log_request_info /opt/stack/keystone/keystone/server/flask/request_processing/req_logging.py:27}}
Apr 17 20:06:45 user devstack@keystone.service[53974]: DEBUG keystone.server.flask.request_processing.req_logging [None req-d288c625-9335-40f2-a17b-6cdd6351142d admin admin] SCRIPT_NAME: `/identity` {{(pid=53974) log_request_info /opt/stack/keystone/keystone/server/flask/request_processing/req_logging.py:28}}
Apr 17 20:06:45 user devstack@keystone.service[53974]: DEBUG keystone.server.flask.request_processing.req_logging [None req-d288c625-9335-40f2-a17b-6cdd6351142d admin admin] PATH_INFO: `/v3/roles` {{(pid=53974) log_request_info /opt/stack/keystone/keystone/server/flask/request_processing/req_logging.py:29}}
Apr 17 20:06:45 user devstack@keystone.service[53974]: DEBUG keystone.common.rbac_enforcer.enforcer [None req-d288c625-9335-40f2-a17b-6cdd6351142d admin admin] RBAC: Adding query filter params (name=anotherrole) {{(pid=53974) _extract_filter_values /opt/stack/keystone/keystone/common/rbac_enforcer/enforcer.py:167}}
Apr 17 20:06:45 user devstack@keystone.service[53974]: DEBUG keystone.common.rbac_enforcer.enforcer [None req-d288c625-9335-40f2-a17b-6cdd6351142d admin admin] RBAC: Authorizing `identity:list_roles()` {{(pid=53974) enforce_call /opt/stack/keystone/keystone/common/rbac_enforcer/enforcer.py:449}}
Apr 17 20:06:45 user devstack@keystone.service[53974]: DEBUG keystone.common.rbac_enforcer.enforcer [None req-d288c625-9335-40f2-a17b-6cdd6351142d admin admin] RBAC: Authorization granted {{(pid=53974) enforce_call /opt/stack/keystone/keystone/common/rbac_enforcer/enforcer.py:457}}
Apr 17 20:06:45 user devstack@keystone.service[53974]: [pid: 53974|app: 0|req: 96/287] 10.0.0.210 () {56 vars in 1127 bytes} [Mon Apr 17 20:06:45 2023] GET /identity/v3/roles?name=anotherrole => generated 332 bytes in 79 msecs (HTTP/1.1 200) 5 headers in 177 bytes (1 switches on core 0)
Apr 17 20:06:45 user devstack@keystone.service[53972]: DEBUG keystone.server.flask.request_processing.middleware.auth_context [None req-a374ed13-8997-4b0a-bbca-beba01137919 admin admin] Authenticating user token {{(pid=53972) process_request /usr/local/lib/python3.10/dist-packages/keystonemiddleware/auth_token/__init__.py:406}}
Apr 17 20:06:45 user devstack@keystone.service[53974]: DEBUG keystone.server.flask.request_processing.middleware.auth_context [None req-d288c625-9335-40f2-a17b-6cdd6351142d admin admin] Authenticating user token {{(pid=53974) process_request /usr/local/lib/python3.10/dist-packages/keystonemiddleware/auth_token/__init__.py:406}}
Apr 17 20:06:45 user devstack@keystone.service[53972]: DEBUG keystone.server.flask.request_processing.middleware.auth_context [None req-a374ed13-8997-4b0a-bbca-beba01137919 admin admin] Validating token access rules against request {{(pid=53972) validate_allowed_request /usr/local/lib/python3.10/dist-packages/keystonemiddleware/auth_token/__init__.py:544}}
Apr 17 20:06:45 user devstack@keystone.service[53974]: DEBUG keystone.server.flask.request_processing.middleware.auth_context [None req-d288c625-9335-40f2-a17b-6cdd6351142d admin admin] Validating token access rules against request {{(pid=53974) validate_allowed_request /usr/local/lib/python3.10/dist-packages/keystonemiddleware/auth_token/__init__.py:544}}
Apr 17 20:06:45 user devstack@keystone.service[53972]: DEBUG keystone.server.flask.request_processing.middleware.auth_context [None req-5a3ae029-08da-486d-aa52-63f3a623f673 admin admin] RBAC: auth_context: {'token': , 'domain_id': None, 'trust_id': None, 'trustor_id': None, 'trustee_id': None, 'domain_name': None, 'group_ids': [], 'user_id': '8f9164dc287f441fabdbfe0d7052d168', 'user_domain_id': 'default', 'system_scope': None, 'project_id': 'fcd8e6cc84214765ba7074e481fc2424', 'project_domain_id': 'default', 'roles': ['member', 'admin', 'reader'], 'is_admin_project': True, 'service_user_id': None, 'service_user_domain_id': None, 'service_project_id': None, 'service_project_domain_id': None, 'service_roles': []} {{(pid=53972) fill_context /opt/stack/keystone/keystone/server/flask/request_processing/middleware/auth_context.py:478}}
Apr 17 20:06:45 user devstack@keystone.service[53972]: DEBUG keystone.server.flask.request_processing.req_logging [None req-5a3ae029-08da-486d-aa52-63f3a623f673 admin admin] REQUEST_METHOD: `GET` {{(pid=53972) log_request_info /opt/stack/keystone/keystone/server/flask/request_processing/req_logging.py:27}}
Apr 17 20:06:45 user devstack@keystone.service[53972]: DEBUG keystone.server.flask.request_processing.req_logging [None req-5a3ae029-08da-486d-aa52-63f3a623f673 admin admin] SCRIPT_NAME: `/identity` {{(pid=53972) log_request_info /opt/stack/keystone/keystone/server/flask/request_processing/req_logging.py:28}}
Apr 17 20:06:45 user devstack@keystone.service[53972]: DEBUG keystone.server.flask.request_processing.req_logging [None req-5a3ae029-08da-486d-aa52-63f3a623f673 admin admin] PATH_INFO: `/v3/groups/8f5664558793426f92822fb33493626d` {{(pid=53972) log_request_info /opt/stack/keystone/keystone/server/flask/request_processing/req_logging.py:29}}
Apr 17 20:06:45 user devstack@keystone.service[53972]: DEBUG keystone.common.rbac_enforcer.enforcer [None req-5a3ae029-08da-486d-aa52-63f3a623f673 admin admin] RBAC: Authorizing `identity:get_group(group_id=8f5664558793426f92822fb33493626d)` {{(pid=53972) enforce_call /opt/stack/keystone/keystone/common/rbac_enforcer/enforcer.py:449}}
Apr 17 20:06:45 user devstack@keystone.service[53972]: DEBUG keystone.common.rbac_enforcer.enforcer [None req-5a3ae029-08da-486d-aa52-63f3a623f673 admin admin] RBAC: Authorization granted {{(pid=53972) enforce_call /opt/stack/keystone/keystone/common/rbac_enforcer/enforcer.py:457}}
Apr 17 20:06:45 user devstack@keystone.service[53972]: [pid: 53972|app: 0|req: 98/288] 10.0.0.210 () {56 vars in 1196 bytes} [Mon Apr 17 20:06:45 2023] GET /identity/v3/groups/8f5664558793426f92822fb33493626d => generated 225 bytes in 22 msecs (HTTP/1.1 200) 5 headers in 177 bytes (1 switches on core 0)
Apr 17 20:06:45 user devstack@keystone.service[53974]: DEBUG keystone.server.flask.request_processing.middleware.auth_context [None req-799cce49-51c2-4799-8ed5-91e8bc1ccbbb admin admin] RBAC: auth_context: {'token': , 'domain_id': None, 'trust_id': None, 'trustor_id': None, 'trustee_id': None, 'domain_name': None, 'group_ids': [], 'user_id': '8f9164dc287f441fabdbfe0d7052d168', 'user_domain_id': 'default', 'system_scope': None, 'project_id': 'fcd8e6cc84214765ba7074e481fc2424', 'project_domain_id': 'default', 'roles': ['member', 'admin', 'reader'], 'is_admin_project': True, 'service_user_id': None, 'service_user_domain_id': None, 'service_project_id': None, 'service_project_domain_id': None, 'service_roles': []} {{(pid=53974) fill_context /opt/stack/keystone/keystone/server/flask/request_processing/middleware/auth_context.py:478}}
Apr 17 20:06:45 user devstack@keystone.service[53974]: DEBUG keystone.server.flask.request_processing.req_logging [None req-799cce49-51c2-4799-8ed5-91e8bc1ccbbb admin admin] REQUEST_METHOD: `GET` {{(pid=53974) log_request_info /opt/stack/keystone/keystone/server/flask/request_processing/req_logging.py:27}}
Apr 17 20:06:45 user devstack@keystone.service[53974]: DEBUG keystone.server.flask.request_processing.req_logging [None req-799cce49-51c2-4799-8ed5-91e8bc1ccbbb admin admin] SCRIPT_NAME: `/identity` {{(pid=53974) log_request_info /opt/stack/keystone/keystone/server/flask/request_processing/req_logging.py:28}}
Apr 17 20:06:45 user devstack@keystone.service[53974]: DEBUG keystone.server.flask.request_processing.req_logging [None req-799cce49-51c2-4799-8ed5-91e8bc1ccbbb admin admin] PATH_INFO: `/v3/roles/admin` {{(pid=53974) log_request_info /opt/stack/keystone/keystone/server/flask/request_processing/req_logging.py:29}}
Apr 17 20:06:45 user devstack@keystone.service[53972]: DEBUG keystone.server.flask.request_processing.middleware.auth_context [None req-5a3ae029-08da-486d-aa52-63f3a623f673 admin admin] Authenticating user token {{(pid=53972) process_request /usr/local/lib/python3.10/dist-packages/keystonemiddleware/auth_token/__init__.py:406}}
Apr 17 20:06:45 user devstack@keystone.service[53974]: DEBUG keystone.common.rbac_enforcer.enforcer [None req-799cce49-51c2-4799-8ed5-91e8bc1ccbbb admin admin] Extracting inferred target data resulted in "NOT FOUND (404)". {{(pid=53974) enforce_call /opt/stack/keystone/keystone/common/rbac_enforcer/enforcer.py:409}}
Apr 17 20:06:45 user devstack@keystone.service[53972]: DEBUG keystone.server.flask.request_processing.middleware.auth_context [None req-5a3ae029-08da-486d-aa52-63f3a623f673 admin admin] Validating token access rules against request {{(pid=53972) validate_allowed_request /usr/local/lib/python3.10/dist-packages/keystonemiddleware/auth_token/__init__.py:544}}
Apr 17 20:06:45 user devstack@keystone.service[53974]: ERROR keystone.server.flask.application [None req-799cce49-51c2-4799-8ed5-91e8bc1ccbbb admin admin] Could not find role: admin.: keystone.exception.RoleNotFound: Could not find role: admin.
Apr 17 20:06:45 user devstack@keystone.service[53974]: ERROR keystone.server.flask.application
Traceback (most recent call last):
Apr 17 20:06:45 user devstack@keystone.service[53974]: ERROR keystone.server.flask.application
File "/usr/local/lib/python3.10/dist-packages/flask/app.py", line 1823, in full_dispatch_request
Apr 17 20:06:45 user devstack@keystone.service[53974]: ERROR keystone.server.flask.application rv = self.dispatch_request()
Apr 17 20:06:45 user devstack@keystone.service[53974]: ERROR keystone.server.flask.application
File "/usr/local/lib/python3.10/dist-packages/flask/app.py", line 1799, in dispatch_request
Apr 17 20:06:45 user devstack@keystone.service[53974]: ERROR keystone.server.flask.application return self.ensure_sync(self.view_functions[rule.endpoint])(**view_args)
Apr 17 20:06:45 user devstack@keystone.service[53974]: ERROR keystone.server.flask.application
File "/usr/local/lib/python3.10/dist-packages/flask_restful/__init__.py", line 467, in wrapper
Apr 17 20:06:45 user devstack@keystone.service[53974]: ERROR keystone.server.flask.application resp = resource(*args, **kwargs)
Apr 17 20:06:45 user devstack@keystone.service[53974]: ERROR keystone.server.flask.application
File "/usr/local/lib/python3.10/dist-packages/flask/views.py", line 107, in view
Apr 17 20:06:45 user devstack@keystone.service[53974]: ERROR keystone.server.flask.application return current_app.ensure_sync(self.dispatch_request)(**kwargs)
Apr 17 20:06:45 user devstack@keystone.service[53974]: ERROR keystone.server.flask.application
File "/usr/local/lib/python3.10/dist-packages/flask_restful/__init__.py", line 582, in dispatch_request
Apr 17 20:06:45 user devstack@keystone.service[53974]: ERROR keystone.server.flask.application resp = meth(*args, **kwargs)
Apr 17 20:06:45 user devstack@keystone.service[53974]: ERROR keystone.server.flask.application
File "/opt/stack/keystone/keystone/api/roles.py", line 50, in get
Apr 17 20:06:45 user devstack@keystone.service[53974]: ERROR keystone.server.flask.application return self._get_role(role_id)
Apr 17 20:06:45 user devstack@keystone.service[53974]: ERROR keystone.server.flask.application
File "/opt/stack/keystone/keystone/api/roles.py", line 70, in _get_role
Apr 17 20:06:45 user devstack@keystone.service[53974]: ERROR keystone.server.flask.application ENFORCER.enforce_call(action='identity:get_role')
Apr 17 20:06:45 user devstack@keystone.service[53974]: ERROR keystone.server.flask.application
File "/opt/stack/keystone/keystone/common/rbac_enforcer/enforcer.py", line 402, in enforce_call
Apr 17 20:06:45 user devstack@keystone.service[53974]: ERROR keystone.server.flask.application policy_dict.update(cls._extract_member_target_data(
Apr 17 20:06:45 user devstack@keystone.service[53974]: ERROR keystone.server.flask.application
File "/opt/stack/keystone/keystone/common/rbac_enforcer/enforcer.py", line 234, in _extract_member_target_data
Apr 17 20:06:45 user devstack@keystone.service[53974]: ERROR keystone.server.flask.application member_name: func(flask.request.view_args[key])
Apr 17 20:06:45 user devstack@keystone.service[53974]: ERROR keystone.server.flask.application
File "/opt/stack/keystone/keystone/common/manager.py", line 115, in wrapped
Apr 17 20:06:45 user devstack@keystone.service[53974]: ERROR keystone.server.flask.application __ret_val = __f(*args, **kwargs)
Apr 17 20:06:45 user devstack@keystone.service[53974]: ERROR keystone.server.flask.application
File "/usr/local/lib/python3.10/dist-packages/decorator.py", line 232, in fun
Apr 17 20:06:45 user devstack@keystone.service[53974]: ERROR keystone.server.flask.application return caller(func, *(extras + args), **kw)
Apr 17 20:06:45 user devstack@keystone.service[53974]: ERROR keystone.server.flask.application
File "/usr/local/lib/python3.10/dist-packages/dogpile/cache/region.py", line 1577, in get_or_create_for_user_func
Apr 17 20:06:45 user devstack@keystone.service[53974]: ERROR keystone.server.flask.application return self.get_or_create(
Apr 17 20:06:45 user devstack@keystone.service[53974]: ERROR keystone.server.flask.application
File "/usr/local/lib/python3.10/dist-packages/dogpile/cache/region.py", line 1042, in get_or_create
Apr 17 20:06:45 user devstack@keystone.service[53974]: ERROR keystone.server.flask.application with Lock(
Apr 17 20:06:45 user devstack@keystone.service[53974]: ERROR keystone.server.flask.application
File "/usr/local/lib/python3.10/dist-packages/dogpile/lock.py", line 185, in __enter__
Apr 17 20:06:45 user devstack@keystone.service[53974]: ERROR keystone.server.flask.application return self._enter()
Apr 17 20:06:45 user devstack@keystone.service[53974]: ERROR keystone.server.flask.application
File "/usr/local/lib/python3.10/dist-packages/dogpile/lock.py", line 94, in _enter
Apr 17 20:06:45 user devstack@keystone.service[53974]: ERROR keystone.server.flask.application generated = self._enter_create(value, createdtime)
Apr 17 20:06:45 user devstack@keystone.service[53974]: ERROR keystone.server.flask.application
File "/usr/local/lib/python3.10/dist-packages/dogpile/lock.py", line 178, in _enter_create
Apr 17 20:06:45 user devstack@keystone.service[53974]: ERROR keystone.server.flask.application return self.creator()
Apr 17 20:06:45 user devstack@keystone.service[53974]: ERROR keystone.server.flask.application
File "/usr/local/lib/python3.10/dist-packages/dogpile/cache/region.py", line 995, in gen_value
Apr 17 20:06:45 user devstack@keystone.service[53974]: ERROR keystone.server.flask.application created_value = creator(
Apr 17 20:06:45 user devstack@keystone.service[53974]: ERROR keystone.server.flask.application
File "/opt/stack/keystone/keystone/assignment/core.py", line 1276, in get_role
Apr 17 20:06:45 user devstack@keystone.service[53974]: ERROR keystone.server.flask.application return self.driver.get_role(role_id)
Apr 17 20:06:45 user devstack@keystone.service[53974]: ERROR keystone.server.flask.application
File "/opt/stack/keystone/keystone/assignment/role_backends/sql.py", line 70, in get_role
Apr 17 20:06:45 user devstack@keystone.service[53974]: ERROR keystone.server.flask.application return self._get_role(session, role_id).to_dict()
Apr 17 20:06:45 user devstack@keystone.service[53974]: ERROR keystone.server.flask.application
File "/opt/stack/keystone/keystone/assignment/role_backends/sql.py", line 65, in _get_role
Apr 17 20:06:45 user devstack@keystone.service[53974]: ERROR keystone.server.flask.application raise exception.RoleNotFound(role_id=role_id)
Apr 17 20:06:45 user devstack@keystone.service[53974]: ERROR keystone.server.flask.application keystone.exception.RoleNotFound: Could not find role: admin.
Apr 17 20:06:45 user devstack@keystone.service[53974]: ERROR keystone.server.flask.application
Apr 17 20:06:45 user devstack@keystone.service[53974]: [pid: 53974|app: 0|req: 97/289] 10.0.0.210 () {56 vars in 1112 bytes} [Mon Apr 17 20:06:45 2023] GET /identity/v3/roles/admin => generated 83 bytes in 35 msecs (HTTP/1.1 404) 5 headers in 183 bytes (1 switches on core 0)
Apr 17 20:06:45 user devstack@keystone.service[53972]: DEBUG keystone.server.flask.request_processing.middleware.auth_context [None req-120f3efd-faae-4aea-a6db-e96f8672b714 admin admin] RBAC: auth_context: {'token': , 'domain_id': None, 'trust_id': None, 'trustor_id': None, 'trustee_id': None, 'domain_name': None, 'group_ids': [], 'user_id': '8f9164dc287f441fabdbfe0d7052d168', 'user_domain_id': 'default', 'system_scope': None, 'project_id': 'fcd8e6cc84214765ba7074e481fc2424', 'project_domain_id': 'default', 'roles': ['member', 'admin', 'reader'], 'is_admin_project': True, 'service_user_id': None, 'service_user_domain_id': None, 'service_project_id': None, 'service_project_domain_id': None, 'service_roles': []} {{(pid=53972) fill_context /opt/stack/keystone/keystone/server/flask/request_processing/middleware/auth_context.py:478}}
Apr 17 20:06:45 user devstack@keystone.service[53972]: DEBUG keystone.server.flask.request_processing.req_logging [None req-120f3efd-faae-4aea-a6db-e96f8672b714 admin admin] REQUEST_METHOD: `GET` {{(pid=53972) log_request_info /opt/stack/keystone/keystone/server/flask/request_processing/req_logging.py:27}}
Apr 17 20:06:45 user devstack@keystone.service[53972]: DEBUG keystone.server.flask.request_processing.req_logging [None req-120f3efd-faae-4aea-a6db-e96f8672b714 admin admin] SCRIPT_NAME: `/identity` {{(pid=53972) log_request_info /opt/stack/keystone/keystone/server/flask/request_processing/req_logging.py:28}}
Apr 17 20:06:45 user devstack@keystone.service[53972]: DEBUG keystone.server.flask.request_processing.req_logging [None req-120f3efd-faae-4aea-a6db-e96f8672b714 admin admin] PATH_INFO: `/v3/projects/7a8e02b19b3d4fa89a188dec0aac2b4a` {{(pid=53972) log_request_info /opt/stack/keystone/keystone/server/flask/request_processing/req_logging.py:29}}
Apr 17 20:06:45 user devstack@keystone.service[53972]: DEBUG keystone.common.rbac_enforcer.enforcer [None req-120f3efd-faae-4aea-a6db-e96f8672b714 admin admin] RBAC: Authorizing `identity:get_project(project_id=7a8e02b19b3d4fa89a188dec0aac2b4a)` {{(pid=53972) enforce_call /opt/stack/keystone/keystone/common/rbac_enforcer/enforcer.py:449}}
Apr 17 20:06:45 user devstack@keystone.service[53972]: DEBUG keystone.common.rbac_enforcer.enforcer [None req-120f3efd-faae-4aea-a6db-e96f8672b714 admin admin] RBAC: Authorization granted {{(pid=53972) enforce_call /opt/stack/keystone/keystone/common/rbac_enforcer/enforcer.py:457}}
Apr 17 20:06:45 user devstack@keystone.service[53973]: DEBUG dbcounter [-] [53973] Writing DB stats keystone:SELECT=100 {{(pid=53973) stat_writer /usr/local/lib/python3.10/dist-packages/dbcounter.py:117}}
Apr 17 20:06:45 user devstack@keystone.service[53974]: DEBUG keystone.server.flask.request_processing.middleware.auth_context [None req-799cce49-51c2-4799-8ed5-91e8bc1ccbbb admin admin] Authenticating user token {{(pid=53974) process_request /usr/local/lib/python3.10/dist-packages/keystonemiddleware/auth_token/__init__.py:406}}
Apr 17 20:06:45 user devstack@keystone.service[53972]: [pid: 53972|app: 0|req: 99/290] 10.0.0.210 () {56 vars in 1202 bytes} [Mon Apr 17 20:06:45 2023] GET /identity/v3/projects/7a8e02b19b3d4fa89a188dec0aac2b4a => generated 301 bytes in 20 msecs (HTTP/1.1 200) 5 headers in 177 bytes (1 switches on core 0)
Apr 17 20:06:45 user devstack@keystone.service[53972]: DEBUG keystone.server.flask.request_processing.middleware.auth_context [None req-120f3efd-faae-4aea-a6db-e96f8672b714 admin admin] Authenticating user token {{(pid=53972) process_request /usr/local/lib/python3.10/dist-packages/keystonemiddleware/auth_token/__init__.py:406}}
Apr 17 20:06:45 user devstack@keystone.service[53974]: DEBUG keystone.server.flask.request_processing.middleware.auth_context [None req-799cce49-51c2-4799-8ed5-91e8bc1ccbbb admin admin] Validating token access rules against request {{(pid=53974) validate_allowed_request /usr/local/lib/python3.10/dist-packages/keystonemiddleware/auth_token/__init__.py:544}}
Apr 17 20:06:45 user devstack@keystone.service[53974]: DEBUG keystone.server.flask.request_processing.middleware.auth_context [None req-bfdcddb3-1971-4ced-a175-a1af9f5908d3 admin admin] RBAC: auth_context: {'token': , 'domain_id': None, 'trust_id': None, 'trustor_id': None, 'trustee_id': None, 'domain_name': None, 'group_ids': [], 'user_id': '8f9164dc287f441fabdbfe0d7052d168', 'user_domain_id': 'default', 'system_scope': None, 'project_id': 'fcd8e6cc84214765ba7074e481fc2424', 'project_domain_id': 'default', 'roles': ['member', 'admin', 'reader'], 'is_admin_project': True, 'service_user_id': None, 'service_user_domain_id': None, 'service_project_id': None, 'service_project_domain_id': None, 'service_roles': []} {{(pid=53974) fill_context /opt/stack/keystone/keystone/server/flask/request_processing/middleware/auth_context.py:478}}
Apr 17 20:06:45 user devstack@keystone.service[53974]: DEBUG keystone.server.flask.request_processing.req_logging [None req-bfdcddb3-1971-4ced-a175-a1af9f5908d3 admin admin] REQUEST_METHOD: `GET` {{(pid=53974) log_request_info /opt/stack/keystone/keystone/server/flask/request_processing/req_logging.py:27}}
Apr 17 20:06:45 user devstack@keystone.service[53974]: DEBUG keystone.server.flask.request_processing.req_logging [None req-bfdcddb3-1971-4ced-a175-a1af9f5908d3 admin admin] SCRIPT_NAME: `/identity` {{(pid=53974) log_request_info /opt/stack/keystone/keystone/server/flask/request_processing/req_logging.py:28}}
Apr 17 20:06:45 user devstack@keystone.service[53974]: DEBUG keystone.server.flask.request_processing.req_logging [None req-bfdcddb3-1971-4ced-a175-a1af9f5908d3 admin admin] PATH_INFO: `/v3/roles` {{(pid=53974) log_request_info /opt/stack/keystone/keystone/server/flask/request_processing/req_logging.py:29}}
Apr 17 20:06:45 user devstack@keystone.service[53974]: DEBUG keystone.common.rbac_enforcer.enforcer [None req-bfdcddb3-1971-4ced-a175-a1af9f5908d3 admin admin] RBAC: Adding query filter params (name=admin) {{(pid=53974) _extract_filter_values /opt/stack/keystone/keystone/common/rbac_enforcer/enforcer.py:167}}
Apr 17 20:06:45 user devstack@keystone.service[53974]: DEBUG keystone.common.rbac_enforcer.enforcer [None req-bfdcddb3-1971-4ced-a175-a1af9f5908d3 admin admin] RBAC: Authorizing `identity:list_roles()` {{(pid=53974) enforce_call /opt/stack/keystone/keystone/common/rbac_enforcer/enforcer.py:449}}
Apr 17 20:06:45 user devstack@keystone.service[53972]: DEBUG keystone.server.flask.request_processing.middleware.auth_context [None req-120f3efd-faae-4aea-a6db-e96f8672b714 admin admin] Validating token access rules against request {{(pid=53972) validate_allowed_request /usr/local/lib/python3.10/dist-packages/keystonemiddleware/auth_token/__init__.py:544}}
Apr 17 20:06:45 user devstack@keystone.service[53973]: DEBUG keystone.server.flask.request_processing.middleware.auth_context [None req-7d9aac2d-b8a9-4bbe-a06b-c412ca14f104 None admin] Validating token access rules against request {{(pid=53973) validate_allowed_request /usr/local/lib/python3.10/dist-packages/keystonemiddleware/auth_token/__init__.py:544}}
Apr 17 20:06:45 user devstack@keystone.service[53974]: DEBUG keystone.common.rbac_enforcer.enforcer [None req-bfdcddb3-1971-4ced-a175-a1af9f5908d3 admin admin] RBAC: Authorization granted {{(pid=53974) enforce_call /opt/stack/keystone/keystone/common/rbac_enforcer/enforcer.py:457}}
