Nov 14 23:40:09 user devstack@c-api.service[76167]: [pid: 76167|app: 0|req: 103/324] 10.0.0.210 () {62 vars in 1402 bytes} [Tue Nov 14 23:40:09 2023] GET /volume/v3/828e71d941e44fbdae370c59fe5c0e85/volumes/58f0eea6-d1f6-4dd9-9ae0-dd3d0b244678 => generated 886 bytes in 82 msecs (HTTP/1.1 200) 7 headers in 285 bytes (1 switches on core 0)
Nov 14 23:40:10 user devstack@c-api.service[76166]: DEBUG cinder.api.middleware.request_id [None req-166e5a15-da63-4511-a6ad-9ea2699e1fca None None] RequestId filter calling following filter/app {{(pid=76166) _context_setter /opt/stack/cinder/cinder/api/middleware/request_id.py:62}}
Nov 14 23:40:10 user devstack@c-api.service[76166]: INFO cinder.api.openstack.wsgi [None req-166e5a15-da63-4511-a6ad-9ea2699e1fca tempest-VolumeSnapshotQuotasNegativeTestJSON-984964311 tempest-VolumeSnapshotQuotasNegativeTestJSON-984964311-project-member] GET http://10.0.0.210/volume/v3/65108d4dd40d41948e83e1dcb91b370e/volumes/b0689e55-763d-4f93-a9d7-bcf6898c9c71
Nov 14 23:40:10 user devstack@c-api.service[76166]: DEBUG cinder.api.openstack.wsgi [None req-166e5a15-da63-4511-a6ad-9ea2699e1fca tempest-VolumeSnapshotQuotasNegativeTestJSON-984964311 tempest-VolumeSnapshotQuotasNegativeTestJSON-984964311-project-member] Empty body provided in request {{(pid=76166) get_body /opt/stack/cinder/cinder/api/openstack/wsgi.py:715}}
Nov 14 23:40:10 user devstack@c-api.service[76166]: DEBUG cinder.api.openstack.wsgi [None req-166e5a15-da63-4511-a6ad-9ea2699e1fca tempest-VolumeSnapshotQuotasNegativeTestJSON-984964311 tempest-VolumeSnapshotQuotasNegativeTestJSON-984964311-project-member] Calling method 'show' {{(pid=76166) _process_stack /opt/stack/cinder/cinder/api/openstack/wsgi.py:868}}
Nov 14 23:40:10 user devstack@c-api.service[76166]: /opt/stack/data/venv/lib/python3.10/site-packages/oslo_context/context.py:100: DeprecationWarning: Policy enforcement is depending on the value of is_admin. This key is deprecated. Please update your policy file to use the standard policy values.
Nov 14 23:40:10 user devstack@c-api.service[76166]: warnings.warn('Policy enforcement is depending on the value of '
Nov 14 23:40:10 user devstack@c-api.service[76166]: INFO cinder.volume.api [None req-166e5a15-da63-4511-a6ad-9ea2699e1fca tempest-VolumeSnapshotQuotasNegativeTestJSON-984964311 tempest-VolumeSnapshotQuotasNegativeTestJSON-984964311-project-member] Volume info retrieved successfully.
Nov 14 23:40:10 user devstack@c-api.service[76166]: INFO cinder.api.openstack.wsgi [None req-166e5a15-da63-4511-a6ad-9ea2699e1fca tempest-VolumeSnapshotQuotasNegativeTestJSON-984964311 tempest-VolumeSnapshotQuotasNegativeTestJSON-984964311-project-member] http://10.0.0.210/volume/v3/65108d4dd40d41948e83e1dcb91b370e/volumes/b0689e55-763d-4f93-a9d7-bcf6898c9c71 returned with HTTP 200
Nov 14 23:40:10 user devstack@c-api.service[76166]: [pid: 76166|app: 0|req: 108/325] 10.0.0.210 () {62 vars in 1402 bytes} [Tue Nov 14 23:40:10 2023] GET /volume/v3/65108d4dd40d41948e83e1dcb91b370e/volumes/b0689e55-763d-4f93-a9d7-bcf6898c9c71 => generated 926 bytes in 73 msecs (HTTP/1.1 200) 7 headers in 285 bytes (1 switches on core 0)
Nov 14 23:40:10 user devstack@c-api.service[76168]: DEBUG cinder.api.middleware.request_id [None req-42246f28-5b7a-4369-9952-d8c8016b2a29 None None] RequestId filter calling following filter/app {{(pid=76168) _context_setter /opt/stack/cinder/cinder/api/middleware/request_id.py:62}}
Nov 14 23:40:10 user devstack@c-api.service[76168]: INFO cinder.api.openstack.wsgi [None req-42246f28-5b7a-4369-9952-d8c8016b2a29 tempest-VolumeSnapshotQuotasNegativeTestJSON-984964311 tempest-VolumeSnapshotQuotasNegativeTestJSON-984964311-project-member] POST http://10.0.0.210/volume/v3/65108d4dd40d41948e83e1dcb91b370e/snapshots
Nov 14 23:40:10 user devstack@c-api.service[76168]: DEBUG cinder.api.openstack.wsgi [None req-42246f28-5b7a-4369-9952-d8c8016b2a29 tempest-VolumeSnapshotQuotasNegativeTestJSON-984964311 tempest-VolumeSnapshotQuotasNegativeTestJSON-984964311-project-member] Action: 'create', calling method: create, body: {"snapshot": {"volume_id": "b0689e55-763d-4f93-a9d7-bcf6898c9c71", "name": "tempest-VolumeSnapshotQuotasNegativeTestJSON-Snapshot-386644635"}} {{(pid=76168) _process_stack /opt/stack/cinder/cinder/api/openstack/wsgi.py:866}}
Nov 14 23:40:10 user devstack@c-api.service[76168]: /opt/stack/data/venv/lib/python3.10/site-packages/oslo_context/context.py:100: DeprecationWarning: Policy enforcement is depending on the value of is_admin. This key is deprecated. Please update your policy file to use the standard policy values.
Nov 14 23:40:10 user devstack@c-api.service[76168]: warnings.warn('Policy enforcement is depending on the value of '
Nov 14 23:40:10 user devstack@c-api.service[76168]: INFO cinder.volume.api [None req-42246f28-5b7a-4369-9952-d8c8016b2a29 tempest-VolumeSnapshotQuotasNegativeTestJSON-984964311 tempest-VolumeSnapshotQuotasNegativeTestJSON-984964311-project-member] Volume info retrieved successfully.
Nov 14 23:40:10 user devstack@c-api.service[76168]: INFO cinder.api.v3.snapshots [None req-42246f28-5b7a-4369-9952-d8c8016b2a29 tempest-VolumeSnapshotQuotasNegativeTestJSON-984964311 tempest-VolumeSnapshotQuotasNegativeTestJSON-984964311-project-member] Create snapshot from volume b0689e55-763d-4f93-a9d7-bcf6898c9c71
Nov 14 23:40:10 user devstack@c-api.service[76168]: DEBUG cinder.quota [None req-42246f28-5b7a-4369-9952-d8c8016b2a29 tempest-VolumeSnapshotQuotasNegativeTestJSON-984964311 tempest-VolumeSnapshotQuotasNegativeTestJSON-984964311-project-member] Created reservations ['a19c2575-474c-431f-91e8-d49702600188', 'c9ec9d68-45a0-4670-84df-aa878b914625', '84431f19-e0a7-4874-9373-9df933ce8978', '4a74ad92-d991-4ba2-8790-e6219ac3fcec'] {{(pid=76168) reserve /opt/stack/cinder/cinder/quota.py:755}}
Nov 14 23:40:10 user devstack@c-api.service[76167]: DEBUG cinder.api.middleware.request_id [None req-26ec9cc1-8913-4fd3-9800-d33e3c09bc76 None None] RequestId filter calling following filter/app {{(pid=76167) _context_setter /opt/stack/cinder/cinder/api/middleware/request_id.py:62}}
Nov 14 23:40:10 user devstack@c-api.service[76167]: INFO cinder.api.openstack.wsgi [None req-26ec9cc1-8913-4fd3-9800-d33e3c09bc76 tempest-GroupSnapshotsTest-406594689 tempest-GroupSnapshotsTest-406594689-project-member] GET http://10.0.0.210/volume/v3/3150e7609fc5443187b319835642f34a/volumes/8b354a3b-e503-445a-abfe-6a0eeae3fc16
Nov 14 23:40:10 user devstack@c-api.service[76167]: DEBUG cinder.api.openstack.wsgi [None req-26ec9cc1-8913-4fd3-9800-d33e3c09bc76 tempest-GroupSnapshotsTest-406594689 tempest-GroupSnapshotsTest-406594689-project-member] Empty body provided in request {{(pid=76167) get_body /opt/stack/cinder/cinder/api/openstack/wsgi.py:715}}
Nov 14 23:40:10 user devstack@c-api.service[76167]: DEBUG cinder.api.openstack.wsgi [None req-26ec9cc1-8913-4fd3-9800-d33e3c09bc76 tempest-GroupSnapshotsTest-406594689 tempest-GroupSnapshotsTest-406594689-project-member] Calling method 'show' {{(pid=76167) _process_stack /opt/stack/cinder/cinder/api/openstack/wsgi.py:868}}
Nov 14 23:40:10 user devstack@c-api.service[76168]: INFO cinder.volume.api [None req-42246f28-5b7a-4369-9952-d8c8016b2a29 tempest-VolumeSnapshotQuotasNegativeTestJSON-984964311 tempest-VolumeSnapshotQuotasNegativeTestJSON-984964311-project-member] Snapshot create request issued successfully.
Nov 14 23:40:10 user devstack@c-api.service[76168]: INFO cinder.api.openstack.wsgi [None req-42246f28-5b7a-4369-9952-d8c8016b2a29 tempest-VolumeSnapshotQuotasNegativeTestJSON-984964311 tempest-VolumeSnapshotQuotasNegativeTestJSON-984964311-project-member] http://10.0.0.210/volume/v3/65108d4dd40d41948e83e1dcb91b370e/snapshots returned with HTTP 202
Nov 14 23:40:10 user devstack@c-api.service[76168]: [pid: 76168|app: 0|req: 115/326] 10.0.0.210 () {64 vars in 1319 bytes} [Tue Nov 14 23:40:10 2023] POST /volume/v3/65108d4dd40d41948e83e1dcb91b370e/snapshots => generated 322 bytes in 264 msecs (HTTP/1.1 202) 7 headers in 291 bytes (1 switches on core 0)
Nov 14 23:40:10 user devstack@c-api.service[76166]: DEBUG cinder.api.middleware.request_id [None req-0a68c8b4-7f93-4e1f-82b7-92f32ec51166 None None] RequestId filter calling following filter/app {{(pid=76166) _context_setter /opt/stack/cinder/cinder/api/middleware/request_id.py:62}}
Nov 14 23:40:10 user devstack@c-api.service[76166]: INFO cinder.api.openstack.wsgi [None req-0a68c8b4-7f93-4e1f-82b7-92f32ec51166 tempest-VolumeSnapshotQuotasNegativeTestJSON-984964311 tempest-VolumeSnapshotQuotasNegativeTestJSON-984964311-project-member] GET http://10.0.0.210/volume/v3/65108d4dd40d41948e83e1dcb91b370e/snapshots/584c1141-9e6f-445c-b6e3-cac3bc33361e
Nov 14 23:40:10 user devstack@c-api.service[76166]: DEBUG cinder.api.openstack.wsgi [None req-0a68c8b4-7f93-4e1f-82b7-92f32ec51166 tempest-VolumeSnapshotQuotasNegativeTestJSON-984964311 tempest-VolumeSnapshotQuotasNegativeTestJSON-984964311-project-member] Empty body provided in request {{(pid=76166) get_body /opt/stack/cinder/cinder/api/openstack/wsgi.py:715}}
Nov 14 23:40:10 user devstack@c-api.service[76166]: DEBUG cinder.api.openstack.wsgi [None req-0a68c8b4-7f93-4e1f-82b7-92f32ec51166 tempest-VolumeSnapshotQuotasNegativeTestJSON-984964311 tempest-VolumeSnapshotQuotasNegativeTestJSON-984964311-project-member] Calling method 'show' {{(pid=76166) _process_stack /opt/stack/cinder/cinder/api/openstack/wsgi.py:868}}
Nov 14 23:40:10 user devstack@c-api.service[76167]: INFO cinder.api.openstack.wsgi [None req-26ec9cc1-8913-4fd3-9800-d33e3c09bc76 tempest-GroupSnapshotsTest-406594689 tempest-GroupSnapshotsTest-406594689-project-member] http://10.0.0.210/volume/v3/3150e7609fc5443187b319835642f34a/volumes/8b354a3b-e503-445a-abfe-6a0eeae3fc16 returned with HTTP 404
Nov 14 23:40:10 user devstack@c-api.service[76167]: [pid: 76167|app: 0|req: 104/327] 10.0.0.210 () {64 vars in 1443 bytes} [Tue Nov 14 23:40:10 2023] GET /volume/v3/3150e7609fc5443187b319835642f34a/volumes/8b354a3b-e503-445a-abfe-6a0eeae3fc16 => generated 109 bytes in 44 msecs (HTTP/1.1 404) 7 headers in 293 bytes (1 switches on core 0)
Nov 14 23:40:10 user devstack@c-api.service[76168]: DEBUG cinder.api.middleware.request_id [None req-89267259-d2d5-4131-a682-56c807191e23 None None] RequestId filter calling following filter/app {{(pid=76168) _context_setter /opt/stack/cinder/cinder/api/middleware/request_id.py:62}}
Nov 14 23:40:10 user devstack@c-api.service[76168]: INFO cinder.api.openstack.wsgi [None req-89267259-d2d5-4131-a682-56c807191e23 tempest-GroupSnapshotsTest-406594689 tempest-GroupSnapshotsTest-406594689-project-member] GET http://10.0.0.210/volume/v3/3150e7609fc5443187b319835642f34a/volumes/0ef993ec-3aa7-4e25-8b03-98580b7330e7
Nov 14 23:40:10 user devstack@c-api.service[76166]: /opt/stack/data/venv/lib/python3.10/site-packages/oslo_context/context.py:100: DeprecationWarning: Policy enforcement is depending on the value of is_admin. This key is deprecated. Please update your policy file to use the standard policy values.
Nov 14 23:40:10 user devstack@c-api.service[76166]: warnings.warn('Policy enforcement is depending on the value of '
Nov 14 23:40:10 user devstack@c-api.service[76168]: DEBUG cinder.api.openstack.wsgi [None req-89267259-d2d5-4131-a682-56c807191e23 tempest-GroupSnapshotsTest-406594689 tempest-GroupSnapshotsTest-406594689-project-member] Empty body provided in request {{(pid=76168) get_body /opt/stack/cinder/cinder/api/openstack/wsgi.py:715}}
Nov 14 23:40:10 user devstack@c-api.service[76168]: DEBUG cinder.api.openstack.wsgi [None req-89267259-d2d5-4131-a682-56c807191e23 tempest-GroupSnapshotsTest-406594689 tempest-GroupSnapshotsTest-406594689-project-member] Calling method 'show' {{(pid=76168) _process_stack /opt/stack/cinder/cinder/api/openstack/wsgi.py:868}}
Nov 14 23:40:10 user devstack@c-api.service[76166]: INFO cinder.volume.api [None req-0a68c8b4-7f93-4e1f-82b7-92f32ec51166 tempest-VolumeSnapshotQuotasNegativeTestJSON-984964311 tempest-VolumeSnapshotQuotasNegativeTestJSON-984964311-project-member] Snapshot retrieved successfully.
Nov 14 23:40:10 user devstack@c-api.service[76166]: INFO cinder.api.openstack.wsgi [None req-0a68c8b4-7f93-4e1f-82b7-92f32ec51166 tempest-VolumeSnapshotQuotasNegativeTestJSON-984964311 tempest-VolumeSnapshotQuotasNegativeTestJSON-984964311-project-member] http://10.0.0.210/volume/v3/65108d4dd40d41948e83e1dcb91b370e/snapshots/584c1141-9e6f-445c-b6e3-cac3bc33361e returned with HTTP 200
Nov 14 23:40:10 user devstack@c-api.service[76166]: [pid: 76166|app: 0|req: 109/328] 10.0.0.210 () {62 vars in 1408 bytes} [Tue Nov 14 23:40:10 2023] GET /volume/v3/65108d4dd40d41948e83e1dcb91b370e/snapshots/584c1141-9e6f-445c-b6e3-cac3bc33361e => generated 454 bytes in 29 msecs (HTTP/1.1 200) 7 headers in 285 bytes (1 switches on core 0)
Nov 14 23:40:10 user devstack@c-api.service[76168]: INFO cinder.api.openstack.wsgi [None req-89267259-d2d5-4131-a682-56c807191e23 tempest-GroupSnapshotsTest-406594689 tempest-GroupSnapshotsTest-406594689-project-member] http://10.0.0.210/volume/v3/3150e7609fc5443187b319835642f34a/volumes/0ef993ec-3aa7-4e25-8b03-98580b7330e7 returned with HTTP 404
Nov 14 23:40:10 user devstack@c-api.service[76168]: [pid: 76168|app: 0|req: 116/329] 10.0.0.210 () {64 vars in 1443 bytes} [Tue Nov 14 23:40:10 2023] GET /volume/v3/3150e7609fc5443187b319835642f34a/volumes/0ef993ec-3aa7-4e25-8b03-98580b7330e7 => generated 109 bytes in 18 msecs (HTTP/1.1 404) 7 headers in 293 bytes (1 switches on core 0)
Nov 14 23:40:10 user devstack@c-api.service[76167]: DEBUG cinder.api.middleware.request_id [None req-1188ba0e-7b2b-40d3-9384-0fa77845e780 None None] RequestId filter calling following filter/app {{(pid=76167) _context_setter /opt/stack/cinder/cinder/api/middleware/request_id.py:62}}
Nov 14 23:40:10 user devstack@c-api.service[76167]: INFO cinder.api.openstack.wsgi [None req-1188ba0e-7b2b-40d3-9384-0fa77845e780 tempest-GroupSnapshotsTest-406594689 tempest-GroupSnapshotsTest-406594689-project-member] GET http://10.0.0.210/volume/v3/3150e7609fc5443187b319835642f34a/groups/b2a3adc7-767b-4c84-a46b-ab4cce1c9002
Nov 14 23:40:10 user devstack@c-api.service[76167]: DEBUG cinder.api.openstack.wsgi [None req-1188ba0e-7b2b-40d3-9384-0fa77845e780 tempest-GroupSnapshotsTest-406594689 tempest-GroupSnapshotsTest-406594689-project-member] Empty body provided in request {{(pid=76167) get_body /opt/stack/cinder/cinder/api/openstack/wsgi.py:715}}
Nov 14 23:40:10 user devstack@c-api.service[76167]: DEBUG cinder.api.openstack.wsgi [None req-1188ba0e-7b2b-40d3-9384-0fa77845e780 tempest-GroupSnapshotsTest-406594689 tempest-GroupSnapshotsTest-406594689-project-member] Calling method 'version_select' {{(pid=76167) _process_stack /opt/stack/cinder/cinder/api/openstack/wsgi.py:868}}
Nov 14 23:40:10 user devstack@c-api.service[76167]: DEBUG cinder.api.v3.groups [None req-1188ba0e-7b2b-40d3-9384-0fa77845e780 tempest-GroupSnapshotsTest-406594689 tempest-GroupSnapshotsTest-406594689-project-member] show called for member b2a3adc7-767b-4c84-a46b-ab4cce1c9002 {{(pid=76167) show /opt/stack/cinder/cinder/api/v3/groups.py:58}}
Nov 14 23:40:10 user devstack@c-api.service[76167]: INFO cinder.api.openstack.wsgi [None req-1188ba0e-7b2b-40d3-9384-0fa77845e780 tempest-GroupSnapshotsTest-406594689 tempest-GroupSnapshotsTest-406594689-project-member] http://10.0.0.210/volume/v3/3150e7609fc5443187b319835642f34a/groups/b2a3adc7-767b-4c84-a46b-ab4cce1c9002 returned with HTTP 404
Nov 14 23:40:10 user devstack@c-api.service[76167]: [pid: 76167|app: 0|req: 105/330] 10.0.0.210 () {64 vars in 1440 bytes} [Tue Nov 14 23:40:10 2023] GET /volume/v3/3150e7609fc5443187b319835642f34a/groups/b2a3adc7-767b-4c84-a46b-ab4cce1c9002 => generated 108 bytes in 15 msecs (HTTP/1.1 404) 7 headers in 293 bytes (1 switches on core 0)
Nov 14 23:40:10 user devstack@c-api.service[76166]: DEBUG cinder.api.middleware.request_id [None req-daa7ca45-ac0c-4cde-99f0-595ab38fb39d None None] RequestId filter calling following filter/app {{(pid=76166) _context_setter /opt/stack/cinder/cinder/api/middleware/request_id.py:62}}
Nov 14 23:40:10 user devstack@c-api.service[76166]: INFO cinder.api.openstack.wsgi [None req-daa7ca45-ac0c-4cde-99f0-595ab38fb39d tempest-GroupSnapshotsTest-1278461890 tempest-GroupSnapshotsTest-1278461890-project-admin] DELETE http://10.0.0.210/volume/v3/b1592a0bde21485b89abf98bb2d2ea03/group_types/65d3089d-9f0e-4d69-be84-1ebc7f57b4d9
Nov 14 23:40:10 user devstack@c-api.service[76166]: DEBUG cinder.api.openstack.wsgi [None req-daa7ca45-ac0c-4cde-99f0-595ab38fb39d tempest-GroupSnapshotsTest-1278461890 tempest-GroupSnapshotsTest-1278461890-project-admin] Empty body provided in request {{(pid=76166) get_body /opt/stack/cinder/cinder/api/openstack/wsgi.py:715}}
Nov 14 23:40:10 user devstack@c-api.service[76166]: DEBUG cinder.api.openstack.wsgi [None req-daa7ca45-ac0c-4cde-99f0-595ab38fb39d tempest-GroupSnapshotsTest-1278461890 tempest-GroupSnapshotsTest-1278461890-project-admin] Calling method 'version_select' {{(pid=76166) _process_stack /opt/stack/cinder/cinder/api/openstack/wsgi.py:868}}
Nov 14 23:40:10 user devstack@c-api.service[76166]: INFO cinder.api.openstack.wsgi [None req-daa7ca45-ac0c-4cde-99f0-595ab38fb39d tempest-GroupSnapshotsTest-1278461890 tempest-GroupSnapshotsTest-1278461890-project-admin] http://10.0.0.210/volume/v3/b1592a0bde21485b89abf98bb2d2ea03/group_types/65d3089d-9f0e-4d69-be84-1ebc7f57b4d9 returned with HTTP 202
Nov 14 23:40:10 user devstack@c-api.service[76166]: [pid: 76166|app: 0|req: 110/331] 10.0.0.210 () {64 vars in 1458 bytes} [Tue Nov 14 23:40:10 2023] DELETE /volume/v3/b1592a0bde21485b89abf98bb2d2ea03/group_types/65d3089d-9f0e-4d69-be84-1ebc7f57b4d9 => generated 0 bytes in 40 msecs (HTTP/1.1 202) 6 headers in 234 bytes (1 switches on core 0)
Nov 14 23:40:10 user devstack@c-api.service[76168]: DEBUG cinder.api.middleware.request_id [None req-54eb137a-78d7-44f0-b1f2-be048164ddfe None None] RequestId filter calling following filter/app {{(pid=76168) _context_setter /opt/stack/cinder/cinder/api/middleware/request_id.py:62}}
Nov 14 23:40:10 user devstack@c-api.service[76168]: INFO cinder.api.openstack.wsgi [None req-54eb137a-78d7-44f0-b1f2-be048164ddfe tempest-GroupSnapshotsTest-1278461890 tempest-GroupSnapshotsTest-1278461890-project-admin] DELETE http://10.0.0.210/volume/v3/b1592a0bde21485b89abf98bb2d2ea03/types/df9baced-8767-4cb3-a0ac-34d5c87f1b90
Nov 14 23:40:10 user devstack@c-api.service[76168]: DEBUG cinder.api.openstack.wsgi [None req-54eb137a-78d7-44f0-b1f2-be048164ddfe tempest-GroupSnapshotsTest-1278461890 tempest-GroupSnapshotsTest-1278461890-project-admin] Empty body provided in request {{(pid=76168) get_body /opt/stack/cinder/cinder/api/openstack/wsgi.py:715}}
Nov 14 23:40:10 user devstack@c-api.service[76168]: DEBUG cinder.api.openstack.wsgi [None req-54eb137a-78d7-44f0-b1f2-be048164ddfe tempest-GroupSnapshotsTest-1278461890 tempest-GroupSnapshotsTest-1278461890-project-admin] Calling method '_delete' {{(pid=76168) _process_stack /opt/stack/cinder/cinder/api/openstack/wsgi.py:868}}
Nov 14 23:40:10 user devstack@c-api.service[76168]: /opt/stack/data/venv/lib/python3.10/site-packages/oslo_context/context.py:100: DeprecationWarning: Policy enforcement is depending on the value of is_admin. This key is deprecated. Please update your policy file to use the standard policy values.
Nov 14 23:40:10 user devstack@c-api.service[76168]: warnings.warn('Policy enforcement is depending on the value of '
Nov 14 23:40:10 user devstack@c-api.service[76168]: INFO cinder.api.openstack.wsgi [None req-54eb137a-78d7-44f0-b1f2-be048164ddfe tempest-GroupSnapshotsTest-1278461890 tempest-GroupSnapshotsTest-1278461890-project-admin] http://10.0.0.210/volume/v3/b1592a0bde21485b89abf98bb2d2ea03/types/df9baced-8767-4cb3-a0ac-34d5c87f1b90 returned with HTTP 202
Nov 14 23:40:10 user devstack@c-api.service[76168]: [pid: 76168|app: 0|req: 117/332] 10.0.0.210 () {62 vars in 1399 bytes} [Tue Nov 14 23:40:10 2023] DELETE /volume/v3/b1592a0bde21485b89abf98bb2d2ea03/types/df9baced-8767-4cb3-a0ac-34d5c87f1b90 => generated 0 bytes in 100 msecs (HTTP/1.1 202) 6 headers in 233 bytes (1 switches on core 0)
Nov 14 23:40:10 user devstack@c-api.service[76167]: DEBUG cinder.api.middleware.request_id [None req-43178029-6d6e-47e0-bde3-f593df4fabfc None None] RequestId filter calling following filter/app {{(pid=76167) _context_setter /opt/stack/cinder/cinder/api/middleware/request_id.py:62}}
Nov 14 23:40:10 user devstack@c-api.service[76167]: INFO cinder.api.openstack.wsgi [None req-43178029-6d6e-47e0-bde3-f593df4fabfc tempest-GroupSnapshotsTest-1278461890 tempest-GroupSnapshotsTest-1278461890-project-admin] GET http://10.0.0.210/volume/v3/b1592a0bde21485b89abf98bb2d2ea03/types/df9baced-8767-4cb3-a0ac-34d5c87f1b90
Nov 14 23:40:10 user devstack@c-api.service[76167]: DEBUG cinder.api.openstack.wsgi [None req-43178029-6d6e-47e0-bde3-f593df4fabfc tempest-GroupSnapshotsTest-1278461890 tempest-GroupSnapshotsTest-1278461890-project-admin] Empty body provided in request {{(pid=76167) get_body /opt/stack/cinder/cinder/api/openstack/wsgi.py:715}}
Nov 14 23:40:10 user devstack@c-api.service[76167]: DEBUG cinder.api.openstack.wsgi [None req-43178029-6d6e-47e0-bde3-f593df4fabfc tempest-GroupSnapshotsTest-1278461890 tempest-GroupSnapshotsTest-1278461890-project-admin] Calling method 'show' {{(pid=76167) _process_stack /opt/stack/cinder/cinder/api/openstack/wsgi.py:868}}
Nov 14 23:40:10 user devstack@c-api.service[76167]: INFO cinder.api.openstack.wsgi [None req-43178029-6d6e-47e0-bde3-f593df4fabfc tempest-GroupSnapshotsTest-1278461890 tempest-GroupSnapshotsTest-1278461890-project-admin] http://10.0.0.210/volume/v3/b1592a0bde21485b89abf98bb2d2ea03/types/df9baced-8767-4cb3-a0ac-34d5c87f1b90 returned with HTTP 404
Nov 14 23:40:10 user devstack@c-api.service[76167]: [pid: 76167|app: 0|req: 106/333] 10.0.0.210 () {62 vars in 1396 bytes} [Tue Nov 14 23:40:10 2023] GET /volume/v3/b1592a0bde21485b89abf98bb2d2ea03/types/df9baced-8767-4cb3-a0ac-34d5c87f1b90 => generated 114 bytes in 29 msecs (HTTP/1.1 404) 7 headers in 292 bytes (1 switches on core 0)
Nov 14 23:40:10 user devstack@c-api.service[76166]: DEBUG cinder.api.middleware.request_id [None req-134d6061-924d-49a3-8f09-9d096732829a None None] RequestId filter calling following filter/app {{(pid=76166) _context_setter /opt/stack/cinder/cinder/api/middleware/request_id.py:62}}
Nov 14 23:40:10 user devstack@c-api.service[76166]: INFO cinder.api.openstack.wsgi [None req-134d6061-924d-49a3-8f09-9d096732829a tempest-GroupSnapshotsTest-1278461890 tempest-GroupSnapshotsTest-1278461890-project-admin] POST http://10.0.0.210/volume/v3/b1592a0bde21485b89abf98bb2d2ea03/types
Nov 14 23:40:10 user devstack@c-api.service[76166]: DEBUG cinder.api.openstack.wsgi [None req-134d6061-924d-49a3-8f09-9d096732829a tempest-GroupSnapshotsTest-1278461890 tempest-GroupSnapshotsTest-1278461890-project-admin] Action: 'create', calling method: _create, body: {"volume_type": {"name": "tempest-GroupSnapshotsTest-volume-type-1567109465"}} {{(pid=76166) _process_stack /opt/stack/cinder/cinder/api/openstack/wsgi.py:866}}
Nov 14 23:40:10 user devstack@c-api.service[76166]: INFO cinder.api.openstack.wsgi [None req-134d6061-924d-49a3-8f09-9d096732829a tempest-GroupSnapshotsTest-1278461890 tempest-GroupSnapshotsTest-1278461890-project-admin] http://10.0.0.210/volume/v3/b1592a0bde21485b89abf98bb2d2ea03/types returned with HTTP 200
Nov 14 23:40:10 user devstack@c-api.service[76166]: [pid: 76166|app: 0|req: 111/334] 10.0.0.210 () {64 vars in 1306 bytes} [Tue Nov 14 23:40:10 2023] POST /volume/v3/b1592a0bde21485b89abf98bb2d2ea03/types => generated 224 bytes in 71 msecs (HTTP/1.1 200) 7 headers in 285 bytes (1 switches on core 0)
Nov 14 23:40:10 user devstack@c-api.service[76168]: DEBUG cinder.api.middleware.request_id [None req-b2b2d8fa-556e-4deb-bf6a-7b3624a7fbd7 None None] RequestId filter calling following filter/app {{(pid=76168) _context_setter /opt/stack/cinder/cinder/api/middleware/request_id.py:62}}
Nov 14 23:40:10 user devstack@c-api.service[76168]: INFO cinder.api.openstack.wsgi [None req-b2b2d8fa-556e-4deb-bf6a-7b3624a7fbd7 tempest-TaggedBootDevicesTest-491908434 tempest-TaggedBootDevicesTest-491908434-project-member] GET http://10.0.0.210/volume/v3/b84539186347404ea3cdc32042f70052/volumes/a0ec4ce3-c9fb-4d11-8fbe-1e0dfa350198
Nov 14 23:40:10 user devstack@c-api.service[76168]: DEBUG cinder.api.openstack.wsgi [None req-b2b2d8fa-556e-4deb-bf6a-7b3624a7fbd7 tempest-TaggedBootDevicesTest-491908434 tempest-TaggedBootDevicesTest-491908434-project-member] Empty body provided in request {{(pid=76168) get_body /opt/stack/cinder/cinder/api/openstack/wsgi.py:715}}
Nov 14 23:40:10 user devstack@c-api.service[76168]: DEBUG cinder.api.openstack.wsgi [None req-b2b2d8fa-556e-4deb-bf6a-7b3624a7fbd7 tempest-TaggedBootDevicesTest-491908434 tempest-TaggedBootDevicesTest-491908434-project-member] Calling method 'show' {{(pid=76168) _process_stack /opt/stack/cinder/cinder/api/openstack/wsgi.py:868}}
Nov 14 23:40:10 user devstack@c-api.service[76167]: DEBUG cinder.api.middleware.request_id [None req-9a091de5-5ecc-43a6-9828-7d4968d7cf12 None None] RequestId filter calling following filter/app {{(pid=76167) _context_setter /opt/stack/cinder/cinder/api/middleware/request_id.py:62}}
Nov 14 23:40:10 user devstack@c-api.service[76168]: /opt/stack/data/venv/lib/python3.10/site-packages/oslo_context/context.py:100: DeprecationWarning: Policy enforcement is depending on the value of is_admin. This key is deprecated. Please update your policy file to use the standard policy values.
Nov 14 23:40:10 user devstack@c-api.service[76168]: warnings.warn('Policy enforcement is depending on the value of '
Nov 14 23:40:10 user devstack@c-api.service[76167]: INFO cinder.api.openstack.wsgi [None req-9a091de5-5ecc-43a6-9828-7d4968d7cf12 tempest-GroupSnapshotsTest-1278461890 tempest-GroupSnapshotsTest-1278461890-project-admin] POST http://10.0.0.210/volume/v3/b1592a0bde21485b89abf98bb2d2ea03/group_types
Nov 14 23:40:10 user devstack@c-api.service[76167]: DEBUG cinder.api.openstack.wsgi [None req-9a091de5-5ecc-43a6-9828-7d4968d7cf12 tempest-GroupSnapshotsTest-1278461890 tempest-GroupSnapshotsTest-1278461890-project-admin] Action: 'create', calling method: version_select, body: {"group_type": {"name": "tempest-GroupSnapshotsTest-group-type-971067330"}} {{(pid=76167) _process_stack /opt/stack/cinder/cinder/api/openstack/wsgi.py:866}}
Nov 14 23:40:10 user devstack@c-api.service[76168]: INFO cinder.volume.api [None req-b2b2d8fa-556e-4deb-bf6a-7b3624a7fbd7 tempest-TaggedBootDevicesTest-491908434 tempest-TaggedBootDevicesTest-491908434-project-member] Volume info retrieved successfully.
Nov 14 23:40:10 user devstack@c-api.service[76167]: INFO cinder.api.openstack.wsgi [None req-9a091de5-5ecc-43a6-9828-7d4968d7cf12 tempest-GroupSnapshotsTest-1278461890 tempest-GroupSnapshotsTest-1278461890-project-admin] http://10.0.0.210/volume/v3/b1592a0bde21485b89abf98bb2d2ea03/group_types returned with HTTP 202
Nov 14 23:40:10 user devstack@c-api.service[76167]: [pid: 76167|app: 0|req: 107/335] 10.0.0.210 () {66 vars in 1365 bytes} [Tue Nov 14 23:40:10 2023] POST /volume/v3/b1592a0bde21485b89abf98bb2d2ea03/group_types => generated 180 bytes in 81 msecs (HTTP/1.1 202) 7 headers in 292 bytes (1 switches on core 0)
Nov 14 23:40:10 user devstack@c-api.service[76166]: DEBUG cinder.api.middleware.request_id [None req-f42f988c-50a1-4e02-8201-67a3246b8a9c None None] RequestId filter calling following filter/app {{(pid=76166) _context_setter /opt/stack/cinder/cinder/api/middleware/request_id.py:62}}
Nov 14 23:40:10 user devstack@c-api.service[76168]: INFO cinder.api.openstack.wsgi [None req-b2b2d8fa-556e-4deb-bf6a-7b3624a7fbd7 tempest-TaggedBootDevicesTest-491908434 tempest-TaggedBootDevicesTest-491908434-project-member] http://10.0.0.210/volume/v3/b84539186347404ea3cdc32042f70052/volumes/a0ec4ce3-c9fb-4d11-8fbe-1e0dfa350198 returned with HTTP 200
Nov 14 23:40:10 user devstack@c-api.service[76166]: INFO cinder.api.openstack.wsgi [None req-f42f988c-50a1-4e02-8201-67a3246b8a9c tempest-GroupSnapshotsTest-406594689 tempest-GroupSnapshotsTest-406594689-project-member] POST http://10.0.0.210/volume/v3/3150e7609fc5443187b319835642f34a/groups
Nov 14 23:40:10 user devstack@c-api.service[76168]: [pid: 76168|app: 0|req: 118/336] 10.0.0.210 () {62 vars in 1402 bytes} [Tue Nov 14 23:40:10 2023] GET /volume/v3/b84539186347404ea3cdc32042f70052/volumes/a0ec4ce3-c9fb-4d11-8fbe-1e0dfa350198 => generated 972 bytes in 114 msecs (HTTP/1.1 200) 7 headers in 285 bytes (1 switches on core 0)
Nov 14 23:40:10 user devstack@c-api.service[76166]: DEBUG cinder.api.openstack.wsgi [None req-f42f988c-50a1-4e02-8201-67a3246b8a9c tempest-GroupSnapshotsTest-406594689 tempest-GroupSnapshotsTest-406594689-project-member] Action: 'create', calling method: version_select, body: {"group": {"group_type": "69e72482-c0ae-433e-8292-fb8156c671be", "volume_types": ["32031a6f-c071-4fdb-86e7-f9cd94b87116"], "name": "tempest-GroupSnapshotsTest-Group-2065963971"}} {{(pid=76166) _process_stack /opt/stack/cinder/cinder/api/openstack/wsgi.py:866}}
Nov 14 23:40:10 user devstack@c-api.service[76166]: DEBUG cinder.api.v3.groups [None req-f42f988c-50a1-4e02-8201-67a3246b8a9c tempest-GroupSnapshotsTest-406594689 tempest-GroupSnapshotsTest-406594689-project-member] Creating new group {'group': {'group_type': '69e72482-c0ae-433e-8292-fb8156c671be', 'volume_types': ['32031a6f-c071-4fdb-86e7-f9cd94b87116'], 'name': 'tempest-GroupSnapshotsTest-Group-2065963971'}} {{(pid=76166) create /opt/stack/cinder/cinder/api/v3/groups.py:190}}
Nov 14 23:40:10 user devstack@c-api.service[76166]: INFO cinder.api.v3.groups [None req-f42f988c-50a1-4e02-8201-67a3246b8a9c tempest-GroupSnapshotsTest-406594689 tempest-GroupSnapshotsTest-406594689-project-member] Creating group tempest-GroupSnapshotsTest-Group-2065963971.
Nov 14 23:40:10 user devstack@c-api.service[76166]: INFO cinder.volume.api [None req-f42f988c-50a1-4e02-8201-67a3246b8a9c tempest-GroupSnapshotsTest-406594689 tempest-GroupSnapshotsTest-406594689-project-member] Availability Zones retrieved successfully.
Nov 14 23:40:10 user devstack@c-api.service[76167]: DEBUG cinder.api.middleware.request_id [None req-b9b85369-6c91-4210-a542-75bfc5ab5e4c None None] RequestId filter calling following filter/app {{(pid=76167) _context_setter /opt/stack/cinder/cinder/api/middleware/request_id.py:62}}
Nov 14 23:40:10 user devstack@c-api.service[76167]: INFO cinder.api.openstack.wsgi [None req-b9b85369-6c91-4210-a542-75bfc5ab5e4c tempest-VolumesDeleteCascade-151156250 tempest-VolumesDeleteCascade-151156250-project-member] GET http://10.0.0.210/volume/v3/828e71d941e44fbdae370c59fe5c0e85/volumes/58f0eea6-d1f6-4dd9-9ae0-dd3d0b244678
Nov 14 23:40:10 user devstack@c-api.service[76167]: DEBUG cinder.api.openstack.wsgi [None req-b9b85369-6c91-4210-a542-75bfc5ab5e4c tempest-VolumesDeleteCascade-151156250 tempest-VolumesDeleteCascade-151156250-project-member] Empty body provided in request {{(pid=76167) get_body /opt/stack/cinder/cinder/api/openstack/wsgi.py:715}}
Nov 14 23:40:10 user devstack@c-api.service[76167]: DEBUG cinder.api.openstack.wsgi [None req-b9b85369-6c91-4210-a542-75bfc5ab5e4c tempest-VolumesDeleteCascade-151156250 tempest-VolumesDeleteCascade-151156250-project-member] Calling method 'show' {{(pid=76167) _process_stack /opt/stack/cinder/cinder/api/openstack/wsgi.py:868}}
Nov 14 23:40:10 user devstack@c-api.service[76166]: DEBUG cinder.quota [None req-f42f988c-50a1-4e02-8201-67a3246b8a9c tempest-GroupSnapshotsTest-406594689 tempest-GroupSnapshotsTest-406594689-project-member] Created reservations ['be754b8f-7b32-4bdf-a27f-4f7bb87294c5'] {{(pid=76166) reserve /opt/stack/cinder/cinder/quota.py:755}}
Nov 14 23:40:10 user devstack@c-api.service[76167]: /opt/stack/data/venv/lib/python3.10/site-packages/oslo_context/context.py:100: DeprecationWarning: Policy enforcement is depending on the value of is_admin. This key is deprecated. Please update your policy file to use the standard policy values.
Nov 14 23:40:10 user devstack@c-api.service[76167]: warnings.warn('Policy enforcement is depending on the value of '
Nov 14 23:40:10 user devstack@c-api.service[76167]: INFO cinder.volume.api [None req-b9b85369-6c91-4210-a542-75bfc5ab5e4c tempest-VolumesDeleteCascade-151156250 tempest-VolumesDeleteCascade-151156250-project-member] Volume info retrieved successfully.
Nov 14 23:40:10 user devstack@c-api.service[76167]: INFO cinder.api.openstack.wsgi [None req-b9b85369-6c91-4210-a542-75bfc5ab5e4c tempest-VolumesDeleteCascade-151156250 tempest-VolumesDeleteCascade-151156250-project-member] http://10.0.0.210/volume/v3/828e71d941e44fbdae370c59fe5c0e85/volumes/58f0eea6-d1f6-4dd9-9ae0-dd3d0b244678 returned with HTTP 200
Nov 14 23:40:10 user devstack@c-api.service[76167]: [pid: 76167|app: 0|req: 108/337] 10.0.0.210 () {62 vars in 1402 bytes} [Tue Nov 14 23:40:10 2023] GET /volume/v3/828e71d941e44fbdae370c59fe5c0e85/volumes/58f0eea6-d1f6-4dd9-9ae0-dd3d0b244678 => generated 910 bytes in 47 msecs (HTTP/1.1 200) 7 headers in 285 bytes (1 switches on core 0)
Nov 14 23:40:11 user devstack@c-api.service[76166]: INFO cinder.api.openstack.wsgi [None req-f42f988c-50a1-4e02-8201-67a3246b8a9c tempest-GroupSnapshotsTest-406594689 tempest-GroupSnapshotsTest-406594689-project-member] http://10.0.0.210/volume/v3/3150e7609fc5443187b319835642f34a/groups returned with HTTP 202
Nov 14 23:40:11 user devstack@c-api.service[76166]: [pid: 76166|app: 0|req: 112/338] 10.0.0.210 () {66 vars in 1351 bytes} [Tue Nov 14 23:40:10 2023] POST /volume/v3/3150e7609fc5443187b319835642f34a/groups => generated 112 bytes in 187 msecs (HTTP/1.1 202) 7 headers in 292 bytes (2 switches on core 0)
Nov 14 23:40:11 user devstack@c-api.service[76168]: DEBUG cinder.api.middleware.request_id [None req-adb53d28-a7bb-4623-9e06-c4808366f266 None None] RequestId filter calling following filter/app {{(pid=76168) _context_setter /opt/stack/cinder/cinder/api/middleware/request_id.py:62}}
Nov 14 23:40:11 user devstack@c-api.service[76168]: INFO cinder.api.openstack.wsgi [None req-adb53d28-a7bb-4623-9e06-c4808366f266 tempest-GroupSnapshotsTest-406594689 tempest-GroupSnapshotsTest-406594689-project-member] GET http://10.0.0.210/volume/v3/3150e7609fc5443187b319835642f34a/groups/7b169398-9e62-47d0-a05d-56d0fca78f50
Nov 14 23:40:11 user devstack@c-api.service[76168]: DEBUG cinder.api.openstack.wsgi [None req-adb53d28-a7bb-4623-9e06-c4808366f266 tempest-GroupSnapshotsTest-406594689 tempest-GroupSnapshotsTest-406594689-project-member] Empty body provided in request {{(pid=76168) get_body /opt/stack/cinder/cinder/api/openstack/wsgi.py:715}}
Nov 14 23:40:11 user devstack@c-api.service[76168]: DEBUG cinder.api.openstack.wsgi [None req-adb53d28-a7bb-4623-9e06-c4808366f266 tempest-GroupSnapshotsTest-406594689 tempest-GroupSnapshotsTest-406594689-project-member] Calling method 'version_select' {{(pid=76168) _process_stack /opt/stack/cinder/cinder/api/openstack/wsgi.py:868}}
Nov 14 23:40:11 user devstack@c-api.service[76168]: DEBUG cinder.api.v3.groups [None req-adb53d28-a7bb-4623-9e06-c4808366f266 tempest-GroupSnapshotsTest-406594689 tempest-GroupSnapshotsTest-406594689-project-member] show called for member 7b169398-9e62-47d0-a05d-56d0fca78f50 {{(pid=76168) show /opt/stack/cinder/cinder/api/v3/groups.py:58}}
Nov 14 23:40:11 user devstack@c-api.service[76168]: /opt/stack/data/venv/lib/python3.10/site-packages/oslo_context/context.py:100: DeprecationWarning: Policy enforcement is depending on the value of is_admin. This key is deprecated. Please update your policy file to use the standard policy values.
Nov 14 23:40:11 user devstack@c-api.service[76168]: warnings.warn('Policy enforcement is depending on the value of '
Nov 14 23:40:11 user devstack@c-api.service[76168]: INFO cinder.api.openstack.wsgi [None req-adb53d28-a7bb-4623-9e06-c4808366f266 tempest-GroupSnapshotsTest-406594689 tempest-GroupSnapshotsTest-406594689-project-member] http://10.0.0.210/volume/v3/3150e7609fc5443187b319835642f34a/groups/7b169398-9e62-47d0-a05d-56d0fca78f50 returned with HTTP 200
Nov 14 23:40:11 user devstack@c-api.service[76168]: [pid: 76168|app: 0|req: 119/339] 10.0.0.210 () {64 vars in 1440 bytes} [Tue Nov 14 23:40:11 2023] GET /volume/v3/3150e7609fc5443187b319835642f34a/groups/7b169398-9e62-47d0-a05d-56d0fca78f50 => generated 392 bytes in 32 msecs (HTTP/1.1 200) 7 headers in 286 bytes (1 switches on core 0)
Nov 14 23:40:11 user devstack@c-api.service[76167]: DEBUG cinder.api.middleware.request_id [None req-17e7cdcf-1cee-48ce-9f4a-bde1391bb595 None None] RequestId filter calling following filter/app {{(pid=76167) _context_setter /opt/stack/cinder/cinder/api/middleware/request_id.py:62}}
Nov 14 23:40:11 user devstack@c-api.service[76167]: INFO cinder.api.openstack.wsgi [None req-17e7cdcf-1cee-48ce-9f4a-bde1391bb595 tempest-VolumeSnapshotQuotasNegativeTestJSON-984964311 tempest-VolumeSnapshotQuotasNegativeTestJSON-984964311-project-member] GET http://10.0.0.210/volume/v3/65108d4dd40d41948e83e1dcb91b370e/snapshots/584c1141-9e6f-445c-b6e3-cac3bc33361e
Nov 14 23:40:11 user devstack@c-api.service[76167]: DEBUG cinder.api.openstack.wsgi [None req-17e7cdcf-1cee-48ce-9f4a-bde1391bb595 tempest-VolumeSnapshotQuotasNegativeTestJSON-984964311 tempest-VolumeSnapshotQuotasNegativeTestJSON-984964311-project-member] Empty body provided in request {{(pid=76167) get_body /opt/stack/cinder/cinder/api/openstack/wsgi.py:715}}
Nov 14 23:40:11 user devstack@c-api.service[76167]: DEBUG cinder.api.openstack.wsgi [None req-17e7cdcf-1cee-48ce-9f4a-bde1391bb595 tempest-VolumeSnapshotQuotasNegativeTestJSON-984964311 tempest-VolumeSnapshotQuotasNegativeTestJSON-984964311-project-member] Calling method 'show' {{(pid=76167) _process_stack /opt/stack/cinder/cinder/api/openstack/wsgi.py:868}}
Nov 14 23:40:11 user devstack@c-api.service[76167]: /opt/stack/data/venv/lib/python3.10/site-packages/oslo_context/context.py:100: DeprecationWarning: Policy enforcement is depending on the value of is_admin. This key is deprecated. Please update your policy file to use the standard policy values.
Nov 14 23:40:11 user devstack@c-api.service[76167]: warnings.warn('Policy enforcement is depending on the value of '
Nov 14 23:40:11 user devstack@c-api.service[76167]: INFO cinder.volume.api [None req-17e7cdcf-1cee-48ce-9f4a-bde1391bb595 tempest-VolumeSnapshotQuotasNegativeTestJSON-984964311 tempest-VolumeSnapshotQuotasNegativeTestJSON-984964311-project-member] Snapshot retrieved successfully.
Nov 14 23:40:11 user devstack@c-api.service[76167]: INFO cinder.api.openstack.wsgi [None req-17e7cdcf-1cee-48ce-9f4a-bde1391bb595 tempest-VolumeSnapshotQuotasNegativeTestJSON-984964311 tempest-VolumeSnapshotQuotasNegativeTestJSON-984964311-project-member] http://10.0.0.210/volume/v3/65108d4dd40d41948e83e1dcb91b370e/snapshots/584c1141-9e6f-445c-b6e3-cac3bc33361e returned with HTTP 200
Nov 14 23:40:11 user devstack@c-api.service[76167]: [pid: 76167|app: 0|req: 109/340] 10.0.0.210 () {62 vars in 1408 bytes} [Tue Nov 14 23:40:11 2023] GET /volume/v3/65108d4dd40d41948e83e1dcb91b370e/snapshots/584c1141-9e6f-445c-b6e3-cac3bc33361e => generated 454 bytes in 32 msecs (HTTP/1.1 200) 7 headers in 285 bytes (1 switches on core 0)
Nov 14 23:40:11 user devstack@c-api.service[76166]: DEBUG cinder.api.middleware.request_id [None req-34c13269-3de9-45b7-b9ba-d2fe02bf4eab None None] RequestId filter calling following filter/app {{(pid=76166) _context_setter /opt/stack/cinder/cinder/api/middleware/request_id.py:62}}
Nov 14 23:40:11 user devstack@c-api.service[76166]: INFO cinder.api.openstack.wsgi [None req-34c13269-3de9-45b7-b9ba-d2fe02bf4eab tempest-TaggedBootDevicesTest-491908434 tempest-TaggedBootDevicesTest-491908434-project-member] GET http://10.0.0.210/volume/v3/b84539186347404ea3cdc32042f70052/volumes/a0ec4ce3-c9fb-4d11-8fbe-1e0dfa350198
Nov 14 23:40:11 user devstack@c-api.service[76166]: DEBUG cinder.api.openstack.wsgi [None req-34c13269-3de9-45b7-b9ba-d2fe02bf4eab tempest-TaggedBootDevicesTest-491908434 tempest-TaggedBootDevicesTest-491908434-project-member] Empty body provided in request {{(pid=76166) get_body /opt/stack/cinder/cinder/api/openstack/wsgi.py:715}}
Nov 14 23:40:11 user devstack@c-api.service[76166]: DEBUG cinder.api.openstack.wsgi [None req-34c13269-3de9-45b7-b9ba-d2fe02bf4eab tempest-TaggedBootDevicesTest-491908434 tempest-TaggedBootDevicesTest-491908434-project-member] Calling method 'show' {{(pid=76166) _process_stack /opt/stack/cinder/cinder/api/openstack/wsgi.py:868}}
Nov 14 23:40:11 user devstack@c-api.service[76166]: /opt/stack/data/venv/lib/python3.10/site-packages/oslo_context/context.py:100: DeprecationWarning: Policy enforcement is depending on the value of is_admin. This key is deprecated. Please update your policy file to use the standard policy values.
Nov 14 23:40:11 user devstack@c-api.service[76166]: warnings.warn('Policy enforcement is depending on the value of '
Nov 14 23:40:11 user devstack@c-api.service[76166]: INFO cinder.volume.api [None req-34c13269-3de9-45b7-b9ba-d2fe02bf4eab tempest-TaggedBootDevicesTest-491908434 tempest-TaggedBootDevicesTest-491908434-project-member] Volume info retrieved successfully.
Nov 14 23:40:11 user devstack@c-api.service[76166]: INFO cinder.api.openstack.wsgi [None req-34c13269-3de9-45b7-b9ba-d2fe02bf4eab tempest-TaggedBootDevicesTest-491908434 tempest-TaggedBootDevicesTest-491908434-project-member] http://10.0.0.210/volume/v3/b84539186347404ea3cdc32042f70052/volumes/a0ec4ce3-c9fb-4d11-8fbe-1e0dfa350198 returned with HTTP 200
Nov 14 23:40:11 user devstack@c-api.service[76166]: [pid: 76166|app: 0|req: 113/341] 10.0.0.210 () {62 vars in 1402 bytes} [Tue Nov 14 23:40:11 2023] GET /volume/v3/b84539186347404ea3cdc32042f70052/volumes/a0ec4ce3-c9fb-4d11-8fbe-1e0dfa350198 => generated 972 bytes in 43 msecs (HTTP/1.1 200) 7 headers in 285 bytes (1 switches on core 0)
Nov 14 23:40:12 user devstack@c-api.service[76168]: DEBUG cinder.api.middleware.request_id [None req-eb88e715-76fe-4051-852a-9921f51e9f30 None None] RequestId filter calling following filter/app {{(pid=76168) _context_setter /opt/stack/cinder/cinder/api/middleware/request_id.py:62}}
Nov 14 23:40:12 user devstack@c-api.service[76168]: INFO cinder.api.openstack.wsgi [None req-eb88e715-76fe-4051-852a-9921f51e9f30 tempest-VolumesDeleteCascade-151156250 tempest-VolumesDeleteCascade-151156250-project-member] GET http://10.0.0.210/volume/v3/828e71d941e44fbdae370c59fe5c0e85/volumes/58f0eea6-d1f6-4dd9-9ae0-dd3d0b244678
Nov 14 23:40:12 user devstack@c-api.service[76168]: DEBUG cinder.api.openstack.wsgi [None req-eb88e715-76fe-4051-852a-9921f51e9f30 tempest-VolumesDeleteCascade-151156250 tempest-VolumesDeleteCascade-151156250-project-member] Empty body provided in request {{(pid=76168) get_body /opt/stack/cinder/cinder/api/openstack/wsgi.py:715}}
Nov 14 23:40:12 user devstack@c-api.service[76168]: DEBUG cinder.api.openstack.wsgi [None req-eb88e715-76fe-4051-852a-9921f51e9f30 tempest-VolumesDeleteCascade-151156250 tempest-VolumesDeleteCascade-151156250-project-member] Calling method 'show' {{(pid=76168) _process_stack /opt/stack/cinder/cinder/api/openstack/wsgi.py:868}}
Nov 14 23:40:12 user devstack@c-api.service[76168]: /opt/stack/data/venv/lib/python3.10/site-packages/oslo_context/context.py:100: DeprecationWarning: Policy enforcement is depending on the value of is_admin. This key is deprecated. Please update your policy file to use the standard policy values.
Nov 14 23:40:12 user devstack@c-api.service[76168]: warnings.warn('Policy enforcement is depending on the value of '
Nov 14 23:40:12 user devstack@c-api.service[76168]: INFO cinder.volume.api [None req-eb88e715-76fe-4051-852a-9921f51e9f30 tempest-VolumesDeleteCascade-151156250 tempest-VolumesDeleteCascade-151156250-project-member] Volume info retrieved successfully.
Nov 14 23:40:12 user devstack@c-api.service[76168]: INFO cinder.api.openstack.wsgi [None req-eb88e715-76fe-4051-852a-9921f51e9f30 tempest-VolumesDeleteCascade-151156250 tempest-VolumesDeleteCascade-151156250-project-member] http://10.0.0.210/volume/v3/828e71d941e44fbdae370c59fe5c0e85/volumes/58f0eea6-d1f6-4dd9-9ae0-dd3d0b244678 returned with HTTP 200
Nov 14 23:40:12 user devstack@c-api.service[76167]: DEBUG cinder.api.middleware.request_id [None req-f2d07a3c-115e-4b4d-9a89-0e7e534069a3 None None] RequestId filter calling following filter/app {{(pid=76167) _context_setter /opt/stack/cinder/cinder/api/middleware/request_id.py:62}}
Nov 14 23:40:12 user devstack@c-api.service[76168]: [pid: 76168|app: 0|req: 120/342] 10.0.0.210 () {62 vars in 1402 bytes} [Tue Nov 14 23:40:12 2023] GET /volume/v3/828e71d941e44fbdae370c59fe5c0e85/volumes/58f0eea6-d1f6-4dd9-9ae0-dd3d0b244678 => generated 911 bytes in 84 msecs (HTTP/1.1 200) 7 headers in 285 bytes (2 switches on core 0)
Nov 14 23:40:12 user devstack@c-api.service[76167]: INFO cinder.api.openstack.wsgi [None req-f2d07a3c-115e-4b4d-9a89-0e7e534069a3 tempest-GroupSnapshotsTest-406594689 tempest-GroupSnapshotsTest-406594689-project-member] GET http://10.0.0.210/volume/v3/3150e7609fc5443187b319835642f34a/groups/7b169398-9e62-47d0-a05d-56d0fca78f50
Nov 14 23:40:12 user devstack@c-api.service[76167]: DEBUG cinder.api.openstack.wsgi [None req-f2d07a3c-115e-4b4d-9a89-0e7e534069a3 tempest-GroupSnapshotsTest-406594689 tempest-GroupSnapshotsTest-406594689-project-member] Empty body provided in request {{(pid=76167) get_body /opt/stack/cinder/cinder/api/openstack/wsgi.py:715}}
Nov 14 23:40:12 user devstack@c-api.service[76167]: DEBUG cinder.api.openstack.wsgi [None req-f2d07a3c-115e-4b4d-9a89-0e7e534069a3 tempest-GroupSnapshotsTest-406594689 tempest-GroupSnapshotsTest-406594689-project-member] Calling method 'version_select' {{(pid=76167) _process_stack /opt/stack/cinder/cinder/api/openstack/wsgi.py:868}}
Nov 14 23:40:12 user devstack@c-api.service[76167]: DEBUG cinder.api.v3.groups [None req-f2d07a3c-115e-4b4d-9a89-0e7e534069a3 tempest-GroupSnapshotsTest-406594689 tempest-GroupSnapshotsTest-406594689-project-member] show called for member 7b169398-9e62-47d0-a05d-56d0fca78f50 {{(pid=76167) show /opt/stack/cinder/cinder/api/v3/groups.py:58}}
Nov 14 23:40:12 user devstack@c-api.service[76167]: /opt/stack/data/venv/lib/python3.10/site-packages/oslo_context/context.py:100: DeprecationWarning: Policy enforcement is depending on the value of is_admin. This key is deprecated. Please update your policy file to use the standard policy values.
Nov 14 23:40:12 user devstack@c-api.service[76167]: warnings.warn('Policy enforcement is depending on the value of '
Nov 14 23:40:12 user devstack@c-api.service[76166]: DEBUG cinder.api.middleware.request_id [None req-673ac918-cf73-476a-b2a5-2942b37867b9 None None] RequestId filter calling following filter/app {{(pid=76166) _context_setter /opt/stack/cinder/cinder/api/middleware/request_id.py:62}}
Nov 14 23:40:12 user devstack@c-api.service[76166]: INFO cinder.api.openstack.wsgi [None req-673ac918-cf73-476a-b2a5-2942b37867b9 tempest-VolumesDeleteCascade-151156250 tempest-VolumesDeleteCascade-151156250-project-member] POST http://10.0.0.210/volume/v3/828e71d941e44fbdae370c59fe5c0e85/snapshots
Nov 14 23:40:12 user devstack@c-api.service[76166]: DEBUG cinder.api.openstack.wsgi [None req-673ac918-cf73-476a-b2a5-2942b37867b9 tempest-VolumesDeleteCascade-151156250 tempest-VolumesDeleteCascade-151156250-project-member] Action: 'create', calling method: create, body: {"snapshot": {"volume_id": "58f0eea6-d1f6-4dd9-9ae0-dd3d0b244678", "name": "tempest-VolumesDeleteCascade-Snapshot-545732920"}} {{(pid=76166) _process_stack /opt/stack/cinder/cinder/api/openstack/wsgi.py:866}}
Nov 14 23:40:12 user devstack@c-api.service[76167]: INFO cinder.api.openstack.wsgi [None req-f2d07a3c-115e-4b4d-9a89-0e7e534069a3 tempest-GroupSnapshotsTest-406594689 tempest-GroupSnapshotsTest-406594689-project-member] http://10.0.0.210/volume/v3/3150e7609fc5443187b319835642f34a/groups/7b169398-9e62-47d0-a05d-56d0fca78f50 returned with HTTP 200
Nov 14 23:40:12 user devstack@c-api.service[76166]: /opt/stack/data/venv/lib/python3.10/site-packages/oslo_context/context.py:100: DeprecationWarning: Policy enforcement is depending on the value of is_admin. This key is deprecated. Please update your policy file to use the standard policy values.
Nov 14 23:40:12 user devstack@c-api.service[76166]: warnings.warn('Policy enforcement is depending on the value of '
Nov 14 23:40:12 user devstack@c-api.service[76166]: INFO cinder.volume.api [None req-673ac918-cf73-476a-b2a5-2942b37867b9 tempest-VolumesDeleteCascade-151156250 tempest-VolumesDeleteCascade-151156250-project-member] Volume info retrieved successfully.
Nov 14 23:40:12 user devstack@c-api.service[76166]: INFO cinder.api.v3.snapshots [None req-673ac918-cf73-476a-b2a5-2942b37867b9 tempest-VolumesDeleteCascade-151156250 tempest-VolumesDeleteCascade-151156250-project-member] Create snapshot from volume 58f0eea6-d1f6-4dd9-9ae0-dd3d0b244678
Nov 14 23:40:12 user devstack@c-api.service[76167]: [pid: 76167|app: 0|req: 110/343] 10.0.0.210 () {64 vars in 1440 bytes} [Tue Nov 14 23:40:12 2023] GET /volume/v3/3150e7609fc5443187b319835642f34a/groups/7b169398-9e62-47d0-a05d-56d0fca78f50 => generated 393 bytes in 80 msecs (HTTP/1.1 200) 7 headers in 286 bytes (2 switches on core 0)
Nov 14 23:40:12 user devstack@c-api.service[76168]: DEBUG cinder.api.middleware.request_id [None req-752c3c0b-9fd1-4f1d-b606-2ce42bfcc6b6 None None] RequestId filter calling following filter/app {{(pid=76168) _context_setter /opt/stack/cinder/cinder/api/middleware/request_id.py:62}}
Nov 14 23:40:12 user devstack@c-api.service[76168]: INFO cinder.api.openstack.wsgi [None req-752c3c0b-9fd1-4f1d-b606-2ce42bfcc6b6 tempest-GroupSnapshotsTest-406594689 tempest-GroupSnapshotsTest-406594689-project-member] POST http://10.0.0.210/volume/v3/3150e7609fc5443187b319835642f34a/volumes
