File "/opt/stack/data/venv/lib/python3.10/site-packages/dogpile/lock.py", line 94, in _enter
Aug 16 10:19:59 user devstack@keystone.service[44255]: ERROR keystone.server.flask.application generated = self._enter_create(value, createdtime)
Aug 16 10:19:59 user devstack@keystone.service[44255]: ERROR keystone.server.flask.application
File "/opt/stack/data/venv/lib/python3.10/site-packages/dogpile/lock.py", line 178, in _enter_create
Aug 16 10:19:59 user devstack@keystone.service[44255]: ERROR keystone.server.flask.application return self.creator()
Aug 16 10:19:59 user devstack@keystone.service[44255]: ERROR keystone.server.flask.application
File "/opt/stack/data/venv/lib/python3.10/site-packages/dogpile/cache/region.py", line 995, in gen_value
Aug 16 10:19:59 user devstack@keystone.service[44255]: ERROR keystone.server.flask.application created_value = creator(
Aug 16 10:19:59 user devstack@keystone.service[44255]: ERROR keystone.server.flask.application
File "/opt/stack/keystone/keystone/assignment/core.py", line 1276, in get_role
Aug 16 10:19:59 user devstack@keystone.service[44255]: ERROR keystone.server.flask.application return self.driver.get_role(role_id)
Aug 16 10:19:59 user devstack@keystone.service[44255]: ERROR keystone.server.flask.application
File "/opt/stack/keystone/keystone/assignment/role_backends/sql.py", line 70, in get_role
Aug 16 10:19:59 user devstack@keystone.service[44255]: ERROR keystone.server.flask.application return self._get_role(session, role_id).to_dict()
Aug 16 10:19:59 user devstack@keystone.service[44255]: ERROR keystone.server.flask.application
File "/opt/stack/keystone/keystone/assignment/role_backends/sql.py", line 65, in _get_role
Aug 16 10:19:59 user devstack@keystone.service[44255]: ERROR keystone.server.flask.application raise exception.RoleNotFound(role_id=role_id)
Aug 16 10:19:59 user devstack@keystone.service[44255]: ERROR keystone.server.flask.application keystone.exception.RoleNotFound: Could not find role: member.
Aug 16 10:19:59 user devstack@keystone.service[44255]: ERROR keystone.server.flask.application
Aug 16 10:19:59 user devstack@keystone.service[44256]: [pid: 44256|app: 0|req: 107/310] 10.0.0.210 () {56 vars in 1106 bytes} [Wed Aug 16 10:19:59 2023] GET /identity/v3/roles?name=anotherrole => generated 332 bytes in 127 msecs (HTTP/1.1 200) 5 headers in 177 bytes (2 switches on core 0)
Aug 16 10:19:59 user devstack@keystone.service[44255]: [pid: 44255|app: 0|req: 104/311] 10.0.0.210 () {56 vars in 1094 bytes} [Wed Aug 16 10:19:59 2023] GET /identity/v3/roles/member => generated 84 bytes in 159 msecs (HTTP/1.1 404) 5 headers in 183 bytes (1 switches on core 0)
Aug 16 10:19:59 user devstack@keystone.service[44256]: DEBUG keystone.server.flask.request_processing.req_logging [None req-45f6227e-c0f0-4c3e-9f2a-f3f48a5eb01b None None] REQUEST_METHOD: `POST` {{(pid=44256) log_request_info /opt/stack/keystone/keystone/server/flask/request_processing/req_logging.py:27}}
Aug 16 10:19:59 user devstack@keystone.service[44256]: DEBUG keystone.server.flask.request_processing.req_logging [None req-45f6227e-c0f0-4c3e-9f2a-f3f48a5eb01b None None] SCRIPT_NAME: `/identity` {{(pid=44256) log_request_info /opt/stack/keystone/keystone/server/flask/request_processing/req_logging.py:28}}
Aug 16 10:19:59 user devstack@keystone.service[44256]: DEBUG keystone.server.flask.request_processing.req_logging [None req-45f6227e-c0f0-4c3e-9f2a-f3f48a5eb01b None None] PATH_INFO: `/v3/auth/tokens` {{(pid=44256) log_request_info /opt/stack/keystone/keystone/server/flask/request_processing/req_logging.py:29}}
Aug 16 10:19:59 user devstack@keystone.service[44255]: DEBUG keystone.server.flask.request_processing.req_logging [None req-07263792-8e63-4739-bd0b-30533aa51320 None None] REQUEST_METHOD: `GET` {{(pid=44255) log_request_info /opt/stack/keystone/keystone/server/flask/request_processing/req_logging.py:27}}
Aug 16 10:19:59 user devstack@keystone.service[44255]: DEBUG keystone.server.flask.request_processing.req_logging [None req-07263792-8e63-4739-bd0b-30533aa51320 None None] SCRIPT_NAME: `/identity` {{(pid=44255) log_request_info /opt/stack/keystone/keystone/server/flask/request_processing/req_logging.py:28}}
Aug 16 10:19:59 user devstack@keystone.service[44255]: DEBUG keystone.server.flask.request_processing.req_logging [None req-07263792-8e63-4739-bd0b-30533aa51320 None None] PATH_INFO: `/` {{(pid=44255) log_request_info /opt/stack/keystone/keystone/server/flask/request_processing/req_logging.py:29}}
Aug 16 10:19:59 user devstack@keystone.service[44255]: [pid: 44255|app: 0|req: 105/312] 10.0.0.210 () {54 vars in 921 bytes} [Wed Aug 16 10:19:59 2023] GET /identity => generated 269 bytes in 2 msecs (HTTP/1.1 300) 6 headers in 233 bytes (1 switches on core 0)
Aug 16 10:19:59 user devstack@keystone.service[44255]: DEBUG keystone.server.flask.request_processing.middleware.auth_context [None req-07263792-8e63-4739-bd0b-30533aa51320 None None] Authenticating user token {{(pid=44255) process_request /opt/stack/data/venv/lib/python3.10/site-packages/keystonemiddleware/auth_token/__init__.py:406}}
Aug 16 10:19:59 user devstack@keystone.service[44256]: WARNING keystone.common.password_hashing [None req-45f6227e-c0f0-4c3e-9f2a-f3f48a5eb01b None None] Truncating password to algorithm specific maximum length 72 characters.
Aug 16 10:19:59 user devstack@keystone.service[44256]: DEBUG keystone.auth.core [None req-45f6227e-c0f0-4c3e-9f2a-f3f48a5eb01b None None] MFA Rules not processed for user `5bd2e7e57dfb4260b76fd8b7aa721e1f`. Rule list: `[]` (Enabled: `True`). {{(pid=44256) check_auth_methods_against_rules /opt/stack/keystone/keystone/auth/core.py:438}}
Aug 16 10:19:59 user devstack@keystone.service[44256]: DEBUG keystone.common.fernet_utils [None req-45f6227e-c0f0-4c3e-9f2a-f3f48a5eb01b None None] Loaded 2 Fernet keys from /etc/keystone/fernet-keys/, but `[fernet_tokens] max_active_keys = 3`; perhaps there have not been enough key rotations to reach `max_active_keys` yet? {{(pid=44256) load_keys /opt/stack/keystone/keystone/common/fernet_utils.py:286}}
Aug 16 10:19:59 user devstack@keystone.service[44256]: [pid: 44256|app: 0|req: 108/313] 10.0.0.210 () {58 vars in 1018 bytes} [Wed Aug 16 10:19:59 2023] POST /identity/v3/auth/tokens => generated 798 bytes in 74 msecs (HTTP/1.1 201) 6 headers in 363 bytes (1 switches on core 0)
Aug 16 10:19:59 user devstack@keystone.service[44256]: DEBUG keystone.server.flask.request_processing.middleware.auth_context [None req-45f6227e-c0f0-4c3e-9f2a-f3f48a5eb01b None None] Authenticating user token {{(pid=44256) process_request /opt/stack/data/venv/lib/python3.10/site-packages/keystonemiddleware/auth_token/__init__.py:406}}
Aug 16 10:19:59 user devstack@keystone.service[44257]: DEBUG keystone.server.flask.request_processing.middleware.auth_context [None req-bab5dfab-0e28-434c-89db-0c27c2017c44 None None] Validating token access rules against request {{(pid=44257) validate_allowed_request /opt/stack/data/venv/lib/python3.10/site-packages/keystonemiddleware/auth_token/__init__.py:544}}
Aug 16 10:19:59 user devstack@keystone.service[44255]: DEBUG keystone.server.flask.request_processing.middleware.auth_context [None req-07263792-8e63-4739-bd0b-30533aa51320 None None] Validating token access rules against request {{(pid=44255) validate_allowed_request /opt/stack/data/venv/lib/python3.10/site-packages/keystonemiddleware/auth_token/__init__.py:544}}
Aug 16 10:19:59 user devstack@keystone.service[44255]: DEBUG keystone.server.flask.request_processing.middleware.auth_context [None req-34dc1be5-93aa-41f1-a8a3-d8c6c7936d65 None admin] RBAC: auth_context: {'token': , 'domain_id': None, 'trust_id': None, 'trustor_id': None, 'trustee_id': None, 'domain_name': None, 'group_ids': [], 'user_id': '5bd2e7e57dfb4260b76fd8b7aa721e1f', 'user_domain_id': 'default', 'system_scope': 'all', 'project_id': None, 'project_domain_id': None, 'roles': ['admin', 'member', 'reader'], 'is_admin_project': True, 'service_user_id': None, 'service_user_domain_id': None, 'service_project_id': None, 'service_project_domain_id': None, 'service_roles': []} {{(pid=44255) fill_context /opt/stack/keystone/keystone/server/flask/request_processing/middleware/auth_context.py:480}}
Aug 16 10:19:59 user devstack@keystone.service[44255]: DEBUG keystone.server.flask.request_processing.req_logging [None req-34dc1be5-93aa-41f1-a8a3-d8c6c7936d65 None admin] REQUEST_METHOD: `GET` {{(pid=44255) log_request_info /opt/stack/keystone/keystone/server/flask/request_processing/req_logging.py:27}}
Aug 16 10:19:59 user devstack@keystone.service[44255]: DEBUG keystone.server.flask.request_processing.req_logging [None req-34dc1be5-93aa-41f1-a8a3-d8c6c7936d65 None admin] SCRIPT_NAME: `/identity` {{(pid=44255) log_request_info /opt/stack/keystone/keystone/server/flask/request_processing/req_logging.py:28}}
Aug 16 10:19:59 user devstack@keystone.service[44255]: DEBUG keystone.server.flask.request_processing.req_logging [None req-34dc1be5-93aa-41f1-a8a3-d8c6c7936d65 None admin] PATH_INFO: `/v3/roles` {{(pid=44255) log_request_info /opt/stack/keystone/keystone/server/flask/request_processing/req_logging.py:29}}
Aug 16 10:19:59 user devstack@keystone.service[44255]: DEBUG keystone.common.rbac_enforcer.enforcer [None req-34dc1be5-93aa-41f1-a8a3-d8c6c7936d65 None admin] RBAC: Adding query filter params (name=member) {{(pid=44255) _extract_filter_values /opt/stack/keystone/keystone/common/rbac_enforcer/enforcer.py:167}}
Aug 16 10:19:59 user devstack@keystone.service[44255]: DEBUG keystone.common.rbac_enforcer.enforcer [None req-34dc1be5-93aa-41f1-a8a3-d8c6c7936d65 None admin] RBAC: Authorizing `identity:list_roles()` {{(pid=44255) enforce_call /opt/stack/keystone/keystone/common/rbac_enforcer/enforcer.py:449}}
Aug 16 10:19:59 user devstack@keystone.service[44255]: DEBUG keystone.common.rbac_enforcer.enforcer [None req-34dc1be5-93aa-41f1-a8a3-d8c6c7936d65 None admin] RBAC: Authorization granted {{(pid=44255) enforce_call /opt/stack/keystone/keystone/common/rbac_enforcer/enforcer.py:457}}
Aug 16 10:19:59 user devstack@keystone.service[44257]: DEBUG keystone.server.flask.request_processing.middleware.auth_context [None req-99eea7aa-a0ec-43cb-9dc1-468db96220a0 None admin] RBAC: auth_context: {'token': , 'domain_id': None, 'trust_id': None, 'trustor_id': None, 'trustee_id': None, 'domain_name': None, 'group_ids': [], 'user_id': '5bd2e7e57dfb4260b76fd8b7aa721e1f', 'user_domain_id': 'default', 'system_scope': 'all', 'project_id': None, 'project_domain_id': None, 'roles': ['admin', 'member', 'reader'], 'is_admin_project': True, 'service_user_id': None, 'service_user_domain_id': None, 'service_project_id': None, 'service_project_domain_id': None, 'service_roles': []} {{(pid=44257) fill_context /opt/stack/keystone/keystone/server/flask/request_processing/middleware/auth_context.py:480}}
Aug 16 10:19:59 user devstack@keystone.service[44257]: DEBUG keystone.server.flask.request_processing.req_logging [None req-99eea7aa-a0ec-43cb-9dc1-468db96220a0 None admin] REQUEST_METHOD: `GET` {{(pid=44257) log_request_info /opt/stack/keystone/keystone/server/flask/request_processing/req_logging.py:27}}
Aug 16 10:19:59 user devstack@keystone.service[44257]: DEBUG keystone.server.flask.request_processing.req_logging [None req-99eea7aa-a0ec-43cb-9dc1-468db96220a0 None admin] SCRIPT_NAME: `/identity` {{(pid=44257) log_request_info /opt/stack/keystone/keystone/server/flask/request_processing/req_logging.py:28}}
Aug 16 10:19:59 user devstack@keystone.service[44257]: DEBUG keystone.server.flask.request_processing.req_logging [None req-99eea7aa-a0ec-43cb-9dc1-468db96220a0 None admin] PATH_INFO: `/v3/projects/093dcc7764c54aec8c2af0fbb5b061df` {{(pid=44257) log_request_info /opt/stack/keystone/keystone/server/flask/request_processing/req_logging.py:29}}
Aug 16 10:19:59 user devstack@keystone.service[44257]: DEBUG keystone.common.rbac_enforcer.enforcer [None req-99eea7aa-a0ec-43cb-9dc1-468db96220a0 None admin] RBAC: Authorizing `identity:get_project(project_id=093dcc7764c54aec8c2af0fbb5b061df)` {{(pid=44257) enforce_call /opt/stack/keystone/keystone/common/rbac_enforcer/enforcer.py:449}}
Aug 16 10:19:59 user devstack@keystone.service[44257]: DEBUG keystone.common.rbac_enforcer.enforcer [None req-99eea7aa-a0ec-43cb-9dc1-468db96220a0 None admin] RBAC: Authorization granted {{(pid=44257) enforce_call /opt/stack/keystone/keystone/common/rbac_enforcer/enforcer.py:457}}
Aug 16 10:19:59 user devstack@keystone.service[44255]: [pid: 44255|app: 0|req: 106/314] 10.0.0.210 () {56 vars in 1096 bytes} [Wed Aug 16 10:19:59 2023] GET /identity/v3/roles?name=member => generated 339 bytes in 124 msecs (HTTP/1.1 200) 5 headers in 177 bytes (2 switches on core 0)
Aug 16 10:19:59 user devstack@keystone.service[44257]: [pid: 44257|app: 0|req: 101/315] 10.0.0.210 () {56 vars in 1181 bytes} [Wed Aug 16 10:19:59 2023] GET /identity/v3/projects/093dcc7764c54aec8c2af0fbb5b061df => generated 297 bytes in 150 msecs (HTTP/1.1 200) 5 headers in 177 bytes (2 switches on core 0)
Aug 16 10:19:59 user devstack@keystone.service[44255]: DEBUG keystone.server.flask.request_processing.req_logging [None req-876206e3-b814-4181-b325-d738ec487fed None None] REQUEST_METHOD: `POST` {{(pid=44255) log_request_info /opt/stack/keystone/keystone/server/flask/request_processing/req_logging.py:27}}
Aug 16 10:19:59 user devstack@keystone.service[44255]: DEBUG keystone.server.flask.request_processing.req_logging [None req-876206e3-b814-4181-b325-d738ec487fed None None] SCRIPT_NAME: `/identity` {{(pid=44255) log_request_info /opt/stack/keystone/keystone/server/flask/request_processing/req_logging.py:28}}
Aug 16 10:19:59 user devstack@keystone.service[44255]: DEBUG keystone.server.flask.request_processing.req_logging [None req-876206e3-b814-4181-b325-d738ec487fed None None] PATH_INFO: `/v3/auth/tokens` {{(pid=44255) log_request_info /opt/stack/keystone/keystone/server/flask/request_processing/req_logging.py:29}}
Aug 16 10:19:59 user devstack@keystone.service[44257]: DEBUG keystone.server.flask.request_processing.middleware.auth_context [None req-99eea7aa-a0ec-43cb-9dc1-468db96220a0 None admin] Authenticating user token {{(pid=44257) process_request /opt/stack/data/venv/lib/python3.10/site-packages/keystonemiddleware/auth_token/__init__.py:406}}
Aug 16 10:19:59 user devstack@keystone.service[44255]: WARNING keystone.common.password_hashing [None req-876206e3-b814-4181-b325-d738ec487fed None None] Truncating password to algorithm specific maximum length 72 characters.
Aug 16 10:19:59 user devstack@keystone.service[44255]: DEBUG keystone.auth.core [None req-876206e3-b814-4181-b325-d738ec487fed None None] MFA Rules not processed for user `5bd2e7e57dfb4260b76fd8b7aa721e1f`. Rule list: `[]` (Enabled: `True`). {{(pid=44255) check_auth_methods_against_rules /opt/stack/keystone/keystone/auth/core.py:438}}
Aug 16 10:19:59 user devstack@keystone.service[44255]: DEBUG keystone.common.fernet_utils [None req-876206e3-b814-4181-b325-d738ec487fed None None] Loaded 2 Fernet keys from /etc/keystone/fernet-keys/, but `[fernet_tokens] max_active_keys = 3`; perhaps there have not been enough key rotations to reach `max_active_keys` yet? {{(pid=44255) load_keys /opt/stack/keystone/keystone/common/fernet_utils.py:286}}
Aug 16 10:19:59 user devstack@keystone.service[44256]: DEBUG keystone.server.flask.request_processing.middleware.auth_context [None req-45f6227e-c0f0-4c3e-9f2a-f3f48a5eb01b None None] Validating token access rules against request {{(pid=44256) validate_allowed_request /opt/stack/data/venv/lib/python3.10/site-packages/keystonemiddleware/auth_token/__init__.py:544}}
Aug 16 10:19:59 user devstack@keystone.service[44256]: DEBUG keystone.server.flask.request_processing.middleware.auth_context [None req-2e1daf9e-7687-43a4-a9f1-95ca3e945121 None admin] RBAC: auth_context: {'token': , 'domain_id': None, 'trust_id': None, 'trustor_id': None, 'trustee_id': None, 'domain_name': None, 'group_ids': [], 'user_id': '5bd2e7e57dfb4260b76fd8b7aa721e1f', 'user_domain_id': 'default', 'system_scope': 'all', 'project_id': None, 'project_domain_id': None, 'roles': ['admin', 'member', 'reader'], 'is_admin_project': True, 'service_user_id': None, 'service_user_domain_id': None, 'service_project_id': None, 'service_project_domain_id': None, 'service_roles': []} {{(pid=44256) fill_context /opt/stack/keystone/keystone/server/flask/request_processing/middleware/auth_context.py:480}}
Aug 16 10:19:59 user devstack@keystone.service[44256]: DEBUG keystone.server.flask.request_processing.req_logging [None req-2e1daf9e-7687-43a4-a9f1-95ca3e945121 None admin] REQUEST_METHOD: `GET` {{(pid=44256) log_request_info /opt/stack/keystone/keystone/server/flask/request_processing/req_logging.py:27}}
Aug 16 10:19:59 user devstack@keystone.service[44256]: DEBUG keystone.server.flask.request_processing.req_logging [None req-2e1daf9e-7687-43a4-a9f1-95ca3e945121 None admin] SCRIPT_NAME: `/identity` {{(pid=44256) log_request_info /opt/stack/keystone/keystone/server/flask/request_processing/req_logging.py:28}}
Aug 16 10:19:59 user devstack@keystone.service[44256]: DEBUG keystone.server.flask.request_processing.req_logging [None req-2e1daf9e-7687-43a4-a9f1-95ca3e945121 None admin] PATH_INFO: `/v3/auth/tokens` {{(pid=44256) log_request_info /opt/stack/keystone/keystone/server/flask/request_processing/req_logging.py:29}}
Aug 16 10:19:59 user devstack@keystone.service[44255]: [pid: 44255|app: 0|req: 107/316] 10.0.0.210 () {58 vars in 1018 bytes} [Wed Aug 16 10:19:59 2023] POST /identity/v3/auth/tokens => generated 798 bytes in 77 msecs (HTTP/1.1 201) 6 headers in 363 bytes (1 switches on core 0)
Aug 16 10:19:59 user devstack@keystone.service[44255]: DEBUG keystone.server.flask.request_processing.middleware.auth_context [None req-876206e3-b814-4181-b325-d738ec487fed None None] Authenticating user token {{(pid=44255) process_request /opt/stack/data/venv/lib/python3.10/site-packages/keystonemiddleware/auth_token/__init__.py:406}}
Aug 16 10:19:59 user devstack@keystone.service[44257]: DEBUG keystone.server.flask.request_processing.middleware.auth_context [None req-99eea7aa-a0ec-43cb-9dc1-468db96220a0 None admin] Validating token access rules against request {{(pid=44257) validate_allowed_request /opt/stack/data/venv/lib/python3.10/site-packages/keystonemiddleware/auth_token/__init__.py:544}}
Aug 16 10:19:59 user devstack@keystone.service[44256]: DEBUG keystone.common.rbac_enforcer.enforcer [None req-2e1daf9e-7687-43a4-a9f1-95ca3e945121 None admin] RBAC: Authorizing `identity:validate_token()` {{(pid=44256) enforce_call /opt/stack/keystone/keystone/common/rbac_enforcer/enforcer.py:449}}
Aug 16 10:19:59 user devstack@keystone.service[44256]: DEBUG keystone.common.rbac_enforcer.enforcer [None req-2e1daf9e-7687-43a4-a9f1-95ca3e945121 None admin] RBAC: Authorization granted {{(pid=44256) enforce_call /opt/stack/keystone/keystone/common/rbac_enforcer/enforcer.py:457}}
Aug 16 10:19:59 user devstack@keystone.service[44257]: DEBUG keystone.server.flask.request_processing.middleware.auth_context [None req-02f0adfc-7ce8-4d77-a9f0-5667e6104b71 None admin] RBAC: auth_context: {'token': , 'domain_id': None, 'trust_id': None, 'trustor_id': None, 'trustee_id': None, 'domain_name': None, 'group_ids': [], 'user_id': '5bd2e7e57dfb4260b76fd8b7aa721e1f', 'user_domain_id': 'default', 'system_scope': 'all', 'project_id': None, 'project_domain_id': None, 'roles': ['admin', 'member', 'reader'], 'is_admin_project': True, 'service_user_id': None, 'service_user_domain_id': None, 'service_project_id': None, 'service_project_domain_id': None, 'service_roles': []} {{(pid=44257) fill_context /opt/stack/keystone/keystone/server/flask/request_processing/middleware/auth_context.py:480}}
Aug 16 10:19:59 user devstack@keystone.service[44257]: DEBUG keystone.server.flask.request_processing.req_logging [None req-02f0adfc-7ce8-4d77-a9f0-5667e6104b71 None admin] REQUEST_METHOD: `GET` {{(pid=44257) log_request_info /opt/stack/keystone/keystone/server/flask/request_processing/req_logging.py:27}}
Aug 16 10:19:59 user devstack@keystone.service[44257]: DEBUG keystone.server.flask.request_processing.req_logging [None req-02f0adfc-7ce8-4d77-a9f0-5667e6104b71 None admin] SCRIPT_NAME: `/identity` {{(pid=44257) log_request_info /opt/stack/keystone/keystone/server/flask/request_processing/req_logging.py:28}}
Aug 16 10:19:59 user devstack@keystone.service[44257]: DEBUG keystone.server.flask.request_processing.req_logging [None req-02f0adfc-7ce8-4d77-a9f0-5667e6104b71 None admin] PATH_INFO: `/v3/auth/tokens` {{(pid=44257) log_request_info /opt/stack/keystone/keystone/server/flask/request_processing/req_logging.py:29}}
Aug 16 10:19:59 user devstack@keystone.service[44255]: DEBUG keystone.server.flask.request_processing.middleware.auth_context [None req-876206e3-b814-4181-b325-d738ec487fed None None] Validating token access rules against request {{(pid=44255) validate_allowed_request /opt/stack/data/venv/lib/python3.10/site-packages/keystonemiddleware/auth_token/__init__.py:544}}
Aug 16 10:19:59 user devstack@keystone.service[44255]: DEBUG keystone.server.flask.request_processing.middleware.auth_context [None req-38718fd4-4b64-4025-9679-aad0ac04f406 None admin] RBAC: auth_context: {'token': , 'domain_id': None, 'trust_id': None, 'trustor_id': None, 'trustee_id': None, 'domain_name': None, 'group_ids': [], 'user_id': '5bd2e7e57dfb4260b76fd8b7aa721e1f', 'user_domain_id': 'default', 'system_scope': 'all', 'project_id': None, 'project_domain_id': None, 'roles': ['admin', 'member', 'reader'], 'is_admin_project': True, 'service_user_id': None, 'service_user_domain_id': None, 'service_project_id': None, 'service_project_domain_id': None, 'service_roles': []} {{(pid=44255) fill_context /opt/stack/keystone/keystone/server/flask/request_processing/middleware/auth_context.py:480}}
Aug 16 10:19:59 user devstack@keystone.service[44255]: DEBUG keystone.server.flask.request_processing.req_logging [None req-38718fd4-4b64-4025-9679-aad0ac04f406 None admin] REQUEST_METHOD: `GET` {{(pid=44255) log_request_info /opt/stack/keystone/keystone/server/flask/request_processing/req_logging.py:27}}
Aug 16 10:19:59 user devstack@keystone.service[44255]: DEBUG keystone.server.flask.request_processing.req_logging [None req-38718fd4-4b64-4025-9679-aad0ac04f406 None admin] SCRIPT_NAME: `/identity` {{(pid=44255) log_request_info /opt/stack/keystone/keystone/server/flask/request_processing/req_logging.py:28}}
Aug 16 10:19:59 user devstack@keystone.service[44255]: DEBUG keystone.server.flask.request_processing.req_logging [None req-38718fd4-4b64-4025-9679-aad0ac04f406 None admin] PATH_INFO: `/v3/groups/753c0d4c236a4e7594f76cff78896df4` {{(pid=44255) log_request_info /opt/stack/keystone/keystone/server/flask/request_processing/req_logging.py:29}}
Aug 16 10:19:59 user devstack@keystone.service[44255]: DEBUG keystone.common.rbac_enforcer.enforcer [None req-38718fd4-4b64-4025-9679-aad0ac04f406 None admin] RBAC: Authorizing `identity:get_group(group_id=753c0d4c236a4e7594f76cff78896df4)` {{(pid=44255) enforce_call /opt/stack/keystone/keystone/common/rbac_enforcer/enforcer.py:449}}
Aug 16 10:19:59 user devstack@keystone.service[44255]: DEBUG keystone.common.rbac_enforcer.enforcer [None req-38718fd4-4b64-4025-9679-aad0ac04f406 None admin] RBAC: Authorization granted {{(pid=44255) enforce_call /opt/stack/keystone/keystone/common/rbac_enforcer/enforcer.py:457}}
Aug 16 10:19:59 user devstack@keystone.service[44255]: [pid: 44255|app: 0|req: 108/317] 10.0.0.210 () {56 vars in 1175 bytes} [Wed Aug 16 10:19:59 2023] GET /identity/v3/groups/753c0d4c236a4e7594f76cff78896df4 => generated 225 bytes in 116 msecs (HTTP/1.1 200) 5 headers in 177 bytes (1 switches on core 0)
Aug 16 10:19:59 user devstack@keystone.service[44255]: DEBUG keystone.server.flask.request_processing.middleware.auth_context [None req-38718fd4-4b64-4025-9679-aad0ac04f406 None admin] Authenticating user token {{(pid=44255) process_request /opt/stack/data/venv/lib/python3.10/site-packages/keystonemiddleware/auth_token/__init__.py:406}}
Aug 16 10:19:59 user devstack@keystone.service[44257]: DEBUG keystone.common.rbac_enforcer.enforcer [None req-02f0adfc-7ce8-4d77-a9f0-5667e6104b71 None admin] RBAC: Authorizing `identity:validate_token()` {{(pid=44257) enforce_call /opt/stack/keystone/keystone/common/rbac_enforcer/enforcer.py:449}}
Aug 16 10:19:59 user devstack@keystone.service[44257]: DEBUG keystone.common.rbac_enforcer.enforcer [None req-02f0adfc-7ce8-4d77-a9f0-5667e6104b71 None admin] RBAC: Authorization granted {{(pid=44257) enforce_call /opt/stack/keystone/keystone/common/rbac_enforcer/enforcer.py:457}}
Aug 16 10:19:59 user devstack@keystone.service[44256]: [pid: 44256|app: 0|req: 109/318] 10.0.0.210 () {58 vars in 1277 bytes} [Wed Aug 16 10:19:59 2023] GET /identity/v3/auth/tokens => generated 798 bytes in 261 msecs (HTTP/1.1 200) 6 headers in 358 bytes (1 switches on core 0)
Aug 16 10:19:59 user devstack@keystone.service[44256]: DEBUG keystone.server.flask.request_processing.middleware.auth_context [None req-2e1daf9e-7687-43a4-a9f1-95ca3e945121 None admin] Authenticating user token {{(pid=44256) process_request /opt/stack/data/venv/lib/python3.10/site-packages/keystonemiddleware/auth_token/__init__.py:406}}
Aug 16 10:19:59 user devstack@keystone.service[44255]: DEBUG keystone.server.flask.request_processing.middleware.auth_context [None req-38718fd4-4b64-4025-9679-aad0ac04f406 None admin] Validating token access rules against request {{(pid=44255) validate_allowed_request /opt/stack/data/venv/lib/python3.10/site-packages/keystonemiddleware/auth_token/__init__.py:544}}
Aug 16 10:19:59 user devstack@keystone.service[44257]: [pid: 44257|app: 0|req: 102/319] 10.0.0.210 () {58 vars in 1277 bytes} [Wed Aug 16 10:19:59 2023] GET /identity/v3/auth/tokens => generated 798 bytes in 279 msecs (HTTP/1.1 200) 6 headers in 358 bytes (1 switches on core 0)
Aug 16 10:19:59 user devstack@keystone.service[44257]: DEBUG keystone.server.flask.request_processing.middleware.auth_context [None req-02f0adfc-7ce8-4d77-a9f0-5667e6104b71 None admin] Authenticating user token {{(pid=44257) process_request /opt/stack/data/venv/lib/python3.10/site-packages/keystonemiddleware/auth_token/__init__.py:406}}
Aug 16 10:20:00 user devstack@keystone.service[44256]: DEBUG keystone.server.flask.request_processing.middleware.auth_context [None req-2e1daf9e-7687-43a4-a9f1-95ca3e945121 None admin] Validating token access rules against request {{(pid=44256) validate_allowed_request /opt/stack/data/venv/lib/python3.10/site-packages/keystonemiddleware/auth_token/__init__.py:544}}
Aug 16 10:20:00 user devstack@keystone.service[44255]: DEBUG keystone.server.flask.request_processing.middleware.auth_context [None req-08acf5dc-afef-447c-af28-1bbc0bfe5efd None admin] RBAC: auth_context: {'token': , 'domain_id': None, 'trust_id': None, 'trustor_id': None, 'trustee_id': None, 'domain_name': None, 'group_ids': [], 'user_id': '5bd2e7e57dfb4260b76fd8b7aa721e1f', 'user_domain_id': 'default', 'system_scope': 'all', 'project_id': None, 'project_domain_id': None, 'roles': ['admin', 'member', 'reader'], 'is_admin_project': True, 'service_user_id': None, 'service_user_domain_id': None, 'service_project_id': None, 'service_project_domain_id': None, 'service_roles': []} {{(pid=44255) fill_context /opt/stack/keystone/keystone/server/flask/request_processing/middleware/auth_context.py:480}}
Aug 16 10:20:00 user devstack@keystone.service[44255]: DEBUG keystone.server.flask.request_processing.req_logging [None req-08acf5dc-afef-447c-af28-1bbc0bfe5efd None admin] REQUEST_METHOD: `GET` {{(pid=44255) log_request_info /opt/stack/keystone/keystone/server/flask/request_processing/req_logging.py:27}}
Aug 16 10:20:00 user devstack@keystone.service[44255]: DEBUG keystone.server.flask.request_processing.req_logging [None req-08acf5dc-afef-447c-af28-1bbc0bfe5efd None admin] SCRIPT_NAME: `/identity` {{(pid=44255) log_request_info /opt/stack/keystone/keystone/server/flask/request_processing/req_logging.py:28}}
Aug 16 10:20:00 user devstack@keystone.service[44255]: DEBUG keystone.server.flask.request_processing.req_logging [None req-08acf5dc-afef-447c-af28-1bbc0bfe5efd None admin] PATH_INFO: `/v3/roles/anotherrole` {{(pid=44255) log_request_info /opt/stack/keystone/keystone/server/flask/request_processing/req_logging.py:29}}
Aug 16 10:20:00 user devstack@keystone.service[44255]: DEBUG keystone.common.rbac_enforcer.enforcer [None req-08acf5dc-afef-447c-af28-1bbc0bfe5efd None admin] Extracting inferred target data resulted in "NOT FOUND (404)". {{(pid=44255) enforce_call /opt/stack/keystone/keystone/common/rbac_enforcer/enforcer.py:409}}
Aug 16 10:20:00 user devstack@keystone.service[44256]: DEBUG keystone.server.flask.request_processing.middleware.auth_context [None req-baeb3471-acc2-4714-89a3-b696ef139f0b None admin] RBAC: auth_context: {'token': , 'domain_id': None, 'trust_id': None, 'trustor_id': None, 'trustee_id': None, 'domain_name': None, 'group_ids': [], 'user_id': '5bd2e7e57dfb4260b76fd8b7aa721e1f', 'user_domain_id': 'default', 'system_scope': 'all', 'project_id': None, 'project_domain_id': None, 'roles': ['admin', 'member', 'reader'], 'is_admin_project': True, 'service_user_id': None, 'service_user_domain_id': None, 'service_project_id': None, 'service_project_domain_id': None, 'service_roles': []} {{(pid=44256) fill_context /opt/stack/keystone/keystone/server/flask/request_processing/middleware/auth_context.py:480}}
Aug 16 10:20:00 user devstack@keystone.service[44255]: ERROR keystone.server.flask.application [None req-08acf5dc-afef-447c-af28-1bbc0bfe5efd None admin] Could not find role: anotherrole.: keystone.exception.RoleNotFound: Could not find role: anotherrole.
Aug 16 10:20:00 user devstack@keystone.service[44255]: ERROR keystone.server.flask.application
Traceback (most recent call last):
Aug 16 10:20:00 user devstack@keystone.service[44255]: ERROR keystone.server.flask.application
File "/opt/stack/data/venv/lib/python3.10/site-packages/flask/app.py", line 1823, in full_dispatch_request
Aug 16 10:20:00 user devstack@keystone.service[44255]: ERROR keystone.server.flask.application rv = self.dispatch_request()
Aug 16 10:20:00 user devstack@keystone.service[44255]: ERROR keystone.server.flask.application
File "/opt/stack/data/venv/lib/python3.10/site-packages/flask/app.py", line 1799, in dispatch_request
Aug 16 10:20:00 user devstack@keystone.service[44255]: ERROR keystone.server.flask.application return self.ensure_sync(self.view_functions[rule.endpoint])(**view_args)
Aug 16 10:20:00 user devstack@keystone.service[44255]: ERROR keystone.server.flask.application
File "/opt/stack/data/venv/lib/python3.10/site-packages/flask_restful/__init__.py", line 467, in wrapper
Aug 16 10:20:00 user devstack@keystone.service[44255]: ERROR keystone.server.flask.application resp = resource(*args, **kwargs)
Aug 16 10:20:00 user devstack@keystone.service[44255]: ERROR keystone.server.flask.application
File "/opt/stack/data/venv/lib/python3.10/site-packages/flask/views.py", line 107, in view
Aug 16 10:20:00 user devstack@keystone.service[44255]: ERROR keystone.server.flask.application return current_app.ensure_sync(self.dispatch_request)(**kwargs)
Aug 16 10:20:00 user devstack@keystone.service[44255]: ERROR keystone.server.flask.application
File "/opt/stack/data/venv/lib/python3.10/site-packages/flask_restful/__init__.py", line 582, in dispatch_request
Aug 16 10:20:00 user devstack@keystone.service[44255]: ERROR keystone.server.flask.application resp = meth(*args, **kwargs)
Aug 16 10:20:00 user devstack@keystone.service[44255]: ERROR keystone.server.flask.application
File "/opt/stack/keystone/keystone/api/roles.py", line 50, in get
Aug 16 10:20:00 user devstack@keystone.service[44255]: ERROR keystone.server.flask.application return self._get_role(role_id)
Aug 16 10:20:00 user devstack@keystone.service[44255]: ERROR keystone.server.flask.application
File "/opt/stack/keystone/keystone/api/roles.py", line 70, in _get_role
Aug 16 10:20:00 user devstack@keystone.service[44255]: ERROR keystone.server.flask.application ENFORCER.enforce_call(action='identity:get_role')
Aug 16 10:20:00 user devstack@keystone.service[44255]: ERROR keystone.server.flask.application
File "/opt/stack/keystone/keystone/common/rbac_enforcer/enforcer.py", line 402, in enforce_call
Aug 16 10:20:00 user devstack@keystone.service[44255]: ERROR keystone.server.flask.application policy_dict.update(cls._extract_member_target_data(
Aug 16 10:20:00 user devstack@keystone.service[44255]: ERROR keystone.server.flask.application
File "/opt/stack/keystone/keystone/common/rbac_enforcer/enforcer.py", line 234, in _extract_member_target_data
Aug 16 10:20:00 user devstack@keystone.service[44255]: ERROR keystone.server.flask.application member_name: func(flask.request.view_args[key])
Aug 16 10:20:00 user devstack@keystone.service[44255]: ERROR keystone.server.flask.application
File "/opt/stack/keystone/keystone/common/manager.py", line 115, in wrapped
Aug 16 10:20:00 user devstack@keystone.service[44255]: ERROR keystone.server.flask.application __ret_val = __f(*args, **kwargs)
Aug 16 10:20:00 user devstack@keystone.service[44255]: ERROR keystone.server.flask.application
File "/opt/stack/data/venv/lib/python3.10/site-packages/decorator.py", line 232, in fun
Aug 16 10:20:00 user devstack@keystone.service[44255]: ERROR keystone.server.flask.application return caller(func, *(extras + args), **kw)
Aug 16 10:20:00 user devstack@keystone.service[44255]: ERROR keystone.server.flask.application
File "/opt/stack/data/venv/lib/python3.10/site-packages/dogpile/cache/region.py", line 1577, in get_or_create_for_user_func
Aug 16 10:20:00 user devstack@keystone.service[44255]: ERROR keystone.server.flask.application return self.get_or_create(
Aug 16 10:20:00 user devstack@keystone.service[44255]: ERROR keystone.server.flask.application
File "/opt/stack/data/venv/lib/python3.10/site-packages/dogpile/cache/region.py", line 1042, in get_or_create
Aug 16 10:20:00 user devstack@keystone.service[44255]: ERROR keystone.server.flask.application with Lock(
Aug 16 10:20:00 user devstack@keystone.service[44255]: ERROR keystone.server.flask.application
File "/opt/stack/data/venv/lib/python3.10/site-packages/dogpile/lock.py", line 185, in __enter__
Aug 16 10:20:00 user devstack@keystone.service[44255]: ERROR keystone.server.flask.application return self._enter()
Aug 16 10:20:00 user devstack@keystone.service[44255]: ERROR keystone.server.flask.application
File "/opt/stack/data/venv/lib/python3.10/site-packages/dogpile/lock.py", line 94, in _enter
Aug 16 10:20:00 user devstack@keystone.service[44255]: ERROR keystone.server.flask.application generated = self._enter_create(value, createdtime)
Aug 16 10:20:00 user devstack@keystone.service[44255]: ERROR keystone.server.flask.application
File "/opt/stack/data/venv/lib/python3.10/site-packages/dogpile/lock.py", line 178, in _enter_create
Aug 16 10:20:00 user devstack@keystone.service[44255]: ERROR keystone.server.flask.application return self.creator()
Aug 16 10:20:00 user devstack@keystone.service[44255]: ERROR keystone.server.flask.application
File "/opt/stack/data/venv/lib/python3.10/site-packages/dogpile/cache/region.py", line 995, in gen_value
Aug 16 10:20:00 user devstack@keystone.service[44255]: ERROR keystone.server.flask.application created_value = creator(
Aug 16 10:20:00 user devstack@keystone.service[44255]: ERROR keystone.server.flask.application
File "/opt/stack/keystone/keystone/assignment/core.py", line 1276, in get_role
Aug 16 10:20:00 user devstack@keystone.service[44255]: ERROR keystone.server.flask.application return self.driver.get_role(role_id)
Aug 16 10:20:00 user devstack@keystone.service[44255]: ERROR keystone.server.flask.application
File "/opt/stack/keystone/keystone/assignment/role_backends/sql.py", line 70, in get_role
Aug 16 10:20:00 user devstack@keystone.service[44255]: ERROR keystone.server.flask.application return self._get_role(session, role_id).to_dict()
Aug 16 10:20:00 user devstack@keystone.service[44255]: ERROR keystone.server.flask.application
File "/opt/stack/keystone/keystone/assignment/role_backends/sql.py", line 65, in _get_role
Aug 16 10:20:00 user devstack@keystone.service[44255]: ERROR keystone.server.flask.application raise exception.RoleNotFound(role_id=role_id)
Aug 16 10:20:00 user devstack@keystone.service[44255]: ERROR keystone.server.flask.application keystone.exception.RoleNotFound: Could not find role: anotherrole.
Aug 16 10:20:00 user devstack@keystone.service[44255]: ERROR keystone.server.flask.application
Aug 16 10:20:00 user devstack@keystone.service[44256]: DEBUG keystone.server.flask.request_processing.req_logging [None req-baeb3471-acc2-4714-89a3-b696ef139f0b None admin] REQUEST_METHOD: `GET` {{(pid=44256) log_request_info /opt/stack/keystone/keystone/server/flask/request_processing/req_logging.py:27}}
Aug 16 10:20:00 user devstack@keystone.service[44256]: DEBUG keystone.server.flask.request_processing.req_logging [None req-baeb3471-acc2-4714-89a3-b696ef139f0b None admin] SCRIPT_NAME: `/identity` {{(pid=44256) log_request_info /opt/stack/keystone/keystone/server/flask/request_processing/req_logging.py:28}}
Aug 16 10:20:00 user devstack@keystone.service[44256]: DEBUG keystone.server.flask.request_processing.req_logging [None req-baeb3471-acc2-4714-89a3-b696ef139f0b None admin] PATH_INFO: `/v3/role_assignments` {{(pid=44256) log_request_info /opt/stack/keystone/keystone/server/flask/request_processing/req_logging.py:29}}
Aug 16 10:20:00 user devstack@keystone.service[44255]: [pid: 44255|app: 0|req: 109/320] 10.0.0.210 () {56 vars in 1109 bytes} [Wed Aug 16 10:19:59 2023] GET /identity/v3/roles/anotherrole => generated 89 bytes in 126 msecs (HTTP/1.1 404) 5 headers in 183 bytes (1 switches on core 0)
Aug 16 10:20:00 user devstack@keystone.service[44255]: DEBUG keystone.server.flask.request_processing.middleware.auth_context [None req-08acf5dc-afef-447c-af28-1bbc0bfe5efd None admin] Authenticating user token {{(pid=44255) process_request /opt/stack/data/venv/lib/python3.10/site-packages/keystonemiddleware/auth_token/__init__.py:406}}
Aug 16 10:20:00 user devstack@keystone.service[44256]: DEBUG keystone.common.rbac_enforcer.enforcer [None req-baeb3471-acc2-4714-89a3-b696ef139f0b None admin] RBAC: Adding query filter params (group.id=753c0d4c236a4e7594f76cff78896df4, role.id=4210680029c8489a8017578feda0951a, scope.project.id=093dcc7764c54aec8c2af0fbb5b061df) {{(pid=44256) _extract_filter_values /opt/stack/keystone/keystone/common/rbac_enforcer/enforcer.py:167}}
Aug 16 10:20:00 user devstack@keystone.service[44256]: DEBUG keystone.common.rbac_enforcer.enforcer [None req-baeb3471-acc2-4714-89a3-b696ef139f0b None admin] RBAC: Authorizing `identity:list_role_assignments()` {{(pid=44256) enforce_call /opt/stack/keystone/keystone/common/rbac_enforcer/enforcer.py:449}}
Aug 16 10:20:00 user devstack@keystone.service[44256]: DEBUG keystone.common.rbac_enforcer.enforcer [None req-baeb3471-acc2-4714-89a3-b696ef139f0b None admin] RBAC: Authorization granted {{(pid=44256) enforce_call /opt/stack/keystone/keystone/common/rbac_enforcer/enforcer.py:457}}
Aug 16 10:20:00 user devstack@keystone.service[44256]: [pid: 44256|app: 0|req: 110/321] 10.0.0.210 () {56 vars in 1371 bytes} [Wed Aug 16 10:19:59 2023] GET /identity/v3/role_assignments?group.id=753c0d4c236a4e7594f76cff78896df4&scope.project.id=093dcc7764c54aec8c2af0fbb5b061df&role.id=4210680029c8489a8017578feda0951a => generated 609 bytes in 121 msecs (HTTP/1.1 200) 5 headers in 177 bytes (1 switches on core 0)
Aug 16 10:20:00 user devstack@keystone.service[44256]: DEBUG keystone.server.flask.request_processing.middleware.auth_context [None req-baeb3471-acc2-4714-89a3-b696ef139f0b None admin] Authenticating user token {{(pid=44256) process_request /opt/stack/data/venv/lib/python3.10/site-packages/keystonemiddleware/auth_token/__init__.py:406}}
Aug 16 10:20:00 user devstack@keystone.service[44257]: DEBUG keystone.server.flask.request_processing.middleware.auth_context [None req-02f0adfc-7ce8-4d77-a9f0-5667e6104b71 None admin] Validating token access rules against request {{(pid=44257) validate_allowed_request /opt/stack/data/venv/lib/python3.10/site-packages/keystonemiddleware/auth_token/__init__.py:544}}
Aug 16 10:20:00 user devstack@keystone.service[44257]: DEBUG keystone.server.flask.request_processing.middleware.auth_context [None req-3340a8c3-2123-4e20-a376-ca521d6f18be None admin] RBAC: auth_context: {'token': , 'domain_id': None, 'trust_id': None, 'trustor_id': None, 'trustee_id': None, 'domain_name': None, 'group_ids': [], 'user_id': '5bd2e7e57dfb4260b76fd8b7aa721e1f', 'user_domain_id': 'default', 'system_scope': 'all', 'project_id': None, 'project_domain_id': None, 'roles': ['admin', 'member', 'reader'], 'is_admin_project': True, 'service_user_id': None, 'service_user_domain_id': None, 'service_project_id': None, 'service_project_domain_id': None, 'service_roles': []} {{(pid=44257) fill_context /opt/stack/keystone/keystone/server/flask/request_processing/middleware/auth_context.py:480}}
Aug 16 10:20:00 user devstack@keystone.service[44257]: DEBUG keystone.server.flask.request_processing.req_logging [None req-3340a8c3-2123-4e20-a376-ca521d6f18be None admin] REQUEST_METHOD: `GET` {{(pid=44257) log_request_info /opt/stack/keystone/keystone/server/flask/request_processing/req_logging.py:27}}
Aug 16 10:20:00 user devstack@keystone.service[44257]: DEBUG keystone.server.flask.request_processing.req_logging [None req-3340a8c3-2123-4e20-a376-ca521d6f18be None admin] SCRIPT_NAME: `/identity` {{(pid=44257) log_request_info /opt/stack/keystone/keystone/server/flask/request_processing/req_logging.py:28}}
Aug 16 10:20:00 user devstack@keystone.service[44257]: DEBUG keystone.server.flask.request_processing.req_logging [None req-3340a8c3-2123-4e20-a376-ca521d6f18be None admin] PATH_INFO: `/v3/projects/093dcc7764c54aec8c2af0fbb5b061df` {{(pid=44257) log_request_info /opt/stack/keystone/keystone/server/flask/request_processing/req_logging.py:29}}
Aug 16 10:20:00 user devstack@keystone.service[44257]: DEBUG keystone.common.rbac_enforcer.enforcer [None req-3340a8c3-2123-4e20-a376-ca521d6f18be None admin] RBAC: Authorizing `identity:get_project(project_id=093dcc7764c54aec8c2af0fbb5b061df)` {{(pid=44257) enforce_call /opt/stack/keystone/keystone/common/rbac_enforcer/enforcer.py:449}}
Aug 16 10:20:00 user devstack@keystone.service[44257]: DEBUG keystone.common.rbac_enforcer.enforcer [None req-3340a8c3-2123-4e20-a376-ca521d6f18be None admin] RBAC: Authorization granted {{(pid=44257) enforce_call /opt/stack/keystone/keystone/common/rbac_enforcer/enforcer.py:457}}
Aug 16 10:20:00 user devstack@keystone.service[44257]: [pid: 44257|app: 0|req: 103/322] 10.0.0.210 () {56 vars in 1181 bytes} [Wed Aug 16 10:19:59 2023] GET /identity/v3/projects/093dcc7764c54aec8c2af0fbb5b061df => generated 297 bytes in 116 msecs (HTTP/1.1 200) 5 headers in 177 bytes (1 switches on core 0)
Aug 16 10:20:00 user devstack@keystone.service[44257]: DEBUG keystone.server.flask.request_processing.middleware.auth_context [None req-3340a8c3-2123-4e20-a376-ca521d6f18be None admin] Authenticating user token {{(pid=44257) process_request /opt/stack/data/venv/lib/python3.10/site-packages/keystonemiddleware/auth_token/__init__.py:406}}
Aug 16 10:20:00 user devstack@keystone.service[44255]: DEBUG keystone.server.flask.request_processing.middleware.auth_context [None req-08acf5dc-afef-447c-af28-1bbc0bfe5efd None admin] Validating token access rules against request {{(pid=44255) validate_allowed_request /opt/stack/data/venv/lib/python3.10/site-packages/keystonemiddleware/auth_token/__init__.py:544}}
Aug 16 10:20:00 user devstack@keystone.service[44256]: DEBUG keystone.server.flask.request_processing.middleware.auth_context [None req-baeb3471-acc2-4714-89a3-b696ef139f0b None admin] Validating token access rules against request {{(pid=44256) validate_allowed_request /opt/stack/data/venv/lib/python3.10/site-packages/keystonemiddleware/auth_token/__init__.py:544}}
Aug 16 10:20:00 user devstack@keystone.service[44255]: DEBUG keystone.server.flask.request_processing.middleware.auth_context [None req-34d49e9d-216b-49a5-ba20-266bc29536e9 None admin] RBAC: auth_context: {'token': , 'domain_id': None, 'trust_id': None, 'trustor_id': None, 'trustee_id': None, 'domain_name': None, 'group_ids': [], 'user_id': '5bd2e7e57dfb4260b76fd8b7aa721e1f', 'user_domain_id': 'default', 'system_scope': 'all', 'project_id': None, 'project_domain_id': None, 'roles': ['admin', 'member', 'reader'], 'is_admin_project': True, 'service_user_id': None, 'service_user_domain_id': None, 'service_project_id': None, 'service_project_domain_id': None, 'service_roles': []} {{(pid=44255) fill_context /opt/stack/keystone/keystone/server/flask/request_processing/middleware/auth_context.py:480}}
Aug 16 10:20:00 user devstack@keystone.service[44255]: DEBUG keystone.server.flask.request_processing.req_logging [None req-34d49e9d-216b-49a5-ba20-266bc29536e9 None admin] REQUEST_METHOD: `GET` {{(pid=44255) log_request_info /opt/stack/keystone/keystone/server/flask/request_processing/req_logging.py:27}}
Aug 16 10:20:00 user devstack@keystone.service[44255]: DEBUG keystone.server.flask.request_processing.req_logging [None req-34d49e9d-216b-49a5-ba20-266bc29536e9 None admin] SCRIPT_NAME: `/identity` {{(pid=44255) log_request_info /opt/stack/keystone/keystone/server/flask/request_processing/req_logging.py:28}}
Aug 16 10:20:00 user devstack@keystone.service[44255]: DEBUG keystone.server.flask.request_processing.req_logging [None req-34d49e9d-216b-49a5-ba20-266bc29536e9 None admin] PATH_INFO: `/v3/roles/admin` {{(pid=44255) log_request_info /opt/stack/keystone/keystone/server/flask/request_processing/req_logging.py:29}}
Aug 16 10:20:00 user devstack@keystone.service[44255]: DEBUG keystone.common.rbac_enforcer.enforcer [None req-34d49e9d-216b-49a5-ba20-266bc29536e9 None admin] Extracting inferred target data resulted in "NOT FOUND (404)". {{(pid=44255) enforce_call /opt/stack/keystone/keystone/common/rbac_enforcer/enforcer.py:409}}
Aug 16 10:20:00 user devstack@keystone.service[44256]: DEBUG keystone.server.flask.request_processing.middleware.auth_context [None req-9ffaa537-6cf3-4ca8-a3ca-9d95df7af90a None admin] RBAC: auth_context: {'token': , 'domain_id': None, 'trust_id': None, 'trustor_id': None, 'trustee_id': None, 'domain_name': None, 'group_ids': [], 'user_id': '5bd2e7e57dfb4260b76fd8b7aa721e1f', 'user_domain_id': 'default', 'system_scope': 'all', 'project_id': None, 'project_domain_id': None, 'roles': ['admin', 'member', 'reader'], 'is_admin_project': True, 'service_user_id': None, 'service_user_domain_id': None, 'service_project_id': None, 'service_project_domain_id': None, 'service_roles': []} {{(pid=44256) fill_context /opt/stack/keystone/keystone/server/flask/request_processing/middleware/auth_context.py:480}}
Aug 16 10:20:00 user devstack@keystone.service[44256]: DEBUG keystone.server.flask.request_processing.req_logging [None req-9ffaa537-6cf3-4ca8-a3ca-9d95df7af90a None admin] REQUEST_METHOD: `GET` {{(pid=44256) log_request_info /opt/stack/keystone/keystone/server/flask/request_processing/req_logging.py:27}}
Aug 16 10:20:00 user devstack@keystone.service[44256]: DEBUG keystone.server.flask.request_processing.req_logging [None req-9ffaa537-6cf3-4ca8-a3ca-9d95df7af90a None admin] SCRIPT_NAME: `/identity` {{(pid=44256) log_request_info /opt/stack/keystone/keystone/server/flask/request_processing/req_logging.py:28}}
Aug 16 10:20:00 user devstack@keystone.service[44256]: DEBUG keystone.server.flask.request_processing.req_logging [None req-9ffaa537-6cf3-4ca8-a3ca-9d95df7af90a None admin] PATH_INFO: `/v3/projects/89b49e9e70a042d78e5ca6398de66534` {{(pid=44256) log_request_info /opt/stack/keystone/keystone/server/flask/request_processing/req_logging.py:29}}
Aug 16 10:20:00 user devstack@keystone.service[44256]: DEBUG keystone.common.rbac_enforcer.enforcer [None req-9ffaa537-6cf3-4ca8-a3ca-9d95df7af90a None admin] RBAC: Authorizing `identity:get_project(project_id=89b49e9e70a042d78e5ca6398de66534)` {{(pid=44256) enforce_call /opt/stack/keystone/keystone/common/rbac_enforcer/enforcer.py:449}}
Aug 16 10:20:00 user devstack@keystone.service[44255]: ERROR keystone.server.flask.application [None req-34d49e9d-216b-49a5-ba20-266bc29536e9 None admin] Could not find role: admin.: keystone.exception.RoleNotFound: Could not find role: admin.
Aug 16 10:20:00 user devstack@keystone.service[44255]: ERROR keystone.server.flask.application
Traceback (most recent call last):
Aug 16 10:20:00 user devstack@keystone.service[44255]: ERROR keystone.server.flask.application
File "/opt/stack/data/venv/lib/python3.10/site-packages/flask/app.py", line 1823, in full_dispatch_request
Aug 16 10:20:00 user devstack@keystone.service[44255]: ERROR keystone.server.flask.application rv = self.dispatch_request()
Aug 16 10:20:00 user devstack@keystone.service[44255]: ERROR keystone.server.flask.application
File "/opt/stack/data/venv/lib/python3.10/site-packages/flask/app.py", line 1799, in dispatch_request
Aug 16 10:20:00 user devstack@keystone.service[44255]: ERROR keystone.server.flask.application return self.ensure_sync(self.view_functions[rule.endpoint])(**view_args)
Aug 16 10:20:00 user devstack@keystone.service[44255]: ERROR keystone.server.flask.application
File "/opt/stack/data/venv/lib/python3.10/site-packages/flask_restful/__init__.py", line 467, in wrapper
Aug 16 10:20:00 user devstack@keystone.service[44255]: ERROR keystone.server.flask.application resp = resource(*args, **kwargs)
Aug 16 10:20:00 user devstack@keystone.service[44255]: ERROR keystone.server.flask.application
File "/opt/stack/data/venv/lib/python3.10/site-packages/flask/views.py", line 107, in view
