Jul 27 09:20:20 user devstack@keystone.service[41890]: DEBUG keystone.common.rbac_enforcer.enforcer [None req-ffb57feb-5d57-4790-8b4d-c99888b72657 None admin] RBAC: Authorization granted {{(pid=41890) enforce_call /opt/stack/keystone/keystone/common/rbac_enforcer/enforcer.py:457}}
Jul 27 09:20:20 user devstack@keystone.service[41890]: [pid: 41890|app: 0|req: 23/69] 10.0.0.210 () {56 vars in 1181 bytes} [Thu Jul 27 09:20:20 2023] GET /identity/v3/projects/9e1abd5bc0f446bfbb58258bf621ef9a => generated 297 bytes in 264 msecs (HTTP/1.1 200) 5 headers in 177 bytes (2 switches on core 0)
Jul 27 09:20:20 user devstack@keystone.service[41890]: DEBUG keystone.server.flask.request_processing.req_logging [None req-772b6300-ef92-4112-93e7-317546bc0274 None None] REQUEST_METHOD: `POST` {{(pid=41890) log_request_info /opt/stack/keystone/keystone/server/flask/request_processing/req_logging.py:27}}
Jul 27 09:20:20 user devstack@keystone.service[41890]: DEBUG keystone.server.flask.request_processing.req_logging [None req-772b6300-ef92-4112-93e7-317546bc0274 None None] SCRIPT_NAME: `/identity` {{(pid=41890) log_request_info /opt/stack/keystone/keystone/server/flask/request_processing/req_logging.py:28}}
Jul 27 09:20:20 user devstack@keystone.service[41890]: DEBUG keystone.server.flask.request_processing.req_logging [None req-772b6300-ef92-4112-93e7-317546bc0274 None None] PATH_INFO: `/v3/auth/tokens` {{(pid=41890) log_request_info /opt/stack/keystone/keystone/server/flask/request_processing/req_logging.py:29}}
Jul 27 09:20:20 user devstack@keystone.service[41890]: WARNING keystone.common.password_hashing [None req-772b6300-ef92-4112-93e7-317546bc0274 None None] Truncating password to algorithm specific maximum length 54 characters.
Jul 27 09:20:20 user devstack@keystone.service[41890]: DEBUG keystone.auth.core [None req-772b6300-ef92-4112-93e7-317546bc0274 None None] MFA Rules not processed for user `b9795ec02746416797fe703f290af833`. Rule list: `[]` (Enabled: `True`). {{(pid=41890) check_auth_methods_against_rules /opt/stack/keystone/keystone/auth/core.py:438}}
Jul 27 09:20:20 user devstack@keystone.service[41890]: DEBUG keystone.common.fernet_utils [None req-772b6300-ef92-4112-93e7-317546bc0274 None None] Loaded 2 Fernet keys from /etc/keystone/fernet-keys/, but `[fernet_tokens] max_active_keys = 3`; perhaps there have not been enough key rotations to reach `max_active_keys` yet? {{(pid=41890) load_keys /opt/stack/keystone/keystone/common/fernet_utils.py:286}}
Jul 27 09:20:20 user devstack@keystone.service[41889]: DEBUG keystone.server.flask.request_processing.middleware.auth_context [None req-1818c193-7de2-4aa3-aa5c-968806d33a96 None None] Validating token access rules against request {{(pid=41889) validate_allowed_request /usr/local/lib/python3.10/dist-packages/keystonemiddleware/auth_token/__init__.py:544}}
Jul 27 09:20:20 user devstack@keystone.service[41889]: DEBUG dbcounter [-] [41889] Writing DB stats keystone:SELECT=100 {{(pid=41889) stat_writer /usr/local/lib/python3.10/dist-packages/dbcounter.py:117}}
Jul 27 09:20:20 user devstack@keystone.service[41890]: [pid: 41890|app: 0|req: 24/70] 10.0.0.210 () {58 vars in 1017 bytes} [Thu Jul 27 09:20:20 2023] POST /identity/v3/auth/tokens => generated 798 bytes in 79 msecs (HTTP/1.1 201) 6 headers in 363 bytes (1 switches on core 0)
Jul 27 09:20:20 user devstack@keystone.service[41890]: DEBUG keystone.server.flask.request_processing.middleware.auth_context [None req-772b6300-ef92-4112-93e7-317546bc0274 None None] Authenticating user token {{(pid=41890) process_request /usr/local/lib/python3.10/dist-packages/keystonemiddleware/auth_token/__init__.py:406}}
Jul 27 09:20:20 user devstack@keystone.service[41889]: DEBUG keystone.server.flask.request_processing.middleware.auth_context [None req-ba28fe1a-b2a3-4f38-98ac-8db270d0cbcc None admin] RBAC: auth_context: {'token': , 'domain_id': None, 'trust_id': None, 'trustor_id': None, 'trustee_id': None, 'domain_name': None, 'group_ids': [], 'user_id': 'b9795ec02746416797fe703f290af833', 'user_domain_id': 'default', 'system_scope': 'all', 'project_id': None, 'project_domain_id': None, 'roles': ['admin', 'member', 'reader'], 'is_admin_project': True, 'service_user_id': None, 'service_user_domain_id': None, 'service_project_id': None, 'service_project_domain_id': None, 'service_roles': []} {{(pid=41889) fill_context /opt/stack/keystone/keystone/server/flask/request_processing/middleware/auth_context.py:480}}
Jul 27 09:20:20 user devstack@keystone.service[41889]: DEBUG keystone.server.flask.request_processing.req_logging [None req-ba28fe1a-b2a3-4f38-98ac-8db270d0cbcc None admin] REQUEST_METHOD: `GET` {{(pid=41889) log_request_info /opt/stack/keystone/keystone/server/flask/request_processing/req_logging.py:27}}
Jul 27 09:20:20 user devstack@keystone.service[41889]: DEBUG keystone.server.flask.request_processing.req_logging [None req-ba28fe1a-b2a3-4f38-98ac-8db270d0cbcc None admin] SCRIPT_NAME: `/identity` {{(pid=41889) log_request_info /opt/stack/keystone/keystone/server/flask/request_processing/req_logging.py:28}}
Jul 27 09:20:20 user devstack@keystone.service[41889]: DEBUG keystone.server.flask.request_processing.req_logging [None req-ba28fe1a-b2a3-4f38-98ac-8db270d0cbcc None admin] PATH_INFO: `/v3/roles` {{(pid=41889) log_request_info /opt/stack/keystone/keystone/server/flask/request_processing/req_logging.py:29}}
Jul 27 09:20:20 user devstack@keystone.service[41889]: DEBUG keystone.common.rbac_enforcer.enforcer [None req-ba28fe1a-b2a3-4f38-98ac-8db270d0cbcc None admin] RBAC: Adding query filter params (name=anotherrole) {{(pid=41889) _extract_filter_values /opt/stack/keystone/keystone/common/rbac_enforcer/enforcer.py:167}}
Jul 27 09:20:20 user devstack@keystone.service[41889]: DEBUG keystone.common.rbac_enforcer.enforcer [None req-ba28fe1a-b2a3-4f38-98ac-8db270d0cbcc None admin] RBAC: Authorizing `identity:list_roles()` {{(pid=41889) enforce_call /opt/stack/keystone/keystone/common/rbac_enforcer/enforcer.py:449}}
Jul 27 09:20:20 user devstack@keystone.service[41890]: DEBUG dbcounter [-] [41890] Writing DB stats keystone:SELECT=100 {{(pid=41890) stat_writer /usr/local/lib/python3.10/dist-packages/dbcounter.py:117}}
Jul 27 09:20:20 user devstack@keystone.service[41889]: DEBUG keystone.common.rbac_enforcer.enforcer [None req-ba28fe1a-b2a3-4f38-98ac-8db270d0cbcc None admin] RBAC: Authorization granted {{(pid=41889) enforce_call /opt/stack/keystone/keystone/common/rbac_enforcer/enforcer.py:457}}
Jul 27 09:20:20 user devstack@keystone.service[41889]: [pid: 41889|app: 0|req: 25/71] 10.0.0.210 () {56 vars in 1106 bytes} [Thu Jul 27 09:20:20 2023] GET /identity/v3/roles?name=anotherrole => generated 332 bytes in 248 msecs (HTTP/1.1 200) 5 headers in 177 bytes (2 switches on core 0)
Jul 27 09:20:20 user devstack@keystone.service[41889]: DEBUG keystone.server.flask.request_processing.middleware.auth_context [None req-ba28fe1a-b2a3-4f38-98ac-8db270d0cbcc None admin] Authenticating user token {{(pid=41889) process_request /usr/local/lib/python3.10/dist-packages/keystonemiddleware/auth_token/__init__.py:406}}
Jul 27 09:20:20 user devstack@keystone.service[41891]: [pid: 41891|app: 0|req: 23/72] 10.0.0.210 () {56 vars in 1094 bytes} [Thu Jul 27 09:20:20 2023] GET /identity/v3/roles?name=admin => generated 337 bytes in 410 msecs (HTTP/1.1 200) 5 headers in 177 bytes (1 switches on core 0)
Jul 27 09:20:20 user devstack@keystone.service[41891]: DEBUG keystone.server.flask.request_processing.middleware.auth_context [None req-f19cf1f9-0958-4ab6-95ee-efa63c232702 None admin] Authenticating user token {{(pid=41891) process_request /usr/local/lib/python3.10/dist-packages/keystonemiddleware/auth_token/__init__.py:406}}
Jul 27 09:20:20 user devstack@keystone.service[41891]: DEBUG dbcounter [-] [41891] Writing DB stats keystone:SELECT=100 {{(pid=41891) stat_writer /usr/local/lib/python3.10/dist-packages/dbcounter.py:117}}
Jul 27 09:20:20 user devstack@keystone.service[41890]: DEBUG keystone.server.flask.request_processing.middleware.auth_context [None req-772b6300-ef92-4112-93e7-317546bc0274 None None] Validating token access rules against request {{(pid=41890) validate_allowed_request /usr/local/lib/python3.10/dist-packages/keystonemiddleware/auth_token/__init__.py:544}}
Jul 27 09:20:20 user devstack@keystone.service[41889]: DEBUG keystone.server.flask.request_processing.middleware.auth_context [None req-ba28fe1a-b2a3-4f38-98ac-8db270d0cbcc None admin] Validating token access rules against request {{(pid=41889) validate_allowed_request /usr/local/lib/python3.10/dist-packages/keystonemiddleware/auth_token/__init__.py:544}}
Jul 27 09:20:20 user devstack@keystone.service[41890]: DEBUG keystone.server.flask.request_processing.middleware.auth_context [None req-0a7c7641-f63b-4d77-b960-9c0152f2547d None admin] RBAC: auth_context: {'token': , 'domain_id': None, 'trust_id': None, 'trustor_id': None, 'trustee_id': None, 'domain_name': None, 'group_ids': [], 'user_id': 'b9795ec02746416797fe703f290af833', 'user_domain_id': 'default', 'system_scope': 'all', 'project_id': None, 'project_domain_id': None, 'roles': ['admin', 'member', 'reader'], 'is_admin_project': True, 'service_user_id': None, 'service_user_domain_id': None, 'service_project_id': None, 'service_project_domain_id': None, 'service_roles': []} {{(pid=41890) fill_context /opt/stack/keystone/keystone/server/flask/request_processing/middleware/auth_context.py:480}}
Jul 27 09:20:20 user devstack@keystone.service[41890]: DEBUG keystone.server.flask.request_processing.req_logging [None req-0a7c7641-f63b-4d77-b960-9c0152f2547d None admin] REQUEST_METHOD: `GET` {{(pid=41890) log_request_info /opt/stack/keystone/keystone/server/flask/request_processing/req_logging.py:27}}
Jul 27 09:20:20 user devstack@keystone.service[41889]: DEBUG keystone.server.flask.request_processing.middleware.auth_context [None req-026d3a41-5ef8-4b16-bd10-1d0398618ce0 None admin] RBAC: auth_context: {'token': , 'domain_id': None, 'trust_id': None, 'trustor_id': None, 'trustee_id': None, 'domain_name': None, 'group_ids': [], 'user_id': 'b9795ec02746416797fe703f290af833', 'user_domain_id': 'default', 'system_scope': 'all', 'project_id': None, 'project_domain_id': None, 'roles': ['admin', 'member', 'reader'], 'is_admin_project': True, 'service_user_id': None, 'service_user_domain_id': None, 'service_project_id': None, 'service_project_domain_id': None, 'service_roles': []} {{(pid=41889) fill_context /opt/stack/keystone/keystone/server/flask/request_processing/middleware/auth_context.py:480}}
Jul 27 09:20:20 user devstack@keystone.service[41890]: DEBUG keystone.server.flask.request_processing.req_logging [None req-0a7c7641-f63b-4d77-b960-9c0152f2547d None admin] SCRIPT_NAME: `/identity` {{(pid=41890) log_request_info /opt/stack/keystone/keystone/server/flask/request_processing/req_logging.py:28}}
Jul 27 09:20:20 user devstack@keystone.service[41890]: DEBUG keystone.server.flask.request_processing.req_logging [None req-0a7c7641-f63b-4d77-b960-9c0152f2547d None admin] PATH_INFO: `/v3/roles/member` {{(pid=41890) log_request_info /opt/stack/keystone/keystone/server/flask/request_processing/req_logging.py:29}}
Jul 27 09:20:20 user devstack@keystone.service[41889]: DEBUG keystone.server.flask.request_processing.req_logging [None req-026d3a41-5ef8-4b16-bd10-1d0398618ce0 None admin] REQUEST_METHOD: `PUT` {{(pid=41889) log_request_info /opt/stack/keystone/keystone/server/flask/request_processing/req_logging.py:27}}
Jul 27 09:20:20 user devstack@keystone.service[41889]: DEBUG keystone.server.flask.request_processing.req_logging [None req-026d3a41-5ef8-4b16-bd10-1d0398618ce0 None admin] SCRIPT_NAME: `/identity` {{(pid=41889) log_request_info /opt/stack/keystone/keystone/server/flask/request_processing/req_logging.py:28}}
Jul 27 09:20:20 user devstack@keystone.service[41891]: DEBUG keystone.server.flask.request_processing.middleware.auth_context [None req-f19cf1f9-0958-4ab6-95ee-efa63c232702 None admin] Validating token access rules against request {{(pid=41891) validate_allowed_request /usr/local/lib/python3.10/dist-packages/keystonemiddleware/auth_token/__init__.py:544}}
Jul 27 09:20:20 user devstack@keystone.service[41889]: DEBUG keystone.server.flask.request_processing.req_logging [None req-026d3a41-5ef8-4b16-bd10-1d0398618ce0 None admin] PATH_INFO: `/v3/projects/9e1abd5bc0f446bfbb58258bf621ef9a/users/e8733482b0d6426bb3e9b6f73849b588/roles/3443299ef4b34006baf7fc1f1aa93313` {{(pid=41889) log_request_info /opt/stack/keystone/keystone/server/flask/request_processing/req_logging.py:29}}
Jul 27 09:20:20 user devstack@keystone.service[41889]: DEBUG keystone.common.rbac_enforcer.enforcer [None req-026d3a41-5ef8-4b16-bd10-1d0398618ce0 None admin] RBAC: Authorizing `identity:create_grant(project_id=9e1abd5bc0f446bfbb58258bf621ef9a, user_id=e8733482b0d6426bb3e9b6f73849b588, role_id=3443299ef4b34006baf7fc1f1aa93313)` {{(pid=41889) enforce_call /opt/stack/keystone/keystone/common/rbac_enforcer/enforcer.py:449}}
Jul 27 09:20:20 user devstack@keystone.service[41889]: DEBUG keystone.common.rbac_enforcer.enforcer [None req-026d3a41-5ef8-4b16-bd10-1d0398618ce0 None admin] RBAC: Authorization granted {{(pid=41889) enforce_call /opt/stack/keystone/keystone/common/rbac_enforcer/enforcer.py:457}}
Jul 27 09:20:20 user devstack@keystone.service[41890]: DEBUG keystone.common.rbac_enforcer.enforcer [None req-0a7c7641-f63b-4d77-b960-9c0152f2547d None admin] Extracting inferred target data resulted in "NOT FOUND (404)". {{(pid=41890) enforce_call /opt/stack/keystone/keystone/common/rbac_enforcer/enforcer.py:409}}
Jul 27 09:20:20 user devstack@keystone.service[41889]: [pid: 41889|app: 0|req: 26/73] 10.0.0.210 () {58 vars in 1434 bytes} [Thu Jul 27 09:20:20 2023] PUT /identity/v3/projects/9e1abd5bc0f446bfbb58258bf621ef9a/users/e8733482b0d6426bb3e9b6f73849b588/roles/3443299ef4b34006baf7fc1f1aa93313 => generated 0 bytes in 136 msecs (HTTP/1.1 204) 3 headers in 132 bytes (0 switches on core 0)
Jul 27 09:20:20 user devstack@keystone.service[41889]: DEBUG keystone.server.flask.request_processing.middleware.auth_context [None req-026d3a41-5ef8-4b16-bd10-1d0398618ce0 None admin] Authenticating user token {{(pid=41889) process_request /usr/local/lib/python3.10/dist-packages/keystonemiddleware/auth_token/__init__.py:406}}
Jul 27 09:20:20 user devstack@keystone.service[41890]: ERROR keystone.server.flask.application [None req-0a7c7641-f63b-4d77-b960-9c0152f2547d None admin] Could not find role: member.: keystone.exception.RoleNotFound: Could not find role: member.
Jul 27 09:20:20 user devstack@keystone.service[41890]: ERROR keystone.server.flask.application
Traceback (most recent call last):
Jul 27 09:20:20 user devstack@keystone.service[41890]: ERROR keystone.server.flask.application
File "/usr/local/lib/python3.10/dist-packages/flask/app.py", line 1823, in full_dispatch_request
Jul 27 09:20:20 user devstack@keystone.service[41890]: ERROR keystone.server.flask.application rv = self.dispatch_request()
Jul 27 09:20:20 user devstack@keystone.service[41890]: ERROR keystone.server.flask.application
File "/usr/local/lib/python3.10/dist-packages/flask/app.py", line 1799, in dispatch_request
Jul 27 09:20:20 user devstack@keystone.service[41890]: ERROR keystone.server.flask.application return self.ensure_sync(self.view_functions[rule.endpoint])(**view_args)
Jul 27 09:20:20 user devstack@keystone.service[41890]: ERROR keystone.server.flask.application
File "/usr/local/lib/python3.10/dist-packages/flask_restful/__init__.py", line 467, in wrapper
Jul 27 09:20:20 user devstack@keystone.service[41890]: ERROR keystone.server.flask.application resp = resource(*args, **kwargs)
Jul 27 09:20:20 user devstack@keystone.service[41890]: ERROR keystone.server.flask.application
File "/usr/local/lib/python3.10/dist-packages/flask/views.py", line 107, in view
Jul 27 09:20:20 user devstack@keystone.service[41890]: ERROR keystone.server.flask.application return current_app.ensure_sync(self.dispatch_request)(**kwargs)
Jul 27 09:20:20 user devstack@keystone.service[41890]: ERROR keystone.server.flask.application
File "/usr/local/lib/python3.10/dist-packages/flask_restful/__init__.py", line 582, in dispatch_request
Jul 27 09:20:20 user devstack@keystone.service[41890]: ERROR keystone.server.flask.application resp = meth(*args, **kwargs)
Jul 27 09:20:20 user devstack@keystone.service[41890]: ERROR keystone.server.flask.application
File "/opt/stack/keystone/keystone/api/roles.py", line 50, in get
Jul 27 09:20:20 user devstack@keystone.service[41890]: ERROR keystone.server.flask.application return self._get_role(role_id)
Jul 27 09:20:20 user devstack@keystone.service[41890]: ERROR keystone.server.flask.application
File "/opt/stack/keystone/keystone/api/roles.py", line 70, in _get_role
Jul 27 09:20:20 user devstack@keystone.service[41890]: ERROR keystone.server.flask.application ENFORCER.enforce_call(action='identity:get_role')
Jul 27 09:20:20 user devstack@keystone.service[41890]: ERROR keystone.server.flask.application
File "/opt/stack/keystone/keystone/common/rbac_enforcer/enforcer.py", line 402, in enforce_call
Jul 27 09:20:20 user devstack@keystone.service[41890]: ERROR keystone.server.flask.application policy_dict.update(cls._extract_member_target_data(
Jul 27 09:20:20 user devstack@keystone.service[41890]: ERROR keystone.server.flask.application
File "/opt/stack/keystone/keystone/common/rbac_enforcer/enforcer.py", line 234, in _extract_member_target_data
Jul 27 09:20:20 user devstack@keystone.service[41890]: ERROR keystone.server.flask.application member_name: func(flask.request.view_args[key])
Jul 27 09:20:20 user devstack@keystone.service[41890]: ERROR keystone.server.flask.application
File "/opt/stack/keystone/keystone/common/manager.py", line 115, in wrapped
Jul 27 09:20:20 user devstack@keystone.service[41890]: ERROR keystone.server.flask.application __ret_val = __f(*args, **kwargs)
Jul 27 09:20:20 user devstack@keystone.service[41890]: ERROR keystone.server.flask.application
File "/usr/local/lib/python3.10/dist-packages/decorator.py", line 232, in fun
Jul 27 09:20:20 user devstack@keystone.service[41890]: ERROR keystone.server.flask.application return caller(func, *(extras + args), **kw)
Jul 27 09:20:20 user devstack@keystone.service[41890]: ERROR keystone.server.flask.application
File "/usr/local/lib/python3.10/dist-packages/dogpile/cache/region.py", line 1577, in get_or_create_for_user_func
Jul 27 09:20:20 user devstack@keystone.service[41890]: ERROR keystone.server.flask.application return self.get_or_create(
Jul 27 09:20:20 user devstack@keystone.service[41890]: ERROR keystone.server.flask.application
File "/usr/local/lib/python3.10/dist-packages/dogpile/cache/region.py", line 1042, in get_or_create
Jul 27 09:20:20 user devstack@keystone.service[41890]: ERROR keystone.server.flask.application with Lock(
Jul 27 09:20:20 user devstack@keystone.service[41890]: ERROR keystone.server.flask.application
File "/usr/local/lib/python3.10/dist-packages/dogpile/lock.py", line 185, in __enter__
Jul 27 09:20:20 user devstack@keystone.service[41890]: ERROR keystone.server.flask.application return self._enter()
Jul 27 09:20:20 user devstack@keystone.service[41890]: ERROR keystone.server.flask.application
File "/usr/local/lib/python3.10/dist-packages/dogpile/lock.py", line 94, in _enter
Jul 27 09:20:20 user devstack@keystone.service[41890]: ERROR keystone.server.flask.application generated = self._enter_create(value, createdtime)
Jul 27 09:20:20 user devstack@keystone.service[41890]: ERROR keystone.server.flask.application
File "/usr/local/lib/python3.10/dist-packages/dogpile/lock.py", line 178, in _enter_create
Jul 27 09:20:20 user devstack@keystone.service[41890]: ERROR keystone.server.flask.application return self.creator()
Jul 27 09:20:20 user devstack@keystone.service[41890]: ERROR keystone.server.flask.application
File "/usr/local/lib/python3.10/dist-packages/dogpile/cache/region.py", line 995, in gen_value
Jul 27 09:20:20 user devstack@keystone.service[41890]: ERROR keystone.server.flask.application created_value = creator(
Jul 27 09:20:20 user devstack@keystone.service[41890]: ERROR keystone.server.flask.application
File "/opt/stack/keystone/keystone/assignment/core.py", line 1276, in get_role
Jul 27 09:20:20 user devstack@keystone.service[41890]: ERROR keystone.server.flask.application return self.driver.get_role(role_id)
Jul 27 09:20:20 user devstack@keystone.service[41890]: ERROR keystone.server.flask.application
File "/opt/stack/keystone/keystone/assignment/role_backends/sql.py", line 70, in get_role
Jul 27 09:20:20 user devstack@keystone.service[41890]: ERROR keystone.server.flask.application return self._get_role(session, role_id).to_dict()
Jul 27 09:20:20 user devstack@keystone.service[41890]: ERROR keystone.server.flask.application
File "/opt/stack/keystone/keystone/assignment/role_backends/sql.py", line 65, in _get_role
Jul 27 09:20:20 user devstack@keystone.service[41890]: ERROR keystone.server.flask.application raise exception.RoleNotFound(role_id=role_id)
Jul 27 09:20:20 user devstack@keystone.service[41890]: ERROR keystone.server.flask.application keystone.exception.RoleNotFound: Could not find role: member.
Jul 27 09:20:20 user devstack@keystone.service[41890]: ERROR keystone.server.flask.application
Jul 27 09:20:20 user devstack@keystone.service[41890]: [pid: 41890|app: 0|req: 25/74] 10.0.0.210 () {56 vars in 1094 bytes} [Thu Jul 27 09:20:20 2023] GET /identity/v3/roles/member => generated 84 bytes in 167 msecs (HTTP/1.1 404) 5 headers in 183 bytes (1 switches on core 0)
Jul 27 09:20:20 user devstack@keystone.service[41890]: DEBUG keystone.server.flask.request_processing.middleware.auth_context [None req-0a7c7641-f63b-4d77-b960-9c0152f2547d None admin] Authenticating user token {{(pid=41890) process_request /usr/local/lib/python3.10/dist-packages/keystonemiddleware/auth_token/__init__.py:406}}
Jul 27 09:20:20 user devstack@keystone.service[41891]: DEBUG keystone.server.flask.request_processing.middleware.auth_context [None req-f32ddf8a-1c82-4b08-9da2-eb0bc732253e None admin] RBAC: auth_context: {'token': , 'domain_id': None, 'trust_id': None, 'trustor_id': None, 'trustee_id': None, 'domain_name': None, 'group_ids': [], 'user_id': 'b9795ec02746416797fe703f290af833', 'user_domain_id': 'default', 'system_scope': 'all', 'project_id': None, 'project_domain_id': None, 'roles': ['admin', 'member', 'reader'], 'is_admin_project': True, 'service_user_id': None, 'service_user_domain_id': None, 'service_project_id': None, 'service_project_domain_id': None, 'service_roles': []} {{(pid=41891) fill_context /opt/stack/keystone/keystone/server/flask/request_processing/middleware/auth_context.py:480}}
Jul 27 09:20:20 user devstack@keystone.service[41891]: DEBUG keystone.server.flask.request_processing.req_logging [None req-f32ddf8a-1c82-4b08-9da2-eb0bc732253e None admin] REQUEST_METHOD: `GET` {{(pid=41891) log_request_info /opt/stack/keystone/keystone/server/flask/request_processing/req_logging.py:27}}
Jul 27 09:20:20 user devstack@keystone.service[41891]: DEBUG keystone.server.flask.request_processing.req_logging [None req-f32ddf8a-1c82-4b08-9da2-eb0bc732253e None admin] SCRIPT_NAME: `/identity` {{(pid=41891) log_request_info /opt/stack/keystone/keystone/server/flask/request_processing/req_logging.py:28}}
Jul 27 09:20:20 user devstack@keystone.service[41891]: DEBUG keystone.server.flask.request_processing.req_logging [None req-f32ddf8a-1c82-4b08-9da2-eb0bc732253e None admin] PATH_INFO: `/v3/users/e8733482b0d6426bb3e9b6f73849b588` {{(pid=41891) log_request_info /opt/stack/keystone/keystone/server/flask/request_processing/req_logging.py:29}}
Jul 27 09:20:20 user devstack@keystone.service[41891]: DEBUG keystone.common.rbac_enforcer.enforcer [None req-f32ddf8a-1c82-4b08-9da2-eb0bc732253e None admin] RBAC: Authorizing `identity:get_user(user_id=e8733482b0d6426bb3e9b6f73849b588)` {{(pid=41891) enforce_call /opt/stack/keystone/keystone/common/rbac_enforcer/enforcer.py:449}}
Jul 27 09:20:20 user devstack@keystone.service[41891]: DEBUG keystone.common.rbac_enforcer.enforcer [None req-f32ddf8a-1c82-4b08-9da2-eb0bc732253e None admin] RBAC: Authorization granted {{(pid=41891) enforce_call /opt/stack/keystone/keystone/common/rbac_enforcer/enforcer.py:457}}
Jul 27 09:20:20 user devstack@keystone.service[41891]: [pid: 41891|app: 0|req: 24/75] 10.0.0.210 () {56 vars in 1172 bytes} [Thu Jul 27 09:20:20 2023] GET /identity/v3/users/e8733482b0d6426bb3e9b6f73849b588 => generated 274 bytes in 145 msecs (HTTP/1.1 200) 5 headers in 177 bytes (1 switches on core 0)
Jul 27 09:20:20 user devstack@keystone.service[41891]: DEBUG keystone.server.flask.request_processing.middleware.auth_context [None req-f32ddf8a-1c82-4b08-9da2-eb0bc732253e None admin] Authenticating user token {{(pid=41891) process_request /usr/local/lib/python3.10/dist-packages/keystonemiddleware/auth_token/__init__.py:406}}
Jul 27 09:20:20 user devstack@keystone.service[41889]: DEBUG dbcounter [-] [41889] Writing DB stats keystone:SELECT=99,keystone:INSERT=1 {{(pid=41889) stat_writer /usr/local/lib/python3.10/dist-packages/dbcounter.py:117}}
Jul 27 09:20:20 user devstack@keystone.service[41890]: DEBUG dbcounter [-] [41890] Writing DB stats keystone:SELECT=100 {{(pid=41890) stat_writer /usr/local/lib/python3.10/dist-packages/dbcounter.py:117}}
Jul 27 09:20:20 user devstack@keystone.service[41890]: DEBUG keystone.server.flask.request_processing.middleware.auth_context [None req-0a7c7641-f63b-4d77-b960-9c0152f2547d None admin] Validating token access rules against request {{(pid=41890) validate_allowed_request /usr/local/lib/python3.10/dist-packages/keystonemiddleware/auth_token/__init__.py:544}}
Jul 27 09:20:20 user devstack@keystone.service[41889]: DEBUG keystone.server.flask.request_processing.middleware.auth_context [None req-026d3a41-5ef8-4b16-bd10-1d0398618ce0 None admin] Validating token access rules against request {{(pid=41889) validate_allowed_request /usr/local/lib/python3.10/dist-packages/keystonemiddleware/auth_token/__init__.py:544}}
Jul 27 09:20:20 user devstack@keystone.service[41890]: DEBUG keystone.server.flask.request_processing.middleware.auth_context [None req-65aa16e7-c695-405f-8d8b-858642ec718c None admin] RBAC: auth_context: {'token': , 'domain_id': None, 'trust_id': None, 'trustor_id': None, 'trustee_id': None, 'domain_name': None, 'group_ids': [], 'user_id': 'b9795ec02746416797fe703f290af833', 'user_domain_id': 'default', 'system_scope': 'all', 'project_id': None, 'project_domain_id': None, 'roles': ['admin', 'member', 'reader'], 'is_admin_project': True, 'service_user_id': None, 'service_user_domain_id': None, 'service_project_id': None, 'service_project_domain_id': None, 'service_roles': []} {{(pid=41890) fill_context /opt/stack/keystone/keystone/server/flask/request_processing/middleware/auth_context.py:480}}
Jul 27 09:20:20 user devstack@keystone.service[41890]: DEBUG keystone.server.flask.request_processing.req_logging [None req-65aa16e7-c695-405f-8d8b-858642ec718c None admin] REQUEST_METHOD: `GET` {{(pid=41890) log_request_info /opt/stack/keystone/keystone/server/flask/request_processing/req_logging.py:27}}
Jul 27 09:20:20 user devstack@keystone.service[41890]: DEBUG keystone.server.flask.request_processing.req_logging [None req-65aa16e7-c695-405f-8d8b-858642ec718c None admin] SCRIPT_NAME: `/identity` {{(pid=41890) log_request_info /opt/stack/keystone/keystone/server/flask/request_processing/req_logging.py:28}}
Jul 27 09:20:20 user devstack@keystone.service[41890]: DEBUG keystone.server.flask.request_processing.req_logging [None req-65aa16e7-c695-405f-8d8b-858642ec718c None admin] PATH_INFO: `/v3/roles` {{(pid=41890) log_request_info /opt/stack/keystone/keystone/server/flask/request_processing/req_logging.py:29}}
Jul 27 09:20:20 user devstack@keystone.service[41890]: DEBUG keystone.common.rbac_enforcer.enforcer [None req-65aa16e7-c695-405f-8d8b-858642ec718c None admin] RBAC: Adding query filter params (name=member) {{(pid=41890) _extract_filter_values /opt/stack/keystone/keystone/common/rbac_enforcer/enforcer.py:167}}
Jul 27 09:20:20 user devstack@keystone.service[41890]: DEBUG keystone.common.rbac_enforcer.enforcer [None req-65aa16e7-c695-405f-8d8b-858642ec718c None admin] RBAC: Authorizing `identity:list_roles()` {{(pid=41890) enforce_call /opt/stack/keystone/keystone/common/rbac_enforcer/enforcer.py:449}}
Jul 27 09:20:20 user devstack@keystone.service[41890]: DEBUG keystone.common.rbac_enforcer.enforcer [None req-65aa16e7-c695-405f-8d8b-858642ec718c None admin] RBAC: Authorization granted {{(pid=41890) enforce_call /opt/stack/keystone/keystone/common/rbac_enforcer/enforcer.py:457}}
Jul 27 09:20:20 user devstack@keystone.service[41890]: [pid: 41890|app: 0|req: 26/76] 10.0.0.210 () {56 vars in 1096 bytes} [Thu Jul 27 09:20:20 2023] GET /identity/v3/roles?name=member => generated 339 bytes in 145 msecs (HTTP/1.1 200) 5 headers in 177 bytes (2 switches on core 0)
Jul 27 09:20:20 user devstack@keystone.service[41890]: DEBUG keystone.server.flask.request_processing.middleware.auth_context [None req-65aa16e7-c695-405f-8d8b-858642ec718c None admin] Authenticating user token {{(pid=41890) process_request /usr/local/lib/python3.10/dist-packages/keystonemiddleware/auth_token/__init__.py:406}}
Jul 27 09:20:20 user devstack@keystone.service[41889]: DEBUG keystone.server.flask.request_processing.middleware.auth_context [None req-ef811038-1c78-4f7a-b714-fd38845dc727 None admin] RBAC: auth_context: {'token': , 'domain_id': None, 'trust_id': None, 'trustor_id': None, 'trustee_id': None, 'domain_name': None, 'group_ids': [], 'user_id': 'b9795ec02746416797fe703f290af833', 'user_domain_id': 'default', 'system_scope': 'all', 'project_id': None, 'project_domain_id': None, 'roles': ['admin', 'member', 'reader'], 'is_admin_project': True, 'service_user_id': None, 'service_user_domain_id': None, 'service_project_id': None, 'service_project_domain_id': None, 'service_roles': []} {{(pid=41889) fill_context /opt/stack/keystone/keystone/server/flask/request_processing/middleware/auth_context.py:480}}
Jul 27 09:20:20 user devstack@keystone.service[41889]: DEBUG keystone.server.flask.request_processing.req_logging [None req-ef811038-1c78-4f7a-b714-fd38845dc727 None admin] REQUEST_METHOD: `GET` {{(pid=41889) log_request_info /opt/stack/keystone/keystone/server/flask/request_processing/req_logging.py:27}}
Jul 27 09:20:20 user devstack@keystone.service[41891]: DEBUG keystone.server.flask.request_processing.middleware.auth_context [None req-f32ddf8a-1c82-4b08-9da2-eb0bc732253e None admin] Validating token access rules against request {{(pid=41891) validate_allowed_request /usr/local/lib/python3.10/dist-packages/keystonemiddleware/auth_token/__init__.py:544}}
Jul 27 09:20:20 user devstack@keystone.service[41889]: DEBUG keystone.server.flask.request_processing.req_logging [None req-ef811038-1c78-4f7a-b714-fd38845dc727 None admin] SCRIPT_NAME: `/identity` {{(pid=41889) log_request_info /opt/stack/keystone/keystone/server/flask/request_processing/req_logging.py:28}}
Jul 27 09:20:20 user devstack@keystone.service[41889]: DEBUG keystone.server.flask.request_processing.req_logging [None req-ef811038-1c78-4f7a-b714-fd38845dc727 None admin] PATH_INFO: `/v3/users/b9795ec02746416797fe703f290af833` {{(pid=41889) log_request_info /opt/stack/keystone/keystone/server/flask/request_processing/req_logging.py:29}}
Jul 27 09:20:20 user devstack@keystone.service[41889]: DEBUG keystone.common.rbac_enforcer.enforcer [None req-ef811038-1c78-4f7a-b714-fd38845dc727 None admin] RBAC: Authorizing `identity:get_user(user_id=b9795ec02746416797fe703f290af833)` {{(pid=41889) enforce_call /opt/stack/keystone/keystone/common/rbac_enforcer/enforcer.py:449}}
Jul 27 09:20:20 user devstack@keystone.service[41889]: DEBUG keystone.common.rbac_enforcer.enforcer [None req-ef811038-1c78-4f7a-b714-fd38845dc727 None admin] RBAC: Authorization granted {{(pid=41889) enforce_call /opt/stack/keystone/keystone/common/rbac_enforcer/enforcer.py:457}}
Jul 27 09:20:20 user devstack@keystone.service[41889]: [pid: 41889|app: 0|req: 27/77] 10.0.0.210 () {56 vars in 1172 bytes} [Thu Jul 27 09:20:20 2023] GET /identity/v3/users/b9795ec02746416797fe703f290af833 => generated 246 bytes in 161 msecs (HTTP/1.1 200) 5 headers in 177 bytes (1 switches on core 0)
Jul 27 09:20:20 user devstack@keystone.service[41889]: DEBUG keystone.server.flask.request_processing.middleware.auth_context [None req-ef811038-1c78-4f7a-b714-fd38845dc727 None admin] Authenticating user token {{(pid=41889) process_request /usr/local/lib/python3.10/dist-packages/keystonemiddleware/auth_token/__init__.py:406}}
Jul 27 09:20:20 user devstack@keystone.service[41891]: DEBUG dbcounter [-] [41891] Writing DB stats keystone:SELECT=100 {{(pid=41891) stat_writer /usr/local/lib/python3.10/dist-packages/dbcounter.py:117}}
Jul 27 09:20:20 user devstack@keystone.service[41891]: DEBUG keystone.server.flask.request_processing.middleware.auth_context [None req-0c606e9a-2bf6-441f-90c6-bbf5e91ad4c4 None admin] RBAC: auth_context: {'token': , 'domain_id': None, 'trust_id': None, 'trustor_id': None, 'trustee_id': None, 'domain_name': None, 'group_ids': [], 'user_id': 'b9795ec02746416797fe703f290af833', 'user_domain_id': 'default', 'system_scope': 'all', 'project_id': None, 'project_domain_id': None, 'roles': ['admin', 'member', 'reader'], 'is_admin_project': True, 'service_user_id': None, 'service_user_domain_id': None, 'service_project_id': None, 'service_project_domain_id': None, 'service_roles': []} {{(pid=41891) fill_context /opt/stack/keystone/keystone/server/flask/request_processing/middleware/auth_context.py:480}}
Jul 27 09:20:20 user devstack@keystone.service[41891]: DEBUG keystone.server.flask.request_processing.req_logging [None req-0c606e9a-2bf6-441f-90c6-bbf5e91ad4c4 None admin] REQUEST_METHOD: `GET` {{(pid=41891) log_request_info /opt/stack/keystone/keystone/server/flask/request_processing/req_logging.py:27}}
Jul 27 09:20:20 user devstack@keystone.service[41891]: DEBUG keystone.server.flask.request_processing.req_logging [None req-0c606e9a-2bf6-441f-90c6-bbf5e91ad4c4 None admin] SCRIPT_NAME: `/identity` {{(pid=41891) log_request_info /opt/stack/keystone/keystone/server/flask/request_processing/req_logging.py:28}}
Jul 27 09:20:20 user devstack@keystone.service[41891]: DEBUG keystone.server.flask.request_processing.req_logging [None req-0c606e9a-2bf6-441f-90c6-bbf5e91ad4c4 None admin] PATH_INFO: `/v3/projects/9e1abd5bc0f446bfbb58258bf621ef9a` {{(pid=41891) log_request_info /opt/stack/keystone/keystone/server/flask/request_processing/req_logging.py:29}}
Jul 27 09:20:20 user devstack@keystone.service[41891]: DEBUG keystone.common.rbac_enforcer.enforcer [None req-0c606e9a-2bf6-441f-90c6-bbf5e91ad4c4 None admin] RBAC: Authorizing `identity:get_project(project_id=9e1abd5bc0f446bfbb58258bf621ef9a)` {{(pid=41891) enforce_call /opt/stack/keystone/keystone/common/rbac_enforcer/enforcer.py:449}}
Jul 27 09:20:20 user devstack@keystone.service[41891]: DEBUG keystone.common.rbac_enforcer.enforcer [None req-0c606e9a-2bf6-441f-90c6-bbf5e91ad4c4 None admin] RBAC: Authorization granted {{(pid=41891) enforce_call /opt/stack/keystone/keystone/common/rbac_enforcer/enforcer.py:457}}
Jul 27 09:20:20 user devstack@keystone.service[41891]: [pid: 41891|app: 0|req: 25/78] 10.0.0.210 () {56 vars in 1181 bytes} [Thu Jul 27 09:20:20 2023] GET /identity/v3/projects/9e1abd5bc0f446bfbb58258bf621ef9a => generated 297 bytes in 178 msecs (HTTP/1.1 200) 5 headers in 177 bytes (1 switches on core 0)
Jul 27 09:20:20 user devstack@keystone.service[41891]: DEBUG keystone.server.flask.request_processing.middleware.auth_context [None req-0c606e9a-2bf6-441f-90c6-bbf5e91ad4c4 None admin] Authenticating user token {{(pid=41891) process_request /usr/local/lib/python3.10/dist-packages/keystonemiddleware/auth_token/__init__.py:406}}
Jul 27 09:20:20 user devstack@keystone.service[41890]: DEBUG keystone.server.flask.request_processing.middleware.auth_context [None req-65aa16e7-c695-405f-8d8b-858642ec718c None admin] Validating token access rules against request {{(pid=41890) validate_allowed_request /usr/local/lib/python3.10/dist-packages/keystonemiddleware/auth_token/__init__.py:544}}
Jul 27 09:20:20 user devstack@keystone.service[41889]: DEBUG keystone.server.flask.request_processing.middleware.auth_context [None req-ef811038-1c78-4f7a-b714-fd38845dc727 None admin] Validating token access rules against request {{(pid=41889) validate_allowed_request /usr/local/lib/python3.10/dist-packages/keystonemiddleware/auth_token/__init__.py:544}}
Jul 27 09:20:20 user devstack@keystone.service[41889]: DEBUG dbcounter [-] [41889] Writing DB stats keystone:SELECT=100 {{(pid=41889) stat_writer /usr/local/lib/python3.10/dist-packages/dbcounter.py:117}}
Jul 27 09:20:20 user devstack@keystone.service[41890]: DEBUG keystone.server.flask.request_processing.middleware.auth_context [None req-316b35c4-331f-448a-b197-a65635038182 None admin] RBAC: auth_context: {'token': , 'domain_id': None, 'trust_id': None, 'trustor_id': None, 'trustee_id': None, 'domain_name': None, 'group_ids': [], 'user_id': 'b9795ec02746416797fe703f290af833', 'user_domain_id': 'default', 'system_scope': 'all', 'project_id': None, 'project_domain_id': None, 'roles': ['admin', 'member', 'reader'], 'is_admin_project': True, 'service_user_id': None, 'service_user_domain_id': None, 'service_project_id': None, 'service_project_domain_id': None, 'service_roles': []} {{(pid=41890) fill_context /opt/stack/keystone/keystone/server/flask/request_processing/middleware/auth_context.py:480}}
Jul 27 09:20:20 user devstack@keystone.service[41890]: DEBUG keystone.server.flask.request_processing.req_logging [None req-316b35c4-331f-448a-b197-a65635038182 None admin] REQUEST_METHOD: `GET` {{(pid=41890) log_request_info /opt/stack/keystone/keystone/server/flask/request_processing/req_logging.py:27}}
Jul 27 09:20:20 user devstack@keystone.service[41890]: DEBUG keystone.server.flask.request_processing.req_logging [None req-316b35c4-331f-448a-b197-a65635038182 None admin] SCRIPT_NAME: `/identity` {{(pid=41890) log_request_info /opt/stack/keystone/keystone/server/flask/request_processing/req_logging.py:28}}
Jul 27 09:20:20 user devstack@keystone.service[41890]: DEBUG keystone.server.flask.request_processing.req_logging [None req-316b35c4-331f-448a-b197-a65635038182 None admin] PATH_INFO: `/v3/domains/default` {{(pid=41890) log_request_info /opt/stack/keystone/keystone/server/flask/request_processing/req_logging.py:29}}
Jul 27 09:20:20 user devstack@keystone.service[41890]: DEBUG keystone.common.rbac_enforcer.enforcer [None req-316b35c4-331f-448a-b197-a65635038182 None admin] RBAC: Authorizing `identity:get_domain(domain_id=default)` {{(pid=41890) enforce_call /opt/stack/keystone/keystone/common/rbac_enforcer/enforcer.py:449}}
Jul 27 09:20:20 user devstack@keystone.service[41890]: DEBUG keystone.common.rbac_enforcer.enforcer [None req-316b35c4-331f-448a-b197-a65635038182 None admin] RBAC: Authorization granted {{(pid=41890) enforce_call /opt/stack/keystone/keystone/common/rbac_enforcer/enforcer.py:457}}
Jul 27 09:20:20 user devstack@keystone.service[41890]: [pid: 41890|app: 0|req: 27/79] 10.0.0.210 () {56 vars in 1103 bytes} [Thu Jul 27 09:20:20 2023] GET /identity/v3/domains/default => generated 198 bytes in 130 msecs (HTTP/1.1 200) 5 headers in 177 bytes (1 switches on core 0)
Jul 27 09:20:20 user devstack@keystone.service[41890]: DEBUG keystone.server.flask.request_processing.middleware.auth_context [None req-316b35c4-331f-448a-b197-a65635038182 None admin] Authenticating user token {{(pid=41890) process_request /usr/local/lib/python3.10/dist-packages/keystonemiddleware/auth_token/__init__.py:406}}
Jul 27 09:20:20 user devstack@keystone.service[41890]: DEBUG dbcounter [-] [41890] Writing DB stats keystone:SELECT=100 {{(pid=41890) stat_writer /usr/local/lib/python3.10/dist-packages/dbcounter.py:117}}
Jul 27 09:20:20 user devstack@keystone.service[41889]: DEBUG keystone.server.flask.request_processing.middleware.auth_context [None req-4d5d0e06-7648-447c-846b-90dc93ae675b None admin] RBAC: auth_context: {'token': , 'domain_id': None, 'trust_id': None, 'trustor_id': None, 'trustee_id': None, 'domain_name': None, 'group_ids': [], 'user_id': 'b9795ec02746416797fe703f290af833', 'user_domain_id': 'default', 'system_scope': 'all', 'project_id': None, 'project_domain_id': None, 'roles': ['admin', 'member', 'reader'], 'is_admin_project': True, 'service_user_id': None, 'service_user_domain_id': None, 'service_project_id': None, 'service_project_domain_id': None, 'service_roles': []} {{(pid=41889) fill_context /opt/stack/keystone/keystone/server/flask/request_processing/middleware/auth_context.py:480}}
Jul 27 09:20:20 user devstack@keystone.service[41889]: DEBUG keystone.server.flask.request_processing.req_logging [None req-4d5d0e06-7648-447c-846b-90dc93ae675b None admin] REQUEST_METHOD: `GET` {{(pid=41889) log_request_info /opt/stack/keystone/keystone/server/flask/request_processing/req_logging.py:27}}
Jul 27 09:20:20 user devstack@keystone.service[41889]: DEBUG keystone.server.flask.request_processing.req_logging [None req-4d5d0e06-7648-447c-846b-90dc93ae675b None admin] SCRIPT_NAME: `/identity` {{(pid=41889) log_request_info /opt/stack/keystone/keystone/server/flask/request_processing/req_logging.py:28}}
Jul 27 09:20:20 user devstack@keystone.service[41889]: DEBUG keystone.server.flask.request_processing.req_logging [None req-4d5d0e06-7648-447c-846b-90dc93ae675b None admin] PATH_INFO: `/v3/users/e8733482b0d6426bb3e9b6f73849b588` {{(pid=41889) log_request_info /opt/stack/keystone/keystone/server/flask/request_processing/req_logging.py:29}}
Jul 27 09:20:20 user devstack@keystone.service[41889]: DEBUG keystone.common.rbac_enforcer.enforcer [None req-4d5d0e06-7648-447c-846b-90dc93ae675b None admin] RBAC: Authorizing `identity:get_user(user_id=e8733482b0d6426bb3e9b6f73849b588)` {{(pid=41889) enforce_call /opt/stack/keystone/keystone/common/rbac_enforcer/enforcer.py:449}}
Jul 27 09:20:20 user devstack@keystone.service[41891]: DEBUG keystone.server.flask.request_processing.middleware.auth_context [None req-0c606e9a-2bf6-441f-90c6-bbf5e91ad4c4 None admin] Validating token access rules against request {{(pid=41891) validate_allowed_request /usr/local/lib/python3.10/dist-packages/keystonemiddleware/auth_token/__init__.py:544}}
Jul 27 09:20:20 user devstack@keystone.service[41889]: DEBUG keystone.common.rbac_enforcer.enforcer [None req-4d5d0e06-7648-447c-846b-90dc93ae675b None admin] RBAC: Authorization granted {{(pid=41889) enforce_call /opt/stack/keystone/keystone/common/rbac_enforcer/enforcer.py:457}}
Jul 27 09:20:20 user devstack@keystone.service[41889]: [pid: 41889|app: 0|req: 28/80] 10.0.0.210 () {56 vars in 1172 bytes} [Thu Jul 27 09:20:20 2023] GET /identity/v3/users/e8733482b0d6426bb3e9b6f73849b588 => generated 274 bytes in 147 msecs (HTTP/1.1 200) 5 headers in 177 bytes (1 switches on core 0)
Jul 27 09:20:20 user devstack@keystone.service[41889]: DEBUG keystone.server.flask.request_processing.middleware.auth_context [None req-4d5d0e06-7648-447c-846b-90dc93ae675b None admin] Authenticating user token {{(pid=41889) process_request /usr/local/lib/python3.10/dist-packages/keystonemiddleware/auth_token/__init__.py:406}}
Jul 27 09:20:20 user devstack@keystone.service[41891]: DEBUG keystone.server.flask.request_processing.middleware.auth_context [None req-9429de68-ec8d-4e73-a3e4-e5e0c8830140 None admin] RBAC: auth_context: {'token': , 'domain_id': None, 'trust_id': None, 'trustor_id': None, 'trustee_id': None, 'domain_name': None, 'group_ids': [], 'user_id': 'b9795ec02746416797fe703f290af833', 'user_domain_id': 'default', 'system_scope': 'all', 'project_id': None, 'project_domain_id': None, 'roles': ['admin', 'member', 'reader'], 'is_admin_project': True, 'service_user_id': None, 'service_user_domain_id': None, 'service_project_id': None, 'service_project_domain_id': None, 'service_roles': []} {{(pid=41891) fill_context /opt/stack/keystone/keystone/server/flask/request_processing/middleware/auth_context.py:480}}
Jul 27 09:20:20 user devstack@keystone.service[41891]: DEBUG keystone.server.flask.request_processing.req_logging [None req-9429de68-ec8d-4e73-a3e4-e5e0c8830140 None admin] REQUEST_METHOD: `GET` {{(pid=41891) log_request_info /opt/stack/keystone/keystone/server/flask/request_processing/req_logging.py:27}}
Jul 27 09:20:20 user devstack@keystone.service[41891]: DEBUG keystone.server.flask.request_processing.req_logging [None req-9429de68-ec8d-4e73-a3e4-e5e0c8830140 None admin] SCRIPT_NAME: `/identity` {{(pid=41891) log_request_info /opt/stack/keystone/keystone/server/flask/request_processing/req_logging.py:28}}
Jul 27 09:20:20 user devstack@keystone.service[41891]: DEBUG keystone.server.flask.request_processing.req_logging [None req-9429de68-ec8d-4e73-a3e4-e5e0c8830140 None admin] PATH_INFO: `/v3/projects/9e1abd5bc0f446bfbb58258bf621ef9a` {{(pid=41891) log_request_info /opt/stack/keystone/keystone/server/flask/request_processing/req_logging.py:29}}
Jul 27 09:20:20 user devstack@keystone.service[41891]: DEBUG keystone.common.rbac_enforcer.enforcer [None req-9429de68-ec8d-4e73-a3e4-e5e0c8830140 None admin] RBAC: Authorizing `identity:get_project(project_id=9e1abd5bc0f446bfbb58258bf621ef9a)` {{(pid=41891) enforce_call /opt/stack/keystone/keystone/common/rbac_enforcer/enforcer.py:449}}
Jul 27 09:20:20 user devstack@keystone.service[41891]: DEBUG keystone.common.rbac_enforcer.enforcer [None req-9429de68-ec8d-4e73-a3e4-e5e0c8830140 None admin] RBAC: Authorization granted {{(pid=41891) enforce_call /opt/stack/keystone/keystone/common/rbac_enforcer/enforcer.py:457}}
Jul 27 09:20:20 user devstack@keystone.service[41891]: [pid: 41891|app: 0|req: 26/81] 10.0.0.210 () {56 vars in 1181 bytes} [Thu Jul 27 09:20:20 2023] GET /identity/v3/projects/9e1abd5bc0f446bfbb58258bf621ef9a => generated 297 bytes in 124 msecs (HTTP/1.1 200) 5 headers in 177 bytes (1 switches on core 0)
Jul 27 09:20:20 user devstack@keystone.service[41891]: DEBUG keystone.server.flask.request_processing.middleware.auth_context [None req-9429de68-ec8d-4e73-a3e4-e5e0c8830140 None admin] Authenticating user token {{(pid=41891) process_request /usr/local/lib/python3.10/dist-packages/keystonemiddleware/auth_token/__init__.py:406}}
Jul 27 09:20:21 user devstack@keystone.service[41890]: DEBUG keystone.server.flask.request_processing.middleware.auth_context [None req-316b35c4-331f-448a-b197-a65635038182 None admin] Validating token access rules against request {{(pid=41890) validate_allowed_request /usr/local/lib/python3.10/dist-packages/keystonemiddleware/auth_token/__init__.py:544}}
Jul 27 09:20:21 user devstack@keystone.service[41891]: DEBUG dbcounter [-] [41891] Writing DB stats keystone:SELECT=100 {{(pid=41891) stat_writer /usr/local/lib/python3.10/dist-packages/dbcounter.py:117}}
Jul 27 09:20:21 user devstack@keystone.service[41889]: DEBUG keystone.server.flask.request_processing.middleware.auth_context [None req-4d5d0e06-7648-447c-846b-90dc93ae675b None admin] Validating token access rules against request {{(pid=41889) validate_allowed_request /usr/local/lib/python3.10/dist-packages/keystonemiddleware/auth_token/__init__.py:544}}
Jul 27 09:20:21 user devstack@keystone.service[41890]: DEBUG keystone.server.flask.request_processing.middleware.auth_context [None req-380c3ea8-65d6-46c8-ae59-6b6569df921d None admin] RBAC: auth_context: {'token': , 'domain_id': None, 'trust_id': None, 'trustor_id': None, 'trustee_id': None, 'domain_name': None, 'group_ids': [], 'user_id': 'b9795ec02746416797fe703f290af833', 'user_domain_id': 'default', 'system_scope': 'all', 'project_id': None, 'project_domain_id': None, 'roles': ['admin', 'member', 'reader'], 'is_admin_project': True, 'service_user_id': None, 'service_user_domain_id': None, 'service_project_id': None, 'service_project_domain_id': None, 'service_roles': []} {{(pid=41890) fill_context /opt/stack/keystone/keystone/server/flask/request_processing/middleware/auth_context.py:480}}
Jul 27 09:20:21 user devstack@keystone.service[41890]: DEBUG keystone.server.flask.request_processing.req_logging [None req-380c3ea8-65d6-46c8-ae59-6b6569df921d None admin] REQUEST_METHOD: `PUT` {{(pid=41890) log_request_info /opt/stack/keystone/keystone/server/flask/request_processing/req_logging.py:27}}
Jul 27 09:20:21 user devstack@keystone.service[41890]: DEBUG keystone.server.flask.request_processing.req_logging [None req-380c3ea8-65d6-46c8-ae59-6b6569df921d None admin] SCRIPT_NAME: `/identity` {{(pid=41890) log_request_info /opt/stack/keystone/keystone/server/flask/request_processing/req_logging.py:28}}
Jul 27 09:20:21 user devstack@keystone.service[41890]: DEBUG keystone.server.flask.request_processing.req_logging [None req-380c3ea8-65d6-46c8-ae59-6b6569df921d None admin] PATH_INFO: `/v3/projects/9e1abd5bc0f446bfbb58258bf621ef9a/users/e8733482b0d6426bb3e9b6f73849b588/roles/cb94a629116f453da4a3cfde514fd485` {{(pid=41890) log_request_info /opt/stack/keystone/keystone/server/flask/request_processing/req_logging.py:29}}
Jul 27 09:20:21 user devstack@keystone.service[41890]: DEBUG keystone.common.rbac_enforcer.enforcer [None req-380c3ea8-65d6-46c8-ae59-6b6569df921d None admin] RBAC: Authorizing `identity:create_grant(project_id=9e1abd5bc0f446bfbb58258bf621ef9a, user_id=e8733482b0d6426bb3e9b6f73849b588, role_id=cb94a629116f453da4a3cfde514fd485)` {{(pid=41890) enforce_call /opt/stack/keystone/keystone/common/rbac_enforcer/enforcer.py:449}}
Jul 27 09:20:21 user devstack@keystone.service[41890]: DEBUG keystone.common.rbac_enforcer.enforcer [None req-380c3ea8-65d6-46c8-ae59-6b6569df921d None admin] RBAC: Authorization granted {{(pid=41890) enforce_call /opt/stack/keystone/keystone/common/rbac_enforcer/enforcer.py:457}}
