Jul 27 12:28:05 user devstack@keystone.service[42743]: ERROR keystone.server.flask.application resp = resource(*args, **kwargs)
Jul 27 12:28:05 user devstack@keystone.service[42743]: ERROR keystone.server.flask.application
File "/usr/local/lib/python3.10/dist-packages/flask/views.py", line 107, in view
Jul 27 12:28:05 user devstack@keystone.service[42743]: ERROR keystone.server.flask.application return current_app.ensure_sync(self.dispatch_request)(**kwargs)
Jul 27 12:28:05 user devstack@keystone.service[42743]: ERROR keystone.server.flask.application
File "/usr/local/lib/python3.10/dist-packages/flask_restful/__init__.py", line 582, in dispatch_request
Jul 27 12:28:05 user devstack@keystone.service[42743]: ERROR keystone.server.flask.application resp = meth(*args, **kwargs)
Jul 27 12:28:05 user devstack@keystone.service[42743]: ERROR keystone.server.flask.application
File "/opt/stack/keystone/keystone/api/roles.py", line 50, in get
Jul 27 12:28:05 user devstack@keystone.service[42743]: ERROR keystone.server.flask.application return self._get_role(role_id)
Jul 27 12:28:05 user devstack@keystone.service[42743]: ERROR keystone.server.flask.application
File "/opt/stack/keystone/keystone/api/roles.py", line 70, in _get_role
Jul 27 12:28:05 user devstack@keystone.service[42743]: ERROR keystone.server.flask.application ENFORCER.enforce_call(action='identity:get_role')
Jul 27 12:28:05 user devstack@keystone.service[42743]: ERROR keystone.server.flask.application
File "/opt/stack/keystone/keystone/common/rbac_enforcer/enforcer.py", line 402, in enforce_call
Jul 27 12:28:05 user devstack@keystone.service[42743]: ERROR keystone.server.flask.application policy_dict.update(cls._extract_member_target_data(
Jul 27 12:28:05 user devstack@keystone.service[42743]: ERROR keystone.server.flask.application
File "/opt/stack/keystone/keystone/common/rbac_enforcer/enforcer.py", line 234, in _extract_member_target_data
Jul 27 12:28:05 user devstack@keystone.service[42743]: ERROR keystone.server.flask.application member_name: func(flask.request.view_args[key])
Jul 27 12:28:05 user devstack@keystone.service[42743]: ERROR keystone.server.flask.application
File "/opt/stack/keystone/keystone/common/manager.py", line 115, in wrapped
Jul 27 12:28:05 user devstack@keystone.service[42743]: ERROR keystone.server.flask.application __ret_val = __f(*args, **kwargs)
Jul 27 12:28:05 user devstack@keystone.service[42743]: ERROR keystone.server.flask.application
File "/usr/local/lib/python3.10/dist-packages/decorator.py", line 232, in fun
Jul 27 12:28:05 user devstack@keystone.service[42743]: ERROR keystone.server.flask.application return caller(func, *(extras + args), **kw)
Jul 27 12:28:05 user devstack@keystone.service[42743]: ERROR keystone.server.flask.application
File "/usr/local/lib/python3.10/dist-packages/dogpile/cache/region.py", line 1577, in get_or_create_for_user_func
Jul 27 12:28:05 user devstack@keystone.service[42743]: ERROR keystone.server.flask.application return self.get_or_create(
Jul 27 12:28:05 user devstack@keystone.service[42743]: ERROR keystone.server.flask.application
File "/usr/local/lib/python3.10/dist-packages/dogpile/cache/region.py", line 1042, in get_or_create
Jul 27 12:28:05 user devstack@keystone.service[42743]: ERROR keystone.server.flask.application with Lock(
Jul 27 12:28:05 user devstack@keystone.service[42743]: ERROR keystone.server.flask.application
File "/usr/local/lib/python3.10/dist-packages/dogpile/lock.py", line 185, in __enter__
Jul 27 12:28:05 user devstack@keystone.service[42743]: ERROR keystone.server.flask.application return self._enter()
Jul 27 12:28:05 user devstack@keystone.service[42743]: ERROR keystone.server.flask.application
File "/usr/local/lib/python3.10/dist-packages/dogpile/lock.py", line 94, in _enter
Jul 27 12:28:05 user devstack@keystone.service[42743]: ERROR keystone.server.flask.application generated = self._enter_create(value, createdtime)
Jul 27 12:28:05 user devstack@keystone.service[42743]: ERROR keystone.server.flask.application
File "/usr/local/lib/python3.10/dist-packages/dogpile/lock.py", line 178, in _enter_create
Jul 27 12:28:05 user devstack@keystone.service[42743]: ERROR keystone.server.flask.application return self.creator()
Jul 27 12:28:05 user devstack@keystone.service[42743]: ERROR keystone.server.flask.application
File "/usr/local/lib/python3.10/dist-packages/dogpile/cache/region.py", line 995, in gen_value
Jul 27 12:28:05 user devstack@keystone.service[42743]: ERROR keystone.server.flask.application created_value = creator(
Jul 27 12:28:05 user devstack@keystone.service[42743]: ERROR keystone.server.flask.application
File "/opt/stack/keystone/keystone/assignment/core.py", line 1276, in get_role
Jul 27 12:28:05 user devstack@keystone.service[42743]: ERROR keystone.server.flask.application return self.driver.get_role(role_id)
Jul 27 12:28:05 user devstack@keystone.service[42743]: ERROR keystone.server.flask.application
File "/opt/stack/keystone/keystone/assignment/role_backends/sql.py", line 70, in get_role
Jul 27 12:28:05 user devstack@keystone.service[42743]: ERROR keystone.server.flask.application return self._get_role(session, role_id).to_dict()
Jul 27 12:28:05 user devstack@keystone.service[42743]: ERROR keystone.server.flask.application
File "/opt/stack/keystone/keystone/assignment/role_backends/sql.py", line 65, in _get_role
Jul 27 12:28:05 user devstack@keystone.service[42743]: ERROR keystone.server.flask.application raise exception.RoleNotFound(role_id=role_id)
Jul 27 12:28:05 user devstack@keystone.service[42743]: ERROR keystone.server.flask.application keystone.exception.RoleNotFound: Could not find role: anotherrole.
Jul 27 12:28:05 user devstack@keystone.service[42743]: ERROR keystone.server.flask.application
Jul 27 12:28:05 user devstack@keystone.service[42743]: [pid: 42743|app: 0|req: 108/317] 10.0.0.210 () {56 vars in 1109 bytes} [Thu Jul 27 12:28:05 2023] GET /identity/v3/roles/anotherrole => generated 89 bytes in 149 msecs (HTTP/1.1 404) 5 headers in 183 bytes (1 switches on core 0)
Jul 27 12:28:05 user devstack@keystone.service[42743]: DEBUG keystone.server.flask.request_processing.middleware.auth_context [None req-5e3e8da4-ff02-4417-a898-a7d8f0c969ce None admin] Authenticating user token {{(pid=42743) process_request /usr/local/lib/python3.10/dist-packages/keystonemiddleware/auth_token/__init__.py:406}}
Jul 27 12:28:05 user devstack@keystone.service[42744]: DEBUG keystone.server.flask.request_processing.middleware.auth_context [None req-803cc0f2-400a-4499-81ab-78e45752df7a None admin] RBAC: auth_context: {'token': , 'domain_id': None, 'trust_id': None, 'trustor_id': None, 'trustee_id': None, 'domain_name': None, 'group_ids': [], 'user_id': '7349f823b8f147e88a76e1d970c28291', 'user_domain_id': 'default', 'system_scope': 'all', 'project_id': None, 'project_domain_id': None, 'roles': ['admin', 'member', 'reader'], 'is_admin_project': True, 'service_user_id': None, 'service_user_domain_id': None, 'service_project_id': None, 'service_project_domain_id': None, 'service_roles': []} {{(pid=42744) fill_context /opt/stack/keystone/keystone/server/flask/request_processing/middleware/auth_context.py:480}}
Jul 27 12:28:05 user devstack@keystone.service[42744]: DEBUG keystone.server.flask.request_processing.req_logging [None req-803cc0f2-400a-4499-81ab-78e45752df7a None admin] REQUEST_METHOD: `GET` {{(pid=42744) log_request_info /opt/stack/keystone/keystone/server/flask/request_processing/req_logging.py:27}}
Jul 27 12:28:05 user devstack@keystone.service[42744]: DEBUG keystone.server.flask.request_processing.req_logging [None req-803cc0f2-400a-4499-81ab-78e45752df7a None admin] SCRIPT_NAME: `/identity` {{(pid=42744) log_request_info /opt/stack/keystone/keystone/server/flask/request_processing/req_logging.py:28}}
Jul 27 12:28:05 user devstack@keystone.service[42744]: DEBUG keystone.server.flask.request_processing.req_logging [None req-803cc0f2-400a-4499-81ab-78e45752df7a None admin] PATH_INFO: `/v3/auth/tokens` {{(pid=42744) log_request_info /opt/stack/keystone/keystone/server/flask/request_processing/req_logging.py:29}}
Jul 27 12:28:05 user devstack@keystone.service[42745]: DEBUG keystone.server.flask.request_processing.middleware.auth_context [None req-74f54e01-1bc5-44f7-bdeb-1864f49a4376 None admin] Validating token access rules against request {{(pid=42745) validate_allowed_request /usr/local/lib/python3.10/dist-packages/keystonemiddleware/auth_token/__init__.py:544}}
Jul 27 12:28:05 user devstack@keystone.service[42744]: DEBUG keystone.common.rbac_enforcer.enforcer [None req-803cc0f2-400a-4499-81ab-78e45752df7a None admin] RBAC: Authorizing `identity:validate_token()` {{(pid=42744) enforce_call /opt/stack/keystone/keystone/common/rbac_enforcer/enforcer.py:449}}
Jul 27 12:28:05 user devstack@keystone.service[42744]: DEBUG keystone.common.rbac_enforcer.enforcer [None req-803cc0f2-400a-4499-81ab-78e45752df7a None admin] RBAC: Authorization granted {{(pid=42744) enforce_call /opt/stack/keystone/keystone/common/rbac_enforcer/enforcer.py:457}}
Jul 27 12:28:05 user devstack@keystone.service[42745]: DEBUG keystone.server.flask.request_processing.middleware.auth_context [None req-4d675dd0-6d99-4d31-86d6-488affb6b5ad None admin] RBAC: auth_context: {'token': , 'domain_id': None, 'trust_id': None, 'trustor_id': None, 'trustee_id': None, 'domain_name': None, 'group_ids': [], 'user_id': '7349f823b8f147e88a76e1d970c28291', 'user_domain_id': 'default', 'system_scope': 'all', 'project_id': None, 'project_domain_id': None, 'roles': ['admin', 'member', 'reader'], 'is_admin_project': True, 'service_user_id': None, 'service_user_domain_id': None, 'service_project_id': None, 'service_project_domain_id': None, 'service_roles': []} {{(pid=42745) fill_context /opt/stack/keystone/keystone/server/flask/request_processing/middleware/auth_context.py:480}}
Jul 27 12:28:05 user devstack@keystone.service[42745]: DEBUG keystone.server.flask.request_processing.req_logging [None req-4d675dd0-6d99-4d31-86d6-488affb6b5ad None admin] REQUEST_METHOD: `GET` {{(pid=42745) log_request_info /opt/stack/keystone/keystone/server/flask/request_processing/req_logging.py:27}}
Jul 27 12:28:05 user devstack@keystone.service[42745]: DEBUG keystone.server.flask.request_processing.req_logging [None req-4d675dd0-6d99-4d31-86d6-488affb6b5ad None admin] SCRIPT_NAME: `/identity` {{(pid=42745) log_request_info /opt/stack/keystone/keystone/server/flask/request_processing/req_logging.py:28}}
Jul 27 12:28:05 user devstack@keystone.service[42745]: DEBUG keystone.server.flask.request_processing.req_logging [None req-4d675dd0-6d99-4d31-86d6-488affb6b5ad None admin] PATH_INFO: `/v3/projects/ee9994253ca04191b088c33b11888440` {{(pid=42745) log_request_info /opt/stack/keystone/keystone/server/flask/request_processing/req_logging.py:29}}
Jul 27 12:28:05 user devstack@keystone.service[42745]: DEBUG keystone.common.rbac_enforcer.enforcer [None req-4d675dd0-6d99-4d31-86d6-488affb6b5ad None admin] RBAC: Authorizing `identity:get_project(project_id=ee9994253ca04191b088c33b11888440)` {{(pid=42745) enforce_call /opt/stack/keystone/keystone/common/rbac_enforcer/enforcer.py:449}}
Jul 27 12:28:05 user devstack@keystone.service[42745]: DEBUG keystone.common.rbac_enforcer.enforcer [None req-4d675dd0-6d99-4d31-86d6-488affb6b5ad None admin] RBAC: Authorization granted {{(pid=42745) enforce_call /opt/stack/keystone/keystone/common/rbac_enforcer/enforcer.py:457}}
Jul 27 12:28:05 user devstack@keystone.service[42745]: [pid: 42745|app: 0|req: 112/318] 10.0.0.210 () {56 vars in 1181 bytes} [Thu Jul 27 12:28:05 2023] GET /identity/v3/projects/ee9994253ca04191b088c33b11888440 => generated 301 bytes in 122 msecs (HTTP/1.1 200) 5 headers in 177 bytes (1 switches on core 0)
Jul 27 12:28:05 user devstack@keystone.service[42745]: DEBUG keystone.server.flask.request_processing.middleware.auth_context [None req-4d675dd0-6d99-4d31-86d6-488affb6b5ad None admin] Authenticating user token {{(pid=42745) process_request /usr/local/lib/python3.10/dist-packages/keystonemiddleware/auth_token/__init__.py:406}}
Jul 27 12:28:05 user devstack@keystone.service[42743]: DEBUG keystone.server.flask.request_processing.middleware.auth_context [None req-5e3e8da4-ff02-4417-a898-a7d8f0c969ce None admin] Validating token access rules against request {{(pid=42743) validate_allowed_request /usr/local/lib/python3.10/dist-packages/keystonemiddleware/auth_token/__init__.py:544}}
Jul 27 12:28:05 user devstack@keystone.service[42743]: DEBUG dbcounter [-] [42743] Writing DB stats keystone:SELECT=100 {{(pid=42743) stat_writer /usr/local/lib/python3.10/dist-packages/dbcounter.py:117}}
Jul 27 12:28:06 user devstack@keystone.service[42743]: DEBUG keystone.server.flask.request_processing.middleware.auth_context [None req-8d0ff078-8123-4972-b26b-7caf2471a65a None admin] RBAC: auth_context: {'token': , 'domain_id': None, 'trust_id': None, 'trustor_id': None, 'trustee_id': None, 'domain_name': None, 'group_ids': [], 'user_id': '7349f823b8f147e88a76e1d970c28291', 'user_domain_id': 'default', 'system_scope': 'all', 'project_id': None, 'project_domain_id': None, 'roles': ['admin', 'member', 'reader'], 'is_admin_project': True, 'service_user_id': None, 'service_user_domain_id': None, 'service_project_id': None, 'service_project_domain_id': None, 'service_roles': []} {{(pid=42743) fill_context /opt/stack/keystone/keystone/server/flask/request_processing/middleware/auth_context.py:480}}
Jul 27 12:28:06 user devstack@keystone.service[42743]: DEBUG keystone.server.flask.request_processing.req_logging [None req-8d0ff078-8123-4972-b26b-7caf2471a65a None admin] REQUEST_METHOD: `GET` {{(pid=42743) log_request_info /opt/stack/keystone/keystone/server/flask/request_processing/req_logging.py:27}}
Jul 27 12:28:06 user devstack@keystone.service[42743]: DEBUG keystone.server.flask.request_processing.req_logging [None req-8d0ff078-8123-4972-b26b-7caf2471a65a None admin] SCRIPT_NAME: `/identity` {{(pid=42743) log_request_info /opt/stack/keystone/keystone/server/flask/request_processing/req_logging.py:28}}
Jul 27 12:28:06 user devstack@keystone.service[42743]: DEBUG keystone.server.flask.request_processing.req_logging [None req-8d0ff078-8123-4972-b26b-7caf2471a65a None admin] PATH_INFO: `/v3/role_assignments` {{(pid=42743) log_request_info /opt/stack/keystone/keystone/server/flask/request_processing/req_logging.py:29}}
Jul 27 12:28:06 user devstack@keystone.service[42745]: DEBUG dbcounter [-] [42745] Writing DB stats keystone:SELECT=100 {{(pid=42745) stat_writer /usr/local/lib/python3.10/dist-packages/dbcounter.py:117}}
Jul 27 12:28:06 user devstack@keystone.service[42743]: DEBUG keystone.common.rbac_enforcer.enforcer [None req-8d0ff078-8123-4972-b26b-7caf2471a65a None admin] RBAC: Adding query filter params (group.id=b23a88447622473d9677a4a313491065, role.id=85fb6e6c2e13497a8cbedeabda608b0c, scope.project.id=6a199471a91b42c181ace0a82e6e51a9) {{(pid=42743) _extract_filter_values /opt/stack/keystone/keystone/common/rbac_enforcer/enforcer.py:167}}
Jul 27 12:28:06 user devstack@keystone.service[42743]: DEBUG keystone.common.rbac_enforcer.enforcer [None req-8d0ff078-8123-4972-b26b-7caf2471a65a None admin] RBAC: Authorizing `identity:list_role_assignments()` {{(pid=42743) enforce_call /opt/stack/keystone/keystone/common/rbac_enforcer/enforcer.py:449}}
Jul 27 12:28:06 user devstack@keystone.service[42743]: DEBUG keystone.common.rbac_enforcer.enforcer [None req-8d0ff078-8123-4972-b26b-7caf2471a65a None admin] RBAC: Authorization granted {{(pid=42743) enforce_call /opt/stack/keystone/keystone/common/rbac_enforcer/enforcer.py:457}}
Jul 27 12:28:06 user devstack@keystone.service[42743]: [pid: 42743|app: 0|req: 109/319] 10.0.0.210 () {56 vars in 1371 bytes} [Thu Jul 27 12:28:05 2023] GET /identity/v3/role_assignments?group.id=b23a88447622473d9677a4a313491065&scope.project.id=6a199471a91b42c181ace0a82e6e51a9&role.id=85fb6e6c2e13497a8cbedeabda608b0c => generated 609 bytes in 132 msecs (HTTP/1.1 200) 5 headers in 177 bytes (1 switches on core 0)
Jul 27 12:28:06 user devstack@keystone.service[42743]: DEBUG keystone.server.flask.request_processing.middleware.auth_context [None req-8d0ff078-8123-4972-b26b-7caf2471a65a None admin] Authenticating user token {{(pid=42743) process_request /usr/local/lib/python3.10/dist-packages/keystonemiddleware/auth_token/__init__.py:406}}
Jul 27 12:28:06 user devstack@keystone.service[42744]: DEBUG dbcounter [-] [42744] Writing DB stats keystone:SELECT=100 {{(pid=42744) stat_writer /usr/local/lib/python3.10/dist-packages/dbcounter.py:117}}
Jul 27 12:28:06 user devstack@keystone.service[42744]: [pid: 42744|app: 0|req: 99/320] 10.0.0.210 () {58 vars in 1277 bytes} [Thu Jul 27 12:28:05 2023] GET /identity/v3/auth/tokens => generated 798 bytes in 260 msecs (HTTP/1.1 200) 6 headers in 358 bytes (1 switches on core 0)
Jul 27 12:28:06 user devstack@keystone.service[42744]: DEBUG keystone.server.flask.request_processing.middleware.auth_context [None req-803cc0f2-400a-4499-81ab-78e45752df7a None admin] Authenticating user token {{(pid=42744) process_request /usr/local/lib/python3.10/dist-packages/keystonemiddleware/auth_token/__init__.py:406}}
Jul 27 12:28:06 user devstack@keystone.service[42745]: DEBUG keystone.server.flask.request_processing.middleware.auth_context [None req-4d675dd0-6d99-4d31-86d6-488affb6b5ad None admin] Validating token access rules against request {{(pid=42745) validate_allowed_request /usr/local/lib/python3.10/dist-packages/keystonemiddleware/auth_token/__init__.py:544}}
Jul 27 12:28:06 user devstack@keystone.service[42745]: DEBUG keystone.server.flask.request_processing.middleware.auth_context [None req-8bcc4770-2ed9-47d2-9389-6f52e26e0214 None admin] RBAC: auth_context: {'token': , 'domain_id': None, 'trust_id': None, 'trustor_id': None, 'trustee_id': None, 'domain_name': None, 'group_ids': [], 'user_id': '7349f823b8f147e88a76e1d970c28291', 'user_domain_id': 'default', 'system_scope': 'all', 'project_id': None, 'project_domain_id': None, 'roles': ['admin', 'member', 'reader'], 'is_admin_project': True, 'service_user_id': None, 'service_user_domain_id': None, 'service_project_id': None, 'service_project_domain_id': None, 'service_roles': []} {{(pid=42745) fill_context /opt/stack/keystone/keystone/server/flask/request_processing/middleware/auth_context.py:480}}
Jul 27 12:28:06 user devstack@keystone.service[42745]: DEBUG keystone.server.flask.request_processing.req_logging [None req-8bcc4770-2ed9-47d2-9389-6f52e26e0214 None admin] REQUEST_METHOD: `GET` {{(pid=42745) log_request_info /opt/stack/keystone/keystone/server/flask/request_processing/req_logging.py:27}}
Jul 27 12:28:06 user devstack@keystone.service[42745]: DEBUG keystone.server.flask.request_processing.req_logging [None req-8bcc4770-2ed9-47d2-9389-6f52e26e0214 None admin] SCRIPT_NAME: `/identity` {{(pid=42745) log_request_info /opt/stack/keystone/keystone/server/flask/request_processing/req_logging.py:28}}
Jul 27 12:28:06 user devstack@keystone.service[42745]: DEBUG keystone.server.flask.request_processing.req_logging [None req-8bcc4770-2ed9-47d2-9389-6f52e26e0214 None admin] PATH_INFO: `/v3/roles` {{(pid=42745) log_request_info /opt/stack/keystone/keystone/server/flask/request_processing/req_logging.py:29}}
Jul 27 12:28:06 user devstack@keystone.service[42745]: DEBUG keystone.common.rbac_enforcer.enforcer [None req-8bcc4770-2ed9-47d2-9389-6f52e26e0214 None admin] RBAC: Adding query filter params (name=anotherrole) {{(pid=42745) _extract_filter_values /opt/stack/keystone/keystone/common/rbac_enforcer/enforcer.py:167}}
Jul 27 12:28:06 user devstack@keystone.service[42745]: DEBUG keystone.common.rbac_enforcer.enforcer [None req-8bcc4770-2ed9-47d2-9389-6f52e26e0214 None admin] RBAC: Authorizing `identity:list_roles()` {{(pid=42745) enforce_call /opt/stack/keystone/keystone/common/rbac_enforcer/enforcer.py:449}}
Jul 27 12:28:06 user devstack@keystone.service[42745]: DEBUG keystone.common.rbac_enforcer.enforcer [None req-8bcc4770-2ed9-47d2-9389-6f52e26e0214 None admin] RBAC: Authorization granted {{(pid=42745) enforce_call /opt/stack/keystone/keystone/common/rbac_enforcer/enforcer.py:457}}
Jul 27 12:28:06 user devstack@keystone.service[42745]: [pid: 42745|app: 0|req: 113/321] 10.0.0.210 () {56 vars in 1106 bytes} [Thu Jul 27 12:28:05 2023] GET /identity/v3/roles?name=anotherrole => generated 332 bytes in 126 msecs (HTTP/1.1 200) 5 headers in 177 bytes (1 switches on core 0)
Jul 27 12:28:06 user devstack@keystone.service[42745]: DEBUG keystone.server.flask.request_processing.middleware.auth_context [None req-8bcc4770-2ed9-47d2-9389-6f52e26e0214 None admin] Authenticating user token {{(pid=42745) process_request /usr/local/lib/python3.10/dist-packages/keystonemiddleware/auth_token/__init__.py:406}}
Jul 27 12:28:06 user devstack@keystone.service[42743]: DEBUG keystone.server.flask.request_processing.middleware.auth_context [None req-8d0ff078-8123-4972-b26b-7caf2471a65a None admin] Validating token access rules against request {{(pid=42743) validate_allowed_request /usr/local/lib/python3.10/dist-packages/keystonemiddleware/auth_token/__init__.py:544}}
Jul 27 12:28:06 user devstack@keystone.service[42743]: DEBUG keystone.server.flask.request_processing.middleware.auth_context [None req-3fc309d2-bdcb-4787-89b6-9f0bcf4e648b None admin] RBAC: auth_context: {'token': , 'domain_id': None, 'trust_id': None, 'trustor_id': None, 'trustee_id': None, 'domain_name': None, 'group_ids': [], 'user_id': '7349f823b8f147e88a76e1d970c28291', 'user_domain_id': 'default', 'system_scope': 'all', 'project_id': None, 'project_domain_id': None, 'roles': ['admin', 'member', 'reader'], 'is_admin_project': True, 'service_user_id': None, 'service_user_domain_id': None, 'service_project_id': None, 'service_project_domain_id': None, 'service_roles': []} {{(pid=42743) fill_context /opt/stack/keystone/keystone/server/flask/request_processing/middleware/auth_context.py:480}}
Jul 27 12:28:06 user devstack@keystone.service[42743]: DEBUG keystone.server.flask.request_processing.req_logging [None req-3fc309d2-bdcb-4787-89b6-9f0bcf4e648b None admin] REQUEST_METHOD: `GET` {{(pid=42743) log_request_info /opt/stack/keystone/keystone/server/flask/request_processing/req_logging.py:27}}
Jul 27 12:28:06 user devstack@keystone.service[42743]: DEBUG keystone.server.flask.request_processing.req_logging [None req-3fc309d2-bdcb-4787-89b6-9f0bcf4e648b None admin] SCRIPT_NAME: `/identity` {{(pid=42743) log_request_info /opt/stack/keystone/keystone/server/flask/request_processing/req_logging.py:28}}
Jul 27 12:28:06 user devstack@keystone.service[42743]: DEBUG keystone.server.flask.request_processing.req_logging [None req-3fc309d2-bdcb-4787-89b6-9f0bcf4e648b None admin] PATH_INFO: `/v3/roles/admin` {{(pid=42743) log_request_info /opt/stack/keystone/keystone/server/flask/request_processing/req_logging.py:29}}
Jul 27 12:28:06 user devstack@keystone.service[42744]: DEBUG keystone.server.flask.request_processing.middleware.auth_context [None req-803cc0f2-400a-4499-81ab-78e45752df7a None admin] Validating token access rules against request {{(pid=42744) validate_allowed_request /usr/local/lib/python3.10/dist-packages/keystonemiddleware/auth_token/__init__.py:544}}
Jul 27 12:28:06 user devstack@keystone.service[42743]: DEBUG keystone.common.rbac_enforcer.enforcer [None req-3fc309d2-bdcb-4787-89b6-9f0bcf4e648b None admin] Extracting inferred target data resulted in "NOT FOUND (404)". {{(pid=42743) enforce_call /opt/stack/keystone/keystone/common/rbac_enforcer/enforcer.py:409}}
Jul 27 12:28:06 user devstack@keystone.service[42743]: ERROR keystone.server.flask.application [None req-3fc309d2-bdcb-4787-89b6-9f0bcf4e648b None admin] Could not find role: admin.: keystone.exception.RoleNotFound: Could not find role: admin.
Jul 27 12:28:06 user devstack@keystone.service[42743]: ERROR keystone.server.flask.application
Traceback (most recent call last):
Jul 27 12:28:06 user devstack@keystone.service[42743]: ERROR keystone.server.flask.application
File "/usr/local/lib/python3.10/dist-packages/flask/app.py", line 1823, in full_dispatch_request
Jul 27 12:28:06 user devstack@keystone.service[42743]: ERROR keystone.server.flask.application rv = self.dispatch_request()
Jul 27 12:28:06 user devstack@keystone.service[42743]: ERROR keystone.server.flask.application
File "/usr/local/lib/python3.10/dist-packages/flask/app.py", line 1799, in dispatch_request
Jul 27 12:28:06 user devstack@keystone.service[42743]: ERROR keystone.server.flask.application return self.ensure_sync(self.view_functions[rule.endpoint])(**view_args)
Jul 27 12:28:06 user devstack@keystone.service[42743]: ERROR keystone.server.flask.application
File "/usr/local/lib/python3.10/dist-packages/flask_restful/__init__.py", line 467, in wrapper
Jul 27 12:28:06 user devstack@keystone.service[42743]: ERROR keystone.server.flask.application resp = resource(*args, **kwargs)
Jul 27 12:28:06 user devstack@keystone.service[42743]: ERROR keystone.server.flask.application
File "/usr/local/lib/python3.10/dist-packages/flask/views.py", line 107, in view
Jul 27 12:28:06 user devstack@keystone.service[42743]: ERROR keystone.server.flask.application return current_app.ensure_sync(self.dispatch_request)(**kwargs)
Jul 27 12:28:06 user devstack@keystone.service[42743]: ERROR keystone.server.flask.application
File "/usr/local/lib/python3.10/dist-packages/flask_restful/__init__.py", line 582, in dispatch_request
Jul 27 12:28:06 user devstack@keystone.service[42743]: ERROR keystone.server.flask.application resp = meth(*args, **kwargs)
Jul 27 12:28:06 user devstack@keystone.service[42743]: ERROR keystone.server.flask.application
File "/opt/stack/keystone/keystone/api/roles.py", line 50, in get
Jul 27 12:28:06 user devstack@keystone.service[42743]: ERROR keystone.server.flask.application return self._get_role(role_id)
Jul 27 12:28:06 user devstack@keystone.service[42743]: ERROR keystone.server.flask.application
File "/opt/stack/keystone/keystone/api/roles.py", line 70, in _get_role
Jul 27 12:28:06 user devstack@keystone.service[42743]: ERROR keystone.server.flask.application ENFORCER.enforce_call(action='identity:get_role')
Jul 27 12:28:06 user devstack@keystone.service[42743]: ERROR keystone.server.flask.application
File "/opt/stack/keystone/keystone/common/rbac_enforcer/enforcer.py", line 402, in enforce_call
Jul 27 12:28:06 user devstack@keystone.service[42743]: ERROR keystone.server.flask.application policy_dict.update(cls._extract_member_target_data(
Jul 27 12:28:06 user devstack@keystone.service[42743]: ERROR keystone.server.flask.application
File "/opt/stack/keystone/keystone/common/rbac_enforcer/enforcer.py", line 234, in _extract_member_target_data
Jul 27 12:28:06 user devstack@keystone.service[42743]: ERROR keystone.server.flask.application member_name: func(flask.request.view_args[key])
Jul 27 12:28:06 user devstack@keystone.service[42743]: ERROR keystone.server.flask.application
File "/opt/stack/keystone/keystone/common/manager.py", line 115, in wrapped
Jul 27 12:28:06 user devstack@keystone.service[42743]: ERROR keystone.server.flask.application __ret_val = __f(*args, **kwargs)
Jul 27 12:28:06 user devstack@keystone.service[42743]: ERROR keystone.server.flask.application
File "/usr/local/lib/python3.10/dist-packages/decorator.py", line 232, in fun
Jul 27 12:28:06 user devstack@keystone.service[42743]: ERROR keystone.server.flask.application return caller(func, *(extras + args), **kw)
Jul 27 12:28:06 user devstack@keystone.service[42743]: ERROR keystone.server.flask.application
File "/usr/local/lib/python3.10/dist-packages/dogpile/cache/region.py", line 1577, in get_or_create_for_user_func
Jul 27 12:28:06 user devstack@keystone.service[42743]: ERROR keystone.server.flask.application return self.get_or_create(
Jul 27 12:28:06 user devstack@keystone.service[42743]: ERROR keystone.server.flask.application
File "/usr/local/lib/python3.10/dist-packages/dogpile/cache/region.py", line 1042, in get_or_create
Jul 27 12:28:06 user devstack@keystone.service[42743]: ERROR keystone.server.flask.application with Lock(
Jul 27 12:28:06 user devstack@keystone.service[42743]: ERROR keystone.server.flask.application
File "/usr/local/lib/python3.10/dist-packages/dogpile/lock.py", line 185, in __enter__
Jul 27 12:28:06 user devstack@keystone.service[42743]: ERROR keystone.server.flask.application return self._enter()
Jul 27 12:28:06 user devstack@keystone.service[42743]: ERROR keystone.server.flask.application
File "/usr/local/lib/python3.10/dist-packages/dogpile/lock.py", line 94, in _enter
Jul 27 12:28:06 user devstack@keystone.service[42743]: ERROR keystone.server.flask.application generated = self._enter_create(value, createdtime)
Jul 27 12:28:06 user devstack@keystone.service[42743]: ERROR keystone.server.flask.application
File "/usr/local/lib/python3.10/dist-packages/dogpile/lock.py", line 178, in _enter_create
Jul 27 12:28:06 user devstack@keystone.service[42743]: ERROR keystone.server.flask.application return self.creator()
Jul 27 12:28:06 user devstack@keystone.service[42743]: ERROR keystone.server.flask.application
File "/usr/local/lib/python3.10/dist-packages/dogpile/cache/region.py", line 995, in gen_value
Jul 27 12:28:06 user devstack@keystone.service[42743]: ERROR keystone.server.flask.application created_value = creator(
Jul 27 12:28:06 user devstack@keystone.service[42743]: ERROR keystone.server.flask.application
File "/opt/stack/keystone/keystone/assignment/core.py", line 1276, in get_role
Jul 27 12:28:06 user devstack@keystone.service[42743]: ERROR keystone.server.flask.application return self.driver.get_role(role_id)
Jul 27 12:28:06 user devstack@keystone.service[42743]: ERROR keystone.server.flask.application
File "/opt/stack/keystone/keystone/assignment/role_backends/sql.py", line 70, in get_role
Jul 27 12:28:06 user devstack@keystone.service[42743]: ERROR keystone.server.flask.application return self._get_role(session, role_id).to_dict()
Jul 27 12:28:06 user devstack@keystone.service[42743]: ERROR keystone.server.flask.application
File "/opt/stack/keystone/keystone/assignment/role_backends/sql.py", line 65, in _get_role
Jul 27 12:28:06 user devstack@keystone.service[42743]: ERROR keystone.server.flask.application raise exception.RoleNotFound(role_id=role_id)
Jul 27 12:28:06 user devstack@keystone.service[42743]: ERROR keystone.server.flask.application keystone.exception.RoleNotFound: Could not find role: admin.
Jul 27 12:28:06 user devstack@keystone.service[42743]: ERROR keystone.server.flask.application
Jul 27 12:28:06 user devstack@keystone.service[42743]: [pid: 42743|app: 0|req: 110/322] 10.0.0.210 () {56 vars in 1091 bytes} [Thu Jul 27 12:28:06 2023] GET /identity/v3/roles/admin => generated 83 bytes in 131 msecs (HTTP/1.1 404) 5 headers in 183 bytes (1 switches on core 0)
Jul 27 12:28:06 user devstack@keystone.service[42743]: DEBUG keystone.server.flask.request_processing.middleware.auth_context [None req-3fc309d2-bdcb-4787-89b6-9f0bcf4e648b None admin] Authenticating user token {{(pid=42743) process_request /usr/local/lib/python3.10/dist-packages/keystonemiddleware/auth_token/__init__.py:406}}
Jul 27 12:28:06 user devstack@keystone.service[42744]: DEBUG keystone.server.flask.request_processing.middleware.auth_context [None req-2a77596c-c3fb-4942-8c7f-030fa602b7d4 None admin] RBAC: auth_context: {'token': , 'domain_id': None, 'trust_id': None, 'trustor_id': None, 'trustee_id': None, 'domain_name': None, 'group_ids': [], 'user_id': '7349f823b8f147e88a76e1d970c28291', 'user_domain_id': 'default', 'system_scope': 'all', 'project_id': None, 'project_domain_id': None, 'roles': ['admin', 'member', 'reader'], 'is_admin_project': True, 'service_user_id': None, 'service_user_domain_id': None, 'service_project_id': None, 'service_project_domain_id': None, 'service_roles': []} {{(pid=42744) fill_context /opt/stack/keystone/keystone/server/flask/request_processing/middleware/auth_context.py:480}}
Jul 27 12:28:06 user devstack@keystone.service[42744]: DEBUG keystone.server.flask.request_processing.req_logging [None req-2a77596c-c3fb-4942-8c7f-030fa602b7d4 None admin] REQUEST_METHOD: `GET` {{(pid=42744) log_request_info /opt/stack/keystone/keystone/server/flask/request_processing/req_logging.py:27}}
Jul 27 12:28:06 user devstack@keystone.service[42744]: DEBUG keystone.server.flask.request_processing.req_logging [None req-2a77596c-c3fb-4942-8c7f-030fa602b7d4 None admin] SCRIPT_NAME: `/identity` {{(pid=42744) log_request_info /opt/stack/keystone/keystone/server/flask/request_processing/req_logging.py:28}}
Jul 27 12:28:06 user devstack@keystone.service[42744]: DEBUG keystone.server.flask.request_processing.req_logging [None req-2a77596c-c3fb-4942-8c7f-030fa602b7d4 None admin] PATH_INFO: `/v3/groups/b23a88447622473d9677a4a313491065` {{(pid=42744) log_request_info /opt/stack/keystone/keystone/server/flask/request_processing/req_logging.py:29}}
Jul 27 12:28:06 user devstack@keystone.service[42744]: DEBUG keystone.common.rbac_enforcer.enforcer [None req-2a77596c-c3fb-4942-8c7f-030fa602b7d4 None admin] RBAC: Authorizing `identity:get_group(group_id=b23a88447622473d9677a4a313491065)` {{(pid=42744) enforce_call /opt/stack/keystone/keystone/common/rbac_enforcer/enforcer.py:449}}
Jul 27 12:28:06 user devstack@keystone.service[42745]: DEBUG keystone.server.flask.request_processing.middleware.auth_context [None req-8bcc4770-2ed9-47d2-9389-6f52e26e0214 None admin] Validating token access rules against request {{(pid=42745) validate_allowed_request /usr/local/lib/python3.10/dist-packages/keystonemiddleware/auth_token/__init__.py:544}}
Jul 27 12:28:06 user devstack@keystone.service[42744]: DEBUG keystone.common.rbac_enforcer.enforcer [None req-2a77596c-c3fb-4942-8c7f-030fa602b7d4 None admin] RBAC: Authorization granted {{(pid=42744) enforce_call /opt/stack/keystone/keystone/common/rbac_enforcer/enforcer.py:457}}
Jul 27 12:28:06 user devstack@keystone.service[42744]: [pid: 42744|app: 0|req: 100/323] 10.0.0.210 () {56 vars in 1175 bytes} [Thu Jul 27 12:28:06 2023] GET /identity/v3/groups/b23a88447622473d9677a4a313491065 => generated 225 bytes in 144 msecs (HTTP/1.1 200) 5 headers in 177 bytes (1 switches on core 0)
Jul 27 12:28:06 user devstack@keystone.service[42744]: DEBUG keystone.server.flask.request_processing.middleware.auth_context [None req-2a77596c-c3fb-4942-8c7f-030fa602b7d4 None admin] Authenticating user token {{(pid=42744) process_request /usr/local/lib/python3.10/dist-packages/keystonemiddleware/auth_token/__init__.py:406}}
Jul 27 12:28:06 user devstack@keystone.service[42745]: DEBUG dbcounter [-] [42745] Writing DB stats keystone:SELECT=100 {{(pid=42745) stat_writer /usr/local/lib/python3.10/dist-packages/dbcounter.py:117}}
Jul 27 12:28:06 user devstack@keystone.service[42743]: DEBUG dbcounter [-] [42743] Writing DB stats keystone:SELECT=100 {{(pid=42743) stat_writer /usr/local/lib/python3.10/dist-packages/dbcounter.py:117}}
Jul 27 12:28:06 user devstack@keystone.service[42745]: DEBUG keystone.server.flask.request_processing.middleware.auth_context [None req-d55bfaf9-cb2c-457d-93ec-fa105b81796e None admin] RBAC: auth_context: {'token': , 'domain_id': None, 'trust_id': None, 'trustor_id': None, 'trustee_id': None, 'domain_name': None, 'group_ids': [], 'user_id': '7349f823b8f147e88a76e1d970c28291', 'user_domain_id': 'default', 'system_scope': 'all', 'project_id': None, 'project_domain_id': None, 'roles': ['admin', 'member', 'reader'], 'is_admin_project': True, 'service_user_id': None, 'service_user_domain_id': None, 'service_project_id': None, 'service_project_domain_id': None, 'service_roles': []} {{(pid=42745) fill_context /opt/stack/keystone/keystone/server/flask/request_processing/middleware/auth_context.py:480}}
Jul 27 12:28:06 user devstack@keystone.service[42745]: DEBUG keystone.server.flask.request_processing.req_logging [None req-d55bfaf9-cb2c-457d-93ec-fa105b81796e None admin] REQUEST_METHOD: `GET` {{(pid=42745) log_request_info /opt/stack/keystone/keystone/server/flask/request_processing/req_logging.py:27}}
Jul 27 12:28:06 user devstack@keystone.service[42745]: DEBUG keystone.server.flask.request_processing.req_logging [None req-d55bfaf9-cb2c-457d-93ec-fa105b81796e None admin] SCRIPT_NAME: `/identity` {{(pid=42745) log_request_info /opt/stack/keystone/keystone/server/flask/request_processing/req_logging.py:28}}
Jul 27 12:28:06 user devstack@keystone.service[42745]: DEBUG keystone.server.flask.request_processing.req_logging [None req-d55bfaf9-cb2c-457d-93ec-fa105b81796e None admin] PATH_INFO: `/v3/projects/6a199471a91b42c181ace0a82e6e51a9` {{(pid=42745) log_request_info /opt/stack/keystone/keystone/server/flask/request_processing/req_logging.py:29}}
Jul 27 12:28:06 user devstack@keystone.service[42745]: DEBUG keystone.common.rbac_enforcer.enforcer [None req-d55bfaf9-cb2c-457d-93ec-fa105b81796e None admin] RBAC: Authorizing `identity:get_project(project_id=6a199471a91b42c181ace0a82e6e51a9)` {{(pid=42745) enforce_call /opt/stack/keystone/keystone/common/rbac_enforcer/enforcer.py:449}}
Jul 27 12:28:06 user devstack@keystone.service[42745]: DEBUG keystone.common.rbac_enforcer.enforcer [None req-d55bfaf9-cb2c-457d-93ec-fa105b81796e None admin] RBAC: Authorization granted {{(pid=42745) enforce_call /opt/stack/keystone/keystone/common/rbac_enforcer/enforcer.py:457}}
Jul 27 12:28:06 user devstack@keystone.service[42745]: [pid: 42745|app: 0|req: 114/324] 10.0.0.210 () {56 vars in 1181 bytes} [Thu Jul 27 12:28:06 2023] GET /identity/v3/projects/6a199471a91b42c181ace0a82e6e51a9 => generated 297 bytes in 123 msecs (HTTP/1.1 200) 5 headers in 177 bytes (1 switches on core 0)
Jul 27 12:28:06 user devstack@keystone.service[42745]: DEBUG keystone.server.flask.request_processing.middleware.auth_context [None req-d55bfaf9-cb2c-457d-93ec-fa105b81796e None admin] Authenticating user token {{(pid=42745) process_request /usr/local/lib/python3.10/dist-packages/keystonemiddleware/auth_token/__init__.py:406}}
Jul 27 12:28:06 user devstack@keystone.service[42744]: DEBUG dbcounter [-] [42744] Writing DB stats keystone:SELECT=100 {{(pid=42744) stat_writer /usr/local/lib/python3.10/dist-packages/dbcounter.py:117}}
Jul 27 12:28:06 user devstack@keystone.service[42743]: DEBUG keystone.server.flask.request_processing.middleware.auth_context [None req-3fc309d2-bdcb-4787-89b6-9f0bcf4e648b None admin] Validating token access rules against request {{(pid=42743) validate_allowed_request /usr/local/lib/python3.10/dist-packages/keystonemiddleware/auth_token/__init__.py:544}}
Jul 27 12:28:06 user devstack@keystone.service[42743]: DEBUG keystone.server.flask.request_processing.middleware.auth_context [None req-a48351f0-37fe-41b8-bec8-79071a0425c8 None admin] RBAC: auth_context: {'token': , 'domain_id': None, 'trust_id': None, 'trustor_id': None, 'trustee_id': None, 'domain_name': None, 'group_ids': [], 'user_id': '7349f823b8f147e88a76e1d970c28291', 'user_domain_id': 'default', 'system_scope': 'all', 'project_id': None, 'project_domain_id': None, 'roles': ['admin', 'member', 'reader'], 'is_admin_project': True, 'service_user_id': None, 'service_user_domain_id': None, 'service_project_id': None, 'service_project_domain_id': None, 'service_roles': []} {{(pid=42743) fill_context /opt/stack/keystone/keystone/server/flask/request_processing/middleware/auth_context.py:480}}
Jul 27 12:28:06 user devstack@keystone.service[42743]: DEBUG keystone.server.flask.request_processing.req_logging [None req-a48351f0-37fe-41b8-bec8-79071a0425c8 None admin] REQUEST_METHOD: `GET` {{(pid=42743) log_request_info /opt/stack/keystone/keystone/server/flask/request_processing/req_logging.py:27}}
Jul 27 12:28:06 user devstack@keystone.service[42743]: DEBUG keystone.server.flask.request_processing.req_logging [None req-a48351f0-37fe-41b8-bec8-79071a0425c8 None admin] SCRIPT_NAME: `/identity` {{(pid=42743) log_request_info /opt/stack/keystone/keystone/server/flask/request_processing/req_logging.py:28}}
Jul 27 12:28:06 user devstack@keystone.service[42743]: DEBUG keystone.server.flask.request_processing.req_logging [None req-a48351f0-37fe-41b8-bec8-79071a0425c8 None admin] PATH_INFO: `/v3/auth/tokens` {{(pid=42743) log_request_info /opt/stack/keystone/keystone/server/flask/request_processing/req_logging.py:29}}
Jul 27 12:28:06 user devstack@keystone.service[42744]: DEBUG keystone.server.flask.request_processing.middleware.auth_context [None req-2a77596c-c3fb-4942-8c7f-030fa602b7d4 None admin] Validating token access rules against request {{(pid=42744) validate_allowed_request /usr/local/lib/python3.10/dist-packages/keystonemiddleware/auth_token/__init__.py:544}}
Jul 27 12:28:06 user devstack@keystone.service[42744]: DEBUG keystone.server.flask.request_processing.middleware.auth_context [None req-9280ffde-62d8-45c5-bd8b-6dd160e1371f None admin] RBAC: auth_context: {'token': , 'domain_id': None, 'trust_id': None, 'trustor_id': None, 'trustee_id': None, 'domain_name': None, 'group_ids': [], 'user_id': '7349f823b8f147e88a76e1d970c28291', 'user_domain_id': 'default', 'system_scope': 'all', 'project_id': None, 'project_domain_id': None, 'roles': ['admin', 'member', 'reader'], 'is_admin_project': True, 'service_user_id': None, 'service_user_domain_id': None, 'service_project_id': None, 'service_project_domain_id': None, 'service_roles': []} {{(pid=42744) fill_context /opt/stack/keystone/keystone/server/flask/request_processing/middleware/auth_context.py:480}}
Jul 27 12:28:06 user devstack@keystone.service[42744]: DEBUG keystone.server.flask.request_processing.req_logging [None req-9280ffde-62d8-45c5-bd8b-6dd160e1371f None admin] REQUEST_METHOD: `GET` {{(pid=42744) log_request_info /opt/stack/keystone/keystone/server/flask/request_processing/req_logging.py:27}}
Jul 27 12:28:06 user devstack@keystone.service[42744]: DEBUG keystone.server.flask.request_processing.req_logging [None req-9280ffde-62d8-45c5-bd8b-6dd160e1371f None admin] SCRIPT_NAME: `/identity` {{(pid=42744) log_request_info /opt/stack/keystone/keystone/server/flask/request_processing/req_logging.py:28}}
Jul 27 12:28:06 user devstack@keystone.service[42744]: DEBUG keystone.server.flask.request_processing.req_logging [None req-9280ffde-62d8-45c5-bd8b-6dd160e1371f None admin] PATH_INFO: `/v3/roles` {{(pid=42744) log_request_info /opt/stack/keystone/keystone/server/flask/request_processing/req_logging.py:29}}
Jul 27 12:28:06 user devstack@keystone.service[42744]: DEBUG keystone.common.rbac_enforcer.enforcer [None req-9280ffde-62d8-45c5-bd8b-6dd160e1371f None admin] RBAC: Adding query filter params (name=admin) {{(pid=42744) _extract_filter_values /opt/stack/keystone/keystone/common/rbac_enforcer/enforcer.py:167}}
Jul 27 12:28:06 user devstack@keystone.service[42744]: DEBUG keystone.common.rbac_enforcer.enforcer [None req-9280ffde-62d8-45c5-bd8b-6dd160e1371f None admin] RBAC: Authorizing `identity:list_roles()` {{(pid=42744) enforce_call /opt/stack/keystone/keystone/common/rbac_enforcer/enforcer.py:449}}
Jul 27 12:28:06 user devstack@keystone.service[42744]: DEBUG keystone.common.rbac_enforcer.enforcer [None req-9280ffde-62d8-45c5-bd8b-6dd160e1371f None admin] RBAC: Authorization granted {{(pid=42744) enforce_call /opt/stack/keystone/keystone/common/rbac_enforcer/enforcer.py:457}}
Jul 27 12:28:06 user devstack@keystone.service[42745]: DEBUG keystone.server.flask.request_processing.middleware.auth_context [None req-d55bfaf9-cb2c-457d-93ec-fa105b81796e None admin] Validating token access rules against request {{(pid=42745) validate_allowed_request /usr/local/lib/python3.10/dist-packages/keystonemiddleware/auth_token/__init__.py:544}}
Jul 27 12:28:06 user devstack@keystone.service[42744]: [pid: 42744|app: 0|req: 101/325] 10.0.0.210 () {56 vars in 1094 bytes} [Thu Jul 27 12:28:06 2023] GET /identity/v3/roles?name=admin => generated 337 bytes in 134 msecs (HTTP/1.1 200) 5 headers in 177 bytes (1 switches on core 0)
Jul 27 12:28:06 user devstack@keystone.service[42744]: DEBUG keystone.server.flask.request_processing.middleware.auth_context [None req-9280ffde-62d8-45c5-bd8b-6dd160e1371f None admin] Authenticating user token {{(pid=42744) process_request /usr/local/lib/python3.10/dist-packages/keystonemiddleware/auth_token/__init__.py:406}}
Jul 27 12:28:06 user devstack@keystone.service[42743]: DEBUG keystone.common.rbac_enforcer.enforcer [None req-a48351f0-37fe-41b8-bec8-79071a0425c8 None admin] RBAC: Authorizing `identity:validate_token()` {{(pid=42743) enforce_call /opt/stack/keystone/keystone/common/rbac_enforcer/enforcer.py:449}}
Jul 27 12:28:06 user devstack@keystone.service[42743]: DEBUG keystone.common.rbac_enforcer.enforcer [None req-a48351f0-37fe-41b8-bec8-79071a0425c8 None admin] RBAC: Authorization granted {{(pid=42743) enforce_call /opt/stack/keystone/keystone/common/rbac_enforcer/enforcer.py:457}}
Jul 27 12:28:06 user devstack@keystone.service[42745]: DEBUG keystone.server.flask.request_processing.middleware.auth_context [None req-d2f49a90-d486-48ef-bbb8-bddac5b6de5e None admin] RBAC: auth_context: {'token': , 'domain_id': None, 'trust_id': None, 'trustor_id': None, 'trustee_id': None, 'domain_name': None, 'group_ids': [], 'user_id': '7349f823b8f147e88a76e1d970c28291', 'user_domain_id': 'default', 'system_scope': 'all', 'project_id': None, 'project_domain_id': None, 'roles': ['admin', 'member', 'reader'], 'is_admin_project': True, 'service_user_id': None, 'service_user_domain_id': None, 'service_project_id': None, 'service_project_domain_id': None, 'service_roles': []} {{(pid=42745) fill_context /opt/stack/keystone/keystone/server/flask/request_processing/middleware/auth_context.py:480}}
Jul 27 12:28:06 user devstack@keystone.service[42745]: DEBUG keystone.server.flask.request_processing.req_logging [None req-d2f49a90-d486-48ef-bbb8-bddac5b6de5e None admin] REQUEST_METHOD: `GET` {{(pid=42745) log_request_info /opt/stack/keystone/keystone/server/flask/request_processing/req_logging.py:27}}
Jul 27 12:28:06 user devstack@keystone.service[42745]: DEBUG keystone.server.flask.request_processing.req_logging [None req-d2f49a90-d486-48ef-bbb8-bddac5b6de5e None admin] SCRIPT_NAME: `/identity` {{(pid=42745) log_request_info /opt/stack/keystone/keystone/server/flask/request_processing/req_logging.py:28}}
Jul 27 12:28:06 user devstack@keystone.service[42745]: DEBUG keystone.server.flask.request_processing.req_logging [None req-d2f49a90-d486-48ef-bbb8-bddac5b6de5e None admin] PATH_INFO: `/v3/role_assignments` {{(pid=42745) log_request_info /opt/stack/keystone/keystone/server/flask/request_processing/req_logging.py:29}}
Jul 27 12:28:06 user devstack@keystone.service[42745]: DEBUG keystone.common.rbac_enforcer.enforcer [None req-d2f49a90-d486-48ef-bbb8-bddac5b6de5e None admin] RBAC: Adding query filter params (group.id=b23a88447622473d9677a4a313491065, role.id=85fb6e6c2e13497a8cbedeabda608b0c, scope.project.id=ee9994253ca04191b088c33b11888440) {{(pid=42745) _extract_filter_values /opt/stack/keystone/keystone/common/rbac_enforcer/enforcer.py:167}}
Jul 27 12:28:06 user devstack@keystone.service[42745]: DEBUG keystone.common.rbac_enforcer.enforcer [None req-d2f49a90-d486-48ef-bbb8-bddac5b6de5e None admin] RBAC: Authorizing `identity:list_role_assignments()` {{(pid=42745) enforce_call /opt/stack/keystone/keystone/common/rbac_enforcer/enforcer.py:449}}
Jul 27 12:28:06 user devstack@keystone.service[42745]: DEBUG keystone.common.rbac_enforcer.enforcer [None req-d2f49a90-d486-48ef-bbb8-bddac5b6de5e None admin] RBAC: Authorization granted {{(pid=42745) enforce_call /opt/stack/keystone/keystone/common/rbac_enforcer/enforcer.py:457}}
Jul 27 12:28:06 user devstack@keystone.service[42745]: [pid: 42745|app: 0|req: 115/326] 10.0.0.210 () {56 vars in 1371 bytes} [Thu Jul 27 12:28:06 2023] GET /identity/v3/role_assignments?group.id=b23a88447622473d9677a4a313491065&scope.project.id=ee9994253ca04191b088c33b11888440&role.id=85fb6e6c2e13497a8cbedeabda608b0c => generated 609 bytes in 140 msecs (HTTP/1.1 200) 5 headers in 177 bytes (1 switches on core 0)
Jul 27 12:28:06 user devstack@keystone.service[42745]: DEBUG keystone.server.flask.request_processing.middleware.auth_context [None req-d2f49a90-d486-48ef-bbb8-bddac5b6de5e None admin] Authenticating user token {{(pid=42745) process_request /usr/local/lib/python3.10/dist-packages/keystonemiddleware/auth_token/__init__.py:406}}
Jul 27 12:28:06 user devstack@keystone.service[42743]: DEBUG dbcounter [-] [42743] Writing DB stats keystone:SELECT=100 {{(pid=42743) stat_writer /usr/local/lib/python3.10/dist-packages/dbcounter.py:117}}
Jul 27 12:28:06 user devstack@keystone.service[42745]: DEBUG dbcounter [-] [42745] Writing DB stats keystone:SELECT=100 {{(pid=42745) stat_writer /usr/local/lib/python3.10/dist-packages/dbcounter.py:117}}
Jul 27 12:28:06 user devstack@keystone.service[42744]: DEBUG keystone.server.flask.request_processing.middleware.auth_context [None req-9280ffde-62d8-45c5-bd8b-6dd160e1371f None admin] Validating token access rules against request {{(pid=42744) validate_allowed_request /usr/local/lib/python3.10/dist-packages/keystonemiddleware/auth_token/__init__.py:544}}
Jul 27 12:28:06 user devstack@keystone.service[42744]: DEBUG dbcounter [-] [42744] Writing DB stats keystone:SELECT=100 {{(pid=42744) stat_writer /usr/local/lib/python3.10/dist-packages/dbcounter.py:117}}
Jul 27 12:28:06 user devstack@keystone.service[42743]: [pid: 42743|app: 0|req: 111/327] 10.0.0.210 () {58 vars in 1277 bytes} [Thu Jul 27 12:28:06 2023] GET /identity/v3/auth/tokens => generated 798 bytes in 303 msecs (HTTP/1.1 200) 6 headers in 358 bytes (1 switches on core 0)
Jul 27 12:28:06 user devstack@keystone.service[42745]: DEBUG keystone.server.flask.request_processing.middleware.auth_context [None req-d2f49a90-d486-48ef-bbb8-bddac5b6de5e None admin] Validating token access rules against request {{(pid=42745) validate_allowed_request /usr/local/lib/python3.10/dist-packages/keystonemiddleware/auth_token/__init__.py:544}}
