Aug 09 06:38:57 user devstack@keystone.service[44011]: DEBUG keystone.server.flask.request_processing.req_logging [None req-9a469d65-b5d8-4f5c-95b0-e2de880786ad None admin] REQUEST_METHOD: `GET` {{(pid=44011) log_request_info /opt/stack/keystone/keystone/server/flask/request_processing/req_logging.py:27}}
Aug 09 06:38:57 user devstack@keystone.service[44011]: DEBUG keystone.server.flask.request_processing.req_logging [None req-9a469d65-b5d8-4f5c-95b0-e2de880786ad None admin] SCRIPT_NAME: `/identity` {{(pid=44011) log_request_info /opt/stack/keystone/keystone/server/flask/request_processing/req_logging.py:28}}
Aug 09 06:38:57 user devstack@keystone.service[44011]: DEBUG keystone.server.flask.request_processing.req_logging [None req-9a469d65-b5d8-4f5c-95b0-e2de880786ad None admin] PATH_INFO: `/v3/domains/default` {{(pid=44011) log_request_info /opt/stack/keystone/keystone/server/flask/request_processing/req_logging.py:29}}
Aug 09 06:38:57 user devstack@keystone.service[44011]: DEBUG keystone.common.rbac_enforcer.enforcer [None req-9a469d65-b5d8-4f5c-95b0-e2de880786ad None admin] RBAC: Authorizing `identity:get_domain(domain_id=default)` {{(pid=44011) enforce_call /opt/stack/keystone/keystone/common/rbac_enforcer/enforcer.py:449}}
Aug 09 06:38:57 user devstack@keystone.service[44011]: DEBUG keystone.common.rbac_enforcer.enforcer [None req-9a469d65-b5d8-4f5c-95b0-e2de880786ad None admin] RBAC: Authorization granted {{(pid=44011) enforce_call /opt/stack/keystone/keystone/common/rbac_enforcer/enforcer.py:457}}
Aug 09 06:38:57 user devstack@keystone.service[44011]: [pid: 44011|app: 0|req: 71/215] 10.0.0.210 () {56 vars in 1103 bytes} [Wed Aug 9 06:38:57 2023] GET /identity/v3/domains/default => generated 198 bytes in 127 msecs (HTTP/1.1 200) 5 headers in 177 bytes (1 switches on core 0)
Aug 09 06:38:57 user devstack@keystone.service[44013]: DEBUG keystone.server.flask.request_processing.middleware.auth_context [None req-ce147032-aed3-4370-a8b4-5d40613bf3a8 None admin] Authenticating user token {{(pid=44013) process_request /usr/local/lib/python3.10/dist-packages/keystonemiddleware/auth_token/__init__.py:406}}
Aug 09 06:38:57 user devstack@keystone.service[44011]: DEBUG keystone.server.flask.request_processing.middleware.auth_context [None req-9a469d65-b5d8-4f5c-95b0-e2de880786ad None admin] Authenticating user token {{(pid=44011) process_request /usr/local/lib/python3.10/dist-packages/keystonemiddleware/auth_token/__init__.py:406}}
Aug 09 06:38:57 user devstack@keystone.service[44012]: DEBUG keystone.server.flask.request_processing.middleware.auth_context [None req-635de19c-a334-4f62-9b6f-2b825424fd39 None None] Validating token access rules against request {{(pid=44012) validate_allowed_request /usr/local/lib/python3.10/dist-packages/keystonemiddleware/auth_token/__init__.py:544}}
Aug 09 06:38:57 user devstack@keystone.service[44012]: DEBUG keystone.server.flask.request_processing.middleware.auth_context [None req-86f41b3e-dacb-463d-b7a9-0ec56251b306 None admin] RBAC: auth_context: {'token': , 'domain_id': None, 'trust_id': None, 'trustor_id': None, 'trustee_id': None, 'domain_name': None, 'group_ids': [], 'user_id': '6c5bf824b31b4dfaa09ade95a45f1cd8', 'user_domain_id': 'default', 'system_scope': 'all', 'project_id': None, 'project_domain_id': None, 'roles': ['admin', 'member', 'reader'], 'is_admin_project': True, 'service_user_id': None, 'service_user_domain_id': None, 'service_project_id': None, 'service_project_domain_id': None, 'service_roles': []} {{(pid=44012) fill_context /opt/stack/keystone/keystone/server/flask/request_processing/middleware/auth_context.py:480}}
Aug 09 06:38:57 user devstack@keystone.service[44012]: DEBUG keystone.server.flask.request_processing.req_logging [None req-86f41b3e-dacb-463d-b7a9-0ec56251b306 None admin] REQUEST_METHOD: `GET` {{(pid=44012) log_request_info /opt/stack/keystone/keystone/server/flask/request_processing/req_logging.py:27}}
Aug 09 06:38:57 user devstack@keystone.service[44012]: DEBUG keystone.server.flask.request_processing.req_logging [None req-86f41b3e-dacb-463d-b7a9-0ec56251b306 None admin] SCRIPT_NAME: `/identity` {{(pid=44012) log_request_info /opt/stack/keystone/keystone/server/flask/request_processing/req_logging.py:28}}
Aug 09 06:38:57 user devstack@keystone.service[44012]: DEBUG keystone.server.flask.request_processing.req_logging [None req-86f41b3e-dacb-463d-b7a9-0ec56251b306 None admin] PATH_INFO: `/v3/roles` {{(pid=44012) log_request_info /opt/stack/keystone/keystone/server/flask/request_processing/req_logging.py:29}}
Aug 09 06:38:57 user devstack@keystone.service[44012]: DEBUG keystone.common.rbac_enforcer.enforcer [None req-86f41b3e-dacb-463d-b7a9-0ec56251b306 None admin] RBAC: Adding query filter params (name=member) {{(pid=44012) _extract_filter_values /opt/stack/keystone/keystone/common/rbac_enforcer/enforcer.py:167}}
Aug 09 06:38:57 user devstack@keystone.service[44012]: DEBUG keystone.common.rbac_enforcer.enforcer [None req-86f41b3e-dacb-463d-b7a9-0ec56251b306 None admin] RBAC: Authorizing `identity:list_roles()` {{(pid=44012) enforce_call /opt/stack/keystone/keystone/common/rbac_enforcer/enforcer.py:449}}
Aug 09 06:38:57 user devstack@keystone.service[44012]: DEBUG keystone.common.rbac_enforcer.enforcer [None req-86f41b3e-dacb-463d-b7a9-0ec56251b306 None admin] RBAC: Authorization granted {{(pid=44012) enforce_call /opt/stack/keystone/keystone/common/rbac_enforcer/enforcer.py:457}}
Aug 09 06:38:57 user devstack@keystone.service[44012]: [pid: 44012|app: 0|req: 69/216] 10.0.0.210 () {56 vars in 1096 bytes} [Wed Aug 9 06:38:57 2023] GET /identity/v3/roles?name=member => generated 339 bytes in 125 msecs (HTTP/1.1 200) 5 headers in 177 bytes (1 switches on core 0)
Aug 09 06:38:57 user devstack@keystone.service[44013]: DEBUG keystone.server.flask.request_processing.middleware.auth_context [None req-ce147032-aed3-4370-a8b4-5d40613bf3a8 None admin] Validating token access rules against request {{(pid=44013) validate_allowed_request /usr/local/lib/python3.10/dist-packages/keystonemiddleware/auth_token/__init__.py:544}}
Aug 09 06:38:57 user devstack@keystone.service[44012]: DEBUG keystone.server.flask.request_processing.middleware.auth_context [None req-86f41b3e-dacb-463d-b7a9-0ec56251b306 None admin] Authenticating user token {{(pid=44012) process_request /usr/local/lib/python3.10/dist-packages/keystonemiddleware/auth_token/__init__.py:406}}
Aug 09 06:38:57 user devstack@keystone.service[44011]: DEBUG keystone.server.flask.request_processing.middleware.auth_context [None req-9a469d65-b5d8-4f5c-95b0-e2de880786ad None admin] Validating token access rules against request {{(pid=44011) validate_allowed_request /usr/local/lib/python3.10/dist-packages/keystonemiddleware/auth_token/__init__.py:544}}
Aug 09 06:38:57 user devstack@keystone.service[44013]: DEBUG keystone.server.flask.request_processing.middleware.auth_context [None req-37de736c-2892-4e32-8fca-97ea828d3253 None admin] RBAC: auth_context: {'token': , 'domain_id': None, 'trust_id': None, 'trustor_id': None, 'trustee_id': None, 'domain_name': None, 'group_ids': [], 'user_id': '6c5bf824b31b4dfaa09ade95a45f1cd8', 'user_domain_id': 'default', 'system_scope': 'all', 'project_id': None, 'project_domain_id': None, 'roles': ['admin', 'member', 'reader'], 'is_admin_project': True, 'service_user_id': None, 'service_user_domain_id': None, 'service_project_id': None, 'service_project_domain_id': None, 'service_roles': []} {{(pid=44013) fill_context /opt/stack/keystone/keystone/server/flask/request_processing/middleware/auth_context.py:480}}
Aug 09 06:38:57 user devstack@keystone.service[44013]: DEBUG keystone.server.flask.request_processing.req_logging [None req-37de736c-2892-4e32-8fca-97ea828d3253 None admin] REQUEST_METHOD: `POST` {{(pid=44013) log_request_info /opt/stack/keystone/keystone/server/flask/request_processing/req_logging.py:27}}
Aug 09 06:38:57 user devstack@keystone.service[44013]: DEBUG keystone.server.flask.request_processing.req_logging [None req-37de736c-2892-4e32-8fca-97ea828d3253 None admin] SCRIPT_NAME: `/identity` {{(pid=44013) log_request_info /opt/stack/keystone/keystone/server/flask/request_processing/req_logging.py:28}}
Aug 09 06:38:57 user devstack@keystone.service[44013]: DEBUG keystone.server.flask.request_processing.req_logging [None req-37de736c-2892-4e32-8fca-97ea828d3253 None admin] PATH_INFO: `/v3/users` {{(pid=44013) log_request_info /opt/stack/keystone/keystone/server/flask/request_processing/req_logging.py:29}}
Aug 09 06:38:57 user devstack@keystone.service[44013]: DEBUG keystone.common.rbac_enforcer.enforcer [None req-37de736c-2892-4e32-8fca-97ea828d3253 None admin] RBAC: Authorizing `identity:create_user()` {{(pid=44013) enforce_call /opt/stack/keystone/keystone/common/rbac_enforcer/enforcer.py:449}}
Aug 09 06:38:57 user devstack@keystone.service[44013]: DEBUG keystone.common.rbac_enforcer.enforcer [None req-37de736c-2892-4e32-8fca-97ea828d3253 None admin] RBAC: Authorization granted {{(pid=44013) enforce_call /opt/stack/keystone/keystone/common/rbac_enforcer/enforcer.py:457}}
Aug 09 06:38:57 user devstack@keystone.service[44011]: DEBUG keystone.server.flask.request_processing.middleware.auth_context [None req-fcc546cc-8ceb-464f-aabf-06570f1a4680 None admin] RBAC: auth_context: {'token': , 'domain_id': None, 'trust_id': None, 'trustor_id': None, 'trustee_id': None, 'domain_name': None, 'group_ids': [], 'user_id': '6c5bf824b31b4dfaa09ade95a45f1cd8', 'user_domain_id': 'default', 'system_scope': 'all', 'project_id': None, 'project_domain_id': None, 'roles': ['admin', 'member', 'reader'], 'is_admin_project': True, 'service_user_id': None, 'service_user_domain_id': None, 'service_project_id': None, 'service_project_domain_id': None, 'service_roles': []} {{(pid=44011) fill_context /opt/stack/keystone/keystone/server/flask/request_processing/middleware/auth_context.py:480}}
Aug 09 06:38:57 user devstack@keystone.service[44011]: DEBUG keystone.server.flask.request_processing.req_logging [None req-fcc546cc-8ceb-464f-aabf-06570f1a4680 None admin] REQUEST_METHOD: `GET` {{(pid=44011) log_request_info /opt/stack/keystone/keystone/server/flask/request_processing/req_logging.py:27}}
Aug 09 06:38:57 user devstack@keystone.service[44011]: DEBUG keystone.server.flask.request_processing.req_logging [None req-fcc546cc-8ceb-464f-aabf-06570f1a4680 None admin] SCRIPT_NAME: `/identity` {{(pid=44011) log_request_info /opt/stack/keystone/keystone/server/flask/request_processing/req_logging.py:28}}
Aug 09 06:38:57 user devstack@keystone.service[44013]: WARNING keystone.common.password_hashing [None req-37de736c-2892-4e32-8fca-97ea828d3253 None admin] Truncating password to algorithm specific maximum length 54 characters.
Aug 09 06:38:57 user devstack@keystone.service[44011]: DEBUG keystone.server.flask.request_processing.req_logging [None req-fcc546cc-8ceb-464f-aabf-06570f1a4680 None admin] PATH_INFO: `/v3/roles/reader` {{(pid=44011) log_request_info /opt/stack/keystone/keystone/server/flask/request_processing/req_logging.py:29}}
Aug 09 06:38:57 user devstack@keystone.service[44011]: DEBUG keystone.common.rbac_enforcer.enforcer [None req-fcc546cc-8ceb-464f-aabf-06570f1a4680 None admin] Extracting inferred target data resulted in "NOT FOUND (404)". {{(pid=44011) enforce_call /opt/stack/keystone/keystone/common/rbac_enforcer/enforcer.py:409}}
Aug 09 06:38:57 user devstack@keystone.service[44011]: ERROR keystone.server.flask.application [None req-fcc546cc-8ceb-464f-aabf-06570f1a4680 None admin] Could not find role: reader.: keystone.exception.RoleNotFound: Could not find role: reader.
Aug 09 06:38:57 user devstack@keystone.service[44011]: ERROR keystone.server.flask.application
Traceback (most recent call last):
Aug 09 06:38:57 user devstack@keystone.service[44011]: ERROR keystone.server.flask.application
File "/usr/local/lib/python3.10/dist-packages/flask/app.py", line 1823, in full_dispatch_request
Aug 09 06:38:57 user devstack@keystone.service[44011]: ERROR keystone.server.flask.application rv = self.dispatch_request()
Aug 09 06:38:57 user devstack@keystone.service[44011]: ERROR keystone.server.flask.application
File "/usr/local/lib/python3.10/dist-packages/flask/app.py", line 1799, in dispatch_request
Aug 09 06:38:57 user devstack@keystone.service[44011]: ERROR keystone.server.flask.application return self.ensure_sync(self.view_functions[rule.endpoint])(**view_args)
Aug 09 06:38:57 user devstack@keystone.service[44011]: ERROR keystone.server.flask.application
File "/usr/local/lib/python3.10/dist-packages/flask_restful/__init__.py", line 467, in wrapper
Aug 09 06:38:57 user devstack@keystone.service[44011]: ERROR keystone.server.flask.application resp = resource(*args, **kwargs)
Aug 09 06:38:57 user devstack@keystone.service[44011]: ERROR keystone.server.flask.application
File "/usr/local/lib/python3.10/dist-packages/flask/views.py", line 107, in view
Aug 09 06:38:57 user devstack@keystone.service[44011]: ERROR keystone.server.flask.application return current_app.ensure_sync(self.dispatch_request)(**kwargs)
Aug 09 06:38:57 user devstack@keystone.service[44011]: ERROR keystone.server.flask.application
File "/usr/local/lib/python3.10/dist-packages/flask_restful/__init__.py", line 582, in dispatch_request
Aug 09 06:38:57 user devstack@keystone.service[44011]: ERROR keystone.server.flask.application resp = meth(*args, **kwargs)
Aug 09 06:38:57 user devstack@keystone.service[44011]: ERROR keystone.server.flask.application
File "/opt/stack/keystone/keystone/api/roles.py", line 50, in get
Aug 09 06:38:57 user devstack@keystone.service[44011]: ERROR keystone.server.flask.application return self._get_role(role_id)
Aug 09 06:38:57 user devstack@keystone.service[44011]: ERROR keystone.server.flask.application
File "/opt/stack/keystone/keystone/api/roles.py", line 70, in _get_role
Aug 09 06:38:57 user devstack@keystone.service[44011]: ERROR keystone.server.flask.application ENFORCER.enforce_call(action='identity:get_role')
Aug 09 06:38:57 user devstack@keystone.service[44011]: ERROR keystone.server.flask.application
File "/opt/stack/keystone/keystone/common/rbac_enforcer/enforcer.py", line 402, in enforce_call
Aug 09 06:38:57 user devstack@keystone.service[44011]: ERROR keystone.server.flask.application policy_dict.update(cls._extract_member_target_data(
Aug 09 06:38:57 user devstack@keystone.service[44011]: ERROR keystone.server.flask.application
File "/opt/stack/keystone/keystone/common/rbac_enforcer/enforcer.py", line 234, in _extract_member_target_data
Aug 09 06:38:57 user devstack@keystone.service[44011]: ERROR keystone.server.flask.application member_name: func(flask.request.view_args[key])
Aug 09 06:38:57 user devstack@keystone.service[44011]: ERROR keystone.server.flask.application
File "/opt/stack/keystone/keystone/common/manager.py", line 115, in wrapped
Aug 09 06:38:57 user devstack@keystone.service[44011]: ERROR keystone.server.flask.application __ret_val = __f(*args, **kwargs)
Aug 09 06:38:57 user devstack@keystone.service[44011]: ERROR keystone.server.flask.application
File "/usr/local/lib/python3.10/dist-packages/decorator.py", line 232, in fun
Aug 09 06:38:57 user devstack@keystone.service[44011]: ERROR keystone.server.flask.application return caller(func, *(extras + args), **kw)
Aug 09 06:38:57 user devstack@keystone.service[44011]: ERROR keystone.server.flask.application
File "/usr/local/lib/python3.10/dist-packages/dogpile/cache/region.py", line 1577, in get_or_create_for_user_func
Aug 09 06:38:57 user devstack@keystone.service[44011]: ERROR keystone.server.flask.application return self.get_or_create(
Aug 09 06:38:57 user devstack@keystone.service[44011]: ERROR keystone.server.flask.application
File "/usr/local/lib/python3.10/dist-packages/dogpile/cache/region.py", line 1042, in get_or_create
Aug 09 06:38:57 user devstack@keystone.service[44011]: ERROR keystone.server.flask.application with Lock(
Aug 09 06:38:57 user devstack@keystone.service[44011]: ERROR keystone.server.flask.application
File "/usr/local/lib/python3.10/dist-packages/dogpile/lock.py", line 185, in __enter__
Aug 09 06:38:57 user devstack@keystone.service[44011]: ERROR keystone.server.flask.application return self._enter()
Aug 09 06:38:57 user devstack@keystone.service[44011]: ERROR keystone.server.flask.application
File "/usr/local/lib/python3.10/dist-packages/dogpile/lock.py", line 94, in _enter
Aug 09 06:38:57 user devstack@keystone.service[44011]: ERROR keystone.server.flask.application generated = self._enter_create(value, createdtime)
Aug 09 06:38:57 user devstack@keystone.service[44011]: ERROR keystone.server.flask.application
File "/usr/local/lib/python3.10/dist-packages/dogpile/lock.py", line 178, in _enter_create
Aug 09 06:38:57 user devstack@keystone.service[44011]: ERROR keystone.server.flask.application return self.creator()
Aug 09 06:38:57 user devstack@keystone.service[44011]: ERROR keystone.server.flask.application
File "/usr/local/lib/python3.10/dist-packages/dogpile/cache/region.py", line 995, in gen_value
Aug 09 06:38:57 user devstack@keystone.service[44011]: ERROR keystone.server.flask.application created_value = creator(
Aug 09 06:38:57 user devstack@keystone.service[44011]: ERROR keystone.server.flask.application
File "/opt/stack/keystone/keystone/assignment/core.py", line 1276, in get_role
Aug 09 06:38:57 user devstack@keystone.service[44011]: ERROR keystone.server.flask.application return self.driver.get_role(role_id)
Aug 09 06:38:57 user devstack@keystone.service[44011]: ERROR keystone.server.flask.application
File "/opt/stack/keystone/keystone/assignment/role_backends/sql.py", line 70, in get_role
Aug 09 06:38:57 user devstack@keystone.service[44011]: ERROR keystone.server.flask.application return self._get_role(session, role_id).to_dict()
Aug 09 06:38:57 user devstack@keystone.service[44011]: ERROR keystone.server.flask.application
File "/opt/stack/keystone/keystone/assignment/role_backends/sql.py", line 65, in _get_role
Aug 09 06:38:57 user devstack@keystone.service[44011]: ERROR keystone.server.flask.application raise exception.RoleNotFound(role_id=role_id)
Aug 09 06:38:57 user devstack@keystone.service[44011]: ERROR keystone.server.flask.application keystone.exception.RoleNotFound: Could not find role: reader.
Aug 09 06:38:57 user devstack@keystone.service[44011]: ERROR keystone.server.flask.application
Aug 09 06:38:57 user devstack@keystone.service[44013]: [pid: 44013|app: 0|req: 77/217] 10.0.0.210 () {60 vars in 1127 bytes} [Wed Aug 9 06:38:57 2023] POST /identity/v3/users => generated 292 bytes in 133 msecs (HTTP/1.1 201) 5 headers in 182 bytes (1 switches on core 0)
Aug 09 06:38:57 user devstack@keystone.service[44011]: [pid: 44011|app: 0|req: 72/218] 10.0.0.210 () {56 vars in 1094 bytes} [Wed Aug 9 06:38:57 2023] GET /identity/v3/roles/reader => generated 84 bytes in 132 msecs (HTTP/1.1 404) 5 headers in 183 bytes (1 switches on core 0)
Aug 09 06:38:57 user devstack@keystone.service[44013]: DEBUG keystone.server.flask.request_processing.middleware.auth_context [None req-37de736c-2892-4e32-8fca-97ea828d3253 None admin] Authenticating user token {{(pid=44013) process_request /usr/local/lib/python3.10/dist-packages/keystonemiddleware/auth_token/__init__.py:406}}
Aug 09 06:38:57 user devstack@keystone.service[44012]: DEBUG keystone.server.flask.request_processing.middleware.auth_context [None req-86f41b3e-dacb-463d-b7a9-0ec56251b306 None admin] Validating token access rules against request {{(pid=44012) validate_allowed_request /usr/local/lib/python3.10/dist-packages/keystonemiddleware/auth_token/__init__.py:544}}
Aug 09 06:38:57 user devstack@keystone.service[44012]: DEBUG keystone.server.flask.request_processing.middleware.auth_context [None req-d180aa9a-2752-4c6c-8a71-d26c7d5f5466 None admin] RBAC: auth_context: {'token': , 'domain_id': None, 'trust_id': None, 'trustor_id': None, 'trustee_id': None, 'domain_name': None, 'group_ids': [], 'user_id': '6c5bf824b31b4dfaa09ade95a45f1cd8', 'user_domain_id': 'default', 'system_scope': 'all', 'project_id': None, 'project_domain_id': None, 'roles': ['admin', 'member', 'reader'], 'is_admin_project': True, 'service_user_id': None, 'service_user_domain_id': None, 'service_project_id': None, 'service_project_domain_id': None, 'service_roles': []} {{(pid=44012) fill_context /opt/stack/keystone/keystone/server/flask/request_processing/middleware/auth_context.py:480}}
Aug 09 06:38:57 user devstack@keystone.service[44012]: DEBUG keystone.server.flask.request_processing.req_logging [None req-d180aa9a-2752-4c6c-8a71-d26c7d5f5466 None admin] REQUEST_METHOD: `GET` {{(pid=44012) log_request_info /opt/stack/keystone/keystone/server/flask/request_processing/req_logging.py:27}}
Aug 09 06:38:57 user devstack@keystone.service[44012]: DEBUG keystone.server.flask.request_processing.req_logging [None req-d180aa9a-2752-4c6c-8a71-d26c7d5f5466 None admin] SCRIPT_NAME: `/identity` {{(pid=44012) log_request_info /opt/stack/keystone/keystone/server/flask/request_processing/req_logging.py:28}}
Aug 09 06:38:57 user devstack@keystone.service[44012]: DEBUG keystone.server.flask.request_processing.req_logging [None req-d180aa9a-2752-4c6c-8a71-d26c7d5f5466 None admin] PATH_INFO: `/v3/users/81e03fdf26284fdfbb32c33594a7c42a` {{(pid=44012) log_request_info /opt/stack/keystone/keystone/server/flask/request_processing/req_logging.py:29}}
Aug 09 06:38:57 user devstack@keystone.service[44012]: DEBUG keystone.common.rbac_enforcer.enforcer [None req-d180aa9a-2752-4c6c-8a71-d26c7d5f5466 None admin] RBAC: Authorizing `identity:get_user(user_id=81e03fdf26284fdfbb32c33594a7c42a)` {{(pid=44012) enforce_call /opt/stack/keystone/keystone/common/rbac_enforcer/enforcer.py:449}}
Aug 09 06:38:57 user devstack@keystone.service[44012]: DEBUG keystone.common.rbac_enforcer.enforcer [None req-d180aa9a-2752-4c6c-8a71-d26c7d5f5466 None admin] RBAC: Authorization granted {{(pid=44012) enforce_call /opt/stack/keystone/keystone/common/rbac_enforcer/enforcer.py:457}}
Aug 09 06:38:57 user devstack@keystone.service[44012]: [pid: 44012|app: 0|req: 70/219] 10.0.0.210 () {56 vars in 1172 bytes} [Wed Aug 9 06:38:57 2023] GET /identity/v3/users/81e03fdf26284fdfbb32c33594a7c42a => generated 292 bytes in 132 msecs (HTTP/1.1 200) 5 headers in 177 bytes (2 switches on core 0)
Aug 09 06:38:57 user devstack@keystone.service[44011]: DEBUG keystone.server.flask.request_processing.middleware.auth_context [None req-fcc546cc-8ceb-464f-aabf-06570f1a4680 None admin] Authenticating user token {{(pid=44011) process_request /usr/local/lib/python3.10/dist-packages/keystonemiddleware/auth_token/__init__.py:406}}
Aug 09 06:38:57 user devstack@keystone.service[44013]: DEBUG keystone.server.flask.request_processing.middleware.auth_context [None req-37de736c-2892-4e32-8fca-97ea828d3253 None admin] Validating token access rules against request {{(pid=44013) validate_allowed_request /usr/local/lib/python3.10/dist-packages/keystonemiddleware/auth_token/__init__.py:544}}
Aug 09 06:38:57 user devstack@keystone.service[44013]: DEBUG keystone.server.flask.request_processing.middleware.auth_context [None req-7004d001-1d05-4f46-b498-14c5905750f3 None admin] RBAC: auth_context: {'token': , 'domain_id': None, 'trust_id': None, 'trustor_id': None, 'trustee_id': None, 'domain_name': None, 'group_ids': [], 'user_id': '6c5bf824b31b4dfaa09ade95a45f1cd8', 'user_domain_id': 'default', 'system_scope': 'all', 'project_id': None, 'project_domain_id': None, 'roles': ['admin', 'member', 'reader'], 'is_admin_project': True, 'service_user_id': None, 'service_user_domain_id': None, 'service_project_id': None, 'service_project_domain_id': None, 'service_roles': []} {{(pid=44013) fill_context /opt/stack/keystone/keystone/server/flask/request_processing/middleware/auth_context.py:480}}
Aug 09 06:38:57 user devstack@keystone.service[44013]: DEBUG keystone.server.flask.request_processing.req_logging [None req-7004d001-1d05-4f46-b498-14c5905750f3 None admin] REQUEST_METHOD: `GET` {{(pid=44013) log_request_info /opt/stack/keystone/keystone/server/flask/request_processing/req_logging.py:27}}
Aug 09 06:38:57 user devstack@keystone.service[44013]: DEBUG keystone.server.flask.request_processing.req_logging [None req-7004d001-1d05-4f46-b498-14c5905750f3 None admin] SCRIPT_NAME: `/identity` {{(pid=44013) log_request_info /opt/stack/keystone/keystone/server/flask/request_processing/req_logging.py:28}}
Aug 09 06:38:57 user devstack@keystone.service[44013]: DEBUG keystone.server.flask.request_processing.req_logging [None req-7004d001-1d05-4f46-b498-14c5905750f3 None admin] PATH_INFO: `/v3/roles` {{(pid=44013) log_request_info /opt/stack/keystone/keystone/server/flask/request_processing/req_logging.py:29}}
Aug 09 06:38:57 user devstack@keystone.service[44013]: DEBUG keystone.common.rbac_enforcer.enforcer [None req-7004d001-1d05-4f46-b498-14c5905750f3 None admin] RBAC: Adding query filter params (name=reader) {{(pid=44013) _extract_filter_values /opt/stack/keystone/keystone/common/rbac_enforcer/enforcer.py:167}}
Aug 09 06:38:57 user devstack@keystone.service[44013]: DEBUG keystone.common.rbac_enforcer.enforcer [None req-7004d001-1d05-4f46-b498-14c5905750f3 None admin] RBAC: Authorizing `identity:list_roles()` {{(pid=44013) enforce_call /opt/stack/keystone/keystone/common/rbac_enforcer/enforcer.py:449}}
Aug 09 06:38:57 user devstack@keystone.service[44013]: DEBUG keystone.common.rbac_enforcer.enforcer [None req-7004d001-1d05-4f46-b498-14c5905750f3 None admin] RBAC: Authorization granted {{(pid=44013) enforce_call /opt/stack/keystone/keystone/common/rbac_enforcer/enforcer.py:457}}
Aug 09 06:38:57 user devstack@keystone.service[44013]: [pid: 44013|app: 0|req: 78/220] 10.0.0.210 () {56 vars in 1096 bytes} [Wed Aug 9 06:38:57 2023] GET /identity/v3/roles?name=reader => generated 339 bytes in 134 msecs (HTTP/1.1 200) 5 headers in 177 bytes (1 switches on core 0)
Aug 09 06:38:57 user devstack@keystone.service[44012]: DEBUG keystone.server.flask.request_processing.middleware.auth_context [None req-d180aa9a-2752-4c6c-8a71-d26c7d5f5466 None admin] Authenticating user token {{(pid=44012) process_request /usr/local/lib/python3.10/dist-packages/keystonemiddleware/auth_token/__init__.py:406}}
Aug 09 06:38:57 user devstack@keystone.service[44011]: DEBUG keystone.server.flask.request_processing.middleware.auth_context [None req-fcc546cc-8ceb-464f-aabf-06570f1a4680 None admin] Validating token access rules against request {{(pid=44011) validate_allowed_request /usr/local/lib/python3.10/dist-packages/keystonemiddleware/auth_token/__init__.py:544}}
Aug 09 06:38:58 user devstack@keystone.service[44011]: DEBUG keystone.server.flask.request_processing.middleware.auth_context [None req-36c17486-5b3c-4962-b0da-399f3b5b649a None admin] RBAC: auth_context: {'token': , 'domain_id': None, 'trust_id': None, 'trustor_id': None, 'trustee_id': None, 'domain_name': None, 'group_ids': [], 'user_id': '6c5bf824b31b4dfaa09ade95a45f1cd8', 'user_domain_id': 'default', 'system_scope': 'all', 'project_id': None, 'project_domain_id': None, 'roles': ['admin', 'member', 'reader'], 'is_admin_project': True, 'service_user_id': None, 'service_user_domain_id': None, 'service_project_id': None, 'service_project_domain_id': None, 'service_roles': []} {{(pid=44011) fill_context /opt/stack/keystone/keystone/server/flask/request_processing/middleware/auth_context.py:480}}
Aug 09 06:38:58 user devstack@keystone.service[44011]: DEBUG keystone.server.flask.request_processing.req_logging [None req-36c17486-5b3c-4962-b0da-399f3b5b649a None admin] REQUEST_METHOD: `GET` {{(pid=44011) log_request_info /opt/stack/keystone/keystone/server/flask/request_processing/req_logging.py:27}}
Aug 09 06:38:58 user devstack@keystone.service[44011]: DEBUG keystone.server.flask.request_processing.req_logging [None req-36c17486-5b3c-4962-b0da-399f3b5b649a None admin] SCRIPT_NAME: `/identity` {{(pid=44011) log_request_info /opt/stack/keystone/keystone/server/flask/request_processing/req_logging.py:28}}
Aug 09 06:38:58 user devstack@keystone.service[44011]: DEBUG keystone.server.flask.request_processing.req_logging [None req-36c17486-5b3c-4962-b0da-399f3b5b649a None admin] PATH_INFO: `/v3/role_assignments` {{(pid=44011) log_request_info /opt/stack/keystone/keystone/server/flask/request_processing/req_logging.py:29}}
Aug 09 06:38:58 user devstack@keystone.service[44011]: DEBUG keystone.common.rbac_enforcer.enforcer [None req-36c17486-5b3c-4962-b0da-399f3b5b649a None admin] RBAC: Adding query filter params (role.id=0c63e7c48c394d34b61c31df956aa0e1, user.id=81e03fdf26284fdfbb32c33594a7c42a, scope.system=all) {{(pid=44011) _extract_filter_values /opt/stack/keystone/keystone/common/rbac_enforcer/enforcer.py:167}}
Aug 09 06:38:58 user devstack@keystone.service[44011]: DEBUG keystone.common.rbac_enforcer.enforcer [None req-36c17486-5b3c-4962-b0da-399f3b5b649a None admin] RBAC: Authorizing `identity:list_role_assignments()` {{(pid=44011) enforce_call /opt/stack/keystone/keystone/common/rbac_enforcer/enforcer.py:449}}
Aug 09 06:38:58 user devstack@keystone.service[44011]: DEBUG keystone.common.rbac_enforcer.enforcer [None req-36c17486-5b3c-4962-b0da-399f3b5b649a None admin] RBAC: Authorization granted {{(pid=44011) enforce_call /opt/stack/keystone/keystone/common/rbac_enforcer/enforcer.py:457}}
Aug 09 06:38:58 user devstack@keystone.service[44011]: [pid: 44011|app: 0|req: 73/221] 10.0.0.210 () {56 vars in 1303 bytes} [Wed Aug 9 06:38:57 2023] GET /identity/v3/role_assignments?user.id=81e03fdf26284fdfbb32c33594a7c42a&scope.system=all&role.id=0c63e7c48c394d34b61c31df956aa0e1 => generated 225 bytes in 122 msecs (HTTP/1.1 200) 5 headers in 177 bytes (1 switches on core 0)
Aug 09 06:38:58 user devstack@keystone.service[44012]: DEBUG keystone.server.flask.request_processing.middleware.auth_context [None req-d180aa9a-2752-4c6c-8a71-d26c7d5f5466 None admin] Validating token access rules against request {{(pid=44012) validate_allowed_request /usr/local/lib/python3.10/dist-packages/keystonemiddleware/auth_token/__init__.py:544}}
Aug 09 06:38:58 user devstack@keystone.service[44012]: DEBUG keystone.server.flask.request_processing.middleware.auth_context [None req-efb81ffc-cc2c-4ad7-aa91-e6413a4cc282 None admin] RBAC: auth_context: {'token': , 'domain_id': None, 'trust_id': None, 'trustor_id': None, 'trustee_id': None, 'domain_name': None, 'group_ids': [], 'user_id': '6c5bf824b31b4dfaa09ade95a45f1cd8', 'user_domain_id': 'default', 'system_scope': 'all', 'project_id': None, 'project_domain_id': None, 'roles': ['admin', 'member', 'reader'], 'is_admin_project': True, 'service_user_id': None, 'service_user_domain_id': None, 'service_project_id': None, 'service_project_domain_id': None, 'service_roles': []} {{(pid=44012) fill_context /opt/stack/keystone/keystone/server/flask/request_processing/middleware/auth_context.py:480}}
Aug 09 06:38:58 user devstack@keystone.service[44012]: DEBUG keystone.server.flask.request_processing.req_logging [None req-efb81ffc-cc2c-4ad7-aa91-e6413a4cc282 None admin] REQUEST_METHOD: `GET` {{(pid=44012) log_request_info /opt/stack/keystone/keystone/server/flask/request_processing/req_logging.py:27}}
Aug 09 06:38:58 user devstack@keystone.service[44012]: DEBUG keystone.server.flask.request_processing.req_logging [None req-efb81ffc-cc2c-4ad7-aa91-e6413a4cc282 None admin] SCRIPT_NAME: `/identity` {{(pid=44012) log_request_info /opt/stack/keystone/keystone/server/flask/request_processing/req_logging.py:28}}
Aug 09 06:38:58 user devstack@keystone.service[44012]: DEBUG keystone.server.flask.request_processing.req_logging [None req-efb81ffc-cc2c-4ad7-aa91-e6413a4cc282 None admin] PATH_INFO: `/v3/users/1d1007fde7ab4e17986d5c733564bafc` {{(pid=44012) log_request_info /opt/stack/keystone/keystone/server/flask/request_processing/req_logging.py:29}}
Aug 09 06:38:58 user devstack@keystone.service[44012]: DEBUG keystone.common.rbac_enforcer.enforcer [None req-efb81ffc-cc2c-4ad7-aa91-e6413a4cc282 None admin] RBAC: Authorizing `identity:get_user(user_id=1d1007fde7ab4e17986d5c733564bafc)` {{(pid=44012) enforce_call /opt/stack/keystone/keystone/common/rbac_enforcer/enforcer.py:449}}
Aug 09 06:38:58 user devstack@keystone.service[44012]: DEBUG keystone.common.rbac_enforcer.enforcer [None req-efb81ffc-cc2c-4ad7-aa91-e6413a4cc282 None admin] RBAC: Authorization granted {{(pid=44012) enforce_call /opt/stack/keystone/keystone/common/rbac_enforcer/enforcer.py:457}}
Aug 09 06:38:58 user devstack@keystone.service[44012]: [pid: 44012|app: 0|req: 71/222] 10.0.0.210 () {56 vars in 1172 bytes} [Wed Aug 9 06:38:57 2023] GET /identity/v3/users/1d1007fde7ab4e17986d5c733564bafc => generated 296 bytes in 154 msecs (HTTP/1.1 200) 5 headers in 177 bytes (1 switches on core 0)
Aug 09 06:38:58 user devstack@keystone.service[44013]: DEBUG keystone.server.flask.request_processing.middleware.auth_context [None req-7004d001-1d05-4f46-b498-14c5905750f3 None admin] Authenticating user token {{(pid=44013) process_request /usr/local/lib/python3.10/dist-packages/keystonemiddleware/auth_token/__init__.py:406}}
Aug 09 06:38:58 user devstack@keystone.service[44013]: DEBUG keystone.server.flask.request_processing.middleware.auth_context [None req-7004d001-1d05-4f46-b498-14c5905750f3 None admin] Validating token access rules against request {{(pid=44013) validate_allowed_request /usr/local/lib/python3.10/dist-packages/keystonemiddleware/auth_token/__init__.py:544}}
Aug 09 06:38:58 user devstack@keystone.service[44013]: DEBUG keystone.server.flask.request_processing.middleware.auth_context [None req-e9b32be7-d188-4f4a-ba81-28f3045096ee None admin] RBAC: auth_context: {'token': , 'domain_id': None, 'trust_id': None, 'trustor_id': None, 'trustee_id': None, 'domain_name': None, 'group_ids': [], 'user_id': '6c5bf824b31b4dfaa09ade95a45f1cd8', 'user_domain_id': 'default', 'system_scope': 'all', 'project_id': None, 'project_domain_id': None, 'roles': ['admin', 'member', 'reader'], 'is_admin_project': True, 'service_user_id': None, 'service_user_domain_id': None, 'service_project_id': None, 'service_project_domain_id': None, 'service_roles': []} {{(pid=44013) fill_context /opt/stack/keystone/keystone/server/flask/request_processing/middleware/auth_context.py:480}}
Aug 09 06:38:58 user devstack@keystone.service[44013]: DEBUG keystone.server.flask.request_processing.req_logging [None req-e9b32be7-d188-4f4a-ba81-28f3045096ee None admin] REQUEST_METHOD: `GET` {{(pid=44013) log_request_info /opt/stack/keystone/keystone/server/flask/request_processing/req_logging.py:27}}
Aug 09 06:38:58 user devstack@keystone.service[44013]: DEBUG keystone.server.flask.request_processing.req_logging [None req-e9b32be7-d188-4f4a-ba81-28f3045096ee None admin] SCRIPT_NAME: `/identity` {{(pid=44013) log_request_info /opt/stack/keystone/keystone/server/flask/request_processing/req_logging.py:28}}
Aug 09 06:38:58 user devstack@keystone.service[44013]: DEBUG keystone.server.flask.request_processing.req_logging [None req-e9b32be7-d188-4f4a-ba81-28f3045096ee None admin] PATH_INFO: `/v3/auth/tokens` {{(pid=44013) log_request_info /opt/stack/keystone/keystone/server/flask/request_processing/req_logging.py:29}}
Aug 09 06:38:58 user devstack@keystone.service[44013]: DEBUG keystone.common.rbac_enforcer.enforcer [None req-e9b32be7-d188-4f4a-ba81-28f3045096ee None admin] RBAC: Authorizing `identity:validate_token()` {{(pid=44013) enforce_call /opt/stack/keystone/keystone/common/rbac_enforcer/enforcer.py:449}}
Aug 09 06:38:58 user devstack@keystone.service[44013]: DEBUG keystone.common.rbac_enforcer.enforcer [None req-e9b32be7-d188-4f4a-ba81-28f3045096ee None admin] RBAC: Authorization granted {{(pid=44013) enforce_call /opt/stack/keystone/keystone/common/rbac_enforcer/enforcer.py:457}}
Aug 09 06:38:58 user devstack@keystone.service[44013]: [pid: 44013|app: 0|req: 79/223] 10.0.0.210 () {58 vars in 1277 bytes} [Wed Aug 9 06:38:58 2023] GET /identity/v3/auth/tokens => generated 798 bytes in 264 msecs (HTTP/1.1 200) 6 headers in 358 bytes (1 switches on core 0)
Aug 09 06:38:58 user devstack@keystone.service[44011]: DEBUG keystone.server.flask.request_processing.middleware.auth_context [None req-36c17486-5b3c-4962-b0da-399f3b5b649a None admin] Authenticating user token {{(pid=44011) process_request /usr/local/lib/python3.10/dist-packages/keystonemiddleware/auth_token/__init__.py:406}}
Aug 09 06:38:58 user devstack@keystone.service[44011]: DEBUG keystone.server.flask.request_processing.middleware.auth_context [None req-36c17486-5b3c-4962-b0da-399f3b5b649a None admin] Validating token access rules against request {{(pid=44011) validate_allowed_request /usr/local/lib/python3.10/dist-packages/keystonemiddleware/auth_token/__init__.py:544}}
Aug 09 06:38:58 user devstack@keystone.service[44011]: DEBUG keystone.server.flask.request_processing.middleware.auth_context [None req-8b4177eb-9983-4b77-bd38-24fca9bb4e45 None admin] RBAC: auth_context: {'token': , 'domain_id': None, 'trust_id': None, 'trustor_id': None, 'trustee_id': None, 'domain_name': None, 'group_ids': [], 'user_id': '6c5bf824b31b4dfaa09ade95a45f1cd8', 'user_domain_id': 'default', 'system_scope': 'all', 'project_id': None, 'project_domain_id': None, 'roles': ['admin', 'member', 'reader'], 'is_admin_project': True, 'service_user_id': None, 'service_user_domain_id': None, 'service_project_id': None, 'service_project_domain_id': None, 'service_roles': []} {{(pid=44011) fill_context /opt/stack/keystone/keystone/server/flask/request_processing/middleware/auth_context.py:480}}
Aug 09 06:38:58 user devstack@keystone.service[44011]: DEBUG keystone.server.flask.request_processing.req_logging [None req-8b4177eb-9983-4b77-bd38-24fca9bb4e45 None admin] REQUEST_METHOD: `GET` {{(pid=44011) log_request_info /opt/stack/keystone/keystone/server/flask/request_processing/req_logging.py:27}}
Aug 09 06:38:58 user devstack@keystone.service[44011]: DEBUG keystone.server.flask.request_processing.req_logging [None req-8b4177eb-9983-4b77-bd38-24fca9bb4e45 None admin] SCRIPT_NAME: `/identity` {{(pid=44011) log_request_info /opt/stack/keystone/keystone/server/flask/request_processing/req_logging.py:28}}
Aug 09 06:38:58 user devstack@keystone.service[44011]: DEBUG keystone.server.flask.request_processing.req_logging [None req-8b4177eb-9983-4b77-bd38-24fca9bb4e45 None admin] PATH_INFO: `/v3/projects/a79854b546ee44d6bc8890f8edb90a95` {{(pid=44011) log_request_info /opt/stack/keystone/keystone/server/flask/request_processing/req_logging.py:29}}
Aug 09 06:38:58 user devstack@keystone.service[44011]: DEBUG keystone.common.rbac_enforcer.enforcer [None req-8b4177eb-9983-4b77-bd38-24fca9bb4e45 None admin] RBAC: Authorizing `identity:get_project(project_id=a79854b546ee44d6bc8890f8edb90a95)` {{(pid=44011) enforce_call /opt/stack/keystone/keystone/common/rbac_enforcer/enforcer.py:449}}
Aug 09 06:38:58 user devstack@keystone.service[44011]: DEBUG keystone.common.rbac_enforcer.enforcer [None req-8b4177eb-9983-4b77-bd38-24fca9bb4e45 None admin] RBAC: Authorization granted {{(pid=44011) enforce_call /opt/stack/keystone/keystone/common/rbac_enforcer/enforcer.py:457}}
Aug 09 06:38:58 user devstack@keystone.service[44011]: [pid: 44011|app: 0|req: 74/224] 10.0.0.210 () {56 vars in 1181 bytes} [Wed Aug 9 06:38:58 2023] GET /identity/v3/projects/a79854b546ee44d6bc8890f8edb90a95 => generated 301 bytes in 121 msecs (HTTP/1.1 200) 5 headers in 177 bytes (1 switches on core 0)
Aug 09 06:38:58 user devstack@keystone.service[44012]: DEBUG keystone.server.flask.request_processing.middleware.auth_context [None req-efb81ffc-cc2c-4ad7-aa91-e6413a4cc282 None admin] Authenticating user token {{(pid=44012) process_request /usr/local/lib/python3.10/dist-packages/keystonemiddleware/auth_token/__init__.py:406}}
Aug 09 06:38:58 user devstack@keystone.service[44012]: DEBUG keystone.server.flask.request_processing.middleware.auth_context [None req-efb81ffc-cc2c-4ad7-aa91-e6413a4cc282 None admin] Validating token access rules against request {{(pid=44012) validate_allowed_request /usr/local/lib/python3.10/dist-packages/keystonemiddleware/auth_token/__init__.py:544}}
Aug 09 06:38:58 user devstack@keystone.service[44012]: DEBUG keystone.server.flask.request_processing.middleware.auth_context [None req-86fb560f-caa1-4084-a01e-adebfe905822 None admin] RBAC: auth_context: {'token': , 'domain_id': None, 'trust_id': None, 'trustor_id': None, 'trustee_id': None, 'domain_name': None, 'group_ids': [], 'user_id': '6c5bf824b31b4dfaa09ade95a45f1cd8', 'user_domain_id': 'default', 'system_scope': 'all', 'project_id': None, 'project_domain_id': None, 'roles': ['admin', 'member', 'reader'], 'is_admin_project': True, 'service_user_id': None, 'service_user_domain_id': None, 'service_project_id': None, 'service_project_domain_id': None, 'service_roles': []} {{(pid=44012) fill_context /opt/stack/keystone/keystone/server/flask/request_processing/middleware/auth_context.py:480}}
Aug 09 06:38:58 user devstack@keystone.service[44012]: DEBUG keystone.server.flask.request_processing.req_logging [None req-86fb560f-caa1-4084-a01e-adebfe905822 None admin] REQUEST_METHOD: `GET` {{(pid=44012) log_request_info /opt/stack/keystone/keystone/server/flask/request_processing/req_logging.py:27}}
Aug 09 06:38:58 user devstack@keystone.service[44012]: DEBUG keystone.server.flask.request_processing.req_logging [None req-86fb560f-caa1-4084-a01e-adebfe905822 None admin] SCRIPT_NAME: `/identity` {{(pid=44012) log_request_info /opt/stack/keystone/keystone/server/flask/request_processing/req_logging.py:28}}
Aug 09 06:38:58 user devstack@keystone.service[44012]: DEBUG keystone.server.flask.request_processing.req_logging [None req-86fb560f-caa1-4084-a01e-adebfe905822 None admin] PATH_INFO: `/v3/role_assignments` {{(pid=44012) log_request_info /opt/stack/keystone/keystone/server/flask/request_processing/req_logging.py:29}}
Aug 09 06:38:58 user devstack@keystone.service[44012]: DEBUG keystone.common.rbac_enforcer.enforcer [None req-86fb560f-caa1-4084-a01e-adebfe905822 None admin] RBAC: Adding query filter params (role.id=901d57652a0d439fb63942a11d578c98, scope.project.id=a79854b546ee44d6bc8890f8edb90a95, user.id=1d1007fde7ab4e17986d5c733564bafc) {{(pid=44012) _extract_filter_values /opt/stack/keystone/keystone/common/rbac_enforcer/enforcer.py:167}}
Aug 09 06:38:58 user devstack@keystone.service[44012]: DEBUG keystone.common.rbac_enforcer.enforcer [None req-86fb560f-caa1-4084-a01e-adebfe905822 None admin] RBAC: Authorizing `identity:list_role_assignments()` {{(pid=44012) enforce_call /opt/stack/keystone/keystone/common/rbac_enforcer/enforcer.py:449}}
Aug 09 06:38:58 user devstack@keystone.service[44012]: DEBUG keystone.common.rbac_enforcer.enforcer [None req-86fb560f-caa1-4084-a01e-adebfe905822 None admin] RBAC: Authorization granted {{(pid=44012) enforce_call /opt/stack/keystone/keystone/common/rbac_enforcer/enforcer.py:457}}
Aug 09 06:38:58 user devstack@keystone.service[44012]: [pid: 44012|app: 0|req: 72/225] 10.0.0.210 () {56 vars in 1369 bytes} [Wed Aug 9 06:38:58 2023] GET /identity/v3/role_assignments?user.id=1d1007fde7ab4e17986d5c733564bafc&scope.project.id=a79854b546ee44d6bc8890f8edb90a95&role.id=901d57652a0d439fb63942a11d578c98 => generated 606 bytes in 133 msecs (HTTP/1.1 200) 5 headers in 177 bytes (1 switches on core 0)
Aug 09 06:38:59 user devstack@keystone.service[44013]: DEBUG keystone.server.flask.request_processing.req_logging [None req-439430e9-7825-4075-a5dd-ac393632ecd0 None None] REQUEST_METHOD: `GET` {{(pid=44013) log_request_info /opt/stack/keystone/keystone/server/flask/request_processing/req_logging.py:27}}
Aug 09 06:38:59 user devstack@keystone.service[44013]: DEBUG keystone.server.flask.request_processing.req_logging [None req-439430e9-7825-4075-a5dd-ac393632ecd0 None None] SCRIPT_NAME: `/identity` {{(pid=44013) log_request_info /opt/stack/keystone/keystone/server/flask/request_processing/req_logging.py:28}}
Aug 09 06:38:59 user devstack@keystone.service[44013]: DEBUG keystone.server.flask.request_processing.req_logging [None req-439430e9-7825-4075-a5dd-ac393632ecd0 None None] PATH_INFO: `/` {{(pid=44013) log_request_info /opt/stack/keystone/keystone/server/flask/request_processing/req_logging.py:29}}
Aug 09 06:38:59 user devstack@keystone.service[44013]: [pid: 44013|app: 0|req: 80/226] 10.0.0.210 () {54 vars in 921 bytes} [Wed Aug 9 06:38:59 2023] GET /identity => generated 269 bytes in 3 msecs (HTTP/1.1 300) 6 headers in 233 bytes (1 switches on core 0)
Aug 09 06:38:59 user devstack@keystone.service[44011]: DEBUG keystone.server.flask.request_processing.req_logging [None req-bc875633-1ad2-41f0-a52e-a42318b0d832 None None] REQUEST_METHOD: `POST` {{(pid=44011) log_request_info /opt/stack/keystone/keystone/server/flask/request_processing/req_logging.py:27}}
Aug 09 06:38:59 user devstack@keystone.service[44011]: DEBUG keystone.server.flask.request_processing.req_logging [None req-bc875633-1ad2-41f0-a52e-a42318b0d832 None None] SCRIPT_NAME: `/identity` {{(pid=44011) log_request_info /opt/stack/keystone/keystone/server/flask/request_processing/req_logging.py:28}}
Aug 09 06:38:59 user devstack@keystone.service[44011]: DEBUG keystone.server.flask.request_processing.req_logging [None req-bc875633-1ad2-41f0-a52e-a42318b0d832 None None] PATH_INFO: `/v3/auth/tokens` {{(pid=44011) log_request_info /opt/stack/keystone/keystone/server/flask/request_processing/req_logging.py:29}}
Aug 09 06:38:59 user devstack@keystone.service[44012]: DEBUG keystone.server.flask.request_processing.req_logging [None req-3d3e60be-8060-4e74-99b5-1b091f1c329c None None] REQUEST_METHOD: `GET` {{(pid=44012) log_request_info /opt/stack/keystone/keystone/server/flask/request_processing/req_logging.py:27}}
Aug 09 06:38:59 user devstack@keystone.service[44012]: DEBUG keystone.server.flask.request_processing.req_logging [None req-3d3e60be-8060-4e74-99b5-1b091f1c329c None None] SCRIPT_NAME: `/identity` {{(pid=44012) log_request_info /opt/stack/keystone/keystone/server/flask/request_processing/req_logging.py:28}}
Aug 09 06:38:59 user devstack@keystone.service[44012]: DEBUG keystone.server.flask.request_processing.req_logging [None req-3d3e60be-8060-4e74-99b5-1b091f1c329c None None] PATH_INFO: `/` {{(pid=44012) log_request_info /opt/stack/keystone/keystone/server/flask/request_processing/req_logging.py:29}}
Aug 09 06:38:59 user devstack@keystone.service[44012]: [pid: 44012|app: 0|req: 73/227] 10.0.0.210 () {54 vars in 921 bytes} [Wed Aug 9 06:38:59 2023] GET /identity => generated 269 bytes in 4 msecs (HTTP/1.1 300) 6 headers in 233 bytes (1 switches on core 0)
Aug 09 06:38:59 user devstack@keystone.service[44013]: DEBUG keystone.server.flask.request_processing.req_logging [None req-17cdd0f7-6ea7-4da7-8eb2-dac14b6b608b None None] REQUEST_METHOD: `POST` {{(pid=44013) log_request_info /opt/stack/keystone/keystone/server/flask/request_processing/req_logging.py:27}}
Aug 09 06:38:59 user devstack@keystone.service[44013]: DEBUG keystone.server.flask.request_processing.req_logging [None req-17cdd0f7-6ea7-4da7-8eb2-dac14b6b608b None None] SCRIPT_NAME: `/identity` {{(pid=44013) log_request_info /opt/stack/keystone/keystone/server/flask/request_processing/req_logging.py:28}}
Aug 09 06:38:59 user devstack@keystone.service[44013]: DEBUG keystone.server.flask.request_processing.req_logging [None req-17cdd0f7-6ea7-4da7-8eb2-dac14b6b608b None None] PATH_INFO: `/v3/auth/tokens` {{(pid=44013) log_request_info /opt/stack/keystone/keystone/server/flask/request_processing/req_logging.py:29}}
Aug 09 06:38:59 user devstack@keystone.service[44012]: DEBUG keystone.server.flask.request_processing.req_logging [None req-c376dd9f-364b-4927-8091-bfb704618324 None None] REQUEST_METHOD: `GET` {{(pid=44012) log_request_info /opt/stack/keystone/keystone/server/flask/request_processing/req_logging.py:27}}
Aug 09 06:38:59 user devstack@keystone.service[44011]: WARNING keystone.common.password_hashing [None req-bc875633-1ad2-41f0-a52e-a42318b0d832 None None] Truncating password to algorithm specific maximum length 54 characters.
Aug 09 06:38:59 user devstack@keystone.service[44012]: DEBUG keystone.server.flask.request_processing.req_logging [None req-c376dd9f-364b-4927-8091-bfb704618324 None None] SCRIPT_NAME: `/identity` {{(pid=44012) log_request_info /opt/stack/keystone/keystone/server/flask/request_processing/req_logging.py:28}}
Aug 09 06:38:59 user devstack@keystone.service[44012]: DEBUG keystone.server.flask.request_processing.req_logging [None req-c376dd9f-364b-4927-8091-bfb704618324 None None] PATH_INFO: `/` {{(pid=44012) log_request_info /opt/stack/keystone/keystone/server/flask/request_processing/req_logging.py:29}}
Aug 09 06:38:59 user devstack@keystone.service[44012]: [pid: 44012|app: 0|req: 74/228] 10.0.0.210 () {54 vars in 921 bytes} [Wed Aug 9 06:38:59 2023] GET /identity => generated 269 bytes in 3 msecs (HTTP/1.1 300) 6 headers in 233 bytes (2 switches on core 0)
Aug 09 06:38:59 user devstack@keystone.service[44011]: DEBUG keystone.auth.core [None req-bc875633-1ad2-41f0-a52e-a42318b0d832 None None] MFA Rules not processed for user `6c5bf824b31b4dfaa09ade95a45f1cd8`. Rule list: `[]` (Enabled: `True`). {{(pid=44011) check_auth_methods_against_rules /opt/stack/keystone/keystone/auth/core.py:438}}
Aug 09 06:38:59 user devstack@keystone.service[44011]: DEBUG keystone.common.fernet_utils [None req-bc875633-1ad2-41f0-a52e-a42318b0d832 None None] Loaded 2 Fernet keys from /etc/keystone/fernet-keys/, but `[fernet_tokens] max_active_keys = 3`; perhaps there have not been enough key rotations to reach `max_active_keys` yet? {{(pid=44011) load_keys /opt/stack/keystone/keystone/common/fernet_utils.py:286}}
Aug 09 06:38:59 user devstack@keystone.service[44012]: DEBUG keystone.server.flask.request_processing.req_logging [None req-24477438-b116-49e5-8a79-f982d1049a1f None None] REQUEST_METHOD: `POST` {{(pid=44012) log_request_info /opt/stack/keystone/keystone/server/flask/request_processing/req_logging.py:27}}
