Nov 15 05:29:23 user devstack@keystone.service[46954]: ERROR keystone.server.flask.application [None req-d7ddaf6b-71b2-424e-84c9-d50af05abe90 None admin] Could not find role: anotherrole.: keystone.exception.RoleNotFound: Could not find role: anotherrole.
Nov 15 05:29:23 user devstack@keystone.service[46954]: ERROR keystone.server.flask.application
Traceback (most recent call last):
Nov 15 05:29:23 user devstack@keystone.service[46954]: ERROR keystone.server.flask.application
File "/opt/stack/data/venv/lib/python3.10/site-packages/flask/app.py", line 1823, in full_dispatch_request
Nov 15 05:29:23 user devstack@keystone.service[46954]: ERROR keystone.server.flask.application rv = self.dispatch_request()
Nov 15 05:29:23 user devstack@keystone.service[46954]: ERROR keystone.server.flask.application
File "/opt/stack/data/venv/lib/python3.10/site-packages/flask/app.py", line 1799, in dispatch_request
Nov 15 05:29:23 user devstack@keystone.service[46954]: ERROR keystone.server.flask.application return self.ensure_sync(self.view_functions[rule.endpoint])(**view_args)
Nov 15 05:29:23 user devstack@keystone.service[46954]: ERROR keystone.server.flask.application
File "/opt/stack/data/venv/lib/python3.10/site-packages/flask_restful/__init__.py", line 489, in wrapper
Nov 15 05:29:23 user devstack@keystone.service[46954]: ERROR keystone.server.flask.application resp = resource(*args, **kwargs)
Nov 15 05:29:23 user devstack@keystone.service[46954]: ERROR keystone.server.flask.application
File "/opt/stack/data/venv/lib/python3.10/site-packages/flask/views.py", line 107, in view
Nov 15 05:29:23 user devstack@keystone.service[46954]: ERROR keystone.server.flask.application return current_app.ensure_sync(self.dispatch_request)(**kwargs)
Nov 15 05:29:23 user devstack@keystone.service[46954]: ERROR keystone.server.flask.application
File "/opt/stack/data/venv/lib/python3.10/site-packages/flask_restful/__init__.py", line 604, in dispatch_request
Nov 15 05:29:23 user devstack@keystone.service[46954]: ERROR keystone.server.flask.application resp = meth(*args, **kwargs)
Nov 15 05:29:23 user devstack@keystone.service[46954]: ERROR keystone.server.flask.application
File "/opt/stack/keystone/keystone/api/roles.py", line 50, in get
Nov 15 05:29:23 user devstack@keystone.service[46954]: ERROR keystone.server.flask.application return self._get_role(role_id)
Nov 15 05:29:23 user devstack@keystone.service[46954]: ERROR keystone.server.flask.application
File "/opt/stack/keystone/keystone/api/roles.py", line 70, in _get_role
Nov 15 05:29:23 user devstack@keystone.service[46954]: ERROR keystone.server.flask.application ENFORCER.enforce_call(action='identity:get_role')
Nov 15 05:29:23 user devstack@keystone.service[46954]: ERROR keystone.server.flask.application
File "/opt/stack/keystone/keystone/common/rbac_enforcer/enforcer.py", line 402, in enforce_call
Nov 15 05:29:23 user devstack@keystone.service[46954]: ERROR keystone.server.flask.application policy_dict.update(cls._extract_member_target_data(
Nov 15 05:29:23 user devstack@keystone.service[46954]: ERROR keystone.server.flask.application
File "/opt/stack/keystone/keystone/common/rbac_enforcer/enforcer.py", line 234, in _extract_member_target_data
Nov 15 05:29:23 user devstack@keystone.service[46954]: ERROR keystone.server.flask.application member_name: func(flask.request.view_args[key])
Nov 15 05:29:23 user devstack@keystone.service[46954]: ERROR keystone.server.flask.application
File "/opt/stack/keystone/keystone/common/manager.py", line 115, in wrapped
Nov 15 05:29:23 user devstack@keystone.service[46954]: ERROR keystone.server.flask.application __ret_val = __f(*args, **kwargs)
Nov 15 05:29:23 user devstack@keystone.service[46954]: ERROR keystone.server.flask.application
File "/opt/stack/data/venv/lib/python3.10/site-packages/decorator.py", line 232, in fun
Nov 15 05:29:23 user devstack@keystone.service[46954]: ERROR keystone.server.flask.application return caller(func, *(extras + args), **kw)
Nov 15 05:29:23 user devstack@keystone.service[46954]: ERROR keystone.server.flask.application
File "/opt/stack/data/venv/lib/python3.10/site-packages/dogpile/cache/region.py", line 1594, in get_or_create_for_user_func
Nov 15 05:29:23 user devstack@keystone.service[46954]: ERROR keystone.server.flask.application return self.get_or_create(
Nov 15 05:29:23 user devstack@keystone.service[46954]: ERROR keystone.server.flask.application
File "/opt/stack/data/venv/lib/python3.10/site-packages/dogpile/cache/region.py", line 1054, in get_or_create
Nov 15 05:29:23 user devstack@keystone.service[46954]: ERROR keystone.server.flask.application with Lock(
Nov 15 05:29:23 user devstack@keystone.service[46954]: ERROR keystone.server.flask.application
File "/opt/stack/data/venv/lib/python3.10/site-packages/dogpile/lock.py", line 185, in __enter__
Nov 15 05:29:23 user devstack@keystone.service[46954]: ERROR keystone.server.flask.application return self._enter()
Nov 15 05:29:23 user devstack@keystone.service[46954]: ERROR keystone.server.flask.application
File "/opt/stack/data/venv/lib/python3.10/site-packages/dogpile/lock.py", line 94, in _enter
Nov 15 05:29:23 user devstack@keystone.service[46954]: ERROR keystone.server.flask.application generated = self._enter_create(value, createdtime)
Nov 15 05:29:23 user devstack@keystone.service[46954]: ERROR keystone.server.flask.application
File "/opt/stack/data/venv/lib/python3.10/site-packages/dogpile/lock.py", line 178, in _enter_create
Nov 15 05:29:23 user devstack@keystone.service[46954]: ERROR keystone.server.flask.application return self.creator()
Nov 15 05:29:23 user devstack@keystone.service[46954]: ERROR keystone.server.flask.application
File "/opt/stack/data/venv/lib/python3.10/site-packages/dogpile/cache/region.py", line 1007, in gen_value
Nov 15 05:29:23 user devstack@keystone.service[46954]: ERROR keystone.server.flask.application created_value = creator(
Nov 15 05:29:23 user devstack@keystone.service[46954]: ERROR keystone.server.flask.application
File "/opt/stack/keystone/keystone/assignment/core.py", line 1276, in get_role
Nov 15 05:29:23 user devstack@keystone.service[46954]: ERROR keystone.server.flask.application return self.driver.get_role(role_id)
Nov 15 05:29:23 user devstack@keystone.service[46954]: ERROR keystone.server.flask.application
File "/opt/stack/keystone/keystone/assignment/role_backends/sql.py", line 70, in get_role
Nov 15 05:29:23 user devstack@keystone.service[46954]: ERROR keystone.server.flask.application return self._get_role(session, role_id).to_dict()
Nov 15 05:29:23 user devstack@keystone.service[46954]: ERROR keystone.server.flask.application
File "/opt/stack/keystone/keystone/assignment/role_backends/sql.py", line 65, in _get_role
Nov 15 05:29:23 user devstack@keystone.service[46954]: ERROR keystone.server.flask.application raise exception.RoleNotFound(role_id=role_id)
Nov 15 05:29:23 user devstack@keystone.service[46954]: ERROR keystone.server.flask.application keystone.exception.RoleNotFound: Could not find role: anotherrole.
Nov 15 05:29:23 user devstack@keystone.service[46954]: ERROR keystone.server.flask.application
Nov 15 05:29:23 user devstack@keystone.service[46954]: [pid: 46954|app: 0|req: 91/262] 10.0.0.210 () {56 vars in 1109 bytes} [Wed Nov 15 05:29:23 2023] GET /identity/v3/roles/anotherrole => generated 89 bytes in 141 msecs (HTTP/1.1 404) 5 headers in 183 bytes (1 switches on core 0)
Nov 15 05:29:23 user devstack@keystone.service[46954]: DEBUG keystone.server.flask.request_processing.middleware.auth_context [None req-d7ddaf6b-71b2-424e-84c9-d50af05abe90 None admin] Authenticating user token {{(pid=46954) process_request /opt/stack/data/venv/lib/python3.10/site-packages/keystonemiddleware/auth_token/__init__.py:406}}
Nov 15 05:29:23 user devstack@keystone.service[46955]: DEBUG keystone.common.rbac_enforcer.enforcer [None req-6bf5f290-074b-4148-8c81-d8176aab59a5 None admin] RBAC: Authorizing `identity:validate_token()` {{(pid=46955) enforce_call /opt/stack/keystone/keystone/common/rbac_enforcer/enforcer.py:449}}
Nov 15 05:29:23 user devstack@keystone.service[46955]: DEBUG keystone.common.rbac_enforcer.enforcer [None req-6bf5f290-074b-4148-8c81-d8176aab59a5 None admin] RBAC: Authorization granted {{(pid=46955) enforce_call /opt/stack/keystone/keystone/common/rbac_enforcer/enforcer.py:457}}
Nov 15 05:29:23 user devstack@keystone.service[46953]: DEBUG keystone.server.flask.request_processing.middleware.auth_context [None req-3a033e5f-ab2a-4e80-bd2a-103dbbd0dbb3 None admin] Validating token access rules against request {{(pid=46953) validate_allowed_request /opt/stack/data/venv/lib/python3.10/site-packages/keystonemiddleware/auth_token/__init__.py:544}}
Nov 15 05:29:23 user devstack@keystone.service[46954]: DEBUG keystone.server.flask.request_processing.middleware.auth_context [None req-d7ddaf6b-71b2-424e-84c9-d50af05abe90 None admin] Validating token access rules against request {{(pid=46954) validate_allowed_request /opt/stack/data/venv/lib/python3.10/site-packages/keystonemiddleware/auth_token/__init__.py:544}}
Nov 15 05:29:23 user devstack@keystone.service[46953]: DEBUG keystone.server.flask.request_processing.middleware.auth_context [None req-662a236d-8c57-4110-8c9d-3a60e0e7bcbc None admin] RBAC: auth_context: {'token': , 'domain_id': None, 'trust_id': None, 'trustor_id': None, 'trustee_id': None, 'domain_name': None, 'group_ids': [], 'user_id': 'f867337335504946b7982a0107390474', 'user_domain_id': 'default', 'system_scope': 'all', 'project_id': None, 'project_domain_id': None, 'roles': ['admin', 'manager', 'member', 'reader'], 'is_admin_project': True, 'service_user_id': None, 'service_user_domain_id': None, 'service_project_id': None, 'service_project_domain_id': None, 'service_roles': []} {{(pid=46953) fill_context /opt/stack/keystone/keystone/server/flask/request_processing/middleware/auth_context.py:480}}
Nov 15 05:29:23 user devstack@keystone.service[46953]: DEBUG keystone.server.flask.request_processing.req_logging [None req-662a236d-8c57-4110-8c9d-3a60e0e7bcbc None admin] REQUEST_METHOD: `GET` {{(pid=46953) log_request_info /opt/stack/keystone/keystone/server/flask/request_processing/req_logging.py:27}}
Nov 15 05:29:23 user devstack@keystone.service[46953]: DEBUG keystone.server.flask.request_processing.req_logging [None req-662a236d-8c57-4110-8c9d-3a60e0e7bcbc None admin] SCRIPT_NAME: `/identity` {{(pid=46953) log_request_info /opt/stack/keystone/keystone/server/flask/request_processing/req_logging.py:28}}
Nov 15 05:29:23 user devstack@keystone.service[46953]: DEBUG keystone.server.flask.request_processing.req_logging [None req-662a236d-8c57-4110-8c9d-3a60e0e7bcbc None admin] PATH_INFO: `/v3/roles` {{(pid=46953) log_request_info /opt/stack/keystone/keystone/server/flask/request_processing/req_logging.py:29}}
Nov 15 05:29:23 user devstack@keystone.service[46953]: DEBUG keystone.common.rbac_enforcer.enforcer [None req-662a236d-8c57-4110-8c9d-3a60e0e7bcbc None admin] RBAC: Adding query filter params (name=anotherrole) {{(pid=46953) _extract_filter_values /opt/stack/keystone/keystone/common/rbac_enforcer/enforcer.py:167}}
Nov 15 05:29:23 user devstack@keystone.service[46954]: DEBUG keystone.server.flask.request_processing.middleware.auth_context [None req-33fbd6b5-382c-42f0-8962-dfe4f02419e3 None admin] RBAC: auth_context: {'token': , 'domain_id': None, 'trust_id': None, 'trustor_id': None, 'trustee_id': None, 'domain_name': None, 'group_ids': [], 'user_id': 'f867337335504946b7982a0107390474', 'user_domain_id': 'default', 'system_scope': 'all', 'project_id': None, 'project_domain_id': None, 'roles': ['admin', 'manager', 'member', 'reader'], 'is_admin_project': True, 'service_user_id': None, 'service_user_domain_id': None, 'service_project_id': None, 'service_project_domain_id': None, 'service_roles': []} {{(pid=46954) fill_context /opt/stack/keystone/keystone/server/flask/request_processing/middleware/auth_context.py:480}}
Nov 15 05:29:23 user devstack@keystone.service[46953]: DEBUG keystone.common.rbac_enforcer.enforcer [None req-662a236d-8c57-4110-8c9d-3a60e0e7bcbc None admin] RBAC: Authorizing `identity:list_roles()` {{(pid=46953) enforce_call /opt/stack/keystone/keystone/common/rbac_enforcer/enforcer.py:449}}
Nov 15 05:29:23 user devstack@keystone.service[46954]: DEBUG keystone.server.flask.request_processing.req_logging [None req-33fbd6b5-382c-42f0-8962-dfe4f02419e3 None admin] REQUEST_METHOD: `GET` {{(pid=46954) log_request_info /opt/stack/keystone/keystone/server/flask/request_processing/req_logging.py:27}}
Nov 15 05:29:23 user devstack@keystone.service[46954]: DEBUG keystone.server.flask.request_processing.req_logging [None req-33fbd6b5-382c-42f0-8962-dfe4f02419e3 None admin] SCRIPT_NAME: `/identity` {{(pid=46954) log_request_info /opt/stack/keystone/keystone/server/flask/request_processing/req_logging.py:28}}
Nov 15 05:29:23 user devstack@keystone.service[46954]: DEBUG keystone.server.flask.request_processing.req_logging [None req-33fbd6b5-382c-42f0-8962-dfe4f02419e3 None admin] PATH_INFO: `/v3/projects/102a7c4762204e819b49656daf0af0d1` {{(pid=46954) log_request_info /opt/stack/keystone/keystone/server/flask/request_processing/req_logging.py:29}}
Nov 15 05:29:23 user devstack@keystone.service[46954]: DEBUG keystone.common.rbac_enforcer.enforcer [None req-33fbd6b5-382c-42f0-8962-dfe4f02419e3 None admin] RBAC: Authorizing `identity:get_project(project_id=102a7c4762204e819b49656daf0af0d1)` {{(pid=46954) enforce_call /opt/stack/keystone/keystone/common/rbac_enforcer/enforcer.py:449}}
Nov 15 05:29:23 user devstack@keystone.service[46953]: DEBUG keystone.common.rbac_enforcer.enforcer [None req-662a236d-8c57-4110-8c9d-3a60e0e7bcbc None admin] RBAC: Authorization granted {{(pid=46953) enforce_call /opt/stack/keystone/keystone/common/rbac_enforcer/enforcer.py:457}}
Nov 15 05:29:23 user devstack@keystone.service[46954]: DEBUG keystone.common.rbac_enforcer.enforcer [None req-33fbd6b5-382c-42f0-8962-dfe4f02419e3 None admin] RBAC: Authorization granted {{(pid=46954) enforce_call /opt/stack/keystone/keystone/common/rbac_enforcer/enforcer.py:457}}
Nov 15 05:29:23 user devstack@keystone.service[46954]: [pid: 46954|app: 0|req: 92/263] 10.0.0.210 () {56 vars in 1181 bytes} [Wed Nov 15 05:29:23 2023] GET /identity/v3/projects/102a7c4762204e819b49656daf0af0d1 => generated 297 bytes in 128 msecs (HTTP/1.1 200) 5 headers in 177 bytes (1 switches on core 0)
Nov 15 05:29:23 user devstack@keystone.service[46954]: DEBUG keystone.server.flask.request_processing.middleware.auth_context [None req-33fbd6b5-382c-42f0-8962-dfe4f02419e3 None admin] Authenticating user token {{(pid=46954) process_request /opt/stack/data/venv/lib/python3.10/site-packages/keystonemiddleware/auth_token/__init__.py:406}}
Nov 15 05:29:23 user devstack@keystone.service[46953]: [pid: 46953|app: 0|req: 90/264] 10.0.0.210 () {56 vars in 1106 bytes} [Wed Nov 15 05:29:23 2023] GET /identity/v3/roles?name=anotherrole => generated 332 bytes in 144 msecs (HTTP/1.1 200) 5 headers in 177 bytes (1 switches on core 0)
Nov 15 05:29:23 user devstack@keystone.service[46953]: DEBUG keystone.server.flask.request_processing.req_logging [None req-c014c6ab-54c6-4190-8db8-b6c45d414c79 None None] REQUEST_METHOD: `GET` {{(pid=46953) log_request_info /opt/stack/keystone/keystone/server/flask/request_processing/req_logging.py:27}}
Nov 15 05:29:23 user devstack@keystone.service[46953]: DEBUG keystone.server.flask.request_processing.req_logging [None req-c014c6ab-54c6-4190-8db8-b6c45d414c79 None None] SCRIPT_NAME: `/identity` {{(pid=46953) log_request_info /opt/stack/keystone/keystone/server/flask/request_processing/req_logging.py:28}}
Nov 15 05:29:23 user devstack@keystone.service[46953]: DEBUG keystone.server.flask.request_processing.req_logging [None req-c014c6ab-54c6-4190-8db8-b6c45d414c79 None None] PATH_INFO: `/` {{(pid=46953) log_request_info /opt/stack/keystone/keystone/server/flask/request_processing/req_logging.py:29}}
Nov 15 05:29:23 user devstack@keystone.service[46953]: [pid: 46953|app: 0|req: 91/265] 10.0.0.210 () {54 vars in 921 bytes} [Wed Nov 15 05:29:23 2023] GET /identity => generated 269 bytes in 2 msecs (HTTP/1.1 300) 6 headers in 233 bytes (1 switches on core 0)
Nov 15 05:29:23 user devstack@keystone.service[46953]: DEBUG keystone.server.flask.request_processing.middleware.auth_context [None req-c014c6ab-54c6-4190-8db8-b6c45d414c79 None None] Authenticating user token {{(pid=46953) process_request /opt/stack/data/venv/lib/python3.10/site-packages/keystonemiddleware/auth_token/__init__.py:406}}
Nov 15 05:29:23 user devstack@keystone.service[46955]: [pid: 46955|app: 0|req: 83/266] 10.0.0.210 () {58 vars in 1277 bytes} [Wed Nov 15 05:29:23 2023] GET /identity/v3/auth/tokens => generated 861 bytes in 308 msecs (HTTP/1.1 200) 6 headers in 358 bytes (1 switches on core 0)
Nov 15 05:29:23 user devstack@keystone.service[46955]: DEBUG keystone.server.flask.request_processing.middleware.auth_context [None req-6bf5f290-074b-4148-8c81-d8176aab59a5 None admin] Authenticating user token {{(pid=46955) process_request /opt/stack/data/venv/lib/python3.10/site-packages/keystonemiddleware/auth_token/__init__.py:406}}
Nov 15 05:29:23 user devstack@keystone.service[46954]: DEBUG keystone.server.flask.request_processing.middleware.auth_context [None req-33fbd6b5-382c-42f0-8962-dfe4f02419e3 None admin] Validating token access rules against request {{(pid=46954) validate_allowed_request /opt/stack/data/venv/lib/python3.10/site-packages/keystonemiddleware/auth_token/__init__.py:544}}
Nov 15 05:29:23 user devstack@keystone.service[46953]: DEBUG keystone.server.flask.request_processing.middleware.auth_context [None req-c014c6ab-54c6-4190-8db8-b6c45d414c79 None None] Validating token access rules against request {{(pid=46953) validate_allowed_request /opt/stack/data/venv/lib/python3.10/site-packages/keystonemiddleware/auth_token/__init__.py:544}}
Nov 15 05:29:23 user devstack@keystone.service[46954]: DEBUG keystone.server.flask.request_processing.middleware.auth_context [None req-d6d173d4-4e9c-4dab-983d-67f201c25149 None admin] RBAC: auth_context: {'token': , 'domain_id': None, 'trust_id': None, 'trustor_id': None, 'trustee_id': None, 'domain_name': None, 'group_ids': [], 'user_id': 'f867337335504946b7982a0107390474', 'user_domain_id': 'default', 'system_scope': 'all', 'project_id': None, 'project_domain_id': None, 'roles': ['admin', 'manager', 'member', 'reader'], 'is_admin_project': True, 'service_user_id': None, 'service_user_domain_id': None, 'service_project_id': None, 'service_project_domain_id': None, 'service_roles': []} {{(pid=46954) fill_context /opt/stack/keystone/keystone/server/flask/request_processing/middleware/auth_context.py:480}}
Nov 15 05:29:23 user devstack@keystone.service[46954]: DEBUG keystone.server.flask.request_processing.req_logging [None req-d6d173d4-4e9c-4dab-983d-67f201c25149 None admin] REQUEST_METHOD: `GET` {{(pid=46954) log_request_info /opt/stack/keystone/keystone/server/flask/request_processing/req_logging.py:27}}
Nov 15 05:29:23 user devstack@keystone.service[46954]: DEBUG keystone.server.flask.request_processing.req_logging [None req-d6d173d4-4e9c-4dab-983d-67f201c25149 None admin] SCRIPT_NAME: `/identity` {{(pid=46954) log_request_info /opt/stack/keystone/keystone/server/flask/request_processing/req_logging.py:28}}
Nov 15 05:29:23 user devstack@keystone.service[46954]: DEBUG keystone.server.flask.request_processing.req_logging [None req-d6d173d4-4e9c-4dab-983d-67f201c25149 None admin] PATH_INFO: `/v3/roles` {{(pid=46954) log_request_info /opt/stack/keystone/keystone/server/flask/request_processing/req_logging.py:29}}
Nov 15 05:29:23 user devstack@keystone.service[46954]: DEBUG keystone.common.rbac_enforcer.enforcer [None req-d6d173d4-4e9c-4dab-983d-67f201c25149 None admin] RBAC: Adding query filter params (name=anotherrole) {{(pid=46954) _extract_filter_values /opt/stack/keystone/keystone/common/rbac_enforcer/enforcer.py:167}}
Nov 15 05:29:23 user devstack@keystone.service[46954]: DEBUG keystone.common.rbac_enforcer.enforcer [None req-d6d173d4-4e9c-4dab-983d-67f201c25149 None admin] RBAC: Authorizing `identity:list_roles()` {{(pid=46954) enforce_call /opt/stack/keystone/keystone/common/rbac_enforcer/enforcer.py:449}}
Nov 15 05:29:23 user devstack@keystone.service[46955]: DEBUG keystone.server.flask.request_processing.middleware.auth_context [None req-6bf5f290-074b-4148-8c81-d8176aab59a5 None admin] Validating token access rules against request {{(pid=46955) validate_allowed_request /opt/stack/data/venv/lib/python3.10/site-packages/keystonemiddleware/auth_token/__init__.py:544}}
Nov 15 05:29:23 user devstack@keystone.service[46954]: DEBUG keystone.common.rbac_enforcer.enforcer [None req-d6d173d4-4e9c-4dab-983d-67f201c25149 None admin] RBAC: Authorization granted {{(pid=46954) enforce_call /opt/stack/keystone/keystone/common/rbac_enforcer/enforcer.py:457}}
Nov 15 05:29:23 user devstack@keystone.service[46954]: [pid: 46954|app: 0|req: 93/267] 10.0.0.210 () {56 vars in 1106 bytes} [Wed Nov 15 05:29:23 2023] GET /identity/v3/roles?name=anotherrole => generated 332 bytes in 130 msecs (HTTP/1.1 200) 5 headers in 177 bytes (1 switches on core 0)
Nov 15 05:29:23 user devstack@keystone.service[46954]: DEBUG keystone.server.flask.request_processing.middleware.auth_context [None req-d6d173d4-4e9c-4dab-983d-67f201c25149 None admin] Authenticating user token {{(pid=46954) process_request /opt/stack/data/venv/lib/python3.10/site-packages/keystonemiddleware/auth_token/__init__.py:406}}
Nov 15 05:29:23 user devstack@keystone.service[46953]: DEBUG keystone.server.flask.request_processing.middleware.auth_context [None req-12e48285-5d7b-4fb6-84b1-e1a303584eb2 None admin] RBAC: auth_context: {'token': , 'domain_id': None, 'trust_id': None, 'trustor_id': None, 'trustee_id': None, 'domain_name': None, 'group_ids': [], 'user_id': 'f867337335504946b7982a0107390474', 'user_domain_id': 'default', 'system_scope': 'all', 'project_id': None, 'project_domain_id': None, 'roles': ['admin', 'manager', 'member', 'reader'], 'is_admin_project': True, 'service_user_id': None, 'service_user_domain_id': None, 'service_project_id': None, 'service_project_domain_id': None, 'service_roles': []} {{(pid=46953) fill_context /opt/stack/keystone/keystone/server/flask/request_processing/middleware/auth_context.py:480}}
Nov 15 05:29:23 user devstack@keystone.service[46953]: DEBUG keystone.server.flask.request_processing.req_logging [None req-12e48285-5d7b-4fb6-84b1-e1a303584eb2 None admin] REQUEST_METHOD: `GET` {{(pid=46953) log_request_info /opt/stack/keystone/keystone/server/flask/request_processing/req_logging.py:27}}
Nov 15 05:29:23 user devstack@keystone.service[46953]: DEBUG keystone.server.flask.request_processing.req_logging [None req-12e48285-5d7b-4fb6-84b1-e1a303584eb2 None admin] SCRIPT_NAME: `/identity` {{(pid=46953) log_request_info /opt/stack/keystone/keystone/server/flask/request_processing/req_logging.py:28}}
Nov 15 05:29:23 user devstack@keystone.service[46953]: DEBUG keystone.server.flask.request_processing.req_logging [None req-12e48285-5d7b-4fb6-84b1-e1a303584eb2 None admin] PATH_INFO: `/v3/groups/d4a205897aa4403287b82efdea960d28` {{(pid=46953) log_request_info /opt/stack/keystone/keystone/server/flask/request_processing/req_logging.py:29}}
Nov 15 05:29:23 user devstack@keystone.service[46953]: DEBUG keystone.common.rbac_enforcer.enforcer [None req-12e48285-5d7b-4fb6-84b1-e1a303584eb2 None admin] RBAC: Authorizing `identity:get_group(group_id=d4a205897aa4403287b82efdea960d28)` {{(pid=46953) enforce_call /opt/stack/keystone/keystone/common/rbac_enforcer/enforcer.py:449}}
Nov 15 05:29:23 user devstack@keystone.service[46953]: DEBUG keystone.common.rbac_enforcer.enforcer [None req-12e48285-5d7b-4fb6-84b1-e1a303584eb2 None admin] RBAC: Authorization granted {{(pid=46953) enforce_call /opt/stack/keystone/keystone/common/rbac_enforcer/enforcer.py:457}}
Nov 15 05:29:23 user devstack@keystone.service[46953]: [pid: 46953|app: 0|req: 92/268] 10.0.0.210 () {56 vars in 1175 bytes} [Wed Nov 15 05:29:23 2023] GET /identity/v3/groups/d4a205897aa4403287b82efdea960d28 => generated 225 bytes in 134 msecs (HTTP/1.1 200) 5 headers in 177 bytes (1 switches on core 0)
Nov 15 05:29:23 user devstack@keystone.service[46953]: DEBUG keystone.server.flask.request_processing.middleware.auth_context [None req-12e48285-5d7b-4fb6-84b1-e1a303584eb2 None admin] Authenticating user token {{(pid=46953) process_request /opt/stack/data/venv/lib/python3.10/site-packages/keystonemiddleware/auth_token/__init__.py:406}}
Nov 15 05:29:23 user devstack@keystone.service[46955]: DEBUG keystone.server.flask.request_processing.middleware.auth_context [None req-51708aa0-7fb3-4170-b1d8-098a695ad402 None admin] RBAC: auth_context: {'token': , 'domain_id': None, 'trust_id': None, 'trustor_id': None, 'trustee_id': None, 'domain_name': None, 'group_ids': [], 'user_id': 'f867337335504946b7982a0107390474', 'user_domain_id': 'default', 'system_scope': 'all', 'project_id': None, 'project_domain_id': None, 'roles': ['admin', 'manager', 'member', 'reader'], 'is_admin_project': True, 'service_user_id': None, 'service_user_domain_id': None, 'service_project_id': None, 'service_project_domain_id': None, 'service_roles': []} {{(pid=46955) fill_context /opt/stack/keystone/keystone/server/flask/request_processing/middleware/auth_context.py:480}}
Nov 15 05:29:23 user devstack@keystone.service[46955]: DEBUG keystone.server.flask.request_processing.req_logging [None req-51708aa0-7fb3-4170-b1d8-098a695ad402 None admin] REQUEST_METHOD: `GET` {{(pid=46955) log_request_info /opt/stack/keystone/keystone/server/flask/request_processing/req_logging.py:27}}
Nov 15 05:29:23 user devstack@keystone.service[46955]: DEBUG keystone.server.flask.request_processing.req_logging [None req-51708aa0-7fb3-4170-b1d8-098a695ad402 None admin] SCRIPT_NAME: `/identity` {{(pid=46955) log_request_info /opt/stack/keystone/keystone/server/flask/request_processing/req_logging.py:28}}
Nov 15 05:29:23 user devstack@keystone.service[46955]: DEBUG keystone.server.flask.request_processing.req_logging [None req-51708aa0-7fb3-4170-b1d8-098a695ad402 None admin] PATH_INFO: `/v3/auth/tokens` {{(pid=46955) log_request_info /opt/stack/keystone/keystone/server/flask/request_processing/req_logging.py:29}}
Nov 15 05:29:23 user devstack@keystone.service[46954]: DEBUG keystone.server.flask.request_processing.middleware.auth_context [None req-d6d173d4-4e9c-4dab-983d-67f201c25149 None admin] Validating token access rules against request {{(pid=46954) validate_allowed_request /opt/stack/data/venv/lib/python3.10/site-packages/keystonemiddleware/auth_token/__init__.py:544}}
Nov 15 05:29:23 user devstack@keystone.service[46955]: DEBUG keystone.common.rbac_enforcer.enforcer [None req-51708aa0-7fb3-4170-b1d8-098a695ad402 None admin] RBAC: Authorizing `identity:validate_token()` {{(pid=46955) enforce_call /opt/stack/keystone/keystone/common/rbac_enforcer/enforcer.py:449}}
Nov 15 05:29:23 user devstack@keystone.service[46955]: DEBUG keystone.common.rbac_enforcer.enforcer [None req-51708aa0-7fb3-4170-b1d8-098a695ad402 None admin] RBAC: Authorization granted {{(pid=46955) enforce_call /opt/stack/keystone/keystone/common/rbac_enforcer/enforcer.py:457}}
Nov 15 05:29:23 user devstack@keystone.service[46953]: DEBUG keystone.server.flask.request_processing.middleware.auth_context [None req-12e48285-5d7b-4fb6-84b1-e1a303584eb2 None admin] Validating token access rules against request {{(pid=46953) validate_allowed_request /opt/stack/data/venv/lib/python3.10/site-packages/keystonemiddleware/auth_token/__init__.py:544}}
Nov 15 05:29:23 user devstack@keystone.service[46954]: DEBUG keystone.server.flask.request_processing.middleware.auth_context [None req-0131df34-c960-4990-be1f-fa04a6157572 None admin] RBAC: auth_context: {'token': , 'domain_id': None, 'trust_id': None, 'trustor_id': None, 'trustee_id': None, 'domain_name': None, 'group_ids': [], 'user_id': 'f867337335504946b7982a0107390474', 'user_domain_id': 'default', 'system_scope': 'all', 'project_id': None, 'project_domain_id': None, 'roles': ['admin', 'manager', 'member', 'reader'], 'is_admin_project': True, 'service_user_id': None, 'service_user_domain_id': None, 'service_project_id': None, 'service_project_domain_id': None, 'service_roles': []} {{(pid=46954) fill_context /opt/stack/keystone/keystone/server/flask/request_processing/middleware/auth_context.py:480}}
Nov 15 05:29:23 user devstack@keystone.service[46954]: DEBUG keystone.server.flask.request_processing.req_logging [None req-0131df34-c960-4990-be1f-fa04a6157572 None admin] REQUEST_METHOD: `GET` {{(pid=46954) log_request_info /opt/stack/keystone/keystone/server/flask/request_processing/req_logging.py:27}}
Nov 15 05:29:23 user devstack@keystone.service[46954]: DEBUG keystone.server.flask.request_processing.req_logging [None req-0131df34-c960-4990-be1f-fa04a6157572 None admin] SCRIPT_NAME: `/identity` {{(pid=46954) log_request_info /opt/stack/keystone/keystone/server/flask/request_processing/req_logging.py:28}}
Nov 15 05:29:23 user devstack@keystone.service[46954]: DEBUG keystone.server.flask.request_processing.req_logging [None req-0131df34-c960-4990-be1f-fa04a6157572 None admin] PATH_INFO: `/v3/roles/admin` {{(pid=46954) log_request_info /opt/stack/keystone/keystone/server/flask/request_processing/req_logging.py:29}}
Nov 15 05:29:23 user devstack@keystone.service[46953]: DEBUG keystone.server.flask.request_processing.middleware.auth_context [None req-29e571d2-650c-4143-94ad-483142eb7be6 None admin] RBAC: auth_context: {'token': , 'domain_id': None, 'trust_id': None, 'trustor_id': None, 'trustee_id': None, 'domain_name': None, 'group_ids': [], 'user_id': 'f867337335504946b7982a0107390474', 'user_domain_id': 'default', 'system_scope': 'all', 'project_id': None, 'project_domain_id': None, 'roles': ['admin', 'manager', 'member', 'reader'], 'is_admin_project': True, 'service_user_id': None, 'service_user_domain_id': None, 'service_project_id': None, 'service_project_domain_id': None, 'service_roles': []} {{(pid=46953) fill_context /opt/stack/keystone/keystone/server/flask/request_processing/middleware/auth_context.py:480}}
Nov 15 05:29:23 user devstack@keystone.service[46954]: DEBUG keystone.common.rbac_enforcer.enforcer [None req-0131df34-c960-4990-be1f-fa04a6157572 None admin] Extracting inferred target data resulted in "NOT FOUND (404)". {{(pid=46954) enforce_call /opt/stack/keystone/keystone/common/rbac_enforcer/enforcer.py:409}}
Nov 15 05:29:23 user devstack@keystone.service[46953]: DEBUG keystone.server.flask.request_processing.req_logging [None req-29e571d2-650c-4143-94ad-483142eb7be6 None admin] REQUEST_METHOD: `GET` {{(pid=46953) log_request_info /opt/stack/keystone/keystone/server/flask/request_processing/req_logging.py:27}}
Nov 15 05:29:23 user devstack@keystone.service[46953]: DEBUG keystone.server.flask.request_processing.req_logging [None req-29e571d2-650c-4143-94ad-483142eb7be6 None admin] SCRIPT_NAME: `/identity` {{(pid=46953) log_request_info /opt/stack/keystone/keystone/server/flask/request_processing/req_logging.py:28}}
Nov 15 05:29:23 user devstack@keystone.service[46953]: DEBUG keystone.server.flask.request_processing.req_logging [None req-29e571d2-650c-4143-94ad-483142eb7be6 None admin] PATH_INFO: `/v3/projects/e0bfe3bb433540be98e9d931af9c4bb8` {{(pid=46953) log_request_info /opt/stack/keystone/keystone/server/flask/request_processing/req_logging.py:29}}
Nov 15 05:29:23 user devstack@keystone.service[46953]: DEBUG keystone.common.rbac_enforcer.enforcer [None req-29e571d2-650c-4143-94ad-483142eb7be6 None admin] RBAC: Authorizing `identity:get_project(project_id=e0bfe3bb433540be98e9d931af9c4bb8)` {{(pid=46953) enforce_call /opt/stack/keystone/keystone/common/rbac_enforcer/enforcer.py:449}}
Nov 15 05:29:23 user devstack@keystone.service[46953]: DEBUG keystone.common.rbac_enforcer.enforcer [None req-29e571d2-650c-4143-94ad-483142eb7be6 None admin] RBAC: Authorization granted {{(pid=46953) enforce_call /opt/stack/keystone/keystone/common/rbac_enforcer/enforcer.py:457}}
Nov 15 05:29:23 user devstack@keystone.service[46954]: ERROR keystone.server.flask.application [None req-0131df34-c960-4990-be1f-fa04a6157572 None admin] Could not find role: admin.: keystone.exception.RoleNotFound: Could not find role: admin.
Nov 15 05:29:23 user devstack@keystone.service[46954]: ERROR keystone.server.flask.application
Traceback (most recent call last):
Nov 15 05:29:23 user devstack@keystone.service[46954]: ERROR keystone.server.flask.application
File "/opt/stack/data/venv/lib/python3.10/site-packages/flask/app.py", line 1823, in full_dispatch_request
Nov 15 05:29:23 user devstack@keystone.service[46954]: ERROR keystone.server.flask.application rv = self.dispatch_request()
Nov 15 05:29:23 user devstack@keystone.service[46954]: ERROR keystone.server.flask.application
File "/opt/stack/data/venv/lib/python3.10/site-packages/flask/app.py", line 1799, in dispatch_request
Nov 15 05:29:23 user devstack@keystone.service[46954]: ERROR keystone.server.flask.application return self.ensure_sync(self.view_functions[rule.endpoint])(**view_args)
Nov 15 05:29:23 user devstack@keystone.service[46954]: ERROR keystone.server.flask.application
File "/opt/stack/data/venv/lib/python3.10/site-packages/flask_restful/__init__.py", line 489, in wrapper
Nov 15 05:29:23 user devstack@keystone.service[46954]: ERROR keystone.server.flask.application resp = resource(*args, **kwargs)
Nov 15 05:29:23 user devstack@keystone.service[46954]: ERROR keystone.server.flask.application
File "/opt/stack/data/venv/lib/python3.10/site-packages/flask/views.py", line 107, in view
Nov 15 05:29:23 user devstack@keystone.service[46954]: ERROR keystone.server.flask.application return current_app.ensure_sync(self.dispatch_request)(**kwargs)
Nov 15 05:29:23 user devstack@keystone.service[46954]: ERROR keystone.server.flask.application
File "/opt/stack/data/venv/lib/python3.10/site-packages/flask_restful/__init__.py", line 604, in dispatch_request
Nov 15 05:29:23 user devstack@keystone.service[46954]: ERROR keystone.server.flask.application resp = meth(*args, **kwargs)
Nov 15 05:29:23 user devstack@keystone.service[46954]: ERROR keystone.server.flask.application
File "/opt/stack/keystone/keystone/api/roles.py", line 50, in get
Nov 15 05:29:23 user devstack@keystone.service[46954]: ERROR keystone.server.flask.application return self._get_role(role_id)
Nov 15 05:29:23 user devstack@keystone.service[46954]: ERROR keystone.server.flask.application
File "/opt/stack/keystone/keystone/api/roles.py", line 70, in _get_role
Nov 15 05:29:23 user devstack@keystone.service[46954]: ERROR keystone.server.flask.application ENFORCER.enforce_call(action='identity:get_role')
Nov 15 05:29:23 user devstack@keystone.service[46954]: ERROR keystone.server.flask.application
File "/opt/stack/keystone/keystone/common/rbac_enforcer/enforcer.py", line 402, in enforce_call
Nov 15 05:29:23 user devstack@keystone.service[46954]: ERROR keystone.server.flask.application policy_dict.update(cls._extract_member_target_data(
Nov 15 05:29:23 user devstack@keystone.service[46954]: ERROR keystone.server.flask.application
File "/opt/stack/keystone/keystone/common/rbac_enforcer/enforcer.py", line 234, in _extract_member_target_data
Nov 15 05:29:23 user devstack@keystone.service[46954]: ERROR keystone.server.flask.application member_name: func(flask.request.view_args[key])
Nov 15 05:29:23 user devstack@keystone.service[46954]: ERROR keystone.server.flask.application
File "/opt/stack/keystone/keystone/common/manager.py", line 115, in wrapped
Nov 15 05:29:23 user devstack@keystone.service[46954]: ERROR keystone.server.flask.application __ret_val = __f(*args, **kwargs)
Nov 15 05:29:23 user devstack@keystone.service[46954]: ERROR keystone.server.flask.application
File "/opt/stack/data/venv/lib/python3.10/site-packages/decorator.py", line 232, in fun
Nov 15 05:29:23 user devstack@keystone.service[46954]: ERROR keystone.server.flask.application return caller(func, *(extras + args), **kw)
Nov 15 05:29:23 user devstack@keystone.service[46954]: ERROR keystone.server.flask.application
File "/opt/stack/data/venv/lib/python3.10/site-packages/dogpile/cache/region.py", line 1594, in get_or_create_for_user_func
Nov 15 05:29:23 user devstack@keystone.service[46954]: ERROR keystone.server.flask.application return self.get_or_create(
Nov 15 05:29:23 user devstack@keystone.service[46954]: ERROR keystone.server.flask.application
File "/opt/stack/data/venv/lib/python3.10/site-packages/dogpile/cache/region.py", line 1054, in get_or_create
Nov 15 05:29:23 user devstack@keystone.service[46954]: ERROR keystone.server.flask.application with Lock(
Nov 15 05:29:23 user devstack@keystone.service[46954]: ERROR keystone.server.flask.application
File "/opt/stack/data/venv/lib/python3.10/site-packages/dogpile/lock.py", line 185, in __enter__
Nov 15 05:29:23 user devstack@keystone.service[46954]: ERROR keystone.server.flask.application return self._enter()
Nov 15 05:29:23 user devstack@keystone.service[46954]: ERROR keystone.server.flask.application
File "/opt/stack/data/venv/lib/python3.10/site-packages/dogpile/lock.py", line 94, in _enter
Nov 15 05:29:23 user devstack@keystone.service[46954]: ERROR keystone.server.flask.application generated = self._enter_create(value, createdtime)
Nov 15 05:29:23 user devstack@keystone.service[46954]: ERROR keystone.server.flask.application
File "/opt/stack/data/venv/lib/python3.10/site-packages/dogpile/lock.py", line 178, in _enter_create
Nov 15 05:29:23 user devstack@keystone.service[46954]: ERROR keystone.server.flask.application return self.creator()
Nov 15 05:29:23 user devstack@keystone.service[46954]: ERROR keystone.server.flask.application
File "/opt/stack/data/venv/lib/python3.10/site-packages/dogpile/cache/region.py", line 1007, in gen_value
Nov 15 05:29:23 user devstack@keystone.service[46954]: ERROR keystone.server.flask.application created_value = creator(
Nov 15 05:29:23 user devstack@keystone.service[46954]: ERROR keystone.server.flask.application
File "/opt/stack/keystone/keystone/assignment/core.py", line 1276, in get_role
Nov 15 05:29:23 user devstack@keystone.service[46954]: ERROR keystone.server.flask.application return self.driver.get_role(role_id)
Nov 15 05:29:23 user devstack@keystone.service[46954]: ERROR keystone.server.flask.application
File "/opt/stack/keystone/keystone/assignment/role_backends/sql.py", line 70, in get_role
Nov 15 05:29:23 user devstack@keystone.service[46954]: ERROR keystone.server.flask.application return self._get_role(session, role_id).to_dict()
Nov 15 05:29:23 user devstack@keystone.service[46954]: ERROR keystone.server.flask.application
File "/opt/stack/keystone/keystone/assignment/role_backends/sql.py", line 65, in _get_role
Nov 15 05:29:23 user devstack@keystone.service[46954]: ERROR keystone.server.flask.application raise exception.RoleNotFound(role_id=role_id)
Nov 15 05:29:23 user devstack@keystone.service[46954]: ERROR keystone.server.flask.application keystone.exception.RoleNotFound: Could not find role: admin.
Nov 15 05:29:23 user devstack@keystone.service[46954]: ERROR keystone.server.flask.application
Nov 15 05:29:23 user devstack@keystone.service[46953]: [pid: 46953|app: 0|req: 93/269] 10.0.0.210 () {56 vars in 1181 bytes} [Wed Nov 15 05:29:23 2023] GET /identity/v3/projects/e0bfe3bb433540be98e9d931af9c4bb8 => generated 301 bytes in 126 msecs (HTTP/1.1 200) 5 headers in 177 bytes (1 switches on core 0)
Nov 15 05:29:23 user devstack@keystone.service[46954]: [pid: 46954|app: 0|req: 94/270] 10.0.0.210 () {56 vars in 1091 bytes} [Wed Nov 15 05:29:23 2023] GET /identity/v3/roles/admin => generated 83 bytes in 139 msecs (HTTP/1.1 404) 5 headers in 183 bytes (1 switches on core 0)
Nov 15 05:29:23 user devstack@keystone.service[46954]: DEBUG keystone.server.flask.request_processing.middleware.auth_context [None req-0131df34-c960-4990-be1f-fa04a6157572 None admin] Authenticating user token {{(pid=46954) process_request /opt/stack/data/venv/lib/python3.10/site-packages/keystonemiddleware/auth_token/__init__.py:406}}
Nov 15 05:29:23 user devstack@keystone.service[46953]: DEBUG keystone.server.flask.request_processing.middleware.auth_context [None req-29e571d2-650c-4143-94ad-483142eb7be6 None admin] Authenticating user token {{(pid=46953) process_request /opt/stack/data/venv/lib/python3.10/site-packages/keystonemiddleware/auth_token/__init__.py:406}}
Nov 15 05:29:24 user devstack@keystone.service[46955]: [pid: 46955|app: 0|req: 84/271] 10.0.0.210 () {58 vars in 1277 bytes} [Wed Nov 15 05:29:23 2023] GET /identity/v3/auth/tokens => generated 861 bytes in 300 msecs (HTTP/1.1 200) 6 headers in 358 bytes (1 switches on core 0)
Nov 15 05:29:24 user devstack@keystone.service[46955]: DEBUG keystone.server.flask.request_processing.middleware.auth_context [None req-51708aa0-7fb3-4170-b1d8-098a695ad402 None admin] Authenticating user token {{(pid=46955) process_request /opt/stack/data/venv/lib/python3.10/site-packages/keystonemiddleware/auth_token/__init__.py:406}}
Nov 15 05:29:24 user devstack@keystone.service[46954]: DEBUG keystone.server.flask.request_processing.middleware.auth_context [None req-0131df34-c960-4990-be1f-fa04a6157572 None admin] Validating token access rules against request {{(pid=46954) validate_allowed_request /opt/stack/data/venv/lib/python3.10/site-packages/keystonemiddleware/auth_token/__init__.py:544}}
Nov 15 05:29:24 user devstack@keystone.service[46953]: DEBUG keystone.server.flask.request_processing.middleware.auth_context [None req-29e571d2-650c-4143-94ad-483142eb7be6 None admin] Validating token access rules against request {{(pid=46953) validate_allowed_request /opt/stack/data/venv/lib/python3.10/site-packages/keystonemiddleware/auth_token/__init__.py:544}}
Nov 15 05:29:24 user devstack@keystone.service[46954]: DEBUG keystone.server.flask.request_processing.middleware.auth_context [None req-2714d1c9-0985-4ddc-a407-b2f5aa99af3c None admin] RBAC: auth_context: {'token': , 'domain_id': None, 'trust_id': None, 'trustor_id': None, 'trustee_id': None, 'domain_name': None, 'group_ids': [], 'user_id': 'f867337335504946b7982a0107390474', 'user_domain_id': 'default', 'system_scope': 'all', 'project_id': None, 'project_domain_id': None, 'roles': ['admin', 'manager', 'member', 'reader'], 'is_admin_project': True, 'service_user_id': None, 'service_user_domain_id': None, 'service_project_id': None, 'service_project_domain_id': None, 'service_roles': []} {{(pid=46954) fill_context /opt/stack/keystone/keystone/server/flask/request_processing/middleware/auth_context.py:480}}
Nov 15 05:29:24 user devstack@keystone.service[46954]: DEBUG keystone.server.flask.request_processing.req_logging [None req-2714d1c9-0985-4ddc-a407-b2f5aa99af3c None admin] REQUEST_METHOD: `GET` {{(pid=46954) log_request_info /opt/stack/keystone/keystone/server/flask/request_processing/req_logging.py:27}}
Nov 15 05:29:24 user devstack@keystone.service[46954]: DEBUG keystone.server.flask.request_processing.req_logging [None req-2714d1c9-0985-4ddc-a407-b2f5aa99af3c None admin] SCRIPT_NAME: `/identity` {{(pid=46954) log_request_info /opt/stack/keystone/keystone/server/flask/request_processing/req_logging.py:28}}
Nov 15 05:29:24 user devstack@keystone.service[46954]: DEBUG keystone.server.flask.request_processing.req_logging [None req-2714d1c9-0985-4ddc-a407-b2f5aa99af3c None admin] PATH_INFO: `/v3/role_assignments` {{(pid=46954) log_request_info /opt/stack/keystone/keystone/server/flask/request_processing/req_logging.py:29}}
Nov 15 05:29:24 user devstack@keystone.service[46954]: DEBUG keystone.common.rbac_enforcer.enforcer [None req-2714d1c9-0985-4ddc-a407-b2f5aa99af3c None admin] RBAC: Adding query filter params (group.id=d4a205897aa4403287b82efdea960d28, role.id=041abf5d945c4f53844ca7e8cfaf4b9a, scope.project.id=102a7c4762204e819b49656daf0af0d1) {{(pid=46954) _extract_filter_values /opt/stack/keystone/keystone/common/rbac_enforcer/enforcer.py:167}}
Nov 15 05:29:24 user devstack@keystone.service[46954]: DEBUG keystone.common.rbac_enforcer.enforcer [None req-2714d1c9-0985-4ddc-a407-b2f5aa99af3c None admin] RBAC: Authorizing `identity:list_role_assignments()` {{(pid=46954) enforce_call /opt/stack/keystone/keystone/common/rbac_enforcer/enforcer.py:449}}
Nov 15 05:29:24 user devstack@keystone.service[46954]: DEBUG keystone.common.rbac_enforcer.enforcer [None req-2714d1c9-0985-4ddc-a407-b2f5aa99af3c None admin] RBAC: Authorization granted {{(pid=46954) enforce_call /opt/stack/keystone/keystone/common/rbac_enforcer/enforcer.py:457}}
Nov 15 05:29:24 user devstack@keystone.service[46953]: DEBUG keystone.server.flask.request_processing.middleware.auth_context [None req-4beafb6d-0ad7-4941-8ad6-acb341960433 None admin] RBAC: auth_context: {'token': , 'domain_id': None, 'trust_id': None, 'trustor_id': None, 'trustee_id': None, 'domain_name': None, 'group_ids': [], 'user_id': 'f867337335504946b7982a0107390474', 'user_domain_id': 'default', 'system_scope': 'all', 'project_id': None, 'project_domain_id': None, 'roles': ['admin', 'manager', 'member', 'reader'], 'is_admin_project': True, 'service_user_id': None, 'service_user_domain_id': None, 'service_project_id': None, 'service_project_domain_id': None, 'service_roles': []} {{(pid=46953) fill_context /opt/stack/keystone/keystone/server/flask/request_processing/middleware/auth_context.py:480}}
Nov 15 05:29:24 user devstack@keystone.service[46953]: DEBUG keystone.server.flask.request_processing.req_logging [None req-4beafb6d-0ad7-4941-8ad6-acb341960433 None admin] REQUEST_METHOD: `GET` {{(pid=46953) log_request_info /opt/stack/keystone/keystone/server/flask/request_processing/req_logging.py:27}}
Nov 15 05:29:24 user devstack@keystone.service[46953]: DEBUG keystone.server.flask.request_processing.req_logging [None req-4beafb6d-0ad7-4941-8ad6-acb341960433 None admin] SCRIPT_NAME: `/identity` {{(pid=46953) log_request_info /opt/stack/keystone/keystone/server/flask/request_processing/req_logging.py:28}}
Nov 15 05:29:24 user devstack@keystone.service[46953]: DEBUG keystone.server.flask.request_processing.req_logging [None req-4beafb6d-0ad7-4941-8ad6-acb341960433 None admin] PATH_INFO: `/v3/auth/tokens` {{(pid=46953) log_request_info /opt/stack/keystone/keystone/server/flask/request_processing/req_logging.py:29}}
Nov 15 05:29:24 user devstack@keystone.service[46954]: [pid: 46954|app: 0|req: 95/272] 10.0.0.210 () {56 vars in 1371 bytes} [Wed Nov 15 05:29:23 2023] GET /identity/v3/role_assignments?group.id=d4a205897aa4403287b82efdea960d28&scope.project.id=102a7c4762204e819b49656daf0af0d1&role.id=041abf5d945c4f53844ca7e8cfaf4b9a => generated 609 bytes in 129 msecs (HTTP/1.1 200) 5 headers in 177 bytes (1 switches on core 0)
Nov 15 05:29:24 user devstack@keystone.service[46954]: DEBUG keystone.server.flask.request_processing.middleware.auth_context [None req-2714d1c9-0985-4ddc-a407-b2f5aa99af3c None admin] Authenticating user token {{(pid=46954) process_request /opt/stack/data/venv/lib/python3.10/site-packages/keystonemiddleware/auth_token/__init__.py:406}}
Nov 15 05:29:24 user devstack@keystone.service[46955]: DEBUG keystone.server.flask.request_processing.middleware.auth_context [None req-51708aa0-7fb3-4170-b1d8-098a695ad402 None admin] Validating token access rules against request {{(pid=46955) validate_allowed_request /opt/stack/data/venv/lib/python3.10/site-packages/keystonemiddleware/auth_token/__init__.py:544}}
Nov 15 05:29:24 user devstack@keystone.service[46953]: DEBUG keystone.common.rbac_enforcer.enforcer [None req-4beafb6d-0ad7-4941-8ad6-acb341960433 None admin] RBAC: Authorizing `identity:validate_token()` {{(pid=46953) enforce_call /opt/stack/keystone/keystone/common/rbac_enforcer/enforcer.py:449}}
Nov 15 05:29:24 user devstack@keystone.service[46953]: DEBUG keystone.common.rbac_enforcer.enforcer [None req-4beafb6d-0ad7-4941-8ad6-acb341960433 None admin] RBAC: Authorization granted {{(pid=46953) enforce_call /opt/stack/keystone/keystone/common/rbac_enforcer/enforcer.py:457}}
Nov 15 05:29:24 user devstack@keystone.service[46955]: DEBUG keystone.server.flask.request_processing.middleware.auth_context [None req-00262f76-3aa6-4031-aff5-5e751b637e9b None admin] RBAC: auth_context: {'token': , 'domain_id': None, 'trust_id': None, 'trustor_id': None, 'trustee_id': None, 'domain_name': None, 'group_ids': [], 'user_id': 'f867337335504946b7982a0107390474', 'user_domain_id': 'default', 'system_scope': 'all', 'project_id': None, 'project_domain_id': None, 'roles': ['admin', 'manager', 'member', 'reader'], 'is_admin_project': True, 'service_user_id': None, 'service_user_domain_id': None, 'service_project_id': None, 'service_project_domain_id': None, 'service_roles': []} {{(pid=46955) fill_context /opt/stack/keystone/keystone/server/flask/request_processing/middleware/auth_context.py:480}}
Nov 15 05:29:24 user devstack@keystone.service[46955]: DEBUG keystone.server.flask.request_processing.req_logging [None req-00262f76-3aa6-4031-aff5-5e751b637e9b None admin] REQUEST_METHOD: `GET` {{(pid=46955) log_request_info /opt/stack/keystone/keystone/server/flask/request_processing/req_logging.py:27}}
Nov 15 05:29:24 user devstack@keystone.service[46955]: DEBUG keystone.server.flask.request_processing.req_logging [None req-00262f76-3aa6-4031-aff5-5e751b637e9b None admin] SCRIPT_NAME: `/identity` {{(pid=46955) log_request_info /opt/stack/keystone/keystone/server/flask/request_processing/req_logging.py:28}}
Nov 15 05:29:24 user devstack@keystone.service[46955]: DEBUG keystone.server.flask.request_processing.req_logging [None req-00262f76-3aa6-4031-aff5-5e751b637e9b None admin] PATH_INFO: `/v3/groups/d4a205897aa4403287b82efdea960d28` {{(pid=46955) log_request_info /opt/stack/keystone/keystone/server/flask/request_processing/req_logging.py:29}}
