Nov 27 14:12:53 user devstack@keystone.service[46322]: DEBUG keystone.common.rbac_enforcer.enforcer [None req-aa3d1c4b-3f35-4d38-8c15-c91a381709af admin admin] RBAC: Authorizing `identity:create_grant(project_id=6408699938f54460b8879af4c3b79cf3, group_id=c201051344e7497cb0d048e6c704dce1, role_id=eed223c187c942cca0599e88539f2d4b)` {{(pid=46322) enforce_call /opt/stack/keystone/keystone/common/rbac_enforcer/enforcer.py:449}}
Nov 27 14:12:53 user devstack@keystone.service[46322]: WARNING py.warnings [None req-aa3d1c4b-3f35-4d38-8c15-c91a381709af admin admin] /opt/stack/data/venv/lib/python3.10/site-packages/oslo_policy/policy.py:1130: UserWarning: Policy "identity:create_grant": "(role:admin and system_scope:all) or ((role:admin and domain_id:%(target.user.domain_id)s and domain_id:%(target.project.domain_id)s) or (role:admin and domain_id:%(target.user.domain_id)s and domain_id:%(target.domain.id)s) or (role:admin and domain_id:%(target.group.domain_id)s and domain_id:%(target.project.domain_id)s) or (role:admin and domain_id:%(target.group.domain_id)s and domain_id:%(target.domain.id)s)) and (domain_id:%(target.role.domain_id)s or None:%(target.role.domain_id)s)" failed scope check. The token used to make the request was project scoped but the policy requires ['system', 'domain'] scope. This behavior may change in the future where using the intended scope is required
Nov 27 14:12:53 user devstack@keystone.service[46322]: warnings.warn(msg)
Nov 27 14:12:53 user devstack@keystone.service[46322]:
Nov 27 14:12:53 user devstack@keystone.service[46322]: DEBUG keystone.common.rbac_enforcer.enforcer [None req-aa3d1c4b-3f35-4d38-8c15-c91a381709af admin admin] RBAC: Authorization granted {{(pid=46322) enforce_call /opt/stack/keystone/keystone/common/rbac_enforcer/enforcer.py:457}}
Nov 27 14:12:53 user devstack@keystone.service[46323]: DEBUG keystone.server.flask.request_processing.middleware.auth_context [None req-a50a0d86-9408-4209-a604-748c41e49cf1 admin admin] Validating token access rules against request {{(pid=46323) validate_allowed_request /opt/stack/data/venv/lib/python3.10/site-packages/keystonemiddleware/auth_token/__init__.py:544}}
Nov 27 14:12:53 user devstack@keystone.service[46322]: [pid: 46322|app: 0|req: 96/286] 10.0.0.210 () {58 vars in 1458 bytes} [Mon Nov 27 14:12:53 2023] PUT /identity/v3/projects/6408699938f54460b8879af4c3b79cf3/groups/c201051344e7497cb0d048e6c704dce1/roles/eed223c187c942cca0599e88539f2d4b => generated 0 bytes in 57 msecs (HTTP/1.1 204) 3 headers in 132 bytes (1 switches on core 0)
Nov 27 14:12:54 user devstack@keystone.service[46324]: DEBUG keystone.server.flask.request_processing.middleware.auth_context [None req-3ee70d7b-d88d-45d1-b13d-fa4b34def4ee None admin] Validating token access rules against request {{(pid=46324) validate_allowed_request /opt/stack/data/venv/lib/python3.10/site-packages/keystonemiddleware/auth_token/__init__.py:544}}
Nov 27 14:12:54 user devstack@keystone.service[46323]: DEBUG keystone.server.flask.request_processing.middleware.auth_context [None req-306a08c8-faec-4785-a876-7305865aefa9 admin admin] RBAC: auth_context: {'token': , 'domain_id': None, 'trust_id': None, 'trustor_id': None, 'trustee_id': None, 'domain_name': None, 'group_ids': [], 'user_id': 'a38f1ce4a22b4de1bf8ff7e0e7284196', 'user_domain_id': 'default', 'system_scope': None, 'project_id': 'f926ee2bb9734b6296fc31f9bc5d96a8', 'project_domain_id': 'default', 'roles': ['member', 'reader', 'manager', 'admin'], 'is_admin_project': True, 'service_user_id': None, 'service_user_domain_id': None, 'service_project_id': None, 'service_project_domain_id': None, 'service_roles': []} {{(pid=46323) fill_context /opt/stack/keystone/keystone/server/flask/request_processing/middleware/auth_context.py:480}}
Nov 27 14:12:54 user devstack@keystone.service[46323]: DEBUG keystone.server.flask.request_processing.req_logging [None req-306a08c8-faec-4785-a876-7305865aefa9 admin admin] REQUEST_METHOD: `GET` {{(pid=46323) log_request_info /opt/stack/keystone/keystone/server/flask/request_processing/req_logging.py:27}}
Nov 27 14:12:54 user devstack@keystone.service[46323]: DEBUG keystone.server.flask.request_processing.req_logging [None req-306a08c8-faec-4785-a876-7305865aefa9 admin admin] SCRIPT_NAME: `/identity` {{(pid=46323) log_request_info /opt/stack/keystone/keystone/server/flask/request_processing/req_logging.py:28}}
Nov 27 14:12:54 user devstack@keystone.service[46323]: DEBUG keystone.server.flask.request_processing.req_logging [None req-306a08c8-faec-4785-a876-7305865aefa9 admin admin] PATH_INFO: `/v3/roles` {{(pid=46323) log_request_info /opt/stack/keystone/keystone/server/flask/request_processing/req_logging.py:29}}
Nov 27 14:12:54 user devstack@keystone.service[46323]: DEBUG keystone.common.rbac_enforcer.enforcer [None req-306a08c8-faec-4785-a876-7305865aefa9 admin admin] RBAC: Adding query filter params (name=anotherrole) {{(pid=46323) _extract_filter_values /opt/stack/keystone/keystone/common/rbac_enforcer/enforcer.py:167}}
Nov 27 14:12:54 user devstack@keystone.service[46323]: DEBUG keystone.common.rbac_enforcer.enforcer [None req-306a08c8-faec-4785-a876-7305865aefa9 admin admin] RBAC: Authorizing `identity:list_roles()` {{(pid=46323) enforce_call /opt/stack/keystone/keystone/common/rbac_enforcer/enforcer.py:449}}
Nov 27 14:12:54 user devstack@keystone.service[46323]: WARNING py.warnings [None req-306a08c8-faec-4785-a876-7305865aefa9 admin admin] /opt/stack/data/venv/lib/python3.10/site-packages/oslo_policy/policy.py:1130: UserWarning: Policy "identity:list_roles": "role:reader and system_scope:all" failed scope check. The token used to make the request was project scoped but the policy requires ['system'] scope. This behavior may change in the future where using the intended scope is required
Nov 27 14:12:54 user devstack@keystone.service[46323]: warnings.warn(msg)
Nov 27 14:12:54 user devstack@keystone.service[46323]:
Nov 27 14:12:54 user devstack@keystone.service[46323]: DEBUG keystone.common.rbac_enforcer.enforcer [None req-306a08c8-faec-4785-a876-7305865aefa9 admin admin] RBAC: Authorization granted {{(pid=46323) enforce_call /opt/stack/keystone/keystone/common/rbac_enforcer/enforcer.py:457}}
Nov 27 14:12:54 user devstack@keystone.service[46324]: DEBUG keystone.server.flask.request_processing.middleware.auth_context [None req-00ea47f4-1ae5-4027-9c26-0fed688d8286 None admin] RBAC: auth_context: {'token': , 'domain_id': None, 'trust_id': None, 'trustor_id': None, 'trustee_id': None, 'domain_name': None, 'group_ids': [], 'user_id': 'a38f1ce4a22b4de1bf8ff7e0e7284196', 'user_domain_id': 'default', 'system_scope': 'all', 'project_id': None, 'project_domain_id': None, 'roles': ['admin', 'manager', 'member', 'reader'], 'is_admin_project': True, 'service_user_id': None, 'service_user_domain_id': None, 'service_project_id': None, 'service_project_domain_id': None, 'service_roles': []} {{(pid=46324) fill_context /opt/stack/keystone/keystone/server/flask/request_processing/middleware/auth_context.py:480}}
Nov 27 14:12:54 user devstack@keystone.service[46324]: DEBUG keystone.server.flask.request_processing.req_logging [None req-00ea47f4-1ae5-4027-9c26-0fed688d8286 None admin] REQUEST_METHOD: `GET` {{(pid=46324) log_request_info /opt/stack/keystone/keystone/server/flask/request_processing/req_logging.py:27}}
Nov 27 14:12:54 user devstack@keystone.service[46324]: DEBUG keystone.server.flask.request_processing.req_logging [None req-00ea47f4-1ae5-4027-9c26-0fed688d8286 None admin] SCRIPT_NAME: `/identity` {{(pid=46324) log_request_info /opt/stack/keystone/keystone/server/flask/request_processing/req_logging.py:28}}
Nov 27 14:12:54 user devstack@keystone.service[46324]: DEBUG keystone.server.flask.request_processing.req_logging [None req-00ea47f4-1ae5-4027-9c26-0fed688d8286 None admin] PATH_INFO: `/v3/roles` {{(pid=46324) log_request_info /opt/stack/keystone/keystone/server/flask/request_processing/req_logging.py:29}}
Nov 27 14:12:54 user devstack@keystone.service[46324]: DEBUG keystone.common.rbac_enforcer.enforcer [None req-00ea47f4-1ae5-4027-9c26-0fed688d8286 None admin] RBAC: Adding query filter params (name=reader) {{(pid=46324) _extract_filter_values /opt/stack/keystone/keystone/common/rbac_enforcer/enforcer.py:167}}
Nov 27 14:12:54 user devstack@keystone.service[46324]: DEBUG keystone.common.rbac_enforcer.enforcer [None req-00ea47f4-1ae5-4027-9c26-0fed688d8286 None admin] RBAC: Authorizing `identity:list_roles()` {{(pid=46324) enforce_call /opt/stack/keystone/keystone/common/rbac_enforcer/enforcer.py:449}}
Nov 27 14:12:54 user devstack@keystone.service[46324]: DEBUG keystone.common.rbac_enforcer.enforcer [None req-00ea47f4-1ae5-4027-9c26-0fed688d8286 None admin] RBAC: Authorization granted {{(pid=46324) enforce_call /opt/stack/keystone/keystone/common/rbac_enforcer/enforcer.py:457}}
Nov 27 14:12:54 user devstack@keystone.service[46323]: [pid: 46323|app: 0|req: 99/287] 10.0.0.210 () {56 vars in 1127 bytes} [Mon Nov 27 14:12:53 2023] GET /identity/v3/roles?name=anotherrole => generated 332 bytes in 137 msecs (HTTP/1.1 200) 5 headers in 177 bytes (1 switches on core 0)
Nov 27 14:12:54 user devstack@keystone.service[46322]: DEBUG keystone.server.flask.request_processing.middleware.auth_context [None req-aa3d1c4b-3f35-4d38-8c15-c91a381709af admin admin] Authenticating user token {{(pid=46322) process_request /opt/stack/data/venv/lib/python3.10/site-packages/keystonemiddleware/auth_token/__init__.py:406}}
Nov 27 14:12:54 user devstack@keystone.service[46324]: [pid: 46324|app: 0|req: 93/288] 10.0.0.210 () {56 vars in 1096 bytes} [Mon Nov 27 14:12:53 2023] GET /identity/v3/roles?name=reader => generated 339 bytes in 216 msecs (HTTP/1.1 200) 5 headers in 177 bytes (1 switches on core 0)
Nov 27 14:12:54 user devstack@keystone.service[46323]: DEBUG keystone.server.flask.request_processing.middleware.auth_context [None req-306a08c8-faec-4785-a876-7305865aefa9 admin admin] Authenticating user token {{(pid=46323) process_request /opt/stack/data/venv/lib/python3.10/site-packages/keystonemiddleware/auth_token/__init__.py:406}}
Nov 27 14:12:54 user devstack@keystone.service[46324]: DEBUG keystone.server.flask.request_processing.middleware.auth_context [None req-00ea47f4-1ae5-4027-9c26-0fed688d8286 None admin] Authenticating user token {{(pid=46324) process_request /opt/stack/data/venv/lib/python3.10/site-packages/keystonemiddleware/auth_token/__init__.py:406}}
Nov 27 14:12:54 user devstack@keystone.service[46322]: DEBUG keystone.server.flask.request_processing.middleware.auth_context [None req-aa3d1c4b-3f35-4d38-8c15-c91a381709af admin admin] Validating token access rules against request {{(pid=46322) validate_allowed_request /opt/stack/data/venv/lib/python3.10/site-packages/keystonemiddleware/auth_token/__init__.py:544}}
Nov 27 14:12:54 user devstack@keystone.service[46323]: DEBUG keystone.server.flask.request_processing.middleware.auth_context [None req-306a08c8-faec-4785-a876-7305865aefa9 admin admin] Validating token access rules against request {{(pid=46323) validate_allowed_request /opt/stack/data/venv/lib/python3.10/site-packages/keystonemiddleware/auth_token/__init__.py:544}}
Nov 27 14:12:54 user devstack@keystone.service[46322]: DEBUG keystone.server.flask.request_processing.middleware.auth_context [None req-4c54b247-8b1a-4089-b1f8-5c81ac1d0e27 admin admin] RBAC: auth_context: {'token': , 'domain_id': None, 'trust_id': None, 'trustor_id': None, 'trustee_id': None, 'domain_name': None, 'group_ids': [], 'user_id': 'a38f1ce4a22b4de1bf8ff7e0e7284196', 'user_domain_id': 'default', 'system_scope': None, 'project_id': 'f926ee2bb9734b6296fc31f9bc5d96a8', 'project_domain_id': 'default', 'roles': ['member', 'reader', 'manager', 'admin'], 'is_admin_project': True, 'service_user_id': None, 'service_user_domain_id': None, 'service_project_id': None, 'service_project_domain_id': None, 'service_roles': []} {{(pid=46322) fill_context /opt/stack/keystone/keystone/server/flask/request_processing/middleware/auth_context.py:480}}
Nov 27 14:12:54 user devstack@keystone.service[46322]: DEBUG keystone.server.flask.request_processing.req_logging [None req-4c54b247-8b1a-4089-b1f8-5c81ac1d0e27 admin admin] REQUEST_METHOD: `GET` {{(pid=46322) log_request_info /opt/stack/keystone/keystone/server/flask/request_processing/req_logging.py:27}}
Nov 27 14:12:54 user devstack@keystone.service[46322]: DEBUG keystone.server.flask.request_processing.req_logging [None req-4c54b247-8b1a-4089-b1f8-5c81ac1d0e27 admin admin] SCRIPT_NAME: `/identity` {{(pid=46322) log_request_info /opt/stack/keystone/keystone/server/flask/request_processing/req_logging.py:28}}
Nov 27 14:12:54 user devstack@keystone.service[46322]: DEBUG keystone.server.flask.request_processing.req_logging [None req-4c54b247-8b1a-4089-b1f8-5c81ac1d0e27 admin admin] PATH_INFO: `/v3/roles/admin` {{(pid=46322) log_request_info /opt/stack/keystone/keystone/server/flask/request_processing/req_logging.py:29}}
Nov 27 14:12:54 user devstack@keystone.service[46323]: DEBUG keystone.server.flask.request_processing.middleware.auth_context [None req-311e68a3-13da-48b0-87fa-fdb0c0075031 admin admin] RBAC: auth_context: {'token': , 'domain_id': None, 'trust_id': None, 'trustor_id': None, 'trustee_id': None, 'domain_name': None, 'group_ids': [], 'user_id': 'a38f1ce4a22b4de1bf8ff7e0e7284196', 'user_domain_id': 'default', 'system_scope': None, 'project_id': 'f926ee2bb9734b6296fc31f9bc5d96a8', 'project_domain_id': 'default', 'roles': ['member', 'reader', 'manager', 'admin'], 'is_admin_project': True, 'service_user_id': None, 'service_user_domain_id': None, 'service_project_id': None, 'service_project_domain_id': None, 'service_roles': []} {{(pid=46323) fill_context /opt/stack/keystone/keystone/server/flask/request_processing/middleware/auth_context.py:480}}
Nov 27 14:12:54 user devstack@keystone.service[46323]: DEBUG keystone.server.flask.request_processing.req_logging [None req-311e68a3-13da-48b0-87fa-fdb0c0075031 admin admin] REQUEST_METHOD: `GET` {{(pid=46323) log_request_info /opt/stack/keystone/keystone/server/flask/request_processing/req_logging.py:27}}
Nov 27 14:12:54 user devstack@keystone.service[46323]: DEBUG keystone.server.flask.request_processing.req_logging [None req-311e68a3-13da-48b0-87fa-fdb0c0075031 admin admin] SCRIPT_NAME: `/identity` {{(pid=46323) log_request_info /opt/stack/keystone/keystone/server/flask/request_processing/req_logging.py:28}}
Nov 27 14:12:54 user devstack@keystone.service[46323]: DEBUG keystone.server.flask.request_processing.req_logging [None req-311e68a3-13da-48b0-87fa-fdb0c0075031 admin admin] PATH_INFO: `/v3/groups/c201051344e7497cb0d048e6c704dce1` {{(pid=46323) log_request_info /opt/stack/keystone/keystone/server/flask/request_processing/req_logging.py:29}}
Nov 27 14:12:54 user devstack@keystone.service[46323]: DEBUG keystone.common.rbac_enforcer.enforcer [None req-311e68a3-13da-48b0-87fa-fdb0c0075031 admin admin] RBAC: Authorizing `identity:get_group(group_id=c201051344e7497cb0d048e6c704dce1)` {{(pid=46323) enforce_call /opt/stack/keystone/keystone/common/rbac_enforcer/enforcer.py:449}}
Nov 27 14:12:54 user devstack@keystone.service[46323]: DEBUG keystone.common.rbac_enforcer.enforcer [None req-311e68a3-13da-48b0-87fa-fdb0c0075031 admin admin] RBAC: Authorization granted {{(pid=46323) enforce_call /opt/stack/keystone/keystone/common/rbac_enforcer/enforcer.py:457}}
Nov 27 14:12:54 user devstack@keystone.service[46323]: [pid: 46323|app: 0|req: 100/289] 10.0.0.210 () {56 vars in 1196 bytes} [Mon Nov 27 14:12:54 2023] GET /identity/v3/groups/c201051344e7497cb0d048e6c704dce1 => generated 225 bytes in 31 msecs (HTTP/1.1 200) 5 headers in 177 bytes (1 switches on core 0)
Nov 27 14:12:54 user devstack@keystone.service[46323]: DEBUG keystone.server.flask.request_processing.middleware.auth_context [None req-311e68a3-13da-48b0-87fa-fdb0c0075031 admin admin] Authenticating user token {{(pid=46323) process_request /opt/stack/data/venv/lib/python3.10/site-packages/keystonemiddleware/auth_token/__init__.py:406}}
Nov 27 14:12:54 user devstack@keystone.service[46322]: DEBUG keystone.common.rbac_enforcer.enforcer [None req-4c54b247-8b1a-4089-b1f8-5c81ac1d0e27 admin admin] Extracting inferred target data resulted in "NOT FOUND (404)". {{(pid=46322) enforce_call /opt/stack/keystone/keystone/common/rbac_enforcer/enforcer.py:409}}
Nov 27 14:12:54 user devstack@keystone.service[46322]: ERROR keystone.server.flask.application [None req-4c54b247-8b1a-4089-b1f8-5c81ac1d0e27 admin admin] Could not find role: admin.: keystone.exception.RoleNotFound: Could not find role: admin.
Nov 27 14:12:54 user devstack@keystone.service[46322]: ERROR keystone.server.flask.application
Traceback (most recent call last):
Nov 27 14:12:54 user devstack@keystone.service[46322]: ERROR keystone.server.flask.application
File "/opt/stack/data/venv/lib/python3.10/site-packages/flask/app.py", line 1823, in full_dispatch_request
Nov 27 14:12:54 user devstack@keystone.service[46322]: ERROR keystone.server.flask.application rv = self.dispatch_request()
Nov 27 14:12:54 user devstack@keystone.service[46322]: ERROR keystone.server.flask.application
File "/opt/stack/data/venv/lib/python3.10/site-packages/flask/app.py", line 1799, in dispatch_request
Nov 27 14:12:54 user devstack@keystone.service[46322]: ERROR keystone.server.flask.application return self.ensure_sync(self.view_functions[rule.endpoint])(**view_args)
Nov 27 14:12:54 user devstack@keystone.service[46322]: ERROR keystone.server.flask.application
File "/opt/stack/data/venv/lib/python3.10/site-packages/flask_restful/__init__.py", line 489, in wrapper
Nov 27 14:12:54 user devstack@keystone.service[46322]: ERROR keystone.server.flask.application resp = resource(*args, **kwargs)
Nov 27 14:12:54 user devstack@keystone.service[46322]: ERROR keystone.server.flask.application
File "/opt/stack/data/venv/lib/python3.10/site-packages/flask/views.py", line 107, in view
Nov 27 14:12:54 user devstack@keystone.service[46322]: ERROR keystone.server.flask.application return current_app.ensure_sync(self.dispatch_request)(**kwargs)
Nov 27 14:12:54 user devstack@keystone.service[46322]: ERROR keystone.server.flask.application
File "/opt/stack/data/venv/lib/python3.10/site-packages/flask_restful/__init__.py", line 604, in dispatch_request
Nov 27 14:12:54 user devstack@keystone.service[46322]: ERROR keystone.server.flask.application resp = meth(*args, **kwargs)
Nov 27 14:12:54 user devstack@keystone.service[46322]: ERROR keystone.server.flask.application
File "/opt/stack/keystone/keystone/api/roles.py", line 50, in get
Nov 27 14:12:54 user devstack@keystone.service[46322]: ERROR keystone.server.flask.application return self._get_role(role_id)
Nov 27 14:12:54 user devstack@keystone.service[46322]: ERROR keystone.server.flask.application
File "/opt/stack/keystone/keystone/api/roles.py", line 70, in _get_role
Nov 27 14:12:54 user devstack@keystone.service[46322]: ERROR keystone.server.flask.application ENFORCER.enforce_call(action='identity:get_role')
Nov 27 14:12:54 user devstack@keystone.service[46322]: ERROR keystone.server.flask.application
File "/opt/stack/keystone/keystone/common/rbac_enforcer/enforcer.py", line 402, in enforce_call
Nov 27 14:12:54 user devstack@keystone.service[46322]: ERROR keystone.server.flask.application policy_dict.update(cls._extract_member_target_data(
Nov 27 14:12:54 user devstack@keystone.service[46322]: ERROR keystone.server.flask.application
File "/opt/stack/keystone/keystone/common/rbac_enforcer/enforcer.py", line 234, in _extract_member_target_data
Nov 27 14:12:54 user devstack@keystone.service[46322]: ERROR keystone.server.flask.application member_name: func(flask.request.view_args[key])
Nov 27 14:12:54 user devstack@keystone.service[46322]: ERROR keystone.server.flask.application
File "/opt/stack/keystone/keystone/common/manager.py", line 115, in wrapped
Nov 27 14:12:54 user devstack@keystone.service[46322]: ERROR keystone.server.flask.application __ret_val = __f(*args, **kwargs)
Nov 27 14:12:54 user devstack@keystone.service[46322]: ERROR keystone.server.flask.application
File "/opt/stack/data/venv/lib/python3.10/site-packages/decorator.py", line 232, in fun
Nov 27 14:12:54 user devstack@keystone.service[46322]: ERROR keystone.server.flask.application return caller(func, *(extras + args), **kw)
Nov 27 14:12:54 user devstack@keystone.service[46322]: ERROR keystone.server.flask.application
File "/opt/stack/data/venv/lib/python3.10/site-packages/dogpile/cache/region.py", line 1594, in get_or_create_for_user_func
Nov 27 14:12:54 user devstack@keystone.service[46322]: ERROR keystone.server.flask.application return self.get_or_create(
Nov 27 14:12:54 user devstack@keystone.service[46322]: ERROR keystone.server.flask.application
File "/opt/stack/data/venv/lib/python3.10/site-packages/dogpile/cache/region.py", line 1054, in get_or_create
Nov 27 14:12:54 user devstack@keystone.service[46322]: ERROR keystone.server.flask.application with Lock(
Nov 27 14:12:54 user devstack@keystone.service[46322]: ERROR keystone.server.flask.application
File "/opt/stack/data/venv/lib/python3.10/site-packages/dogpile/lock.py", line 185, in __enter__
Nov 27 14:12:54 user devstack@keystone.service[46322]: ERROR keystone.server.flask.application return self._enter()
Nov 27 14:12:54 user devstack@keystone.service[46322]: ERROR keystone.server.flask.application
File "/opt/stack/data/venv/lib/python3.10/site-packages/dogpile/lock.py", line 94, in _enter
Nov 27 14:12:54 user devstack@keystone.service[46322]: ERROR keystone.server.flask.application generated = self._enter_create(value, createdtime)
Nov 27 14:12:54 user devstack@keystone.service[46322]: ERROR keystone.server.flask.application
File "/opt/stack/data/venv/lib/python3.10/site-packages/dogpile/lock.py", line 178, in _enter_create
Nov 27 14:12:54 user devstack@keystone.service[46322]: ERROR keystone.server.flask.application return self.creator()
Nov 27 14:12:54 user devstack@keystone.service[46322]: ERROR keystone.server.flask.application
File "/opt/stack/data/venv/lib/python3.10/site-packages/dogpile/cache/region.py", line 1007, in gen_value
Nov 27 14:12:54 user devstack@keystone.service[46322]: ERROR keystone.server.flask.application created_value = creator(
Nov 27 14:12:54 user devstack@keystone.service[46322]: ERROR keystone.server.flask.application
File "/opt/stack/keystone/keystone/assignment/core.py", line 1276, in get_role
Nov 27 14:12:54 user devstack@keystone.service[46322]: ERROR keystone.server.flask.application return self.driver.get_role(role_id)
Nov 27 14:12:54 user devstack@keystone.service[46322]: ERROR keystone.server.flask.application
File "/opt/stack/keystone/keystone/assignment/role_backends/sql.py", line 70, in get_role
Nov 27 14:12:54 user devstack@keystone.service[46322]: ERROR keystone.server.flask.application return self._get_role(session, role_id).to_dict()
Nov 27 14:12:54 user devstack@keystone.service[46322]: ERROR keystone.server.flask.application
File "/opt/stack/keystone/keystone/assignment/role_backends/sql.py", line 65, in _get_role
Nov 27 14:12:54 user devstack@keystone.service[46322]: ERROR keystone.server.flask.application raise exception.RoleNotFound(role_id=role_id)
Nov 27 14:12:54 user devstack@keystone.service[46322]: ERROR keystone.server.flask.application keystone.exception.RoleNotFound: Could not find role: admin.
Nov 27 14:12:54 user devstack@keystone.service[46322]: ERROR keystone.server.flask.application
Nov 27 14:12:54 user devstack@keystone.service[46322]: [pid: 46322|app: 0|req: 97/290] 10.0.0.210 () {56 vars in 1112 bytes} [Mon Nov 27 14:12:54 2023] GET /identity/v3/roles/admin => generated 83 bytes in 54 msecs (HTTP/1.1 404) 5 headers in 183 bytes (1 switches on core 0)
Nov 27 14:12:54 user devstack@keystone.service[46323]: DEBUG keystone.server.flask.request_processing.middleware.auth_context [None req-311e68a3-13da-48b0-87fa-fdb0c0075031 admin admin] Validating token access rules against request {{(pid=46323) validate_allowed_request /opt/stack/data/venv/lib/python3.10/site-packages/keystonemiddleware/auth_token/__init__.py:544}}
Nov 27 14:12:54 user devstack@keystone.service[46322]: DEBUG keystone.server.flask.request_processing.middleware.auth_context [None req-4c54b247-8b1a-4089-b1f8-5c81ac1d0e27 admin admin] Authenticating user token {{(pid=46322) process_request /opt/stack/data/venv/lib/python3.10/site-packages/keystonemiddleware/auth_token/__init__.py:406}}
Nov 27 14:12:54 user devstack@keystone.service[46323]: DEBUG keystone.server.flask.request_processing.middleware.auth_context [None req-58a6f11a-6b6f-485e-8a1f-a89af8ba1b3b admin admin] RBAC: auth_context: {'token': , 'domain_id': None, 'trust_id': None, 'trustor_id': None, 'trustee_id': None, 'domain_name': None, 'group_ids': [], 'user_id': 'a38f1ce4a22b4de1bf8ff7e0e7284196', 'user_domain_id': 'default', 'system_scope': None, 'project_id': 'f926ee2bb9734b6296fc31f9bc5d96a8', 'project_domain_id': 'default', 'roles': ['member', 'reader', 'manager', 'admin'], 'is_admin_project': True, 'service_user_id': None, 'service_user_domain_id': None, 'service_project_id': None, 'service_project_domain_id': None, 'service_roles': []} {{(pid=46323) fill_context /opt/stack/keystone/keystone/server/flask/request_processing/middleware/auth_context.py:480}}
Nov 27 14:12:54 user devstack@keystone.service[46323]: DEBUG keystone.server.flask.request_processing.req_logging [None req-58a6f11a-6b6f-485e-8a1f-a89af8ba1b3b admin admin] REQUEST_METHOD: `GET` {{(pid=46323) log_request_info /opt/stack/keystone/keystone/server/flask/request_processing/req_logging.py:27}}
Nov 27 14:12:54 user devstack@keystone.service[46323]: DEBUG keystone.server.flask.request_processing.req_logging [None req-58a6f11a-6b6f-485e-8a1f-a89af8ba1b3b admin admin] SCRIPT_NAME: `/identity` {{(pid=46323) log_request_info /opt/stack/keystone/keystone/server/flask/request_processing/req_logging.py:28}}
Nov 27 14:12:54 user devstack@keystone.service[46323]: DEBUG keystone.server.flask.request_processing.req_logging [None req-58a6f11a-6b6f-485e-8a1f-a89af8ba1b3b admin admin] PATH_INFO: `/v3/projects/6408699938f54460b8879af4c3b79cf3` {{(pid=46323) log_request_info /opt/stack/keystone/keystone/server/flask/request_processing/req_logging.py:29}}
Nov 27 14:12:54 user devstack@keystone.service[46323]: DEBUG keystone.common.rbac_enforcer.enforcer [None req-58a6f11a-6b6f-485e-8a1f-a89af8ba1b3b admin admin] RBAC: Authorizing `identity:get_project(project_id=6408699938f54460b8879af4c3b79cf3)` {{(pid=46323) enforce_call /opt/stack/keystone/keystone/common/rbac_enforcer/enforcer.py:449}}
Nov 27 14:12:54 user devstack@keystone.service[46323]: DEBUG keystone.common.rbac_enforcer.enforcer [None req-58a6f11a-6b6f-485e-8a1f-a89af8ba1b3b admin admin] RBAC: Authorization granted {{(pid=46323) enforce_call /opt/stack/keystone/keystone/common/rbac_enforcer/enforcer.py:457}}
Nov 27 14:12:54 user devstack@keystone.service[46323]: [pid: 46323|app: 0|req: 101/291] 10.0.0.210 () {56 vars in 1202 bytes} [Mon Nov 27 14:12:54 2023] GET /identity/v3/projects/6408699938f54460b8879af4c3b79cf3 => generated 301 bytes in 32 msecs (HTTP/1.1 200) 5 headers in 177 bytes (1 switches on core 0)
Nov 27 14:12:54 user devstack@keystone.service[46322]: DEBUG keystone.server.flask.request_processing.middleware.auth_context [None req-4c54b247-8b1a-4089-b1f8-5c81ac1d0e27 admin admin] Validating token access rules against request {{(pid=46322) validate_allowed_request /opt/stack/data/venv/lib/python3.10/site-packages/keystonemiddleware/auth_token/__init__.py:544}}
Nov 27 14:12:54 user devstack@keystone.service[46323]: DEBUG keystone.server.flask.request_processing.middleware.auth_context [None req-58a6f11a-6b6f-485e-8a1f-a89af8ba1b3b admin admin] Authenticating user token {{(pid=46323) process_request /opt/stack/data/venv/lib/python3.10/site-packages/keystonemiddleware/auth_token/__init__.py:406}}
Nov 27 14:12:54 user devstack@keystone.service[46322]: DEBUG keystone.server.flask.request_processing.middleware.auth_context [None req-677f0eb9-8526-4ce8-933e-30f4730a9f4f admin admin] RBAC: auth_context: {'token': , 'domain_id': None, 'trust_id': None, 'trustor_id': None, 'trustee_id': None, 'domain_name': None, 'group_ids': [], 'user_id': 'a38f1ce4a22b4de1bf8ff7e0e7284196', 'user_domain_id': 'default', 'system_scope': None, 'project_id': 'f926ee2bb9734b6296fc31f9bc5d96a8', 'project_domain_id': 'default', 'roles': ['member', 'reader', 'manager', 'admin'], 'is_admin_project': True, 'service_user_id': None, 'service_user_domain_id': None, 'service_project_id': None, 'service_project_domain_id': None, 'service_roles': []} {{(pid=46322) fill_context /opt/stack/keystone/keystone/server/flask/request_processing/middleware/auth_context.py:480}}
Nov 27 14:12:54 user devstack@keystone.service[46322]: DEBUG keystone.server.flask.request_processing.req_logging [None req-677f0eb9-8526-4ce8-933e-30f4730a9f4f admin admin] REQUEST_METHOD: `GET` {{(pid=46322) log_request_info /opt/stack/keystone/keystone/server/flask/request_processing/req_logging.py:27}}
Nov 27 14:12:54 user devstack@keystone.service[46322]: DEBUG keystone.server.flask.request_processing.req_logging [None req-677f0eb9-8526-4ce8-933e-30f4730a9f4f admin admin] SCRIPT_NAME: `/identity` {{(pid=46322) log_request_info /opt/stack/keystone/keystone/server/flask/request_processing/req_logging.py:28}}
Nov 27 14:12:54 user devstack@keystone.service[46322]: DEBUG keystone.server.flask.request_processing.req_logging [None req-677f0eb9-8526-4ce8-933e-30f4730a9f4f admin admin] PATH_INFO: `/v3/roles` {{(pid=46322) log_request_info /opt/stack/keystone/keystone/server/flask/request_processing/req_logging.py:29}}
Nov 27 14:12:54 user devstack@keystone.service[46322]: DEBUG keystone.common.rbac_enforcer.enforcer [None req-677f0eb9-8526-4ce8-933e-30f4730a9f4f admin admin] RBAC: Adding query filter params (name=admin) {{(pid=46322) _extract_filter_values /opt/stack/keystone/keystone/common/rbac_enforcer/enforcer.py:167}}
Nov 27 14:12:54 user devstack@keystone.service[46322]: DEBUG keystone.common.rbac_enforcer.enforcer [None req-677f0eb9-8526-4ce8-933e-30f4730a9f4f admin admin] RBAC: Authorizing `identity:list_roles()` {{(pid=46322) enforce_call /opt/stack/keystone/keystone/common/rbac_enforcer/enforcer.py:449}}
Nov 27 14:12:54 user devstack@keystone.service[46322]: DEBUG keystone.common.rbac_enforcer.enforcer [None req-677f0eb9-8526-4ce8-933e-30f4730a9f4f admin admin] RBAC: Authorization granted {{(pid=46322) enforce_call /opt/stack/keystone/keystone/common/rbac_enforcer/enforcer.py:457}}
Nov 27 14:12:54 user devstack@keystone.service[46323]: DEBUG keystone.server.flask.request_processing.middleware.auth_context [None req-58a6f11a-6b6f-485e-8a1f-a89af8ba1b3b admin admin] Validating token access rules against request {{(pid=46323) validate_allowed_request /opt/stack/data/venv/lib/python3.10/site-packages/keystonemiddleware/auth_token/__init__.py:544}}
Nov 27 14:12:54 user devstack@keystone.service[46323]: DEBUG keystone.server.flask.request_processing.middleware.auth_context [None req-9dac12bd-26bd-4cf2-b187-24b0493331ab admin admin] RBAC: auth_context: {'token': , 'domain_id': None, 'trust_id': None, 'trustor_id': None, 'trustee_id': None, 'domain_name': None, 'group_ids': [], 'user_id': 'a38f1ce4a22b4de1bf8ff7e0e7284196', 'user_domain_id': 'default', 'system_scope': None, 'project_id': 'f926ee2bb9734b6296fc31f9bc5d96a8', 'project_domain_id': 'default', 'roles': ['member', 'reader', 'manager', 'admin'], 'is_admin_project': True, 'service_user_id': None, 'service_user_domain_id': None, 'service_project_id': None, 'service_project_domain_id': None, 'service_roles': []} {{(pid=46323) fill_context /opt/stack/keystone/keystone/server/flask/request_processing/middleware/auth_context.py:480}}
Nov 27 14:12:54 user devstack@keystone.service[46323]: DEBUG keystone.server.flask.request_processing.req_logging [None req-9dac12bd-26bd-4cf2-b187-24b0493331ab admin admin] REQUEST_METHOD: `PUT` {{(pid=46323) log_request_info /opt/stack/keystone/keystone/server/flask/request_processing/req_logging.py:27}}
Nov 27 14:12:54 user devstack@keystone.service[46323]: DEBUG keystone.server.flask.request_processing.req_logging [None req-9dac12bd-26bd-4cf2-b187-24b0493331ab admin admin] SCRIPT_NAME: `/identity` {{(pid=46323) log_request_info /opt/stack/keystone/keystone/server/flask/request_processing/req_logging.py:28}}
Nov 27 14:12:54 user devstack@keystone.service[46323]: DEBUG keystone.server.flask.request_processing.req_logging [None req-9dac12bd-26bd-4cf2-b187-24b0493331ab admin admin] PATH_INFO: `/v3/projects/6408699938f54460b8879af4c3b79cf3/groups/c201051344e7497cb0d048e6c704dce1/roles/461d779fd04f4c2684879632cdd08356` {{(pid=46323) log_request_info /opt/stack/keystone/keystone/server/flask/request_processing/req_logging.py:29}}
Nov 27 14:12:54 user devstack@keystone.service[46323]: DEBUG keystone.common.rbac_enforcer.enforcer [None req-9dac12bd-26bd-4cf2-b187-24b0493331ab admin admin] RBAC: Authorizing `identity:create_grant(project_id=6408699938f54460b8879af4c3b79cf3, group_id=c201051344e7497cb0d048e6c704dce1, role_id=461d779fd04f4c2684879632cdd08356)` {{(pid=46323) enforce_call /opt/stack/keystone/keystone/common/rbac_enforcer/enforcer.py:449}}
Nov 27 14:12:54 user devstack@keystone.service[46323]: DEBUG keystone.common.rbac_enforcer.enforcer [None req-9dac12bd-26bd-4cf2-b187-24b0493331ab admin admin] RBAC: Authorization granted {{(pid=46323) enforce_call /opt/stack/keystone/keystone/common/rbac_enforcer/enforcer.py:457}}
Nov 27 14:12:54 user devstack@keystone.service[46322]: [pid: 46322|app: 0|req: 98/292] 10.0.0.210 () {56 vars in 1115 bytes} [Mon Nov 27 14:12:54 2023] GET /identity/v3/roles?name=admin => generated 337 bytes in 52 msecs (HTTP/1.1 200) 5 headers in 177 bytes (1 switches on core 0)
Nov 27 14:12:54 user devstack@keystone.service[46322]: DEBUG keystone.server.flask.request_processing.middleware.auth_context [None req-677f0eb9-8526-4ce8-933e-30f4730a9f4f admin admin] Authenticating user token {{(pid=46322) process_request /opt/stack/data/venv/lib/python3.10/site-packages/keystonemiddleware/auth_token/__init__.py:406}}
Nov 27 14:12:54 user devstack@keystone.service[46323]: [pid: 46323|app: 0|req: 102/293] 10.0.0.210 () {58 vars in 1458 bytes} [Mon Nov 27 14:12:54 2023] PUT /identity/v3/projects/6408699938f54460b8879af4c3b79cf3/groups/c201051344e7497cb0d048e6c704dce1/roles/461d779fd04f4c2684879632cdd08356 => generated 0 bytes in 44 msecs (HTTP/1.1 204) 3 headers in 132 bytes (0 switches on core 0)
Nov 27 14:12:54 user devstack@keystone.service[46322]: DEBUG keystone.server.flask.request_processing.middleware.auth_context [None req-677f0eb9-8526-4ce8-933e-30f4730a9f4f admin admin] Validating token access rules against request {{(pid=46322) validate_allowed_request /opt/stack/data/venv/lib/python3.10/site-packages/keystonemiddleware/auth_token/__init__.py:544}}
Nov 27 14:12:54 user devstack@keystone.service[46324]: DEBUG keystone.server.flask.request_processing.middleware.auth_context [None req-00ea47f4-1ae5-4027-9c26-0fed688d8286 None admin] Validating token access rules against request {{(pid=46324) validate_allowed_request /opt/stack/data/venv/lib/python3.10/site-packages/keystonemiddleware/auth_token/__init__.py:544}}
Nov 27 14:12:54 user devstack@keystone.service[46324]: DEBUG keystone.server.flask.request_processing.middleware.auth_context [None req-c6e69c04-2871-475c-b958-851550734e38 None admin] RBAC: auth_context: {'token': , 'domain_id': None, 'trust_id': None, 'trustor_id': None, 'trustee_id': None, 'domain_name': None, 'group_ids': [], 'user_id': 'a38f1ce4a22b4de1bf8ff7e0e7284196', 'user_domain_id': 'default', 'system_scope': 'all', 'project_id': None, 'project_domain_id': None, 'roles': ['admin', 'manager', 'member', 'reader'], 'is_admin_project': True, 'service_user_id': None, 'service_user_domain_id': None, 'service_project_id': None, 'service_project_domain_id': None, 'service_roles': []} {{(pid=46324) fill_context /opt/stack/keystone/keystone/server/flask/request_processing/middleware/auth_context.py:480}}
Nov 27 14:12:54 user devstack@keystone.service[46324]: DEBUG keystone.server.flask.request_processing.req_logging [None req-c6e69c04-2871-475c-b958-851550734e38 None admin] REQUEST_METHOD: `GET` {{(pid=46324) log_request_info /opt/stack/keystone/keystone/server/flask/request_processing/req_logging.py:27}}
Nov 27 14:12:54 user devstack@keystone.service[46324]: DEBUG keystone.server.flask.request_processing.req_logging [None req-c6e69c04-2871-475c-b958-851550734e38 None admin] SCRIPT_NAME: `/identity` {{(pid=46324) log_request_info /opt/stack/keystone/keystone/server/flask/request_processing/req_logging.py:28}}
Nov 27 14:12:54 user devstack@keystone.service[46324]: DEBUG keystone.server.flask.request_processing.req_logging [None req-c6e69c04-2871-475c-b958-851550734e38 None admin] PATH_INFO: `/v3/users/c72404237d7c448f87cc3d320814adc7` {{(pid=46324) log_request_info /opt/stack/keystone/keystone/server/flask/request_processing/req_logging.py:29}}
Nov 27 14:12:54 user devstack@keystone.service[46324]: DEBUG keystone.common.rbac_enforcer.enforcer [None req-c6e69c04-2871-475c-b958-851550734e38 None admin] RBAC: Authorizing `identity:get_user(user_id=c72404237d7c448f87cc3d320814adc7)` {{(pid=46324) enforce_call /opt/stack/keystone/keystone/common/rbac_enforcer/enforcer.py:449}}
Nov 27 14:12:54 user devstack@keystone.service[46324]: DEBUG keystone.common.rbac_enforcer.enforcer [None req-c6e69c04-2871-475c-b958-851550734e38 None admin] RBAC: Authorization granted {{(pid=46324) enforce_call /opt/stack/keystone/keystone/common/rbac_enforcer/enforcer.py:457}}
Nov 27 14:12:54 user devstack@keystone.service[46324]: [pid: 46324|app: 0|req: 94/294] 10.0.0.210 () {56 vars in 1172 bytes} [Mon Nov 27 14:12:54 2023] GET /identity/v3/users/c72404237d7c448f87cc3d320814adc7 => generated 292 bytes in 216 msecs (HTTP/1.1 200) 5 headers in 177 bytes (1 switches on core 0)
Nov 27 14:12:54 user devstack@keystone.service[46322]: DEBUG keystone.server.flask.request_processing.middleware.auth_context [None req-31f3cb13-d6c7-4fc3-9b39-b29fd20000d9 admin admin] RBAC: auth_context: {'token': , 'domain_id': None, 'trust_id': None, 'trustor_id': None, 'trustee_id': None, 'domain_name': None, 'group_ids': [], 'user_id': 'a38f1ce4a22b4de1bf8ff7e0e7284196', 'user_domain_id': 'default', 'system_scope': None, 'project_id': 'f926ee2bb9734b6296fc31f9bc5d96a8', 'project_domain_id': 'default', 'roles': ['member', 'reader', 'manager', 'admin'], 'is_admin_project': True, 'service_user_id': None, 'service_user_domain_id': None, 'service_project_id': None, 'service_project_domain_id': None, 'service_roles': []} {{(pid=46322) fill_context /opt/stack/keystone/keystone/server/flask/request_processing/middleware/auth_context.py:480}}
Nov 27 14:12:54 user devstack@keystone.service[46322]: DEBUG keystone.server.flask.request_processing.req_logging [None req-31f3cb13-d6c7-4fc3-9b39-b29fd20000d9 admin admin] REQUEST_METHOD: `GET` {{(pid=46322) log_request_info /opt/stack/keystone/keystone/server/flask/request_processing/req_logging.py:27}}
Nov 27 14:12:54 user devstack@keystone.service[46322]: DEBUG keystone.server.flask.request_processing.req_logging [None req-31f3cb13-d6c7-4fc3-9b39-b29fd20000d9 admin admin] SCRIPT_NAME: `/identity` {{(pid=46322) log_request_info /opt/stack/keystone/keystone/server/flask/request_processing/req_logging.py:28}}
Nov 27 14:12:54 user devstack@keystone.service[46322]: DEBUG keystone.server.flask.request_processing.req_logging [None req-31f3cb13-d6c7-4fc3-9b39-b29fd20000d9 admin admin] PATH_INFO: `/v3/groups/f497875fce8b458f93777cba48a60bed` {{(pid=46322) log_request_info /opt/stack/keystone/keystone/server/flask/request_processing/req_logging.py:29}}
Nov 27 14:12:54 user devstack@keystone.service[46323]: DEBUG keystone.server.flask.request_processing.middleware.auth_context [None req-9dac12bd-26bd-4cf2-b187-24b0493331ab admin admin] Authenticating user token {{(pid=46323) process_request /opt/stack/data/venv/lib/python3.10/site-packages/keystonemiddleware/auth_token/__init__.py:406}}
Nov 27 14:12:54 user devstack@keystone.service[46322]: DEBUG keystone.common.rbac_enforcer.enforcer [None req-31f3cb13-d6c7-4fc3-9b39-b29fd20000d9 admin admin] RBAC: Authorizing `identity:get_group(group_id=f497875fce8b458f93777cba48a60bed)` {{(pid=46322) enforce_call /opt/stack/keystone/keystone/common/rbac_enforcer/enforcer.py:449}}
Nov 27 14:12:54 user devstack@keystone.service[46322]: DEBUG keystone.common.rbac_enforcer.enforcer [None req-31f3cb13-d6c7-4fc3-9b39-b29fd20000d9 admin admin] RBAC: Authorization granted {{(pid=46322) enforce_call /opt/stack/keystone/keystone/common/rbac_enforcer/enforcer.py:457}}
Nov 27 14:12:54 user devstack@keystone.service[46322]: [pid: 46322|app: 0|req: 99/295] 10.0.0.210 () {56 vars in 1196 bytes} [Mon Nov 27 14:12:54 2023] GET /identity/v3/groups/f497875fce8b458f93777cba48a60bed => generated 228 bytes in 128 msecs (HTTP/1.1 200) 5 headers in 177 bytes (1 switches on core 0)
Nov 27 14:12:54 user devstack@keystone.service[46324]: DEBUG keystone.server.flask.request_processing.middleware.auth_context [None req-c6e69c04-2871-475c-b958-851550734e38 None admin] Authenticating user token {{(pid=46324) process_request /opt/stack/data/venv/lib/python3.10/site-packages/keystonemiddleware/auth_token/__init__.py:406}}
Nov 27 14:12:54 user devstack@keystone.service[46324]: DEBUG keystone.server.flask.request_processing.middleware.auth_context [None req-c6e69c04-2871-475c-b958-851550734e38 None admin] Validating token access rules against request {{(pid=46324) validate_allowed_request /opt/stack/data/venv/lib/python3.10/site-packages/keystonemiddleware/auth_token/__init__.py:544}}
Nov 27 14:12:54 user devstack@keystone.service[46324]: DEBUG keystone.server.flask.request_processing.middleware.auth_context [None req-d83e41a0-306d-4c33-bfb6-e3cec2c2993d admin admin] RBAC: auth_context: {'token': , 'domain_id': None, 'trust_id': None, 'trustor_id': None, 'trustee_id': None, 'domain_name': None, 'group_ids': [], 'user_id': 'a38f1ce4a22b4de1bf8ff7e0e7284196', 'user_domain_id': 'default', 'system_scope': None, 'project_id': 'f926ee2bb9734b6296fc31f9bc5d96a8', 'project_domain_id': 'default', 'roles': ['member', 'reader', 'manager', 'admin'], 'is_admin_project': True, 'service_user_id': None, 'service_user_domain_id': None, 'service_project_id': None, 'service_project_domain_id': None, 'service_roles': []} {{(pid=46324) fill_context /opt/stack/keystone/keystone/server/flask/request_processing/middleware/auth_context.py:480}}
Nov 27 14:12:54 user devstack@keystone.service[46324]: DEBUG keystone.server.flask.request_processing.req_logging [None req-d83e41a0-306d-4c33-bfb6-e3cec2c2993d admin admin] REQUEST_METHOD: `GET` {{(pid=46324) log_request_info /opt/stack/keystone/keystone/server/flask/request_processing/req_logging.py:27}}
Nov 27 14:12:54 user devstack@keystone.service[46324]: DEBUG keystone.server.flask.request_processing.req_logging [None req-d83e41a0-306d-4c33-bfb6-e3cec2c2993d admin admin] SCRIPT_NAME: `/identity` {{(pid=46324) log_request_info /opt/stack/keystone/keystone/server/flask/request_processing/req_logging.py:28}}
Nov 27 14:12:54 user devstack@keystone.service[46324]: DEBUG keystone.server.flask.request_processing.req_logging [None req-d83e41a0-306d-4c33-bfb6-e3cec2c2993d admin admin] PATH_INFO: `/v3/projects/f926ee2bb9734b6296fc31f9bc5d96a8` {{(pid=46324) log_request_info /opt/stack/keystone/keystone/server/flask/request_processing/req_logging.py:29}}
Nov 27 14:12:54 user devstack@keystone.service[46324]: DEBUG keystone.common.rbac_enforcer.enforcer [None req-d83e41a0-306d-4c33-bfb6-e3cec2c2993d admin admin] RBAC: Authorizing `identity:get_project(project_id=f926ee2bb9734b6296fc31f9bc5d96a8)` {{(pid=46324) enforce_call /opt/stack/keystone/keystone/common/rbac_enforcer/enforcer.py:449}}
Nov 27 14:12:54 user devstack@keystone.service[46324]: DEBUG keystone.common.rbac_enforcer.enforcer [None req-d83e41a0-306d-4c33-bfb6-e3cec2c2993d admin admin] RBAC: Authorization granted {{(pid=46324) enforce_call /opt/stack/keystone/keystone/common/rbac_enforcer/enforcer.py:457}}
Nov 27 14:12:54 user devstack@keystone.service[46324]: [pid: 46324|app: 0|req: 95/296] 10.0.0.210 () {56 vars in 1202 bytes} [Mon Nov 27 14:12:54 2023] GET /identity/v3/projects/f926ee2bb9734b6296fc31f9bc5d96a8 => generated 343 bytes in 24 msecs (HTTP/1.1 200) 5 headers in 177 bytes (1 switches on core 0)
Nov 27 14:12:54 user devstack@keystone.service[46322]: DEBUG keystone.server.flask.request_processing.middleware.auth_context [None req-31f3cb13-d6c7-4fc3-9b39-b29fd20000d9 admin admin] Authenticating user token {{(pid=46322) process_request /opt/stack/data/venv/lib/python3.10/site-packages/keystonemiddleware/auth_token/__init__.py:406}}
Nov 27 14:12:54 user devstack@keystone.service[46322]: DEBUG keystone.server.flask.request_processing.middleware.auth_context [None req-31f3cb13-d6c7-4fc3-9b39-b29fd20000d9 admin admin] Validating token access rules against request {{(pid=46322) validate_allowed_request /opt/stack/data/venv/lib/python3.10/site-packages/keystonemiddleware/auth_token/__init__.py:544}}
Nov 27 14:12:54 user devstack@keystone.service[46322]: DEBUG keystone.server.flask.request_processing.middleware.auth_context [None req-e44c7f0d-0e2c-4747-afa4-1a42b9880b54 admin admin] RBAC: auth_context: {'token': , 'domain_id': None, 'trust_id': None, 'trustor_id': None, 'trustee_id': None, 'domain_name': None, 'group_ids': [], 'user_id': 'a38f1ce4a22b4de1bf8ff7e0e7284196', 'user_domain_id': 'default', 'system_scope': None, 'project_id': 'f926ee2bb9734b6296fc31f9bc5d96a8', 'project_domain_id': 'default', 'roles': ['member', 'reader', 'manager', 'admin'], 'is_admin_project': True, 'service_user_id': None, 'service_user_domain_id': None, 'service_project_id': None, 'service_project_domain_id': None, 'service_roles': []} {{(pid=46322) fill_context /opt/stack/keystone/keystone/server/flask/request_processing/middleware/auth_context.py:480}}
Nov 27 14:12:54 user devstack@keystone.service[46322]: DEBUG keystone.server.flask.request_processing.req_logging [None req-e44c7f0d-0e2c-4747-afa4-1a42b9880b54 admin admin] REQUEST_METHOD: `PUT` {{(pid=46322) log_request_info /opt/stack/keystone/keystone/server/flask/request_processing/req_logging.py:27}}
Nov 27 14:12:54 user devstack@keystone.service[46322]: DEBUG keystone.server.flask.request_processing.req_logging [None req-e44c7f0d-0e2c-4747-afa4-1a42b9880b54 admin admin] SCRIPT_NAME: `/identity` {{(pid=46322) log_request_info /opt/stack/keystone/keystone/server/flask/request_processing/req_logging.py:28}}
Nov 27 14:12:54 user devstack@keystone.service[46322]: DEBUG keystone.server.flask.request_processing.req_logging [None req-e44c7f0d-0e2c-4747-afa4-1a42b9880b54 admin admin] PATH_INFO: `/v3/projects/f926ee2bb9734b6296fc31f9bc5d96a8/groups/f497875fce8b458f93777cba48a60bed/roles/c23ef1ca2bda46aab872b1150c083c02` {{(pid=46322) log_request_info /opt/stack/keystone/keystone/server/flask/request_processing/req_logging.py:29}}
Nov 27 14:12:54 user devstack@keystone.service[46322]: DEBUG keystone.common.rbac_enforcer.enforcer [None req-e44c7f0d-0e2c-4747-afa4-1a42b9880b54 admin admin] RBAC: Authorizing `identity:create_grant(project_id=f926ee2bb9734b6296fc31f9bc5d96a8, group_id=f497875fce8b458f93777cba48a60bed, role_id=c23ef1ca2bda46aab872b1150c083c02)` {{(pid=46322) enforce_call /opt/stack/keystone/keystone/common/rbac_enforcer/enforcer.py:449}}
Nov 27 14:12:54 user devstack@keystone.service[46322]: DEBUG keystone.common.rbac_enforcer.enforcer [None req-e44c7f0d-0e2c-4747-afa4-1a42b9880b54 admin admin] RBAC: Authorization granted {{(pid=46322) enforce_call /opt/stack/keystone/keystone/common/rbac_enforcer/enforcer.py:457}}
Nov 27 14:12:54 user devstack@keystone.service[46322]: [pid: 46322|app: 0|req: 100/297] 10.0.0.210 () {58 vars in 1458 bytes} [Mon Nov 27 14:12:54 2023] PUT /identity/v3/projects/f926ee2bb9734b6296fc31f9bc5d96a8/groups/f497875fce8b458f93777cba48a60bed/roles/c23ef1ca2bda46aab872b1150c083c02 => generated 0 bytes in 55 msecs (HTTP/1.1 204) 3 headers in 132 bytes (0 switches on core 0)
Nov 27 14:12:54 user devstack@keystone.service[46323]: DEBUG keystone.server.flask.request_processing.middleware.auth_context [None req-9dac12bd-26bd-4cf2-b187-24b0493331ab admin admin] Validating token access rules against request {{(pid=46323) validate_allowed_request /opt/stack/data/venv/lib/python3.10/site-packages/keystonemiddleware/auth_token/__init__.py:544}}
Nov 27 14:12:54 user devstack@keystone.service[46323]: DEBUG keystone.server.flask.request_processing.middleware.auth_context [None req-27707e1d-66ff-4aae-be61-bf948bfadd2e None admin] RBAC: auth_context: {'token': , 'domain_id': None, 'trust_id': None, 'trustor_id': None, 'trustee_id': None, 'domain_name': None, 'group_ids': [], 'user_id': 'a38f1ce4a22b4de1bf8ff7e0e7284196', 'user_domain_id': 'default', 'system_scope': 'all', 'project_id': None, 'project_domain_id': None, 'roles': ['admin', 'manager', 'member', 'reader'], 'is_admin_project': True, 'service_user_id': None, 'service_user_domain_id': None, 'service_project_id': None, 'service_project_domain_id': None, 'service_roles': []} {{(pid=46323) fill_context /opt/stack/keystone/keystone/server/flask/request_processing/middleware/auth_context.py:480}}
Nov 27 14:12:54 user devstack@keystone.service[46323]: DEBUG keystone.server.flask.request_processing.req_logging [None req-27707e1d-66ff-4aae-be61-bf948bfadd2e None admin] REQUEST_METHOD: `GET` {{(pid=46323) log_request_info /opt/stack/keystone/keystone/server/flask/request_processing/req_logging.py:27}}
