Nov 27 14:12:43 user devstack@keystone.service[46323]: DEBUG keystone.server.flask.request_processing.middleware.auth_context [None req-7e6744aa-6328-4e18-85e7-93bbcaabea56 None admin] Validating token access rules against request {{(pid=46323) validate_allowed_request /opt/stack/data/venv/lib/python3.10/site-packages/keystonemiddleware/auth_token/__init__.py:544}}
Nov 27 14:12:43 user devstack@keystone.service[46324]: DEBUG keystone.server.flask.request_processing.middleware.auth_context [None req-e819ac0f-2ffc-424c-9e3a-9242de8a33ee None admin] RBAC: auth_context: {'token': , 'domain_id': None, 'trust_id': None, 'trustor_id': None, 'trustee_id': None, 'domain_name': None, 'group_ids': [], 'user_id': 'a38f1ce4a22b4de1bf8ff7e0e7284196', 'user_domain_id': 'default', 'system_scope': 'all', 'project_id': None, 'project_domain_id': None, 'roles': ['admin', 'manager', 'member', 'reader'], 'is_admin_project': True, 'service_user_id': None, 'service_user_domain_id': None, 'service_project_id': None, 'service_project_domain_id': None, 'service_roles': []} {{(pid=46324) fill_context /opt/stack/keystone/keystone/server/flask/request_processing/middleware/auth_context.py:480}}
Nov 27 14:12:43 user devstack@keystone.service[46324]: DEBUG keystone.server.flask.request_processing.req_logging [None req-e819ac0f-2ffc-424c-9e3a-9242de8a33ee None admin] REQUEST_METHOD: `GET` {{(pid=46324) log_request_info /opt/stack/keystone/keystone/server/flask/request_processing/req_logging.py:27}}
Nov 27 14:12:43 user devstack@keystone.service[46324]: DEBUG keystone.server.flask.request_processing.req_logging [None req-e819ac0f-2ffc-424c-9e3a-9242de8a33ee None admin] SCRIPT_NAME: `/identity` {{(pid=46324) log_request_info /opt/stack/keystone/keystone/server/flask/request_processing/req_logging.py:28}}
Nov 27 14:12:43 user devstack@keystone.service[46324]: DEBUG keystone.server.flask.request_processing.req_logging [None req-e819ac0f-2ffc-424c-9e3a-9242de8a33ee None admin] PATH_INFO: `/v3/domains/default` {{(pid=46324) log_request_info /opt/stack/keystone/keystone/server/flask/request_processing/req_logging.py:29}}
Nov 27 14:12:43 user devstack@keystone.service[46324]: DEBUG keystone.common.rbac_enforcer.enforcer [None req-e819ac0f-2ffc-424c-9e3a-9242de8a33ee None admin] RBAC: Authorizing `identity:get_domain(domain_id=default)` {{(pid=46324) enforce_call /opt/stack/keystone/keystone/common/rbac_enforcer/enforcer.py:449}}
Nov 27 14:12:43 user devstack@keystone.service[46322]: DEBUG keystone.server.flask.request_processing.middleware.auth_context [None req-a6c6bb39-7cac-45c7-9efc-5f9dcc10c307 None admin] RBAC: auth_context: {'token': , 'domain_id': None, 'trust_id': None, 'trustor_id': None, 'trustee_id': None, 'domain_name': None, 'group_ids': [], 'user_id': 'a38f1ce4a22b4de1bf8ff7e0e7284196', 'user_domain_id': 'default', 'system_scope': 'all', 'project_id': None, 'project_domain_id': None, 'roles': ['admin', 'manager', 'member', 'reader'], 'is_admin_project': True, 'service_user_id': None, 'service_user_domain_id': None, 'service_project_id': None, 'service_project_domain_id': None, 'service_roles': []} {{(pid=46322) fill_context /opt/stack/keystone/keystone/server/flask/request_processing/middleware/auth_context.py:480}}
Nov 27 14:12:43 user devstack@keystone.service[46324]: DEBUG keystone.common.rbac_enforcer.enforcer [None req-e819ac0f-2ffc-424c-9e3a-9242de8a33ee None admin] RBAC: Authorization granted {{(pid=46324) enforce_call /opt/stack/keystone/keystone/common/rbac_enforcer/enforcer.py:457}}
Nov 27 14:12:43 user devstack@keystone.service[46324]: [pid: 46324|app: 0|req: 64/196] 10.0.0.210 () {56 vars in 1103 bytes} [Mon Nov 27 14:12:43 2023] GET /identity/v3/domains/default => generated 198 bytes in 161 msecs (HTTP/1.1 200) 5 headers in 177 bytes (1 switches on core 0)
Nov 27 14:12:43 user devstack@keystone.service[46322]: DEBUG keystone.server.flask.request_processing.req_logging [None req-a6c6bb39-7cac-45c7-9efc-5f9dcc10c307 None admin] REQUEST_METHOD: `GET` {{(pid=46322) log_request_info /opt/stack/keystone/keystone/server/flask/request_processing/req_logging.py:27}}
Nov 27 14:12:43 user devstack@keystone.service[46322]: DEBUG keystone.server.flask.request_processing.req_logging [None req-a6c6bb39-7cac-45c7-9efc-5f9dcc10c307 None admin] SCRIPT_NAME: `/identity` {{(pid=46322) log_request_info /opt/stack/keystone/keystone/server/flask/request_processing/req_logging.py:28}}
Nov 27 14:12:43 user devstack@keystone.service[46322]: DEBUG keystone.server.flask.request_processing.req_logging [None req-a6c6bb39-7cac-45c7-9efc-5f9dcc10c307 None admin] PATH_INFO: `/v3/roles/member` {{(pid=46322) log_request_info /opt/stack/keystone/keystone/server/flask/request_processing/req_logging.py:29}}
Nov 27 14:12:43 user devstack@keystone.service[46323]: DEBUG keystone.server.flask.request_processing.middleware.auth_context [None req-d92d188d-cd5f-4bd2-b0d0-8d69bd6f84ab None admin] RBAC: auth_context: {'token': , 'domain_id': None, 'trust_id': None, 'trustor_id': None, 'trustee_id': None, 'domain_name': None, 'group_ids': [], 'user_id': 'a38f1ce4a22b4de1bf8ff7e0e7284196', 'user_domain_id': 'default', 'system_scope': 'all', 'project_id': None, 'project_domain_id': None, 'roles': ['admin', 'manager', 'member', 'reader'], 'is_admin_project': True, 'service_user_id': None, 'service_user_domain_id': None, 'service_project_id': None, 'service_project_domain_id': None, 'service_roles': []} {{(pid=46323) fill_context /opt/stack/keystone/keystone/server/flask/request_processing/middleware/auth_context.py:480}}
Nov 27 14:12:43 user devstack@keystone.service[46323]: DEBUG keystone.server.flask.request_processing.req_logging [None req-d92d188d-cd5f-4bd2-b0d0-8d69bd6f84ab None admin] REQUEST_METHOD: `GET` {{(pid=46323) log_request_info /opt/stack/keystone/keystone/server/flask/request_processing/req_logging.py:27}}
Nov 27 14:12:43 user devstack@keystone.service[46323]: DEBUG keystone.server.flask.request_processing.req_logging [None req-d92d188d-cd5f-4bd2-b0d0-8d69bd6f84ab None admin] SCRIPT_NAME: `/identity` {{(pid=46323) log_request_info /opt/stack/keystone/keystone/server/flask/request_processing/req_logging.py:28}}
Nov 27 14:12:43 user devstack@keystone.service[46323]: DEBUG keystone.server.flask.request_processing.req_logging [None req-d92d188d-cd5f-4bd2-b0d0-8d69bd6f84ab None admin] PATH_INFO: `/v3/roles` {{(pid=46323) log_request_info /opt/stack/keystone/keystone/server/flask/request_processing/req_logging.py:29}}
Nov 27 14:12:43 user devstack@keystone.service[46323]: DEBUG keystone.common.rbac_enforcer.enforcer [None req-d92d188d-cd5f-4bd2-b0d0-8d69bd6f84ab None admin] RBAC: Adding query filter params (name=reader) {{(pid=46323) _extract_filter_values /opt/stack/keystone/keystone/common/rbac_enforcer/enforcer.py:167}}
Nov 27 14:12:43 user devstack@keystone.service[46323]: DEBUG keystone.common.rbac_enforcer.enforcer [None req-d92d188d-cd5f-4bd2-b0d0-8d69bd6f84ab None admin] RBAC: Authorizing `identity:list_roles()` {{(pid=46323) enforce_call /opt/stack/keystone/keystone/common/rbac_enforcer/enforcer.py:449}}
Nov 27 14:12:43 user devstack@keystone.service[46323]: DEBUG keystone.common.rbac_enforcer.enforcer [None req-d92d188d-cd5f-4bd2-b0d0-8d69bd6f84ab None admin] RBAC: Authorization granted {{(pid=46323) enforce_call /opt/stack/keystone/keystone/common/rbac_enforcer/enforcer.py:457}}
Nov 27 14:12:43 user devstack@keystone.service[46324]: DEBUG keystone.server.flask.request_processing.middleware.auth_context [None req-e819ac0f-2ffc-424c-9e3a-9242de8a33ee None admin] Authenticating user token {{(pid=46324) process_request /opt/stack/data/venv/lib/python3.10/site-packages/keystonemiddleware/auth_token/__init__.py:406}}
Nov 27 14:12:43 user devstack@keystone.service[46322]: DEBUG keystone.common.rbac_enforcer.enforcer [None req-a6c6bb39-7cac-45c7-9efc-5f9dcc10c307 None admin] Extracting inferred target data resulted in "NOT FOUND (404)". {{(pid=46322) enforce_call /opt/stack/keystone/keystone/common/rbac_enforcer/enforcer.py:409}}
Nov 27 14:12:43 user devstack@keystone.service[46323]: [pid: 46323|app: 0|req: 69/197] 10.0.0.210 () {56 vars in 1096 bytes} [Mon Nov 27 14:12:43 2023] GET /identity/v3/roles?name=reader => generated 339 bytes in 135 msecs (HTTP/1.1 200) 5 headers in 177 bytes (2 switches on core 0)
Nov 27 14:12:43 user devstack@keystone.service[46322]: ERROR keystone.server.flask.application [None req-a6c6bb39-7cac-45c7-9efc-5f9dcc10c307 None admin] Could not find role: member.: keystone.exception.RoleNotFound: Could not find role: member.
Nov 27 14:12:43 user devstack@keystone.service[46322]: ERROR keystone.server.flask.application
Traceback (most recent call last):
Nov 27 14:12:43 user devstack@keystone.service[46322]: ERROR keystone.server.flask.application
File "/opt/stack/data/venv/lib/python3.10/site-packages/flask/app.py", line 1823, in full_dispatch_request
Nov 27 14:12:43 user devstack@keystone.service[46322]: ERROR keystone.server.flask.application rv = self.dispatch_request()
Nov 27 14:12:43 user devstack@keystone.service[46322]: ERROR keystone.server.flask.application
File "/opt/stack/data/venv/lib/python3.10/site-packages/flask/app.py", line 1799, in dispatch_request
Nov 27 14:12:43 user devstack@keystone.service[46322]: ERROR keystone.server.flask.application return self.ensure_sync(self.view_functions[rule.endpoint])(**view_args)
Nov 27 14:12:43 user devstack@keystone.service[46322]: ERROR keystone.server.flask.application
File "/opt/stack/data/venv/lib/python3.10/site-packages/flask_restful/__init__.py", line 489, in wrapper
Nov 27 14:12:43 user devstack@keystone.service[46322]: ERROR keystone.server.flask.application resp = resource(*args, **kwargs)
Nov 27 14:12:43 user devstack@keystone.service[46322]: ERROR keystone.server.flask.application
File "/opt/stack/data/venv/lib/python3.10/site-packages/flask/views.py", line 107, in view
Nov 27 14:12:43 user devstack@keystone.service[46322]: ERROR keystone.server.flask.application return current_app.ensure_sync(self.dispatch_request)(**kwargs)
Nov 27 14:12:43 user devstack@keystone.service[46322]: ERROR keystone.server.flask.application
File "/opt/stack/data/venv/lib/python3.10/site-packages/flask_restful/__init__.py", line 604, in dispatch_request
Nov 27 14:12:43 user devstack@keystone.service[46322]: ERROR keystone.server.flask.application resp = meth(*args, **kwargs)
Nov 27 14:12:43 user devstack@keystone.service[46322]: ERROR keystone.server.flask.application
File "/opt/stack/keystone/keystone/api/roles.py", line 50, in get
Nov 27 14:12:43 user devstack@keystone.service[46322]: ERROR keystone.server.flask.application return self._get_role(role_id)
Nov 27 14:12:43 user devstack@keystone.service[46322]: ERROR keystone.server.flask.application
File "/opt/stack/keystone/keystone/api/roles.py", line 70, in _get_role
Nov 27 14:12:43 user devstack@keystone.service[46322]: ERROR keystone.server.flask.application ENFORCER.enforce_call(action='identity:get_role')
Nov 27 14:12:43 user devstack@keystone.service[46322]: ERROR keystone.server.flask.application
File "/opt/stack/keystone/keystone/common/rbac_enforcer/enforcer.py", line 402, in enforce_call
Nov 27 14:12:43 user devstack@keystone.service[46322]: ERROR keystone.server.flask.application policy_dict.update(cls._extract_member_target_data(
Nov 27 14:12:43 user devstack@keystone.service[46322]: ERROR keystone.server.flask.application
File "/opt/stack/keystone/keystone/common/rbac_enforcer/enforcer.py", line 234, in _extract_member_target_data
Nov 27 14:12:43 user devstack@keystone.service[46322]: ERROR keystone.server.flask.application member_name: func(flask.request.view_args[key])
Nov 27 14:12:43 user devstack@keystone.service[46322]: ERROR keystone.server.flask.application
File "/opt/stack/keystone/keystone/common/manager.py", line 115, in wrapped
Nov 27 14:12:43 user devstack@keystone.service[46322]: ERROR keystone.server.flask.application __ret_val = __f(*args, **kwargs)
Nov 27 14:12:43 user devstack@keystone.service[46322]: ERROR keystone.server.flask.application
File "/opt/stack/data/venv/lib/python3.10/site-packages/decorator.py", line 232, in fun
Nov 27 14:12:43 user devstack@keystone.service[46322]: ERROR keystone.server.flask.application return caller(func, *(extras + args), **kw)
Nov 27 14:12:43 user devstack@keystone.service[46322]: ERROR keystone.server.flask.application
File "/opt/stack/data/venv/lib/python3.10/site-packages/dogpile/cache/region.py", line 1594, in get_or_create_for_user_func
Nov 27 14:12:43 user devstack@keystone.service[46322]: ERROR keystone.server.flask.application return self.get_or_create(
Nov 27 14:12:43 user devstack@keystone.service[46322]: ERROR keystone.server.flask.application
File "/opt/stack/data/venv/lib/python3.10/site-packages/dogpile/cache/region.py", line 1054, in get_or_create
Nov 27 14:12:43 user devstack@keystone.service[46322]: ERROR keystone.server.flask.application with Lock(
Nov 27 14:12:43 user devstack@keystone.service[46322]: ERROR keystone.server.flask.application
File "/opt/stack/data/venv/lib/python3.10/site-packages/dogpile/lock.py", line 185, in __enter__
Nov 27 14:12:43 user devstack@keystone.service[46322]: ERROR keystone.server.flask.application return self._enter()
Nov 27 14:12:43 user devstack@keystone.service[46322]: ERROR keystone.server.flask.application
File "/opt/stack/data/venv/lib/python3.10/site-packages/dogpile/lock.py", line 94, in _enter
Nov 27 14:12:43 user devstack@keystone.service[46322]: ERROR keystone.server.flask.application generated = self._enter_create(value, createdtime)
Nov 27 14:12:43 user devstack@keystone.service[46322]: ERROR keystone.server.flask.application
File "/opt/stack/data/venv/lib/python3.10/site-packages/dogpile/lock.py", line 178, in _enter_create
Nov 27 14:12:43 user devstack@keystone.service[46322]: ERROR keystone.server.flask.application return self.creator()
Nov 27 14:12:43 user devstack@keystone.service[46322]: ERROR keystone.server.flask.application
File "/opt/stack/data/venv/lib/python3.10/site-packages/dogpile/cache/region.py", line 1007, in gen_value
Nov 27 14:12:43 user devstack@keystone.service[46322]: ERROR keystone.server.flask.application created_value = creator(
Nov 27 14:12:43 user devstack@keystone.service[46322]: ERROR keystone.server.flask.application
File "/opt/stack/keystone/keystone/assignment/core.py", line 1276, in get_role
Nov 27 14:12:43 user devstack@keystone.service[46322]: ERROR keystone.server.flask.application return self.driver.get_role(role_id)
Nov 27 14:12:43 user devstack@keystone.service[46322]: ERROR keystone.server.flask.application
File "/opt/stack/keystone/keystone/assignment/role_backends/sql.py", line 70, in get_role
Nov 27 14:12:43 user devstack@keystone.service[46322]: ERROR keystone.server.flask.application return self._get_role(session, role_id).to_dict()
Nov 27 14:12:43 user devstack@keystone.service[46322]: ERROR keystone.server.flask.application
File "/opt/stack/keystone/keystone/assignment/role_backends/sql.py", line 65, in _get_role
Nov 27 14:12:43 user devstack@keystone.service[46322]: ERROR keystone.server.flask.application raise exception.RoleNotFound(role_id=role_id)
Nov 27 14:12:43 user devstack@keystone.service[46322]: ERROR keystone.server.flask.application keystone.exception.RoleNotFound: Could not find role: member.
Nov 27 14:12:43 user devstack@keystone.service[46322]: ERROR keystone.server.flask.application
Nov 27 14:12:43 user devstack@keystone.service[46323]: DEBUG keystone.server.flask.request_processing.middleware.auth_context [None req-d92d188d-cd5f-4bd2-b0d0-8d69bd6f84ab None admin] Authenticating user token {{(pid=46323) process_request /opt/stack/data/venv/lib/python3.10/site-packages/keystonemiddleware/auth_token/__init__.py:406}}
Nov 27 14:12:43 user devstack@keystone.service[46322]: [pid: 46322|app: 0|req: 65/198] 10.0.0.210 () {56 vars in 1094 bytes} [Mon Nov 27 14:12:43 2023] GET /identity/v3/roles/member => generated 84 bytes in 167 msecs (HTTP/1.1 404) 5 headers in 183 bytes (1 switches on core 0)
Nov 27 14:12:43 user devstack@keystone.service[46322]: DEBUG keystone.server.flask.request_processing.middleware.auth_context [None req-a6c6bb39-7cac-45c7-9efc-5f9dcc10c307 None admin] Authenticating user token {{(pid=46322) process_request /opt/stack/data/venv/lib/python3.10/site-packages/keystonemiddleware/auth_token/__init__.py:406}}
Nov 27 14:12:43 user devstack@keystone.service[46324]: DEBUG keystone.server.flask.request_processing.middleware.auth_context [None req-e819ac0f-2ffc-424c-9e3a-9242de8a33ee None admin] Validating token access rules against request {{(pid=46324) validate_allowed_request /opt/stack/data/venv/lib/python3.10/site-packages/keystonemiddleware/auth_token/__init__.py:544}}
Nov 27 14:12:43 user devstack@keystone.service[46323]: DEBUG keystone.server.flask.request_processing.middleware.auth_context [None req-d92d188d-cd5f-4bd2-b0d0-8d69bd6f84ab None admin] Validating token access rules against request {{(pid=46323) validate_allowed_request /opt/stack/data/venv/lib/python3.10/site-packages/keystonemiddleware/auth_token/__init__.py:544}}
Nov 27 14:12:43 user devstack@keystone.service[46322]: DEBUG keystone.server.flask.request_processing.middleware.auth_context [None req-a6c6bb39-7cac-45c7-9efc-5f9dcc10c307 None admin] Validating token access rules against request {{(pid=46322) validate_allowed_request /opt/stack/data/venv/lib/python3.10/site-packages/keystonemiddleware/auth_token/__init__.py:544}}
Nov 27 14:12:43 user devstack@keystone.service[46324]: DEBUG keystone.server.flask.request_processing.middleware.auth_context [None req-179cd61c-0628-4db2-85d6-bac976448605 None admin] RBAC: auth_context: {'token': , 'domain_id': None, 'trust_id': None, 'trustor_id': None, 'trustee_id': None, 'domain_name': None, 'group_ids': [], 'user_id': 'a38f1ce4a22b4de1bf8ff7e0e7284196', 'user_domain_id': 'default', 'system_scope': 'all', 'project_id': None, 'project_domain_id': None, 'roles': ['admin', 'manager', 'member', 'reader'], 'is_admin_project': True, 'service_user_id': None, 'service_user_domain_id': None, 'service_project_id': None, 'service_project_domain_id': None, 'service_roles': []} {{(pid=46324) fill_context /opt/stack/keystone/keystone/server/flask/request_processing/middleware/auth_context.py:480}}
Nov 27 14:12:43 user devstack@keystone.service[46324]: DEBUG keystone.server.flask.request_processing.req_logging [None req-179cd61c-0628-4db2-85d6-bac976448605 None admin] REQUEST_METHOD: `POST` {{(pid=46324) log_request_info /opt/stack/keystone/keystone/server/flask/request_processing/req_logging.py:27}}
Nov 27 14:12:43 user devstack@keystone.service[46324]: DEBUG keystone.server.flask.request_processing.req_logging [None req-179cd61c-0628-4db2-85d6-bac976448605 None admin] SCRIPT_NAME: `/identity` {{(pid=46324) log_request_info /opt/stack/keystone/keystone/server/flask/request_processing/req_logging.py:28}}
Nov 27 14:12:43 user devstack@keystone.service[46324]: DEBUG keystone.server.flask.request_processing.req_logging [None req-179cd61c-0628-4db2-85d6-bac976448605 None admin] PATH_INFO: `/v3/users` {{(pid=46324) log_request_info /opt/stack/keystone/keystone/server/flask/request_processing/req_logging.py:29}}
Nov 27 14:12:43 user devstack@keystone.service[46324]: DEBUG keystone.common.rbac_enforcer.enforcer [None req-179cd61c-0628-4db2-85d6-bac976448605 None admin] RBAC: Authorizing `identity:create_user()` {{(pid=46324) enforce_call /opt/stack/keystone/keystone/common/rbac_enforcer/enforcer.py:449}}
Nov 27 14:12:43 user devstack@keystone.service[46324]: DEBUG keystone.common.rbac_enforcer.enforcer [None req-179cd61c-0628-4db2-85d6-bac976448605 None admin] RBAC: Authorization granted {{(pid=46324) enforce_call /opt/stack/keystone/keystone/common/rbac_enforcer/enforcer.py:457}}
Nov 27 14:12:43 user devstack@keystone.service[46324]: WARNING keystone.common.password_hashing [None req-179cd61c-0628-4db2-85d6-bac976448605 None admin] Truncating password to algorithm specific maximum length 72 characters.
Nov 27 14:12:43 user devstack@keystone.service[46323]: DEBUG keystone.server.flask.request_processing.middleware.auth_context [None req-a6bc6353-613a-42e4-8681-f4f82bcf59a9 None admin] RBAC: auth_context: {'token': , 'domain_id': None, 'trust_id': None, 'trustor_id': None, 'trustee_id': None, 'domain_name': None, 'group_ids': [], 'user_id': 'a38f1ce4a22b4de1bf8ff7e0e7284196', 'user_domain_id': 'default', 'system_scope': 'all', 'project_id': None, 'project_domain_id': None, 'roles': ['admin', 'manager', 'member', 'reader'], 'is_admin_project': True, 'service_user_id': None, 'service_user_domain_id': None, 'service_project_id': None, 'service_project_domain_id': None, 'service_roles': []} {{(pid=46323) fill_context /opt/stack/keystone/keystone/server/flask/request_processing/middleware/auth_context.py:480}}
Nov 27 14:12:43 user devstack@keystone.service[46323]: DEBUG keystone.server.flask.request_processing.req_logging [None req-a6bc6353-613a-42e4-8681-f4f82bcf59a9 None admin] REQUEST_METHOD: `GET` {{(pid=46323) log_request_info /opt/stack/keystone/keystone/server/flask/request_processing/req_logging.py:27}}
Nov 27 14:12:43 user devstack@keystone.service[46323]: DEBUG keystone.server.flask.request_processing.req_logging [None req-a6bc6353-613a-42e4-8681-f4f82bcf59a9 None admin] SCRIPT_NAME: `/identity` {{(pid=46323) log_request_info /opt/stack/keystone/keystone/server/flask/request_processing/req_logging.py:28}}
Nov 27 14:12:43 user devstack@keystone.service[46323]: DEBUG keystone.server.flask.request_processing.req_logging [None req-a6bc6353-613a-42e4-8681-f4f82bcf59a9 None admin] PATH_INFO: `/v3/users/e26e14c23e164291b80d20ae06883817` {{(pid=46323) log_request_info /opt/stack/keystone/keystone/server/flask/request_processing/req_logging.py:29}}
Nov 27 14:12:43 user devstack@keystone.service[46322]: DEBUG keystone.server.flask.request_processing.middleware.auth_context [None req-36261ed6-0ec5-4511-8a2b-8d33cbf9e75c None admin] RBAC: auth_context: {'token': , 'domain_id': None, 'trust_id': None, 'trustor_id': None, 'trustee_id': None, 'domain_name': None, 'group_ids': [], 'user_id': 'a38f1ce4a22b4de1bf8ff7e0e7284196', 'user_domain_id': 'default', 'system_scope': 'all', 'project_id': None, 'project_domain_id': None, 'roles': ['admin', 'manager', 'member', 'reader'], 'is_admin_project': True, 'service_user_id': None, 'service_user_domain_id': None, 'service_project_id': None, 'service_project_domain_id': None, 'service_roles': []} {{(pid=46322) fill_context /opt/stack/keystone/keystone/server/flask/request_processing/middleware/auth_context.py:480}}
Nov 27 14:12:43 user devstack@keystone.service[46322]: DEBUG keystone.server.flask.request_processing.req_logging [None req-36261ed6-0ec5-4511-8a2b-8d33cbf9e75c None admin] REQUEST_METHOD: `GET` {{(pid=46322) log_request_info /opt/stack/keystone/keystone/server/flask/request_processing/req_logging.py:27}}
Nov 27 14:12:43 user devstack@keystone.service[46322]: DEBUG keystone.server.flask.request_processing.req_logging [None req-36261ed6-0ec5-4511-8a2b-8d33cbf9e75c None admin] SCRIPT_NAME: `/identity` {{(pid=46322) log_request_info /opt/stack/keystone/keystone/server/flask/request_processing/req_logging.py:28}}
Nov 27 14:12:43 user devstack@keystone.service[46322]: DEBUG keystone.server.flask.request_processing.req_logging [None req-36261ed6-0ec5-4511-8a2b-8d33cbf9e75c None admin] PATH_INFO: `/v3/roles` {{(pid=46322) log_request_info /opt/stack/keystone/keystone/server/flask/request_processing/req_logging.py:29}}
Nov 27 14:12:43 user devstack@keystone.service[46322]: DEBUG keystone.common.rbac_enforcer.enforcer [None req-36261ed6-0ec5-4511-8a2b-8d33cbf9e75c None admin] RBAC: Adding query filter params (name=member) {{(pid=46322) _extract_filter_values /opt/stack/keystone/keystone/common/rbac_enforcer/enforcer.py:167}}
Nov 27 14:12:43 user devstack@keystone.service[46322]: DEBUG keystone.common.rbac_enforcer.enforcer [None req-36261ed6-0ec5-4511-8a2b-8d33cbf9e75c None admin] RBAC: Authorizing `identity:list_roles()` {{(pid=46322) enforce_call /opt/stack/keystone/keystone/common/rbac_enforcer/enforcer.py:449}}
Nov 27 14:12:43 user devstack@keystone.service[46322]: DEBUG keystone.common.rbac_enforcer.enforcer [None req-36261ed6-0ec5-4511-8a2b-8d33cbf9e75c None admin] RBAC: Authorization granted {{(pid=46322) enforce_call /opt/stack/keystone/keystone/common/rbac_enforcer/enforcer.py:457}}
Nov 27 14:12:43 user devstack@keystone.service[46323]: DEBUG keystone.common.rbac_enforcer.enforcer [None req-a6bc6353-613a-42e4-8681-f4f82bcf59a9 None admin] RBAC: Authorizing `identity:get_user(user_id=e26e14c23e164291b80d20ae06883817)` {{(pid=46323) enforce_call /opt/stack/keystone/keystone/common/rbac_enforcer/enforcer.py:449}}
Nov 27 14:12:43 user devstack@keystone.service[46322]: [pid: 46322|app: 0|req: 66/199] 10.0.0.210 () {56 vars in 1096 bytes} [Mon Nov 27 14:12:43 2023] GET /identity/v3/roles?name=member => generated 339 bytes in 140 msecs (HTTP/1.1 200) 5 headers in 177 bytes (1 switches on core 0)
Nov 27 14:12:43 user devstack@keystone.service[46323]: DEBUG keystone.common.rbac_enforcer.enforcer [None req-a6bc6353-613a-42e4-8681-f4f82bcf59a9 None admin] RBAC: Authorization granted {{(pid=46323) enforce_call /opt/stack/keystone/keystone/common/rbac_enforcer/enforcer.py:457}}
Nov 27 14:12:43 user devstack@keystone.service[46324]: [pid: 46324|app: 0|req: 65/200] 10.0.0.210 () {60 vars in 1127 bytes} [Mon Nov 27 14:12:43 2023] POST /identity/v3/users => generated 292 bytes in 158 msecs (HTTP/1.1 201) 5 headers in 182 bytes (1 switches on core 0)
Nov 27 14:12:43 user devstack@keystone.service[46323]: [pid: 46323|app: 0|req: 70/201] 10.0.0.210 () {56 vars in 1172 bytes} [Mon Nov 27 14:12:43 2023] GET /identity/v3/users/e26e14c23e164291b80d20ae06883817 => generated 296 bytes in 147 msecs (HTTP/1.1 200) 5 headers in 177 bytes (1 switches on core 0)
Nov 27 14:12:43 user devstack@keystone.service[46322]: DEBUG keystone.server.flask.request_processing.middleware.auth_context [None req-36261ed6-0ec5-4511-8a2b-8d33cbf9e75c None admin] Authenticating user token {{(pid=46322) process_request /opt/stack/data/venv/lib/python3.10/site-packages/keystonemiddleware/auth_token/__init__.py:406}}
Nov 27 14:12:43 user devstack@keystone.service[46324]: DEBUG keystone.server.flask.request_processing.middleware.auth_context [None req-179cd61c-0628-4db2-85d6-bac976448605 None admin] Authenticating user token {{(pid=46324) process_request /opt/stack/data/venv/lib/python3.10/site-packages/keystonemiddleware/auth_token/__init__.py:406}}
Nov 27 14:12:43 user devstack@keystone.service[46322]: DEBUG keystone.server.flask.request_processing.middleware.auth_context [None req-36261ed6-0ec5-4511-8a2b-8d33cbf9e75c None admin] Validating token access rules against request {{(pid=46322) validate_allowed_request /opt/stack/data/venv/lib/python3.10/site-packages/keystonemiddleware/auth_token/__init__.py:544}}
Nov 27 14:12:43 user devstack@keystone.service[46324]: DEBUG keystone.server.flask.request_processing.middleware.auth_context [None req-179cd61c-0628-4db2-85d6-bac976448605 None admin] Validating token access rules against request {{(pid=46324) validate_allowed_request /opt/stack/data/venv/lib/python3.10/site-packages/keystonemiddleware/auth_token/__init__.py:544}}
Nov 27 14:12:43 user devstack@keystone.service[46322]: DEBUG keystone.server.flask.request_processing.middleware.auth_context [None req-7779f4ac-32ca-46df-855c-bd83671bfdf8 None admin] RBAC: auth_context: {'token': , 'domain_id': None, 'trust_id': None, 'trustor_id': None, 'trustee_id': None, 'domain_name': None, 'group_ids': [], 'user_id': 'a38f1ce4a22b4de1bf8ff7e0e7284196', 'user_domain_id': 'default', 'system_scope': 'all', 'project_id': None, 'project_domain_id': None, 'roles': ['admin', 'manager', 'member', 'reader'], 'is_admin_project': True, 'service_user_id': None, 'service_user_domain_id': None, 'service_project_id': None, 'service_project_domain_id': None, 'service_roles': []} {{(pid=46322) fill_context /opt/stack/keystone/keystone/server/flask/request_processing/middleware/auth_context.py:480}}
Nov 27 14:12:43 user devstack@keystone.service[46322]: DEBUG keystone.server.flask.request_processing.req_logging [None req-7779f4ac-32ca-46df-855c-bd83671bfdf8 None admin] REQUEST_METHOD: `GET` {{(pid=46322) log_request_info /opt/stack/keystone/keystone/server/flask/request_processing/req_logging.py:27}}
Nov 27 14:12:43 user devstack@keystone.service[46322]: DEBUG keystone.server.flask.request_processing.req_logging [None req-7779f4ac-32ca-46df-855c-bd83671bfdf8 None admin] SCRIPT_NAME: `/identity` {{(pid=46322) log_request_info /opt/stack/keystone/keystone/server/flask/request_processing/req_logging.py:28}}
Nov 27 14:12:43 user devstack@keystone.service[46322]: DEBUG keystone.server.flask.request_processing.req_logging [None req-7779f4ac-32ca-46df-855c-bd83671bfdf8 None admin] PATH_INFO: `/v3/users/44ac0ddde43f4b808f1124b3ed6e3c75` {{(pid=46322) log_request_info /opt/stack/keystone/keystone/server/flask/request_processing/req_logging.py:29}}
Nov 27 14:12:43 user devstack@keystone.service[46322]: DEBUG keystone.common.rbac_enforcer.enforcer [None req-7779f4ac-32ca-46df-855c-bd83671bfdf8 None admin] RBAC: Authorizing `identity:get_user(user_id=44ac0ddde43f4b808f1124b3ed6e3c75)` {{(pid=46322) enforce_call /opt/stack/keystone/keystone/common/rbac_enforcer/enforcer.py:449}}
Nov 27 14:12:43 user devstack@keystone.service[46322]: DEBUG keystone.common.rbac_enforcer.enforcer [None req-7779f4ac-32ca-46df-855c-bd83671bfdf8 None admin] RBAC: Authorization granted {{(pid=46322) enforce_call /opt/stack/keystone/keystone/common/rbac_enforcer/enforcer.py:457}}
Nov 27 14:12:43 user devstack@keystone.service[46322]: [pid: 46322|app: 0|req: 67/202] 10.0.0.210 () {56 vars in 1172 bytes} [Mon Nov 27 14:12:43 2023] GET /identity/v3/users/44ac0ddde43f4b808f1124b3ed6e3c75 => generated 296 bytes in 161 msecs (HTTP/1.1 200) 5 headers in 177 bytes (1 switches on core 0)
Nov 27 14:12:43 user devstack@keystone.service[46323]: DEBUG keystone.server.flask.request_processing.middleware.auth_context [None req-a6bc6353-613a-42e4-8681-f4f82bcf59a9 None admin] Authenticating user token {{(pid=46323) process_request /opt/stack/data/venv/lib/python3.10/site-packages/keystonemiddleware/auth_token/__init__.py:406}}
Nov 27 14:12:43 user devstack@keystone.service[46324]: DEBUG keystone.server.flask.request_processing.middleware.auth_context [None req-9042192d-4409-4d9a-bd78-7745274dd814 None admin] RBAC: auth_context: {'token': , 'domain_id': None, 'trust_id': None, 'trustor_id': None, 'trustee_id': None, 'domain_name': None, 'group_ids': [], 'user_id': 'a38f1ce4a22b4de1bf8ff7e0e7284196', 'user_domain_id': 'default', 'system_scope': 'all', 'project_id': None, 'project_domain_id': None, 'roles': ['admin', 'manager', 'member', 'reader'], 'is_admin_project': True, 'service_user_id': None, 'service_user_domain_id': None, 'service_project_id': None, 'service_project_domain_id': None, 'service_roles': []} {{(pid=46324) fill_context /opt/stack/keystone/keystone/server/flask/request_processing/middleware/auth_context.py:480}}
Nov 27 14:12:43 user devstack@keystone.service[46324]: DEBUG keystone.server.flask.request_processing.req_logging [None req-9042192d-4409-4d9a-bd78-7745274dd814 None admin] REQUEST_METHOD: `GET` {{(pid=46324) log_request_info /opt/stack/keystone/keystone/server/flask/request_processing/req_logging.py:27}}
Nov 27 14:12:43 user devstack@keystone.service[46324]: DEBUG keystone.server.flask.request_processing.req_logging [None req-9042192d-4409-4d9a-bd78-7745274dd814 None admin] SCRIPT_NAME: `/identity` {{(pid=46324) log_request_info /opt/stack/keystone/keystone/server/flask/request_processing/req_logging.py:28}}
Nov 27 14:12:43 user devstack@keystone.service[46324]: DEBUG keystone.server.flask.request_processing.req_logging [None req-9042192d-4409-4d9a-bd78-7745274dd814 None admin] PATH_INFO: `/v3/projects/6408699938f54460b8879af4c3b79cf3` {{(pid=46324) log_request_info /opt/stack/keystone/keystone/server/flask/request_processing/req_logging.py:29}}
Nov 27 14:12:43 user devstack@keystone.service[46324]: DEBUG keystone.common.rbac_enforcer.enforcer [None req-9042192d-4409-4d9a-bd78-7745274dd814 None admin] RBAC: Authorizing `identity:get_project(project_id=6408699938f54460b8879af4c3b79cf3)` {{(pid=46324) enforce_call /opt/stack/keystone/keystone/common/rbac_enforcer/enforcer.py:449}}
Nov 27 14:12:43 user devstack@keystone.service[46324]: DEBUG keystone.common.rbac_enforcer.enforcer [None req-9042192d-4409-4d9a-bd78-7745274dd814 None admin] RBAC: Authorization granted {{(pid=46324) enforce_call /opt/stack/keystone/keystone/common/rbac_enforcer/enforcer.py:457}}
Nov 27 14:12:43 user devstack@keystone.service[46324]: [pid: 46324|app: 0|req: 66/203] 10.0.0.210 () {56 vars in 1181 bytes} [Mon Nov 27 14:12:43 2023] GET /identity/v3/projects/6408699938f54460b8879af4c3b79cf3 => generated 301 bytes in 182 msecs (HTTP/1.1 200) 5 headers in 177 bytes (1 switches on core 0)
Nov 27 14:12:43 user devstack@keystone.service[46322]: DEBUG keystone.server.flask.request_processing.middleware.auth_context [None req-7779f4ac-32ca-46df-855c-bd83671bfdf8 None admin] Authenticating user token {{(pid=46322) process_request /opt/stack/data/venv/lib/python3.10/site-packages/keystonemiddleware/auth_token/__init__.py:406}}
Nov 27 14:12:44 user devstack@keystone.service[46323]: DEBUG keystone.server.flask.request_processing.middleware.auth_context [None req-a6bc6353-613a-42e4-8681-f4f82bcf59a9 None admin] Validating token access rules against request {{(pid=46323) validate_allowed_request /opt/stack/data/venv/lib/python3.10/site-packages/keystonemiddleware/auth_token/__init__.py:544}}
Nov 27 14:12:44 user devstack@keystone.service[46322]: DEBUG keystone.server.flask.request_processing.middleware.auth_context [None req-7779f4ac-32ca-46df-855c-bd83671bfdf8 None admin] Validating token access rules against request {{(pid=46322) validate_allowed_request /opt/stack/data/venv/lib/python3.10/site-packages/keystonemiddleware/auth_token/__init__.py:544}}
Nov 27 14:12:44 user devstack@keystone.service[46323]: DEBUG keystone.server.flask.request_processing.middleware.auth_context [None req-8dbf7792-5fb2-4467-9ab7-b268814efee2 None admin] RBAC: auth_context: {'token': , 'domain_id': None, 'trust_id': None, 'trustor_id': None, 'trustee_id': None, 'domain_name': None, 'group_ids': [], 'user_id': 'a38f1ce4a22b4de1bf8ff7e0e7284196', 'user_domain_id': 'default', 'system_scope': 'all', 'project_id': None, 'project_domain_id': None, 'roles': ['admin', 'manager', 'member', 'reader'], 'is_admin_project': True, 'service_user_id': None, 'service_user_domain_id': None, 'service_project_id': None, 'service_project_domain_id': None, 'service_roles': []} {{(pid=46323) fill_context /opt/stack/keystone/keystone/server/flask/request_processing/middleware/auth_context.py:480}}
Nov 27 14:12:44 user devstack@keystone.service[46323]: DEBUG keystone.server.flask.request_processing.req_logging [None req-8dbf7792-5fb2-4467-9ab7-b268814efee2 None admin] REQUEST_METHOD: `GET` {{(pid=46323) log_request_info /opt/stack/keystone/keystone/server/flask/request_processing/req_logging.py:27}}
Nov 27 14:12:44 user devstack@keystone.service[46323]: DEBUG keystone.server.flask.request_processing.req_logging [None req-8dbf7792-5fb2-4467-9ab7-b268814efee2 None admin] SCRIPT_NAME: `/identity` {{(pid=46323) log_request_info /opt/stack/keystone/keystone/server/flask/request_processing/req_logging.py:28}}
Nov 27 14:12:44 user devstack@keystone.service[46323]: DEBUG keystone.server.flask.request_processing.req_logging [None req-8dbf7792-5fb2-4467-9ab7-b268814efee2 None admin] PATH_INFO: `/v3/auth/tokens` {{(pid=46323) log_request_info /opt/stack/keystone/keystone/server/flask/request_processing/req_logging.py:29}}
Nov 27 14:12:44 user devstack@keystone.service[46322]: DEBUG keystone.server.flask.request_processing.middleware.auth_context [None req-f53abe9c-8e8d-4bab-9532-6f90de716ceb None admin] RBAC: auth_context: {'token': , 'domain_id': None, 'trust_id': None, 'trustor_id': None, 'trustee_id': None, 'domain_name': None, 'group_ids': [], 'user_id': 'a38f1ce4a22b4de1bf8ff7e0e7284196', 'user_domain_id': 'default', 'system_scope': 'all', 'project_id': None, 'project_domain_id': None, 'roles': ['admin', 'manager', 'member', 'reader'], 'is_admin_project': True, 'service_user_id': None, 'service_user_domain_id': None, 'service_project_id': None, 'service_project_domain_id': None, 'service_roles': []} {{(pid=46322) fill_context /opt/stack/keystone/keystone/server/flask/request_processing/middleware/auth_context.py:480}}
Nov 27 14:12:44 user devstack@keystone.service[46322]: DEBUG keystone.server.flask.request_processing.req_logging [None req-f53abe9c-8e8d-4bab-9532-6f90de716ceb None admin] REQUEST_METHOD: `PUT` {{(pid=46322) log_request_info /opt/stack/keystone/keystone/server/flask/request_processing/req_logging.py:27}}
Nov 27 14:12:44 user devstack@keystone.service[46322]: DEBUG keystone.server.flask.request_processing.req_logging [None req-f53abe9c-8e8d-4bab-9532-6f90de716ceb None admin] SCRIPT_NAME: `/identity` {{(pid=46322) log_request_info /opt/stack/keystone/keystone/server/flask/request_processing/req_logging.py:28}}
Nov 27 14:12:44 user devstack@keystone.service[46322]: DEBUG keystone.server.flask.request_processing.req_logging [None req-f53abe9c-8e8d-4bab-9532-6f90de716ceb None admin] PATH_INFO: `/v3/projects/6408699938f54460b8879af4c3b79cf3/users/e26e14c23e164291b80d20ae06883817/roles/800af92268fc419290e682b053c5cd30` {{(pid=46322) log_request_info /opt/stack/keystone/keystone/server/flask/request_processing/req_logging.py:29}}
Nov 27 14:12:44 user devstack@keystone.service[46322]: DEBUG keystone.common.rbac_enforcer.enforcer [None req-f53abe9c-8e8d-4bab-9532-6f90de716ceb None admin] RBAC: Authorizing `identity:create_grant(project_id=6408699938f54460b8879af4c3b79cf3, user_id=e26e14c23e164291b80d20ae06883817, role_id=800af92268fc419290e682b053c5cd30)` {{(pid=46322) enforce_call /opt/stack/keystone/keystone/common/rbac_enforcer/enforcer.py:449}}
Nov 27 14:12:44 user devstack@keystone.service[46322]: DEBUG keystone.common.rbac_enforcer.enforcer [None req-f53abe9c-8e8d-4bab-9532-6f90de716ceb None admin] RBAC: Authorization granted {{(pid=46322) enforce_call /opt/stack/keystone/keystone/common/rbac_enforcer/enforcer.py:457}}
Nov 27 14:12:44 user devstack@keystone.service[46322]: [pid: 46322|app: 0|req: 68/204] 10.0.0.210 () {58 vars in 1434 bytes} [Mon Nov 27 14:12:43 2023] PUT /identity/v3/projects/6408699938f54460b8879af4c3b79cf3/users/e26e14c23e164291b80d20ae06883817/roles/800af92268fc419290e682b053c5cd30 => generated 0 bytes in 170 msecs (HTTP/1.1 204) 3 headers in 132 bytes (0 switches on core 0)
Nov 27 14:12:44 user devstack@keystone.service[46323]: DEBUG keystone.common.rbac_enforcer.enforcer [None req-8dbf7792-5fb2-4467-9ab7-b268814efee2 None admin] RBAC: Authorizing `identity:validate_token()` {{(pid=46323) enforce_call /opt/stack/keystone/keystone/common/rbac_enforcer/enforcer.py:449}}
Nov 27 14:12:44 user devstack@keystone.service[46323]: DEBUG keystone.common.rbac_enforcer.enforcer [None req-8dbf7792-5fb2-4467-9ab7-b268814efee2 None admin] RBAC: Authorization granted {{(pid=46323) enforce_call /opt/stack/keystone/keystone/common/rbac_enforcer/enforcer.py:457}}
Nov 27 14:12:44 user devstack@keystone.service[46323]: [pid: 46323|app: 0|req: 71/205] 10.0.0.210 () {58 vars in 1277 bytes} [Mon Nov 27 14:12:43 2023] GET /identity/v3/auth/tokens => generated 861 bytes in 338 msecs (HTTP/1.1 200) 6 headers in 358 bytes (1 switches on core 0)
Nov 27 14:12:44 user devstack@keystone.service[46324]: DEBUG keystone.server.flask.request_processing.middleware.auth_context [None req-9042192d-4409-4d9a-bd78-7745274dd814 None admin] Authenticating user token {{(pid=46324) process_request /opt/stack/data/venv/lib/python3.10/site-packages/keystonemiddleware/auth_token/__init__.py:406}}
Nov 27 14:12:44 user devstack@keystone.service[46324]: DEBUG keystone.server.flask.request_processing.middleware.auth_context [None req-9042192d-4409-4d9a-bd78-7745274dd814 None admin] Validating token access rules against request {{(pid=46324) validate_allowed_request /opt/stack/data/venv/lib/python3.10/site-packages/keystonemiddleware/auth_token/__init__.py:544}}
Nov 27 14:12:44 user devstack@keystone.service[46324]: DEBUG keystone.server.flask.request_processing.middleware.auth_context [None req-7850f5e0-9604-4178-9659-c42d6edae147 None admin] RBAC: auth_context: {'token': , 'domain_id': None, 'trust_id': None, 'trustor_id': None, 'trustee_id': None, 'domain_name': None, 'group_ids': [], 'user_id': 'a38f1ce4a22b4de1bf8ff7e0e7284196', 'user_domain_id': 'default', 'system_scope': 'all', 'project_id': None, 'project_domain_id': None, 'roles': ['admin', 'manager', 'member', 'reader'], 'is_admin_project': True, 'service_user_id': None, 'service_user_domain_id': None, 'service_project_id': None, 'service_project_domain_id': None, 'service_roles': []} {{(pid=46324) fill_context /opt/stack/keystone/keystone/server/flask/request_processing/middleware/auth_context.py:480}}
Nov 27 14:12:44 user devstack@keystone.service[46324]: DEBUG keystone.server.flask.request_processing.req_logging [None req-7850f5e0-9604-4178-9659-c42d6edae147 None admin] REQUEST_METHOD: `GET` {{(pid=46324) log_request_info /opt/stack/keystone/keystone/server/flask/request_processing/req_logging.py:27}}
Nov 27 14:12:44 user devstack@keystone.service[46324]: DEBUG keystone.server.flask.request_processing.req_logging [None req-7850f5e0-9604-4178-9659-c42d6edae147 None admin] SCRIPT_NAME: `/identity` {{(pid=46324) log_request_info /opt/stack/keystone/keystone/server/flask/request_processing/req_logging.py:28}}
Nov 27 14:12:44 user devstack@keystone.service[46324]: DEBUG keystone.server.flask.request_processing.req_logging [None req-7850f5e0-9604-4178-9659-c42d6edae147 None admin] PATH_INFO: `/v3/projects/6408699938f54460b8879af4c3b79cf3` {{(pid=46324) log_request_info /opt/stack/keystone/keystone/server/flask/request_processing/req_logging.py:29}}
Nov 27 14:12:44 user devstack@keystone.service[46324]: DEBUG keystone.common.rbac_enforcer.enforcer [None req-7850f5e0-9604-4178-9659-c42d6edae147 None admin] RBAC: Authorizing `identity:get_project(project_id=6408699938f54460b8879af4c3b79cf3)` {{(pid=46324) enforce_call /opt/stack/keystone/keystone/common/rbac_enforcer/enforcer.py:449}}
Nov 27 14:12:44 user devstack@keystone.service[46324]: DEBUG keystone.common.rbac_enforcer.enforcer [None req-7850f5e0-9604-4178-9659-c42d6edae147 None admin] RBAC: Authorization granted {{(pid=46324) enforce_call /opt/stack/keystone/keystone/common/rbac_enforcer/enforcer.py:457}}
Nov 27 14:12:44 user devstack@keystone.service[46324]: [pid: 46324|app: 0|req: 67/206] 10.0.0.210 () {56 vars in 1181 bytes} [Mon Nov 27 14:12:44 2023] GET /identity/v3/projects/6408699938f54460b8879af4c3b79cf3 => generated 301 bytes in 134 msecs (HTTP/1.1 200) 5 headers in 177 bytes (1 switches on core 0)
Nov 27 14:12:44 user devstack@keystone.service[46322]: DEBUG keystone.server.flask.request_processing.middleware.auth_context [None req-f53abe9c-8e8d-4bab-9532-6f90de716ceb None admin] Authenticating user token {{(pid=46322) process_request /opt/stack/data/venv/lib/python3.10/site-packages/keystonemiddleware/auth_token/__init__.py:406}}
Nov 27 14:12:44 user devstack@keystone.service[46322]: DEBUG keystone.server.flask.request_processing.middleware.auth_context [None req-f53abe9c-8e8d-4bab-9532-6f90de716ceb None admin] Validating token access rules against request {{(pid=46322) validate_allowed_request /opt/stack/data/venv/lib/python3.10/site-packages/keystonemiddleware/auth_token/__init__.py:544}}
Nov 27 14:12:44 user devstack@keystone.service[46322]: DEBUG keystone.server.flask.request_processing.middleware.auth_context [None req-8c81c867-7747-4a6e-9051-54613b30f560 None admin] RBAC: auth_context: {'token': , 'domain_id': None, 'trust_id': None, 'trustor_id': None, 'trustee_id': None, 'domain_name': None, 'group_ids': [], 'user_id': 'a38f1ce4a22b4de1bf8ff7e0e7284196', 'user_domain_id': 'default', 'system_scope': 'all', 'project_id': None, 'project_domain_id': None, 'roles': ['admin', 'manager', 'member', 'reader'], 'is_admin_project': True, 'service_user_id': None, 'service_user_domain_id': None, 'service_project_id': None, 'service_project_domain_id': None, 'service_roles': []} {{(pid=46322) fill_context /opt/stack/keystone/keystone/server/flask/request_processing/middleware/auth_context.py:480}}
Nov 27 14:12:44 user devstack@keystone.service[46322]: DEBUG keystone.server.flask.request_processing.req_logging [None req-8c81c867-7747-4a6e-9051-54613b30f560 None admin] REQUEST_METHOD: `GET` {{(pid=46322) log_request_info /opt/stack/keystone/keystone/server/flask/request_processing/req_logging.py:27}}
Nov 27 14:12:44 user devstack@keystone.service[46322]: DEBUG keystone.server.flask.request_processing.req_logging [None req-8c81c867-7747-4a6e-9051-54613b30f560 None admin] SCRIPT_NAME: `/identity` {{(pid=46322) log_request_info /opt/stack/keystone/keystone/server/flask/request_processing/req_logging.py:28}}
Nov 27 14:12:44 user devstack@keystone.service[46322]: DEBUG keystone.server.flask.request_processing.req_logging [None req-8c81c867-7747-4a6e-9051-54613b30f560 None admin] PATH_INFO: `/v3/role_assignments` {{(pid=46322) log_request_info /opt/stack/keystone/keystone/server/flask/request_processing/req_logging.py:29}}
Nov 27 14:12:44 user devstack@keystone.service[46322]: DEBUG keystone.common.rbac_enforcer.enforcer [None req-8c81c867-7747-4a6e-9051-54613b30f560 None admin] RBAC: Adding query filter params (role.id=eed223c187c942cca0599e88539f2d4b, scope.project.id=6408699938f54460b8879af4c3b79cf3, user.id=44ac0ddde43f4b808f1124b3ed6e3c75) {{(pid=46322) _extract_filter_values /opt/stack/keystone/keystone/common/rbac_enforcer/enforcer.py:167}}
Nov 27 14:12:44 user devstack@keystone.service[46322]: DEBUG keystone.common.rbac_enforcer.enforcer [None req-8c81c867-7747-4a6e-9051-54613b30f560 None admin] RBAC: Authorizing `identity:list_role_assignments()` {{(pid=46322) enforce_call /opt/stack/keystone/keystone/common/rbac_enforcer/enforcer.py:449}}
Nov 27 14:12:44 user devstack@keystone.service[46322]: DEBUG keystone.common.rbac_enforcer.enforcer [None req-8c81c867-7747-4a6e-9051-54613b30f560 None admin] RBAC: Authorization granted {{(pid=46322) enforce_call /opt/stack/keystone/keystone/common/rbac_enforcer/enforcer.py:457}}
Nov 27 14:12:44 user devstack@keystone.service[46322]: [pid: 46322|app: 0|req: 69/207] 10.0.0.210 () {56 vars in 1369 bytes} [Mon Nov 27 14:12:44 2023] GET /identity/v3/role_assignments?user.id=44ac0ddde43f4b808f1124b3ed6e3c75&scope.project.id=6408699938f54460b8879af4c3b79cf3&role.id=eed223c187c942cca0599e88539f2d4b => generated 606 bytes in 141 msecs (HTTP/1.1 200) 5 headers in 177 bytes (1 switches on core 0)
Nov 27 14:12:45 user devstack@keystone.service[46323]: DEBUG keystone.server.flask.request_processing.req_logging [None req-c0a0c036-1977-4162-a160-02b0be0a23c0 None None] REQUEST_METHOD: `GET` {{(pid=46323) log_request_info /opt/stack/keystone/keystone/server/flask/request_processing/req_logging.py:27}}
Nov 27 14:12:45 user devstack@keystone.service[46323]: DEBUG keystone.server.flask.request_processing.req_logging [None req-c0a0c036-1977-4162-a160-02b0be0a23c0 None None] SCRIPT_NAME: `/identity` {{(pid=46323) log_request_info /opt/stack/keystone/keystone/server/flask/request_processing/req_logging.py:28}}
Nov 27 14:12:45 user devstack@keystone.service[46323]: DEBUG keystone.server.flask.request_processing.req_logging [None req-c0a0c036-1977-4162-a160-02b0be0a23c0 None None] PATH_INFO: `/` {{(pid=46323) log_request_info /opt/stack/keystone/keystone/server/flask/request_processing/req_logging.py:29}}
Nov 27 14:12:45 user devstack@keystone.service[46323]: [pid: 46323|app: 0|req: 72/208] 10.0.0.210 () {54 vars in 921 bytes} [Mon Nov 27 14:12:45 2023] GET /identity => generated 269 bytes in 3 msecs (HTTP/1.1 300) 6 headers in 233 bytes (1 switches on core 0)
Nov 27 14:12:45 user devstack@keystone.service[46324]: DEBUG keystone.server.flask.request_processing.req_logging [None req-708da50a-5625-4fcf-b2f4-57d0ce3ceb0e None None] REQUEST_METHOD: `POST` {{(pid=46324) log_request_info /opt/stack/keystone/keystone/server/flask/request_processing/req_logging.py:27}}
Nov 27 14:12:45 user devstack@keystone.service[46324]: DEBUG keystone.server.flask.request_processing.req_logging [None req-708da50a-5625-4fcf-b2f4-57d0ce3ceb0e None None] SCRIPT_NAME: `/identity` {{(pid=46324) log_request_info /opt/stack/keystone/keystone/server/flask/request_processing/req_logging.py:28}}
Nov 27 14:12:45 user devstack@keystone.service[46324]: DEBUG keystone.server.flask.request_processing.req_logging [None req-708da50a-5625-4fcf-b2f4-57d0ce3ceb0e None None] PATH_INFO: `/v3/auth/tokens` {{(pid=46324) log_request_info /opt/stack/keystone/keystone/server/flask/request_processing/req_logging.py:29}}
Nov 27 14:12:45 user devstack@keystone.service[46324]: WARNING keystone.common.password_hashing [None req-708da50a-5625-4fcf-b2f4-57d0ce3ceb0e None None] Truncating password to algorithm specific maximum length 72 characters.
Nov 27 14:12:45 user devstack@keystone.service[46324]: DEBUG keystone.auth.core [None req-708da50a-5625-4fcf-b2f4-57d0ce3ceb0e None None] MFA Rules not processed for user `a38f1ce4a22b4de1bf8ff7e0e7284196`. Rule list: `[]` (Enabled: `True`). {{(pid=46324) check_auth_methods_against_rules /opt/stack/keystone/keystone/auth/core.py:438}}
