Nov 27 14:22:54 user devstack@placement-api.service[69990]: [pid: 69990|app: 0|req: 26/76] 10.0.0.210 () {68 vars in 1511 bytes} [Mon Nov 27 14:22:53 2023] PUT /placement/allocations/d3959cd6-e05e-42af-92e0-8cb520e76ec5 => generated 0 bytes in 288 msecs (HTTP/1.1 204) 5 headers in 199 bytes (2 switches on core 0)
Nov 27 14:22:55 user devstack@placement-api.service[69989]: DEBUG placement.requestlog [req-734f4ef7-a100-41a2-8a3f-7b965b6ae4fe req-fe6b645f-383d-4d6d-a411-2c07ad831455 None None] Starting request: 10.0.0.210 "GET /placement/allocations/d3959cd6-e05e-42af-92e0-8cb520e76ec5" {{(pid=69989) __call__ /opt/stack/placement/placement/requestlog.py:55}}
Nov 27 14:22:55 user devstack@placement-api.service[69989]: INFO placement.requestlog [req-734f4ef7-a100-41a2-8a3f-7b965b6ae4fe req-fe6b645f-383d-4d6d-a411-2c07ad831455 service placement] 10.0.0.210 "GET /placement/allocations/d3959cd6-e05e-42af-92e0-8cb520e76ec5" status: 200 len: 243 microversion: 1.28
Nov 27 14:22:55 user devstack@placement-api.service[69989]: [pid: 69989|app: 0|req: 25/77] 10.0.0.210 () {64 vars in 1456 bytes} [Mon Nov 27 14:22:55 2023] GET /placement/allocations/d3959cd6-e05e-42af-92e0-8cb520e76ec5 => generated 243 bytes in 41 msecs (HTTP/1.1 200) 8 headers in 296 bytes (1 switches on core 0)
Nov 27 14:22:55 user devstack@placement-api.service[69988]: DEBUG placement.requestlog [req-734f4ef7-a100-41a2-8a3f-7b965b6ae4fe req-d0f8e62e-2601-4f6a-a3d0-ddfd9e40dc3c None None] Starting request: 10.0.0.210 "GET /placement/resource_providers/25de194c-9db8-4cf4-8c26-f8b8860ae93d/allocations" {{(pid=69988) __call__ /opt/stack/placement/placement/requestlog.py:55}}
Nov 27 14:22:55 user devstack@placement-api.service[69988]: INFO placement.requestlog [req-734f4ef7-a100-41a2-8a3f-7b965b6ae4fe req-d0f8e62e-2601-4f6a-a3d0-ddfd9e40dc3c service placement] 10.0.0.210 "GET /placement/resource_providers/25de194c-9db8-4cf4-8c26-f8b8860ae93d/allocations" status: 200 len: 738 microversion: 1.0
Nov 27 14:22:55 user devstack@placement-api.service[69988]: [pid: 69988|app: 0|req: 27/78] 10.0.0.210 () {62 vars in 1469 bytes} [Mon Nov 27 14:22:55 2023] GET /placement/resource_providers/25de194c-9db8-4cf4-8c26-f8b8860ae93d/allocations => generated 738 bytes in 54 msecs (HTTP/1.1 200) 6 headers in 224 bytes (1 switches on core 0)
Nov 27 14:22:55 user devstack@placement-api.service[69990]: DEBUG placement.requestlog [req-734f4ef7-a100-41a2-8a3f-7b965b6ae4fe req-ff0d06e1-e6a0-445d-bde4-38b9d20dc4e9 None None] Starting request: 10.0.0.210 "GET /placement/allocations/591550d2-730f-45f1-af44-c783990d8b4a" {{(pid=69990) __call__ /opt/stack/placement/placement/requestlog.py:55}}
Nov 27 14:22:55 user devstack@placement-api.service[69990]: INFO placement.requestlog [req-734f4ef7-a100-41a2-8a3f-7b965b6ae4fe req-ff0d06e1-e6a0-445d-bde4-38b9d20dc4e9 service placement] 10.0.0.210 "GET /placement/allocations/591550d2-730f-45f1-af44-c783990d8b4a" status: 200 len: 257 microversion: 1.28
Nov 27 14:22:55 user devstack@placement-api.service[69990]: [pid: 69990|app: 0|req: 27/79] 10.0.0.210 () {64 vars in 1456 bytes} [Mon Nov 27 14:22:55 2023] GET /placement/allocations/591550d2-730f-45f1-af44-c783990d8b4a => generated 257 bytes in 48 msecs (HTTP/1.1 200) 8 headers in 296 bytes (1 switches on core 0)
Nov 27 14:22:55 user devstack@placement-api.service[69989]: DEBUG placement.requestlog [req-734f4ef7-a100-41a2-8a3f-7b965b6ae4fe req-e22257ff-a308-415c-a272-f5d67e68b9ef None None] Starting request: 10.0.0.210 "GET /placement/allocations/d3959cd6-e05e-42af-92e0-8cb520e76ec5" {{(pid=69989) __call__ /opt/stack/placement/placement/requestlog.py:55}}
Nov 27 14:22:55 user devstack@placement-api.service[69989]: INFO placement.requestlog [req-734f4ef7-a100-41a2-8a3f-7b965b6ae4fe req-e22257ff-a308-415c-a272-f5d67e68b9ef service placement] 10.0.0.210 "GET /placement/allocations/d3959cd6-e05e-42af-92e0-8cb520e76ec5" status: 200 len: 243 microversion: 1.28
Nov 27 14:22:55 user devstack@placement-api.service[69989]: [pid: 69989|app: 0|req: 26/80] 10.0.0.210 () {64 vars in 1456 bytes} [Mon Nov 27 14:22:55 2023] GET /placement/allocations/d3959cd6-e05e-42af-92e0-8cb520e76ec5 => generated 243 bytes in 24 msecs (HTTP/1.1 200) 8 headers in 296 bytes (1 switches on core 0)
Nov 27 14:22:55 user devstack@placement-api.service[69988]: DEBUG placement.requestlog [req-734f4ef7-a100-41a2-8a3f-7b965b6ae4fe req-c48260b5-2d0e-4b81-8421-7d4ee9fb9ce5 None None] Starting request: 10.0.0.210 "GET /placement/allocations/9f515838-2521-400d-a783-8abf36bdf8ee" {{(pid=69988) __call__ /opt/stack/placement/placement/requestlog.py:55}}
Nov 27 14:22:55 user devstack@placement-api.service[69988]: INFO placement.requestlog [req-734f4ef7-a100-41a2-8a3f-7b965b6ae4fe req-c48260b5-2d0e-4b81-8421-7d4ee9fb9ce5 service placement] 10.0.0.210 "GET /placement/allocations/9f515838-2521-400d-a783-8abf36bdf8ee" status: 200 len: 257 microversion: 1.28
Nov 27 14:22:55 user devstack@placement-api.service[69988]: [pid: 69988|app: 0|req: 28/81] 10.0.0.210 () {64 vars in 1456 bytes} [Mon Nov 27 14:22:55 2023] GET /placement/allocations/9f515838-2521-400d-a783-8abf36bdf8ee => generated 257 bytes in 23 msecs (HTTP/1.1 200) 8 headers in 296 bytes (1 switches on core 0)
Nov 27 14:22:55 user devstack@placement-api.service[69990]: DEBUG placement.requestlog [req-734f4ef7-a100-41a2-8a3f-7b965b6ae4fe req-806d0833-a21b-49be-baab-9ecb2d44fd7f None None] Starting request: 10.0.0.210 "GET /placement/allocations/bd1f91a5-3007-4b66-84e9-aa0f6831e9a8" {{(pid=69990) __call__ /opt/stack/placement/placement/requestlog.py:55}}
Nov 27 14:22:55 user devstack@placement-api.service[69990]: INFO placement.requestlog [req-734f4ef7-a100-41a2-8a3f-7b965b6ae4fe req-806d0833-a21b-49be-baab-9ecb2d44fd7f service placement] 10.0.0.210 "GET /placement/allocations/bd1f91a5-3007-4b66-84e9-aa0f6831e9a8" status: 200 len: 257 microversion: 1.28
Nov 27 14:22:55 user devstack@placement-api.service[69990]: [pid: 69990|app: 0|req: 28/82] 10.0.0.210 () {64 vars in 1456 bytes} [Mon Nov 27 14:22:55 2023] GET /placement/allocations/bd1f91a5-3007-4b66-84e9-aa0f6831e9a8 => generated 257 bytes in 32 msecs (HTTP/1.1 200) 8 headers in 296 bytes (1 switches on core 0)
Nov 27 14:22:55 user devstack@placement-api.service[69989]: DEBUG placement.requestlog [req-734f4ef7-a100-41a2-8a3f-7b965b6ae4fe req-47e7ec2b-d0b9-4b8a-8bea-9e9daa148b28 None None] Starting request: 10.0.0.210 "GET /placement/allocations/86458776-cf1e-457c-8639-7c99bc80af53" {{(pid=69989) __call__ /opt/stack/placement/placement/requestlog.py:55}}
Nov 27 14:22:55 user devstack@placement-api.service[69989]: INFO placement.requestlog [req-734f4ef7-a100-41a2-8a3f-7b965b6ae4fe req-47e7ec2b-d0b9-4b8a-8bea-9e9daa148b28 service placement] 10.0.0.210 "GET /placement/allocations/86458776-cf1e-457c-8639-7c99bc80af53" status: 200 len: 257 microversion: 1.28
Nov 27 14:22:55 user devstack@placement-api.service[69989]: [pid: 69989|app: 0|req: 27/83] 10.0.0.210 () {64 vars in 1456 bytes} [Mon Nov 27 14:22:55 2023] GET /placement/allocations/86458776-cf1e-457c-8639-7c99bc80af53 => generated 257 bytes in 23 msecs (HTTP/1.1 200) 8 headers in 296 bytes (1 switches on core 0)
Nov 27 14:22:55 user devstack@placement-api.service[69988]: DEBUG placement.requestlog [req-734f4ef7-a100-41a2-8a3f-7b965b6ae4fe req-0514b26a-fe9f-410d-aca5-9fed10955779 None None] Starting request: 10.0.0.210 "GET /placement/allocations/6a007942-e99e-43a5-8d1b-d2cddb3be2b9" {{(pid=69988) __call__ /opt/stack/placement/placement/requestlog.py:55}}
Nov 27 14:22:55 user devstack@placement-api.service[69988]: INFO placement.requestlog [req-734f4ef7-a100-41a2-8a3f-7b965b6ae4fe req-0514b26a-fe9f-410d-aca5-9fed10955779 service placement] 10.0.0.210 "GET /placement/allocations/6a007942-e99e-43a5-8d1b-d2cddb3be2b9" status: 200 len: 257 microversion: 1.28
Nov 27 14:22:55 user devstack@placement-api.service[69988]: [pid: 69988|app: 0|req: 29/84] 10.0.0.210 () {64 vars in 1456 bytes} [Mon Nov 27 14:22:55 2023] GET /placement/allocations/6a007942-e99e-43a5-8d1b-d2cddb3be2b9 => generated 257 bytes in 27 msecs (HTTP/1.1 200) 8 headers in 296 bytes (1 switches on core 0)
Nov 27 14:22:55 user devstack@placement-api.service[69990]: DEBUG placement.requestlog [req-734f4ef7-a100-41a2-8a3f-7b965b6ae4fe req-164fa4b7-15bc-4e5c-a48b-7f73bd84ca77 None None] Starting request: 10.0.0.210 "GET /placement/allocations/8b3a8f81-c75b-4934-bf35-26ed1c56b9dd" {{(pid=69990) __call__ /opt/stack/placement/placement/requestlog.py:55}}
Nov 27 14:22:55 user devstack@placement-api.service[69990]: INFO placement.requestlog [req-734f4ef7-a100-41a2-8a3f-7b965b6ae4fe req-164fa4b7-15bc-4e5c-a48b-7f73bd84ca77 service placement] 10.0.0.210 "GET /placement/allocations/8b3a8f81-c75b-4934-bf35-26ed1c56b9dd" status: 200 len: 257 microversion: 1.28
Nov 27 14:22:55 user devstack@placement-api.service[69990]: [pid: 69990|app: 0|req: 29/85] 10.0.0.210 () {64 vars in 1456 bytes} [Mon Nov 27 14:22:55 2023] GET /placement/allocations/8b3a8f81-c75b-4934-bf35-26ed1c56b9dd => generated 257 bytes in 24 msecs (HTTP/1.1 200) 8 headers in 296 bytes (1 switches on core 0)
Nov 27 14:22:58 user devstack@placement-api.service[69989]: DEBUG placement.requestlog [req-04addbc4-cd8f-4d3f-9c9c-d6946054ce4a req-738d77da-32da-445e-85e2-04151f9fc26d None None] Starting request: 10.0.0.210 "GET /placement/allocation_candidates?limit=1000&resources=DISK_GB%3A1%2CMEMORY_MB%3A512%2CVCPU%3A1&root_required=%21COMPUTE_STATUS_DISABLED" {{(pid=69989) __call__ /opt/stack/placement/placement/requestlog.py:55}}
Nov 27 14:22:58 user devstack@placement-api.service[69989]: DEBUG placement.objects.research_context [req-04addbc4-cd8f-4d3f-9c9c-d6946054ce4a req-738d77da-32da-445e-85e2-04151f9fc26d service placement] getting providers with 1 DISK_GB {{(pid=69989) __init__ /opt/stack/placement/placement/objects/research_context.py:136}}
Nov 27 14:22:58 user devstack@placement-api.service[69989]: DEBUG placement.objects.research_context [req-04addbc4-cd8f-4d3f-9c9c-d6946054ce4a req-738d77da-32da-445e-85e2-04151f9fc26d service placement] getting providers with 512 MEMORY_MB {{(pid=69989) __init__ /opt/stack/placement/placement/objects/research_context.py:136}}
Nov 27 14:22:58 user devstack@placement-api.service[69989]: DEBUG placement.objects.research_context [req-04addbc4-cd8f-4d3f-9c9c-d6946054ce4a req-738d77da-32da-445e-85e2-04151f9fc26d service placement] getting providers with 1 VCPU {{(pid=69989) __init__ /opt/stack/placement/placement/objects/research_context.py:136}}
Nov 27 14:22:58 user devstack@placement-api.service[69989]: DEBUG placement.objects.research_context [req-04addbc4-cd8f-4d3f-9c9c-d6946054ce4a req-738d77da-32da-445e-85e2-04151f9fc26d service placement] found 1 providers with available 1 DISK_GB {{(pid=69989) get_provider_ids_matching /opt/stack/placement/placement/objects/research_context.py:563}}
Nov 27 14:22:58 user devstack@placement-api.service[69989]: DEBUG placement.objects.research_context [req-04addbc4-cd8f-4d3f-9c9c-d6946054ce4a req-738d77da-32da-445e-85e2-04151f9fc26d service placement] found 1 providers with available 512 MEMORY_MB {{(pid=69989) get_provider_ids_matching /opt/stack/placement/placement/objects/research_context.py:563}}
Nov 27 14:22:58 user devstack@placement-api.service[69989]: DEBUG placement.objects.research_context [req-04addbc4-cd8f-4d3f-9c9c-d6946054ce4a req-738d77da-32da-445e-85e2-04151f9fc26d service placement] found 1 providers after filtering by previous result {{(pid=69989) get_provider_ids_matching /opt/stack/placement/placement/objects/research_context.py:594}}
Nov 27 14:22:58 user devstack@placement-api.service[69989]: DEBUG placement.objects.research_context [req-04addbc4-cd8f-4d3f-9c9c-d6946054ce4a req-738d77da-32da-445e-85e2-04151f9fc26d service placement] found 1 providers with available 1 VCPU {{(pid=69989) get_provider_ids_matching /opt/stack/placement/placement/objects/research_context.py:563}}
Nov 27 14:22:58 user devstack@placement-api.service[69989]: DEBUG placement.objects.research_context [req-04addbc4-cd8f-4d3f-9c9c-d6946054ce4a req-738d77da-32da-445e-85e2-04151f9fc26d service placement] found 1 providers after filtering by previous result {{(pid=69989) get_provider_ids_matching /opt/stack/placement/placement/objects/research_context.py:594}}
Nov 27 14:22:58 user devstack@placement-api.service[69989]: DEBUG placement.objects.allocation_candidate [req-04addbc4-cd8f-4d3f-9c9c-d6946054ce4a req-738d77da-32da-445e-85e2-04151f9fc26d service placement] RequestGroup(use_same_provider=False, resources={DISK_GB:1, MEMORY_MB:512, VCPU:1}, traits=(), aggregates=[]) (suffix '') returned 1 matches {{(pid=69989) _get_by_requests /opt/stack/placement/placement/objects/allocation_candidate.py:156}}
Nov 27 14:22:58 user devstack@placement-api.service[69989]: DEBUG placement.objects.allocation_candidate [req-04addbc4-cd8f-4d3f-9c9c-d6946054ce4a req-738d77da-32da-445e-85e2-04151f9fc26d service placement] Merging candidates yields 1 allocation requests and 1 provider summaries {{(pid=69989) _merge_candidates /opt/stack/placement/placement/objects/allocation_candidate.py:809}}
Nov 27 14:22:58 user devstack@placement-api.service[69989]: INFO placement.requestlog [req-04addbc4-cd8f-4d3f-9c9c-d6946054ce4a req-738d77da-32da-445e-85e2-04151f9fc26d service placement] 10.0.0.210 "GET /placement/allocation_candidates?limit=1000&resources=DISK_GB%3A1%2CMEMORY_MB%3A512%2CVCPU%3A1&root_required=%21COMPUTE_STATUS_DISABLED" status: 200 len: 1845 microversion: 1.36
Nov 27 14:22:58 user devstack@placement-api.service[69989]: [pid: 69989|app: 0|req: 28/86] 10.0.0.210 () {64 vars in 1582 bytes} [Mon Nov 27 14:22:58 2023] GET /placement/allocation_candidates?limit=1000&resources=DISK_GB%3A1%2CMEMORY_MB%3A512%2CVCPU%3A1&root_required=%21COMPUTE_STATUS_DISABLED => generated 1845 bytes in 148 msecs (HTTP/1.1 200) 8 headers in 297 bytes (2 switches on core 0)
Nov 27 14:22:58 user devstack@placement-api.service[69988]: DEBUG placement.requestlog [req-04addbc4-cd8f-4d3f-9c9c-d6946054ce4a req-07e00ece-bbba-420e-8312-abb406496f42 None None] Starting request: 10.0.0.210 "GET /placement/allocations/cea89a34-aa94-4a6d-9b69-04d1b53c59ec" {{(pid=69988) __call__ /opt/stack/placement/placement/requestlog.py:55}}
Nov 27 14:22:58 user devstack@placement-api.service[69988]: INFO placement.requestlog [req-04addbc4-cd8f-4d3f-9c9c-d6946054ce4a req-07e00ece-bbba-420e-8312-abb406496f42 service placement] 10.0.0.210 "GET /placement/allocations/cea89a34-aa94-4a6d-9b69-04d1b53c59ec" status: 200 len: 19 microversion: 1.28
Nov 27 14:22:58 user devstack@placement-api.service[69988]: [pid: 69988|app: 0|req: 30/87] 10.0.0.210 () {64 vars in 1458 bytes} [Mon Nov 27 14:22:58 2023] GET /placement/allocations/cea89a34-aa94-4a6d-9b69-04d1b53c59ec => generated 19 bytes in 40 msecs (HTTP/1.1 200) 8 headers in 295 bytes (1 switches on core 0)
Nov 27 14:22:58 user devstack@placement-api.service[69990]: DEBUG placement.requestlog [req-04addbc4-cd8f-4d3f-9c9c-d6946054ce4a req-1ec275e7-7e47-43dc-8d5d-c5ac9038ebc8 None None] Starting request: 10.0.0.210 "PUT /placement/allocations/cea89a34-aa94-4a6d-9b69-04d1b53c59ec" {{(pid=69990) __call__ /opt/stack/placement/placement/requestlog.py:55}}
Nov 27 14:22:58 user devstack@placement-api.service[69990]: DEBUG placement.handlers.allocation [req-04addbc4-cd8f-4d3f-9c9c-d6946054ce4a req-1ec275e7-7e47-43dc-8d5d-c5ac9038ebc8 service placement] Successfully wrote allocations [, , ] {{(pid=69990) _update_consumers_and_create_allocations /opt/stack/placement/placement/handlers/allocation.py:462}}
Nov 27 14:22:58 user devstack@placement-api.service[69990]: INFO placement.requestlog [req-04addbc4-cd8f-4d3f-9c9c-d6946054ce4a req-1ec275e7-7e47-43dc-8d5d-c5ac9038ebc8 service placement] 10.0.0.210 "PUT /placement/allocations/cea89a34-aa94-4a6d-9b69-04d1b53c59ec" status: 204 len: 0 microversion: 1.36
Nov 27 14:22:58 user devstack@placement-api.service[69990]: [pid: 69990|app: 0|req: 30/88] 10.0.0.210 () {68 vars in 1511 bytes} [Mon Nov 27 14:22:58 2023] PUT /placement/allocations/cea89a34-aa94-4a6d-9b69-04d1b53c59ec => generated 0 bytes in 176 msecs (HTTP/1.1 204) 5 headers in 199 bytes (1 switches on core 0)
Nov 27 14:22:59 user devstack@placement-api.service[69989]: DEBUG placement.requestlog [req-04addbc4-cd8f-4d3f-9c9c-d6946054ce4a req-e8d81de8-b95c-4e1a-9db3-0d75662a98f3 None None] Starting request: 10.0.0.210 "GET /placement/allocations/cea89a34-aa94-4a6d-9b69-04d1b53c59ec" {{(pid=69989) __call__ /opt/stack/placement/placement/requestlog.py:55}}
Nov 27 14:22:59 user devstack@placement-api.service[69989]: INFO placement.requestlog [req-04addbc4-cd8f-4d3f-9c9c-d6946054ce4a req-e8d81de8-b95c-4e1a-9db3-0d75662a98f3 service placement] 10.0.0.210 "GET /placement/allocations/cea89a34-aa94-4a6d-9b69-04d1b53c59ec" status: 200 len: 258 microversion: 1.28
Nov 27 14:22:59 user devstack@placement-api.service[69989]: [pid: 69989|app: 0|req: 29/89] 10.0.0.210 () {64 vars in 1456 bytes} [Mon Nov 27 14:22:59 2023] GET /placement/allocations/cea89a34-aa94-4a6d-9b69-04d1b53c59ec => generated 258 bytes in 64 msecs (HTTP/1.1 200) 8 headers in 296 bytes (1 switches on core 0)
Nov 27 14:22:59 user devstack@placement-api.service[69988]: DEBUG placement.requestlog [req-8d46f6c5-760b-45f0-bfd2-8cd62d6127c0 req-918194c3-efc3-47b9-b683-da76c555ec24 None None] Starting request: 10.0.0.210 "GET /placement/allocation_candidates?limit=1000&resources=DISK_GB%3A1%2CMEMORY_MB%3A512%2CVCPU%3A1&root_required=%21COMPUTE_STATUS_DISABLED" {{(pid=69988) __call__ /opt/stack/placement/placement/requestlog.py:55}}
Nov 27 14:23:00 user devstack@placement-api.service[69990]: DEBUG placement.requestlog [req-04addbc4-cd8f-4d3f-9c9c-d6946054ce4a req-064640ae-ca5f-419a-87bb-eaf814ae1f48 None None] Starting request: 10.0.0.210 "GET /placement/resource_providers/25de194c-9db8-4cf4-8c26-f8b8860ae93d/allocations" {{(pid=69990) __call__ /opt/stack/placement/placement/requestlog.py:55}}
Nov 27 14:23:00 user devstack@placement-api.service[69988]: DEBUG placement.objects.research_context [req-8d46f6c5-760b-45f0-bfd2-8cd62d6127c0 req-918194c3-efc3-47b9-b683-da76c555ec24 service placement] getting providers with 1 DISK_GB {{(pid=69988) __init__ /opt/stack/placement/placement/objects/research_context.py:136}}
Nov 27 14:23:00 user devstack@placement-api.service[69988]: DEBUG placement.objects.research_context [req-8d46f6c5-760b-45f0-bfd2-8cd62d6127c0 req-918194c3-efc3-47b9-b683-da76c555ec24 service placement] getting providers with 512 MEMORY_MB {{(pid=69988) __init__ /opt/stack/placement/placement/objects/research_context.py:136}}
Nov 27 14:23:00 user devstack@placement-api.service[69988]: DEBUG placement.objects.research_context [req-8d46f6c5-760b-45f0-bfd2-8cd62d6127c0 req-918194c3-efc3-47b9-b683-da76c555ec24 service placement] getting providers with 1 VCPU {{(pid=69988) __init__ /opt/stack/placement/placement/objects/research_context.py:136}}
Nov 27 14:23:00 user devstack@placement-api.service[69988]: DEBUG placement.objects.research_context [req-8d46f6c5-760b-45f0-bfd2-8cd62d6127c0 req-918194c3-efc3-47b9-b683-da76c555ec24 service placement] found 1 providers with available 1 DISK_GB {{(pid=69988) get_provider_ids_matching /opt/stack/placement/placement/objects/research_context.py:563}}
Nov 27 14:23:00 user devstack@placement-api.service[69988]: DEBUG placement.objects.research_context [req-8d46f6c5-760b-45f0-bfd2-8cd62d6127c0 req-918194c3-efc3-47b9-b683-da76c555ec24 service placement] found 1 providers with available 512 MEMORY_MB {{(pid=69988) get_provider_ids_matching /opt/stack/placement/placement/objects/research_context.py:563}}
Nov 27 14:23:00 user devstack@placement-api.service[69988]: DEBUG placement.objects.research_context [req-8d46f6c5-760b-45f0-bfd2-8cd62d6127c0 req-918194c3-efc3-47b9-b683-da76c555ec24 service placement] found 1 providers after filtering by previous result {{(pid=69988) get_provider_ids_matching /opt/stack/placement/placement/objects/research_context.py:594}}
Nov 27 14:23:00 user devstack@placement-api.service[69988]: DEBUG placement.objects.research_context [req-8d46f6c5-760b-45f0-bfd2-8cd62d6127c0 req-918194c3-efc3-47b9-b683-da76c555ec24 service placement] found 1 providers with available 1 VCPU {{(pid=69988) get_provider_ids_matching /opt/stack/placement/placement/objects/research_context.py:563}}
Nov 27 14:23:00 user devstack@placement-api.service[69988]: DEBUG placement.objects.research_context [req-8d46f6c5-760b-45f0-bfd2-8cd62d6127c0 req-918194c3-efc3-47b9-b683-da76c555ec24 service placement] found 1 providers after filtering by previous result {{(pid=69988) get_provider_ids_matching /opt/stack/placement/placement/objects/research_context.py:594}}
Nov 27 14:23:00 user devstack@placement-api.service[69990]: INFO placement.requestlog [req-04addbc4-cd8f-4d3f-9c9c-d6946054ce4a req-064640ae-ca5f-419a-87bb-eaf814ae1f48 service placement] 10.0.0.210 "GET /placement/resource_providers/25de194c-9db8-4cf4-8c26-f8b8860ae93d/allocations" status: 200 len: 839 microversion: 1.0
Nov 27 14:23:00 user devstack@placement-api.service[69990]: [pid: 69990|app: 0|req: 31/90] 10.0.0.210 () {62 vars in 1469 bytes} [Mon Nov 27 14:23:00 2023] GET /placement/resource_providers/25de194c-9db8-4cf4-8c26-f8b8860ae93d/allocations => generated 839 bytes in 34 msecs (HTTP/1.1 200) 6 headers in 224 bytes (2 switches on core 0)
Nov 27 14:23:00 user devstack@placement-api.service[69989]: DEBUG placement.requestlog [req-04addbc4-cd8f-4d3f-9c9c-d6946054ce4a req-7e611197-ee0b-4db6-b685-e50d9ffc8fb5 None None] Starting request: 10.0.0.210 "GET /placement/allocations/9f515838-2521-400d-a783-8abf36bdf8ee" {{(pid=69989) __call__ /opt/stack/placement/placement/requestlog.py:55}}
Nov 27 14:23:00 user devstack@placement-api.service[69988]: DEBUG placement.objects.allocation_candidate [req-8d46f6c5-760b-45f0-bfd2-8cd62d6127c0 req-918194c3-efc3-47b9-b683-da76c555ec24 service placement] RequestGroup(use_same_provider=False, resources={DISK_GB:1, MEMORY_MB:512, VCPU:1}, traits=(), aggregates=[]) (suffix '') returned 1 matches {{(pid=69988) _get_by_requests /opt/stack/placement/placement/objects/allocation_candidate.py:156}}
Nov 27 14:23:00 user devstack@placement-api.service[69988]: DEBUG placement.objects.allocation_candidate [req-8d46f6c5-760b-45f0-bfd2-8cd62d6127c0 req-918194c3-efc3-47b9-b683-da76c555ec24 service placement] Merging candidates yields 1 allocation requests and 1 provider summaries {{(pid=69988) _merge_candidates /opt/stack/placement/placement/objects/allocation_candidate.py:809}}
Nov 27 14:23:00 user devstack@placement-api.service[69988]: INFO placement.requestlog [req-8d46f6c5-760b-45f0-bfd2-8cd62d6127c0 req-918194c3-efc3-47b9-b683-da76c555ec24 service placement] 10.0.0.210 "GET /placement/allocation_candidates?limit=1000&resources=DISK_GB%3A1%2CMEMORY_MB%3A512%2CVCPU%3A1&root_required=%21COMPUTE_STATUS_DISABLED" status: 200 len: 1845 microversion: 1.36
Nov 27 14:23:00 user devstack@placement-api.service[69988]: [pid: 69988|app: 0|req: 31/91] 10.0.0.210 () {64 vars in 1582 bytes} [Mon Nov 27 14:22:59 2023] GET /placement/allocation_candidates?limit=1000&resources=DISK_GB%3A1%2CMEMORY_MB%3A512%2CVCPU%3A1&root_required=%21COMPUTE_STATUS_DISABLED => generated 1845 bytes in 169 msecs (HTTP/1.1 200) 8 headers in 297 bytes (1 switches on core 0)
Nov 27 14:23:00 user devstack@placement-api.service[69989]: INFO placement.requestlog [req-04addbc4-cd8f-4d3f-9c9c-d6946054ce4a req-7e611197-ee0b-4db6-b685-e50d9ffc8fb5 service placement] 10.0.0.210 "GET /placement/allocations/9f515838-2521-400d-a783-8abf36bdf8ee" status: 200 len: 258 microversion: 1.28
Nov 27 14:23:00 user devstack@placement-api.service[69989]: [pid: 69989|app: 0|req: 30/92] 10.0.0.210 () {64 vars in 1456 bytes} [Mon Nov 27 14:23:00 2023] GET /placement/allocations/9f515838-2521-400d-a783-8abf36bdf8ee => generated 258 bytes in 38 msecs (HTTP/1.1 200) 8 headers in 296 bytes (1 switches on core 0)
Nov 27 14:23:00 user devstack@placement-api.service[69990]: DEBUG placement.requestlog [req-04addbc4-cd8f-4d3f-9c9c-d6946054ce4a req-54732228-a252-4acd-b681-e997c53f9805 None None] Starting request: 10.0.0.210 "GET /placement/allocations/bd1f91a5-3007-4b66-84e9-aa0f6831e9a8" {{(pid=69990) __call__ /opt/stack/placement/placement/requestlog.py:55}}
Nov 27 14:23:00 user devstack@placement-api.service[69988]: DEBUG placement.requestlog [req-8d46f6c5-760b-45f0-bfd2-8cd62d6127c0 req-c0b89fca-e239-4675-b075-2f495ed4ac0a None None] Starting request: 10.0.0.210 "GET /placement/allocations/12c5fcc4-0bd2-4b2d-84b0-31bc723c18ad" {{(pid=69988) __call__ /opt/stack/placement/placement/requestlog.py:55}}
Nov 27 14:23:00 user devstack@placement-api.service[69988]: INFO placement.requestlog [req-8d46f6c5-760b-45f0-bfd2-8cd62d6127c0 req-c0b89fca-e239-4675-b075-2f495ed4ac0a service placement] 10.0.0.210 "GET /placement/allocations/12c5fcc4-0bd2-4b2d-84b0-31bc723c18ad" status: 200 len: 19 microversion: 1.28
Nov 27 14:23:00 user devstack@placement-api.service[69988]: [pid: 69988|app: 0|req: 32/93] 10.0.0.210 () {64 vars in 1458 bytes} [Mon Nov 27 14:23:00 2023] GET /placement/allocations/12c5fcc4-0bd2-4b2d-84b0-31bc723c18ad => generated 19 bytes in 25 msecs (HTTP/1.1 200) 8 headers in 295 bytes (1 switches on core 0)
Nov 27 14:23:00 user devstack@placement-api.service[69989]: DEBUG placement.requestlog [req-8d46f6c5-760b-45f0-bfd2-8cd62d6127c0 req-ac80254d-7b96-43b8-b58f-e141e6d6db13 None None] Starting request: 10.0.0.210 "PUT /placement/allocations/12c5fcc4-0bd2-4b2d-84b0-31bc723c18ad" {{(pid=69989) __call__ /opt/stack/placement/placement/requestlog.py:55}}
Nov 27 14:23:00 user devstack@placement-api.service[69990]: INFO placement.requestlog [req-04addbc4-cd8f-4d3f-9c9c-d6946054ce4a req-54732228-a252-4acd-b681-e997c53f9805 service placement] 10.0.0.210 "GET /placement/allocations/bd1f91a5-3007-4b66-84e9-aa0f6831e9a8" status: 200 len: 258 microversion: 1.28
Nov 27 14:23:00 user devstack@placement-api.service[69990]: [pid: 69990|app: 0|req: 32/94] 10.0.0.210 () {64 vars in 1456 bytes} [Mon Nov 27 14:23:00 2023] GET /placement/allocations/bd1f91a5-3007-4b66-84e9-aa0f6831e9a8 => generated 258 bytes in 68 msecs (HTTP/1.1 200) 8 headers in 296 bytes (1 switches on core 0)
Nov 27 14:23:00 user devstack@placement-api.service[69988]: DEBUG placement.requestlog [req-04addbc4-cd8f-4d3f-9c9c-d6946054ce4a req-b4469446-ca35-4a21-a862-fda3e05e13cf None None] Starting request: 10.0.0.210 "GET /placement/allocations/cea89a34-aa94-4a6d-9b69-04d1b53c59ec" {{(pid=69988) __call__ /opt/stack/placement/placement/requestlog.py:55}}
Nov 27 14:23:00 user devstack@placement-api.service[69988]: INFO placement.requestlog [req-04addbc4-cd8f-4d3f-9c9c-d6946054ce4a req-b4469446-ca35-4a21-a862-fda3e05e13cf service placement] 10.0.0.210 "GET /placement/allocations/cea89a34-aa94-4a6d-9b69-04d1b53c59ec" status: 200 len: 258 microversion: 1.28
Nov 27 14:23:00 user devstack@placement-api.service[69988]: [pid: 69988|app: 0|req: 33/95] 10.0.0.210 () {64 vars in 1456 bytes} [Mon Nov 27 14:23:00 2023] GET /placement/allocations/cea89a34-aa94-4a6d-9b69-04d1b53c59ec => generated 258 bytes in 31 msecs (HTTP/1.1 200) 8 headers in 296 bytes (2 switches on core 0)
Nov 27 14:23:00 user devstack@placement-api.service[69990]: DEBUG placement.requestlog [req-04addbc4-cd8f-4d3f-9c9c-d6946054ce4a req-e36f68f8-b385-4b2e-9281-f8bc3b9f4bbf None None] Starting request: 10.0.0.210 "GET /placement/allocations/6a007942-e99e-43a5-8d1b-d2cddb3be2b9" {{(pid=69990) __call__ /opt/stack/placement/placement/requestlog.py:55}}
Nov 27 14:23:00 user devstack@placement-api.service[69990]: INFO placement.requestlog [req-04addbc4-cd8f-4d3f-9c9c-d6946054ce4a req-e36f68f8-b385-4b2e-9281-f8bc3b9f4bbf service placement] 10.0.0.210 "GET /placement/allocations/6a007942-e99e-43a5-8d1b-d2cddb3be2b9" status: 200 len: 258 microversion: 1.28
Nov 27 14:23:00 user devstack@placement-api.service[69990]: [pid: 69990|app: 0|req: 33/96] 10.0.0.210 () {64 vars in 1456 bytes} [Mon Nov 27 14:23:00 2023] GET /placement/allocations/6a007942-e99e-43a5-8d1b-d2cddb3be2b9 => generated 258 bytes in 26 msecs (HTTP/1.1 200) 8 headers in 296 bytes (1 switches on core 0)
Nov 27 14:23:00 user devstack@placement-api.service[69988]: DEBUG placement.requestlog [req-04addbc4-cd8f-4d3f-9c9c-d6946054ce4a req-cb9c3a7f-8a8d-40ca-a60b-c5e780f604a5 None None] Starting request: 10.0.0.210 "GET /placement/allocations/591550d2-730f-45f1-af44-c783990d8b4a" {{(pid=69988) __call__ /opt/stack/placement/placement/requestlog.py:55}}
Nov 27 14:23:00 user devstack@placement-api.service[69988]: INFO placement.requestlog [req-04addbc4-cd8f-4d3f-9c9c-d6946054ce4a req-cb9c3a7f-8a8d-40ca-a60b-c5e780f604a5 service placement] 10.0.0.210 "GET /placement/allocations/591550d2-730f-45f1-af44-c783990d8b4a" status: 200 len: 258 microversion: 1.28
Nov 27 14:23:00 user devstack@placement-api.service[69988]: [pid: 69988|app: 0|req: 34/97] 10.0.0.210 () {64 vars in 1456 bytes} [Mon Nov 27 14:23:00 2023] GET /placement/allocations/591550d2-730f-45f1-af44-c783990d8b4a => generated 258 bytes in 34 msecs (HTTP/1.1 200) 8 headers in 296 bytes (1 switches on core 0)
Nov 27 14:23:00 user devstack@placement-api.service[69990]: DEBUG placement.requestlog [req-04addbc4-cd8f-4d3f-9c9c-d6946054ce4a req-316276ed-aa73-4e8e-948c-337f1388f966 None None] Starting request: 10.0.0.210 "GET /placement/allocations/d3959cd6-e05e-42af-92e0-8cb520e76ec5" {{(pid=69990) __call__ /opt/stack/placement/placement/requestlog.py:55}}
Nov 27 14:23:00 user devstack@placement-api.service[69990]: INFO placement.requestlog [req-04addbc4-cd8f-4d3f-9c9c-d6946054ce4a req-316276ed-aa73-4e8e-948c-337f1388f966 service placement] 10.0.0.210 "GET /placement/allocations/d3959cd6-e05e-42af-92e0-8cb520e76ec5" status: 200 len: 244 microversion: 1.28
Nov 27 14:23:00 user devstack@placement-api.service[69990]: [pid: 69990|app: 0|req: 34/98] 10.0.0.210 () {64 vars in 1456 bytes} [Mon Nov 27 14:23:00 2023] GET /placement/allocations/d3959cd6-e05e-42af-92e0-8cb520e76ec5 => generated 244 bytes in 22 msecs (HTTP/1.1 200) 8 headers in 296 bytes (1 switches on core 0)
Nov 27 14:23:00 user devstack@placement-api.service[69988]: DEBUG placement.requestlog [req-04addbc4-cd8f-4d3f-9c9c-d6946054ce4a req-49743b48-d1f9-4029-9ead-b249a9ed70bd None None] Starting request: 10.0.0.210 "GET /placement/allocations/86458776-cf1e-457c-8639-7c99bc80af53" {{(pid=69988) __call__ /opt/stack/placement/placement/requestlog.py:55}}
Nov 27 14:23:00 user devstack@placement-api.service[69988]: INFO placement.requestlog [req-04addbc4-cd8f-4d3f-9c9c-d6946054ce4a req-49743b48-d1f9-4029-9ead-b249a9ed70bd service placement] 10.0.0.210 "GET /placement/allocations/86458776-cf1e-457c-8639-7c99bc80af53" status: 200 len: 258 microversion: 1.28
Nov 27 14:23:00 user devstack@placement-api.service[69988]: [pid: 69988|app: 0|req: 35/99] 10.0.0.210 () {64 vars in 1456 bytes} [Mon Nov 27 14:23:00 2023] GET /placement/allocations/86458776-cf1e-457c-8639-7c99bc80af53 => generated 258 bytes in 34 msecs (HTTP/1.1 200) 8 headers in 296 bytes (1 switches on core 0)
Nov 27 14:23:00 user devstack@placement-api.service[69990]: DEBUG placement.requestlog [req-04addbc4-cd8f-4d3f-9c9c-d6946054ce4a req-b173b8aa-223d-4b10-9a92-50869f5e8372 None None] Starting request: 10.0.0.210 "GET /placement/allocations/8b3a8f81-c75b-4934-bf35-26ed1c56b9dd" {{(pid=69990) __call__ /opt/stack/placement/placement/requestlog.py:55}}
Nov 27 14:23:00 user devstack@placement-api.service[69990]: INFO placement.requestlog [req-04addbc4-cd8f-4d3f-9c9c-d6946054ce4a req-b173b8aa-223d-4b10-9a92-50869f5e8372 service placement] 10.0.0.210 "GET /placement/allocations/8b3a8f81-c75b-4934-bf35-26ed1c56b9dd" status: 200 len: 258 microversion: 1.28
Nov 27 14:23:00 user devstack@placement-api.service[69988]: DEBUG placement.requestlog [req-64985a3d-338f-49ea-9854-5dfcbd4c9252 req-cbf1c525-0469-4d4f-b1a6-4ab9ae4ce985 None None] Starting request: 10.0.0.210 "GET /placement/allocation_candidates?limit=1000&resources=DISK_GB%3A1%2CMEMORY_MB%3A512%2CVCPU%3A1&root_required=%21COMPUTE_STATUS_DISABLED" {{(pid=69988) __call__ /opt/stack/placement/placement/requestlog.py:55}}
Nov 27 14:23:00 user devstack@placement-api.service[69990]: [pid: 69990|app: 0|req: 35/100] 10.0.0.210 () {64 vars in 1456 bytes} [Mon Nov 27 14:23:00 2023] GET /placement/allocations/8b3a8f81-c75b-4934-bf35-26ed1c56b9dd => generated 258 bytes in 39 msecs (HTTP/1.1 200) 8 headers in 296 bytes (1 switches on core 0)
Nov 27 14:23:00 user devstack@placement-api.service[69989]: DEBUG placement.handlers.allocation [req-8d46f6c5-760b-45f0-bfd2-8cd62d6127c0 req-ac80254d-7b96-43b8-b58f-e141e6d6db13 service placement] Successfully wrote allocations [, , ] {{(pid=69989) _update_consumers_and_create_allocations /opt/stack/placement/placement/handlers/allocation.py:462}}
Nov 27 14:23:00 user devstack@placement-api.service[69989]: INFO placement.requestlog [req-8d46f6c5-760b-45f0-bfd2-8cd62d6127c0 req-ac80254d-7b96-43b8-b58f-e141e6d6db13 service placement] 10.0.0.210 "PUT /placement/allocations/12c5fcc4-0bd2-4b2d-84b0-31bc723c18ad" status: 204 len: 0 microversion: 1.36
Nov 27 14:23:00 user devstack@placement-api.service[69989]: [pid: 69989|app: 0|req: 31/101] 10.0.0.210 () {68 vars in 1511 bytes} [Mon Nov 27 14:23:00 2023] PUT /placement/allocations/12c5fcc4-0bd2-4b2d-84b0-31bc723c18ad => generated 0 bytes in 296 msecs (HTTP/1.1 204) 5 headers in 199 bytes (1 switches on core 0)
Nov 27 14:23:00 user devstack@placement-api.service[69988]: DEBUG placement.objects.research_context [req-64985a3d-338f-49ea-9854-5dfcbd4c9252 req-cbf1c525-0469-4d4f-b1a6-4ab9ae4ce985 service placement] getting providers with 1 DISK_GB {{(pid=69988) __init__ /opt/stack/placement/placement/objects/research_context.py:136}}
Nov 27 14:23:00 user devstack@placement-api.service[69988]: DEBUG placement.objects.research_context [req-64985a3d-338f-49ea-9854-5dfcbd4c9252 req-cbf1c525-0469-4d4f-b1a6-4ab9ae4ce985 service placement] getting providers with 512 MEMORY_MB {{(pid=69988) __init__ /opt/stack/placement/placement/objects/research_context.py:136}}
Nov 27 14:23:00 user devstack@placement-api.service[69988]: DEBUG placement.objects.research_context [req-64985a3d-338f-49ea-9854-5dfcbd4c9252 req-cbf1c525-0469-4d4f-b1a6-4ab9ae4ce985 service placement] getting providers with 1 VCPU {{(pid=69988) __init__ /opt/stack/placement/placement/objects/research_context.py:136}}
Nov 27 14:23:00 user devstack@placement-api.service[69988]: DEBUG placement.objects.research_context [req-64985a3d-338f-49ea-9854-5dfcbd4c9252 req-cbf1c525-0469-4d4f-b1a6-4ab9ae4ce985 service placement] found 1 providers with available 1 DISK_GB {{(pid=69988) get_provider_ids_matching /opt/stack/placement/placement/objects/research_context.py:563}}
Nov 27 14:23:00 user devstack@placement-api.service[69988]: DEBUG placement.objects.research_context [req-64985a3d-338f-49ea-9854-5dfcbd4c9252 req-cbf1c525-0469-4d4f-b1a6-4ab9ae4ce985 service placement] found 1 providers with available 512 MEMORY_MB {{(pid=69988) get_provider_ids_matching /opt/stack/placement/placement/objects/research_context.py:563}}
Nov 27 14:23:00 user devstack@placement-api.service[69988]: DEBUG placement.objects.research_context [req-64985a3d-338f-49ea-9854-5dfcbd4c9252 req-cbf1c525-0469-4d4f-b1a6-4ab9ae4ce985 service placement] found 1 providers after filtering by previous result {{(pid=69988) get_provider_ids_matching /opt/stack/placement/placement/objects/research_context.py:594}}
Nov 27 14:23:00 user devstack@placement-api.service[69988]: DEBUG placement.objects.research_context [req-64985a3d-338f-49ea-9854-5dfcbd4c9252 req-cbf1c525-0469-4d4f-b1a6-4ab9ae4ce985 service placement] found 1 providers with available 1 VCPU {{(pid=69988) get_provider_ids_matching /opt/stack/placement/placement/objects/research_context.py:563}}
Nov 27 14:23:00 user devstack@placement-api.service[69988]: DEBUG placement.objects.research_context [req-64985a3d-338f-49ea-9854-5dfcbd4c9252 req-cbf1c525-0469-4d4f-b1a6-4ab9ae4ce985 service placement] found 1 providers after filtering by previous result {{(pid=69988) get_provider_ids_matching /opt/stack/placement/placement/objects/research_context.py:594}}
Nov 27 14:23:00 user devstack@placement-api.service[69988]: DEBUG placement.objects.allocation_candidate [req-64985a3d-338f-49ea-9854-5dfcbd4c9252 req-cbf1c525-0469-4d4f-b1a6-4ab9ae4ce985 service placement] RequestGroup(use_same_provider=False, resources={DISK_GB:1, MEMORY_MB:512, VCPU:1}, traits=(), aggregates=[]) (suffix '') returned 1 matches {{(pid=69988) _get_by_requests /opt/stack/placement/placement/objects/allocation_candidate.py:156}}
Nov 27 14:23:00 user devstack@placement-api.service[69988]: DEBUG placement.objects.allocation_candidate [req-64985a3d-338f-49ea-9854-5dfcbd4c9252 req-cbf1c525-0469-4d4f-b1a6-4ab9ae4ce985 service placement] Merging candidates yields 1 allocation requests and 1 provider summaries {{(pid=69988) _merge_candidates /opt/stack/placement/placement/objects/allocation_candidate.py:809}}
Nov 27 14:23:00 user devstack@placement-api.service[69988]: INFO placement.requestlog [req-64985a3d-338f-49ea-9854-5dfcbd4c9252 req-cbf1c525-0469-4d4f-b1a6-4ab9ae4ce985 service placement] 10.0.0.210 "GET /placement/allocation_candidates?limit=1000&resources=DISK_GB%3A1%2CMEMORY_MB%3A512%2CVCPU%3A1&root_required=%21COMPUTE_STATUS_DISABLED" status: 200 len: 1845 microversion: 1.36
Nov 27 14:23:00 user devstack@placement-api.service[69988]: [pid: 69988|app: 0|req: 36/102] 10.0.0.210 () {64 vars in 1582 bytes} [Mon Nov 27 14:23:00 2023] GET /placement/allocation_candidates?limit=1000&resources=DISK_GB%3A1%2CMEMORY_MB%3A512%2CVCPU%3A1&root_required=%21COMPUTE_STATUS_DISABLED => generated 1845 bytes in 229 msecs (HTTP/1.1 200) 8 headers in 297 bytes (2 switches on core 0)
Nov 27 14:23:00 user devstack@placement-api.service[69990]: DEBUG placement.requestlog [req-64985a3d-338f-49ea-9854-5dfcbd4c9252 req-7f918a57-3ac1-4b15-bf00-c46d8afbae3e None None] Starting request: 10.0.0.210 "GET /placement/allocations/370194d8-a6ef-4600-87de-ae645f4869c0" {{(pid=69990) __call__ /opt/stack/placement/placement/requestlog.py:55}}
Nov 27 14:23:00 user devstack@placement-api.service[69990]: INFO placement.requestlog [req-64985a3d-338f-49ea-9854-5dfcbd4c9252 req-7f918a57-3ac1-4b15-bf00-c46d8afbae3e service placement] 10.0.0.210 "GET /placement/allocations/370194d8-a6ef-4600-87de-ae645f4869c0" status: 200 len: 19 microversion: 1.28
Nov 27 14:23:00 user devstack@placement-api.service[69990]: [pid: 69990|app: 0|req: 36/103] 10.0.0.210 () {64 vars in 1458 bytes} [Mon Nov 27 14:23:00 2023] GET /placement/allocations/370194d8-a6ef-4600-87de-ae645f4869c0 => generated 19 bytes in 52 msecs (HTTP/1.1 200) 8 headers in 295 bytes (1 switches on core 0)
Nov 27 14:23:00 user devstack@placement-api.service[69989]: DEBUG placement.requestlog [req-64985a3d-338f-49ea-9854-5dfcbd4c9252 req-b5b122ec-8084-488b-81d9-2a4ea8d6ff7c None None] Starting request: 10.0.0.210 "PUT /placement/allocations/370194d8-a6ef-4600-87de-ae645f4869c0" {{(pid=69989) __call__ /opt/stack/placement/placement/requestlog.py:55}}
Nov 27 14:23:01 user devstack@placement-api.service[69989]: DEBUG placement.handlers.allocation [req-64985a3d-338f-49ea-9854-5dfcbd4c9252 req-b5b122ec-8084-488b-81d9-2a4ea8d6ff7c service placement] Successfully wrote allocations [, , ] {{(pid=69989) _update_consumers_and_create_allocations /opt/stack/placement/placement/handlers/allocation.py:462}}
Nov 27 14:23:01 user devstack@placement-api.service[69989]: INFO placement.requestlog [req-64985a3d-338f-49ea-9854-5dfcbd4c9252 req-b5b122ec-8084-488b-81d9-2a4ea8d6ff7c service placement] 10.0.0.210 "PUT /placement/allocations/370194d8-a6ef-4600-87de-ae645f4869c0" status: 204 len: 0 microversion: 1.36
Nov 27 14:23:01 user devstack@placement-api.service[69989]: [pid: 69989|app: 0|req: 32/104] 10.0.0.210 () {68 vars in 1511 bytes} [Mon Nov 27 14:23:00 2023] PUT /placement/allocations/370194d8-a6ef-4600-87de-ae645f4869c0 => generated 0 bytes in 266 msecs (HTTP/1.1 204) 5 headers in 199 bytes (1 switches on core 0)
Nov 27 14:23:01 user devstack@placement-api.service[69988]: DEBUG placement.requestlog [req-8d46f6c5-760b-45f0-bfd2-8cd62d6127c0 req-96cb3728-a794-4f20-a532-4e80a36e43a4 None None] Starting request: 10.0.0.210 "GET /placement/allocations/12c5fcc4-0bd2-4b2d-84b0-31bc723c18ad" {{(pid=69988) __call__ /opt/stack/placement/placement/requestlog.py:55}}
Nov 27 14:23:01 user devstack@placement-api.service[69988]: INFO placement.requestlog [req-8d46f6c5-760b-45f0-bfd2-8cd62d6127c0 req-96cb3728-a794-4f20-a532-4e80a36e43a4 service placement] 10.0.0.210 "GET /placement/allocations/12c5fcc4-0bd2-4b2d-84b0-31bc723c18ad" status: 200 len: 258 microversion: 1.28
Nov 27 14:23:01 user devstack@placement-api.service[69988]: [pid: 69988|app: 0|req: 37/105] 10.0.0.210 () {64 vars in 1456 bytes} [Mon Nov 27 14:23:01 2023] GET /placement/allocations/12c5fcc4-0bd2-4b2d-84b0-31bc723c18ad => generated 258 bytes in 43 msecs (HTTP/1.1 200) 8 headers in 296 bytes (2 switches on core 0)
Nov 27 14:23:01 user devstack@placement-api.service[69990]: DEBUG placement.requestlog [req-8d46f6c5-760b-45f0-bfd2-8cd62d6127c0 req-47ca3429-7795-4bb9-8d05-aa7506536778 None None] Starting request: 10.0.0.210 "GET /placement/resource_providers/25de194c-9db8-4cf4-8c26-f8b8860ae93d/allocations" {{(pid=69990) __call__ /opt/stack/placement/placement/requestlog.py:55}}
Nov 27 14:23:01 user devstack@placement-api.service[69990]: INFO placement.requestlog [req-8d46f6c5-760b-45f0-bfd2-8cd62d6127c0 req-47ca3429-7795-4bb9-8d05-aa7506536778 service placement] 10.0.0.210 "GET /placement/resource_providers/25de194c-9db8-4cf4-8c26-f8b8860ae93d/allocations" status: 200 len: 1039 microversion: 1.0
Nov 27 14:23:01 user devstack@placement-api.service[69990]: [pid: 69990|app: 0|req: 37/106] 10.0.0.210 () {62 vars in 1469 bytes} [Mon Nov 27 14:23:01 2023] GET /placement/resource_providers/25de194c-9db8-4cf4-8c26-f8b8860ae93d/allocations => generated 1039 bytes in 88 msecs (HTTP/1.1 200) 6 headers in 225 bytes (1 switches on core 0)
Nov 27 14:23:01 user devstack@placement-api.service[69989]: DEBUG placement.requestlog [req-8d46f6c5-760b-45f0-bfd2-8cd62d6127c0 req-59b7a6a7-329b-4698-93d7-2c6edbe4c5cf None None] Starting request: 10.0.0.210 "GET /placement/allocations/9f515838-2521-400d-a783-8abf36bdf8ee" {{(pid=69989) __call__ /opt/stack/placement/placement/requestlog.py:55}}
Nov 27 14:23:01 user devstack@placement-api.service[69989]: INFO placement.requestlog [req-8d46f6c5-760b-45f0-bfd2-8cd62d6127c0 req-59b7a6a7-329b-4698-93d7-2c6edbe4c5cf service placement] 10.0.0.210 "GET /placement/allocations/9f515838-2521-400d-a783-8abf36bdf8ee" status: 200 len: 258 microversion: 1.28
Nov 27 14:23:01 user devstack@placement-api.service[69989]: [pid: 69989|app: 0|req: 33/107] 10.0.0.210 () {64 vars in 1456 bytes} [Mon Nov 27 14:23:01 2023] GET /placement/allocations/9f515838-2521-400d-a783-8abf36bdf8ee => generated 258 bytes in 19 msecs (HTTP/1.1 200) 8 headers in 296 bytes (1 switches on core 0)
Nov 27 14:23:01 user devstack@placement-api.service[69988]: DEBUG placement.requestlog [req-64985a3d-338f-49ea-9854-5dfcbd4c9252 req-94d5bacd-b179-489c-b14f-262796004a10 None None] Starting request: 10.0.0.210 "GET /placement/allocations/370194d8-a6ef-4600-87de-ae645f4869c0" {{(pid=69988) __call__ /opt/stack/placement/placement/requestlog.py:55}}
Nov 27 14:23:01 user devstack@placement-api.service[69990]: DEBUG placement.requestlog [req-8d46f6c5-760b-45f0-bfd2-8cd62d6127c0 req-37baa57e-30e3-4c67-a22d-76ca9d95eda9 None None] Starting request: 10.0.0.210 "GET /placement/allocations/12c5fcc4-0bd2-4b2d-84b0-31bc723c18ad" {{(pid=69990) __call__ /opt/stack/placement/placement/requestlog.py:55}}
Nov 27 14:23:01 user devstack@placement-api.service[69988]: INFO placement.requestlog [req-64985a3d-338f-49ea-9854-5dfcbd4c9252 req-94d5bacd-b179-489c-b14f-262796004a10 service placement] 10.0.0.210 "GET /placement/allocations/370194d8-a6ef-4600-87de-ae645f4869c0" status: 200 len: 258 microversion: 1.28
Nov 27 14:23:01 user devstack@placement-api.service[69988]: [pid: 69988|app: 0|req: 38/108] 10.0.0.210 () {64 vars in 1456 bytes} [Mon Nov 27 14:23:01 2023] GET /placement/allocations/370194d8-a6ef-4600-87de-ae645f4869c0 => generated 258 bytes in 17 msecs (HTTP/1.1 200) 8 headers in 296 bytes (1 switches on core 0)
Nov 27 14:23:01 user devstack@placement-api.service[69990]: INFO placement.requestlog [req-8d46f6c5-760b-45f0-bfd2-8cd62d6127c0 req-37baa57e-30e3-4c67-a22d-76ca9d95eda9 service placement] 10.0.0.210 "GET /placement/allocations/12c5fcc4-0bd2-4b2d-84b0-31bc723c18ad" status: 200 len: 258 microversion: 1.28
Nov 27 14:23:01 user devstack@placement-api.service[69990]: [pid: 69990|app: 0|req: 38/109] 10.0.0.210 () {64 vars in 1456 bytes} [Mon Nov 27 14:23:01 2023] GET /placement/allocations/12c5fcc4-0bd2-4b2d-84b0-31bc723c18ad => generated 258 bytes in 18 msecs (HTTP/1.1 200) 8 headers in 296 bytes (1 switches on core 0)
Nov 27 14:23:01 user devstack@placement-api.service[69989]: DEBUG placement.requestlog [req-8d46f6c5-760b-45f0-bfd2-8cd62d6127c0 req-27ec4dbd-31a1-4671-b17f-ee81002c2a41 None None] Starting request: 10.0.0.210 "GET /placement/allocations/bd1f91a5-3007-4b66-84e9-aa0f6831e9a8" {{(pid=69989) __call__ /opt/stack/placement/placement/requestlog.py:55}}
Nov 27 14:23:01 user devstack@placement-api.service[69989]: INFO placement.requestlog [req-8d46f6c5-760b-45f0-bfd2-8cd62d6127c0 req-27ec4dbd-31a1-4671-b17f-ee81002c2a41 service placement] 10.0.0.210 "GET /placement/allocations/bd1f91a5-3007-4b66-84e9-aa0f6831e9a8" status: 200 len: 258 microversion: 1.28
Nov 27 14:23:01 user devstack@placement-api.service[69989]: [pid: 69989|app: 0|req: 34/110] 10.0.0.210 () {64 vars in 1456 bytes} [Mon Nov 27 14:23:01 2023] GET /placement/allocations/bd1f91a5-3007-4b66-84e9-aa0f6831e9a8 => generated 258 bytes in 21 msecs (HTTP/1.1 200) 8 headers in 296 bytes (1 switches on core 0)
Nov 27 14:23:01 user devstack@placement-api.service[69988]: DEBUG placement.requestlog [req-8d46f6c5-760b-45f0-bfd2-8cd62d6127c0 req-2d47e517-8679-4eda-a70d-fb8a97018bb7 None None] Starting request: 10.0.0.210 "GET /placement/allocations/cea89a34-aa94-4a6d-9b69-04d1b53c59ec" {{(pid=69988) __call__ /opt/stack/placement/placement/requestlog.py:55}}
Nov 27 14:23:01 user devstack@placement-api.service[69988]: INFO placement.requestlog [req-8d46f6c5-760b-45f0-bfd2-8cd62d6127c0 req-2d47e517-8679-4eda-a70d-fb8a97018bb7 service placement] 10.0.0.210 "GET /placement/allocations/cea89a34-aa94-4a6d-9b69-04d1b53c59ec" status: 200 len: 258 microversion: 1.28
Nov 27 14:23:01 user devstack@placement-api.service[69988]: [pid: 69988|app: 0|req: 39/111] 10.0.0.210 () {64 vars in 1456 bytes} [Mon Nov 27 14:23:01 2023] GET /placement/allocations/cea89a34-aa94-4a6d-9b69-04d1b53c59ec => generated 258 bytes in 19 msecs (HTTP/1.1 200) 8 headers in 296 bytes (1 switches on core 0)
Nov 27 14:23:01 user devstack@placement-api.service[69990]: DEBUG placement.requestlog [req-8d46f6c5-760b-45f0-bfd2-8cd62d6127c0 req-4f741e98-5665-4326-b220-5a389fdc21de None None] Starting request: 10.0.0.210 "GET /placement/allocations/8b3a8f81-c75b-4934-bf35-26ed1c56b9dd" {{(pid=69990) __call__ /opt/stack/placement/placement/requestlog.py:55}}
Nov 27 14:23:01 user devstack@placement-api.service[69990]: INFO placement.requestlog [req-8d46f6c5-760b-45f0-bfd2-8cd62d6127c0 req-4f741e98-5665-4326-b220-5a389fdc21de service placement] 10.0.0.210 "GET /placement/allocations/8b3a8f81-c75b-4934-bf35-26ed1c56b9dd" status: 200 len: 258 microversion: 1.28
Nov 27 14:23:01 user devstack@placement-api.service[69990]: [pid: 69990|app: 0|req: 39/112] 10.0.0.210 () {64 vars in 1456 bytes} [Mon Nov 27 14:23:01 2023] GET /placement/allocations/8b3a8f81-c75b-4934-bf35-26ed1c56b9dd => generated 258 bytes in 31 msecs (HTTP/1.1 200) 8 headers in 296 bytes (2 switches on core 0)
Nov 27 14:23:01 user devstack@placement-api.service[69989]: DEBUG placement.requestlog [req-8d46f6c5-760b-45f0-bfd2-8cd62d6127c0 req-ce3b127a-db36-4a1d-8098-d353d843240f None None] Starting request: 10.0.0.210 "GET /placement/allocations/6a007942-e99e-43a5-8d1b-d2cddb3be2b9" {{(pid=69989) __call__ /opt/stack/placement/placement/requestlog.py:55}}
Nov 27 14:23:01 user devstack@placement-api.service[69989]: INFO placement.requestlog [req-8d46f6c5-760b-45f0-bfd2-8cd62d6127c0 req-ce3b127a-db36-4a1d-8098-d353d843240f service placement] 10.0.0.210 "GET /placement/allocations/6a007942-e99e-43a5-8d1b-d2cddb3be2b9" status: 200 len: 258 microversion: 1.28
Nov 27 14:23:01 user devstack@placement-api.service[69989]: [pid: 69989|app: 0|req: 35/113] 10.0.0.210 () {64 vars in 1456 bytes} [Mon Nov 27 14:23:01 2023] GET /placement/allocations/6a007942-e99e-43a5-8d1b-d2cddb3be2b9 => generated 258 bytes in 31 msecs (HTTP/1.1 200) 8 headers in 296 bytes (1 switches on core 0)
Nov 27 14:23:01 user devstack@placement-api.service[69988]: DEBUG placement.requestlog [req-8d46f6c5-760b-45f0-bfd2-8cd62d6127c0 req-3c00a867-7b64-4107-8c3b-15ca674cdd1d None None] Starting request: 10.0.0.210 "GET /placement/allocations/591550d2-730f-45f1-af44-c783990d8b4a" {{(pid=69988) __call__ /opt/stack/placement/placement/requestlog.py:55}}
Nov 27 14:23:01 user devstack@placement-api.service[69988]: INFO placement.requestlog [req-8d46f6c5-760b-45f0-bfd2-8cd62d6127c0 req-3c00a867-7b64-4107-8c3b-15ca674cdd1d service placement] 10.0.0.210 "GET /placement/allocations/591550d2-730f-45f1-af44-c783990d8b4a" status: 200 len: 258 microversion: 1.28
Nov 27 14:23:01 user devstack@placement-api.service[69988]: [pid: 69988|app: 0|req: 40/114] 10.0.0.210 () {64 vars in 1456 bytes} [Mon Nov 27 14:23:01 2023] GET /placement/allocations/591550d2-730f-45f1-af44-c783990d8b4a => generated 258 bytes in 17 msecs (HTTP/1.1 200) 8 headers in 296 bytes (1 switches on core 0)
