Dec 04 05:06:01 user devstack@keystone.service[46341]:
Dec 04 05:06:01 user devstack@keystone.service[46341]: DEBUG keystone.common.rbac_enforcer.enforcer [None req-92b84598-cf62-4b7e-93e8-35e82502d273 admin admin] RBAC: Authorization granted {{(pid=46341) enforce_call /opt/stack/keystone/keystone/common/rbac_enforcer/enforcer.py:457}}
Dec 04 05:06:01 user devstack@keystone.service[46341]: [pid: 46341|app: 0|req: 95/277] 10.0.0.210 () {58 vars in 1458 bytes} [Mon Dec 4 05:06:01 2023] PUT /identity/v3/projects/5a20ec91f1134324bedfce2679fb90aa/groups/19cad1f7e4dc4ab38e4e9338ef9665c1/roles/c1e976dc438f4b3c8ce5211ffafb236a => generated 0 bytes in 54 msecs (HTTP/1.1 204) 3 headers in 132 bytes (0 switches on core 0)
Dec 04 05:06:01 user devstack@keystone.service[46342]: DEBUG keystone.server.flask.request_processing.middleware.auth_context [None req-d745f517-de07-492c-b77c-3f734debda0e None None] Authenticating user token {{(pid=46342) process_request /opt/stack/data/venv/lib/python3.10/site-packages/keystonemiddleware/auth_token/__init__.py:406}}
Dec 04 05:06:01 user devstack@keystone.service[46342]: DEBUG keystone.server.flask.request_processing.middleware.auth_context [None req-d745f517-de07-492c-b77c-3f734debda0e None None] Validating token access rules against request {{(pid=46342) validate_allowed_request /opt/stack/data/venv/lib/python3.10/site-packages/keystonemiddleware/auth_token/__init__.py:544}}
Dec 04 05:06:01 user devstack@keystone.service[46342]: DEBUG keystone.server.flask.request_processing.middleware.auth_context [None req-92eb8d9a-720a-45e0-8e6d-5a2907e9ce45 admin admin] RBAC: auth_context: {'token': , 'domain_id': None, 'trust_id': None, 'trustor_id': None, 'trustee_id': None, 'domain_name': None, 'group_ids': [], 'user_id': 'c87ecdf809fa4eac90b4913b1f569d6b', 'user_domain_id': 'default', 'system_scope': None, 'project_id': '52cf550bd9d94c6ab8ff1d16442b6c63', 'project_domain_id': 'default', 'roles': ['admin', 'reader', 'member', 'manager'], 'is_admin_project': True, 'service_user_id': None, 'service_user_domain_id': None, 'service_project_id': None, 'service_project_domain_id': None, 'service_roles': []} {{(pid=46342) fill_context /opt/stack/keystone/keystone/server/flask/request_processing/middleware/auth_context.py:480}}
Dec 04 05:06:01 user devstack@keystone.service[46342]: DEBUG keystone.server.flask.request_processing.req_logging [None req-92eb8d9a-720a-45e0-8e6d-5a2907e9ce45 admin admin] REQUEST_METHOD: `GET` {{(pid=46342) log_request_info /opt/stack/keystone/keystone/server/flask/request_processing/req_logging.py:27}}
Dec 04 05:06:01 user devstack@keystone.service[46342]: DEBUG keystone.server.flask.request_processing.req_logging [None req-92eb8d9a-720a-45e0-8e6d-5a2907e9ce45 admin admin] SCRIPT_NAME: `/identity` {{(pid=46342) log_request_info /opt/stack/keystone/keystone/server/flask/request_processing/req_logging.py:28}}
Dec 04 05:06:01 user devstack@keystone.service[46342]: DEBUG keystone.server.flask.request_processing.req_logging [None req-92eb8d9a-720a-45e0-8e6d-5a2907e9ce45 admin admin] PATH_INFO: `/v3/roles/member` {{(pid=46342) log_request_info /opt/stack/keystone/keystone/server/flask/request_processing/req_logging.py:29}}
Dec 04 05:06:01 user devstack@keystone.service[46342]: DEBUG keystone.common.rbac_enforcer.enforcer [None req-92eb8d9a-720a-45e0-8e6d-5a2907e9ce45 admin admin] Extracting inferred target data resulted in "NOT FOUND (404)". {{(pid=46342) enforce_call /opt/stack/keystone/keystone/common/rbac_enforcer/enforcer.py:409}}
Dec 04 05:06:01 user devstack@keystone.service[46342]: ERROR keystone.server.flask.application [None req-92eb8d9a-720a-45e0-8e6d-5a2907e9ce45 admin admin] Could not find role: member.: keystone.exception.RoleNotFound: Could not find role: member.
Dec 04 05:06:01 user devstack@keystone.service[46342]: ERROR keystone.server.flask.application
Traceback (most recent call last):
Dec 04 05:06:01 user devstack@keystone.service[46342]: ERROR keystone.server.flask.application
File "/opt/stack/data/venv/lib/python3.10/site-packages/flask/app.py", line 1823, in full_dispatch_request
Dec 04 05:06:01 user devstack@keystone.service[46342]: ERROR keystone.server.flask.application rv = self.dispatch_request()
Dec 04 05:06:01 user devstack@keystone.service[46342]: ERROR keystone.server.flask.application
File "/opt/stack/data/venv/lib/python3.10/site-packages/flask/app.py", line 1799, in dispatch_request
Dec 04 05:06:01 user devstack@keystone.service[46342]: ERROR keystone.server.flask.application return self.ensure_sync(self.view_functions[rule.endpoint])(**view_args)
Dec 04 05:06:01 user devstack@keystone.service[46342]: ERROR keystone.server.flask.application
File "/opt/stack/data/venv/lib/python3.10/site-packages/flask_restful/__init__.py", line 489, in wrapper
Dec 04 05:06:01 user devstack@keystone.service[46342]: ERROR keystone.server.flask.application resp = resource(*args, **kwargs)
Dec 04 05:06:01 user devstack@keystone.service[46342]: ERROR keystone.server.flask.application
File "/opt/stack/data/venv/lib/python3.10/site-packages/flask/views.py", line 107, in view
Dec 04 05:06:01 user devstack@keystone.service[46342]: ERROR keystone.server.flask.application return current_app.ensure_sync(self.dispatch_request)(**kwargs)
Dec 04 05:06:01 user devstack@keystone.service[46342]: ERROR keystone.server.flask.application
File "/opt/stack/data/venv/lib/python3.10/site-packages/flask_restful/__init__.py", line 604, in dispatch_request
Dec 04 05:06:01 user devstack@keystone.service[46342]: ERROR keystone.server.flask.application resp = meth(*args, **kwargs)
Dec 04 05:06:01 user devstack@keystone.service[46342]: ERROR keystone.server.flask.application
File "/opt/stack/keystone/keystone/api/roles.py", line 50, in get
Dec 04 05:06:01 user devstack@keystone.service[46342]: ERROR keystone.server.flask.application return self._get_role(role_id)
Dec 04 05:06:01 user devstack@keystone.service[46342]: ERROR keystone.server.flask.application
File "/opt/stack/keystone/keystone/api/roles.py", line 70, in _get_role
Dec 04 05:06:01 user devstack@keystone.service[46342]: ERROR keystone.server.flask.application ENFORCER.enforce_call(action='identity:get_role')
Dec 04 05:06:01 user devstack@keystone.service[46342]: ERROR keystone.server.flask.application
File "/opt/stack/keystone/keystone/common/rbac_enforcer/enforcer.py", line 402, in enforce_call
Dec 04 05:06:01 user devstack@keystone.service[46342]: ERROR keystone.server.flask.application policy_dict.update(cls._extract_member_target_data(
Dec 04 05:06:01 user devstack@keystone.service[46342]: ERROR keystone.server.flask.application
File "/opt/stack/keystone/keystone/common/rbac_enforcer/enforcer.py", line 234, in _extract_member_target_data
Dec 04 05:06:01 user devstack@keystone.service[46342]: ERROR keystone.server.flask.application member_name: func(flask.request.view_args[key])
Dec 04 05:06:01 user devstack@keystone.service[46342]: ERROR keystone.server.flask.application
File "/opt/stack/keystone/keystone/common/manager.py", line 110, in wrapped
Dec 04 05:06:01 user devstack@keystone.service[46342]: ERROR keystone.server.flask.application __ret_val = __f(*args, **kwargs)
Dec 04 05:06:01 user devstack@keystone.service[46342]: ERROR keystone.server.flask.application
File "/opt/stack/data/venv/lib/python3.10/site-packages/decorator.py", line 232, in fun
Dec 04 05:06:01 user devstack@keystone.service[46342]: ERROR keystone.server.flask.application return caller(func, *(extras + args), **kw)
Dec 04 05:06:01 user devstack@keystone.service[46342]: ERROR keystone.server.flask.application
File "/opt/stack/data/venv/lib/python3.10/site-packages/dogpile/cache/region.py", line 1594, in get_or_create_for_user_func
Dec 04 05:06:01 user devstack@keystone.service[46342]: ERROR keystone.server.flask.application return self.get_or_create(
Dec 04 05:06:01 user devstack@keystone.service[46342]: ERROR keystone.server.flask.application
File "/opt/stack/data/venv/lib/python3.10/site-packages/dogpile/cache/region.py", line 1054, in get_or_create
Dec 04 05:06:01 user devstack@keystone.service[46342]: ERROR keystone.server.flask.application with Lock(
Dec 04 05:06:01 user devstack@keystone.service[46342]: ERROR keystone.server.flask.application
File "/opt/stack/data/venv/lib/python3.10/site-packages/dogpile/lock.py", line 185, in __enter__
Dec 04 05:06:01 user devstack@keystone.service[46342]: ERROR keystone.server.flask.application return self._enter()
Dec 04 05:06:01 user devstack@keystone.service[46342]: ERROR keystone.server.flask.application
File "/opt/stack/data/venv/lib/python3.10/site-packages/dogpile/lock.py", line 94, in _enter
Dec 04 05:06:01 user devstack@keystone.service[46342]: ERROR keystone.server.flask.application generated = self._enter_create(value, createdtime)
Dec 04 05:06:01 user devstack@keystone.service[46342]: ERROR keystone.server.flask.application
File "/opt/stack/data/venv/lib/python3.10/site-packages/dogpile/lock.py", line 178, in _enter_create
Dec 04 05:06:01 user devstack@keystone.service[46342]: ERROR keystone.server.flask.application return self.creator()
Dec 04 05:06:01 user devstack@keystone.service[46342]: ERROR keystone.server.flask.application
File "/opt/stack/data/venv/lib/python3.10/site-packages/dogpile/cache/region.py", line 1007, in gen_value
Dec 04 05:06:01 user devstack@keystone.service[46342]: ERROR keystone.server.flask.application created_value = creator(
Dec 04 05:06:01 user devstack@keystone.service[46342]: ERROR keystone.server.flask.application
File "/opt/stack/keystone/keystone/assignment/core.py", line 1276, in get_role
Dec 04 05:06:01 user devstack@keystone.service[46342]: ERROR keystone.server.flask.application return self.driver.get_role(role_id)
Dec 04 05:06:01 user devstack@keystone.service[46342]: ERROR keystone.server.flask.application
File "/opt/stack/keystone/keystone/assignment/role_backends/sql.py", line 70, in get_role
Dec 04 05:06:01 user devstack@keystone.service[46342]: ERROR keystone.server.flask.application return self._get_role(session, role_id).to_dict()
Dec 04 05:06:01 user devstack@keystone.service[46342]: ERROR keystone.server.flask.application
File "/opt/stack/keystone/keystone/assignment/role_backends/sql.py", line 65, in _get_role
Dec 04 05:06:01 user devstack@keystone.service[46342]: ERROR keystone.server.flask.application raise exception.RoleNotFound(role_id=role_id)
Dec 04 05:06:01 user devstack@keystone.service[46342]: ERROR keystone.server.flask.application keystone.exception.RoleNotFound: Could not find role: member.
Dec 04 05:06:01 user devstack@keystone.service[46342]: ERROR keystone.server.flask.application
Dec 04 05:06:01 user devstack@keystone.service[46342]: [pid: 46342|app: 0|req: 92/278] 10.0.0.210 () {56 vars in 1115 bytes} [Mon Dec 4 05:06:01 2023] GET /identity/v3/roles/member => generated 84 bytes in 101 msecs (HTTP/1.1 404) 5 headers in 183 bytes (1 switches on core 0)
Dec 04 05:06:01 user devstack@keystone.service[46343]: DEBUG keystone.server.flask.request_processing.middleware.auth_context [None req-68b45ed3-95ac-4ce1-b9bf-2e9630933b23 None None] Authenticating user token {{(pid=46343) process_request /opt/stack/data/venv/lib/python3.10/site-packages/keystonemiddleware/auth_token/__init__.py:406}}
Dec 04 05:06:01 user devstack@keystone.service[46341]: DEBUG keystone.server.flask.request_processing.req_logging [None req-3619ef72-0143-401a-8dd3-bdbf0b2215e3 None None] REQUEST_METHOD: `GET` {{(pid=46341) log_request_info /opt/stack/keystone/keystone/server/flask/request_processing/req_logging.py:27}}
Dec 04 05:06:01 user devstack@keystone.service[46341]: DEBUG keystone.server.flask.request_processing.req_logging [None req-3619ef72-0143-401a-8dd3-bdbf0b2215e3 None None] SCRIPT_NAME: `/identity` {{(pid=46341) log_request_info /opt/stack/keystone/keystone/server/flask/request_processing/req_logging.py:28}}
Dec 04 05:06:01 user devstack@keystone.service[46341]: DEBUG keystone.server.flask.request_processing.req_logging [None req-3619ef72-0143-401a-8dd3-bdbf0b2215e3 None None] PATH_INFO: `/` {{(pid=46341) log_request_info /opt/stack/keystone/keystone/server/flask/request_processing/req_logging.py:29}}
Dec 04 05:06:01 user devstack@keystone.service[46343]: DEBUG keystone.server.flask.request_processing.middleware.auth_context [None req-68b45ed3-95ac-4ce1-b9bf-2e9630933b23 None None] Validating token access rules against request {{(pid=46343) validate_allowed_request /opt/stack/data/venv/lib/python3.10/site-packages/keystonemiddleware/auth_token/__init__.py:544}}
Dec 04 05:06:01 user devstack@keystone.service[46341]: [pid: 46341|app: 0|req: 96/279] 10.0.0.210 () {54 vars in 921 bytes} [Mon Dec 4 05:06:01 2023] GET /identity => generated 269 bytes in 6 msecs (HTTP/1.1 300) 6 headers in 233 bytes (1 switches on core 0)
Dec 04 05:06:01 user devstack@keystone.service[46343]: DEBUG keystone.server.flask.request_processing.middleware.auth_context [None req-875b2232-9315-4f50-955b-a1c4061e4a61 admin admin] RBAC: auth_context: {'token': , 'domain_id': None, 'trust_id': None, 'trustor_id': None, 'trustee_id': None, 'domain_name': None, 'group_ids': [], 'user_id': 'c87ecdf809fa4eac90b4913b1f569d6b', 'user_domain_id': 'default', 'system_scope': None, 'project_id': '52cf550bd9d94c6ab8ff1d16442b6c63', 'project_domain_id': 'default', 'roles': ['admin', 'reader', 'member', 'manager'], 'is_admin_project': True, 'service_user_id': None, 'service_user_domain_id': None, 'service_project_id': None, 'service_project_domain_id': None, 'service_roles': []} {{(pid=46343) fill_context /opt/stack/keystone/keystone/server/flask/request_processing/middleware/auth_context.py:480}}
Dec 04 05:06:01 user devstack@keystone.service[46342]: DEBUG keystone.server.flask.request_processing.req_logging [None req-78085e23-f5e4-4974-b05c-9f47727af467 None None] REQUEST_METHOD: `POST` {{(pid=46342) log_request_info /opt/stack/keystone/keystone/server/flask/request_processing/req_logging.py:27}}
Dec 04 05:06:01 user devstack@keystone.service[46342]: DEBUG keystone.server.flask.request_processing.req_logging [None req-78085e23-f5e4-4974-b05c-9f47727af467 None None] SCRIPT_NAME: `/identity` {{(pid=46342) log_request_info /opt/stack/keystone/keystone/server/flask/request_processing/req_logging.py:28}}
Dec 04 05:06:01 user devstack@keystone.service[46342]: DEBUG keystone.server.flask.request_processing.req_logging [None req-78085e23-f5e4-4974-b05c-9f47727af467 None None] PATH_INFO: `/v3/auth/tokens` {{(pid=46342) log_request_info /opt/stack/keystone/keystone/server/flask/request_processing/req_logging.py:29}}
Dec 04 05:06:01 user devstack@keystone.service[46343]: DEBUG keystone.server.flask.request_processing.req_logging [None req-875b2232-9315-4f50-955b-a1c4061e4a61 admin admin] REQUEST_METHOD: `GET` {{(pid=46343) log_request_info /opt/stack/keystone/keystone/server/flask/request_processing/req_logging.py:27}}
Dec 04 05:06:01 user devstack@keystone.service[46343]: DEBUG keystone.server.flask.request_processing.req_logging [None req-875b2232-9315-4f50-955b-a1c4061e4a61 admin admin] SCRIPT_NAME: `/identity` {{(pid=46343) log_request_info /opt/stack/keystone/keystone/server/flask/request_processing/req_logging.py:28}}
Dec 04 05:06:01 user devstack@keystone.service[46343]: DEBUG keystone.server.flask.request_processing.req_logging [None req-875b2232-9315-4f50-955b-a1c4061e4a61 admin admin] PATH_INFO: `/v3/roles` {{(pid=46343) log_request_info /opt/stack/keystone/keystone/server/flask/request_processing/req_logging.py:29}}
Dec 04 05:06:01 user devstack@keystone.service[46343]: DEBUG keystone.common.rbac_enforcer.enforcer [None req-875b2232-9315-4f50-955b-a1c4061e4a61 admin admin] RBAC: Adding query filter params (name=member) {{(pid=46343) _extract_filter_values /opt/stack/keystone/keystone/common/rbac_enforcer/enforcer.py:167}}
Dec 04 05:06:01 user devstack@keystone.service[46343]: DEBUG keystone.common.rbac_enforcer.enforcer [None req-875b2232-9315-4f50-955b-a1c4061e4a61 admin admin] RBAC: Authorizing `identity:list_roles()` {{(pid=46343) enforce_call /opt/stack/keystone/keystone/common/rbac_enforcer/enforcer.py:449}}
Dec 04 05:06:01 user devstack@keystone.service[46343]: WARNING py.warnings [None req-875b2232-9315-4f50-955b-a1c4061e4a61 admin admin] /opt/stack/data/venv/lib/python3.10/site-packages/oslo_policy/policy.py:1130: UserWarning: Policy "identity:list_roles": "role:reader and system_scope:all" failed scope check. The token used to make the request was project scoped but the policy requires ['system'] scope. This behavior may change in the future where using the intended scope is required
Dec 04 05:06:01 user devstack@keystone.service[46343]: warnings.warn(msg)
Dec 04 05:06:01 user devstack@keystone.service[46343]:
Dec 04 05:06:01 user devstack@keystone.service[46343]: DEBUG keystone.common.rbac_enforcer.enforcer [None req-875b2232-9315-4f50-955b-a1c4061e4a61 admin admin] RBAC: Authorization granted {{(pid=46343) enforce_call /opt/stack/keystone/keystone/common/rbac_enforcer/enforcer.py:457}}
Dec 04 05:06:01 user devstack@keystone.service[46343]: [pid: 46343|app: 0|req: 92/280] 10.0.0.210 () {56 vars in 1117 bytes} [Mon Dec 4 05:06:01 2023] GET /identity/v3/roles?name=member => generated 339 bytes in 39 msecs (HTTP/1.1 200) 5 headers in 177 bytes (1 switches on core 0)
Dec 04 05:06:01 user devstack@keystone.service[46342]: WARNING keystone.common.password_hashing [None req-78085e23-f5e4-4974-b05c-9f47727af467 None None] Truncating password to algorithm specific maximum length 72 characters.
Dec 04 05:06:01 user devstack@keystone.service[46341]: DEBUG keystone.server.flask.request_processing.middleware.auth_context [None req-3619ef72-0143-401a-8dd3-bdbf0b2215e3 None None] Authenticating user token {{(pid=46341) process_request /opt/stack/data/venv/lib/python3.10/site-packages/keystonemiddleware/auth_token/__init__.py:406}}
Dec 04 05:06:01 user devstack@keystone.service[46342]: DEBUG keystone.auth.core [None req-78085e23-f5e4-4974-b05c-9f47727af467 None None] MFA Rules not processed for user `c87ecdf809fa4eac90b4913b1f569d6b`. Rule list: `[]` (Enabled: `True`). {{(pid=46342) check_auth_methods_against_rules /opt/stack/keystone/keystone/auth/core.py:438}}
Dec 04 05:06:01 user devstack@keystone.service[46342]: DEBUG keystone.common.fernet_utils [None req-78085e23-f5e4-4974-b05c-9f47727af467 None None] Loaded 2 Fernet keys from /etc/keystone/fernet-keys/, but `[fernet_tokens] max_active_keys = 3`; perhaps there have not been enough key rotations to reach `max_active_keys` yet? {{(pid=46342) load_keys /opt/stack/keystone/keystone/common/fernet_utils.py:286}}
Dec 04 05:06:01 user devstack@keystone.service[46342]: [pid: 46342|app: 0|req: 93/281] 10.0.0.210 () {58 vars in 1018 bytes} [Mon Dec 4 05:06:01 2023] POST /identity/v3/auth/tokens => generated 976 bytes in 43 msecs (HTTP/1.1 201) 6 headers in 384 bytes (1 switches on core 0)
Dec 04 05:06:01 user devstack@keystone.service[46341]: DEBUG keystone.server.flask.request_processing.middleware.auth_context [None req-3619ef72-0143-401a-8dd3-bdbf0b2215e3 None None] Validating token access rules against request {{(pid=46341) validate_allowed_request /opt/stack/data/venv/lib/python3.10/site-packages/keystonemiddleware/auth_token/__init__.py:544}}
Dec 04 05:06:01 user devstack@keystone.service[46341]: DEBUG keystone.server.flask.request_processing.middleware.auth_context [None req-69690197-b8ef-41ee-b75a-86f59ce88973 admin admin] RBAC: auth_context: {'token': , 'domain_id': None, 'trust_id': None, 'trustor_id': None, 'trustee_id': None, 'domain_name': None, 'group_ids': [], 'user_id': 'c87ecdf809fa4eac90b4913b1f569d6b', 'user_domain_id': 'default', 'system_scope': None, 'project_id': '52cf550bd9d94c6ab8ff1d16442b6c63', 'project_domain_id': 'default', 'roles': ['admin', 'reader', 'member', 'manager'], 'is_admin_project': True, 'service_user_id': None, 'service_user_domain_id': None, 'service_project_id': None, 'service_project_domain_id': None, 'service_roles': []} {{(pid=46341) fill_context /opt/stack/keystone/keystone/server/flask/request_processing/middleware/auth_context.py:480}}
Dec 04 05:06:01 user devstack@keystone.service[46341]: DEBUG keystone.server.flask.request_processing.req_logging [None req-69690197-b8ef-41ee-b75a-86f59ce88973 admin admin] REQUEST_METHOD: `GET` {{(pid=46341) log_request_info /opt/stack/keystone/keystone/server/flask/request_processing/req_logging.py:27}}
Dec 04 05:06:01 user devstack@keystone.service[46341]: DEBUG keystone.server.flask.request_processing.req_logging [None req-69690197-b8ef-41ee-b75a-86f59ce88973 admin admin] SCRIPT_NAME: `/identity` {{(pid=46341) log_request_info /opt/stack/keystone/keystone/server/flask/request_processing/req_logging.py:28}}
Dec 04 05:06:01 user devstack@keystone.service[46341]: DEBUG keystone.server.flask.request_processing.req_logging [None req-69690197-b8ef-41ee-b75a-86f59ce88973 admin admin] PATH_INFO: `/v3/groups/19cad1f7e4dc4ab38e4e9338ef9665c1` {{(pid=46341) log_request_info /opt/stack/keystone/keystone/server/flask/request_processing/req_logging.py:29}}
Dec 04 05:06:01 user devstack@keystone.service[46341]: DEBUG keystone.common.rbac_enforcer.enforcer [None req-69690197-b8ef-41ee-b75a-86f59ce88973 admin admin] RBAC: Authorizing `identity:get_group(group_id=19cad1f7e4dc4ab38e4e9338ef9665c1)` {{(pid=46341) enforce_call /opt/stack/keystone/keystone/common/rbac_enforcer/enforcer.py:449}}
Dec 04 05:06:01 user devstack@keystone.service[46341]: DEBUG keystone.common.rbac_enforcer.enforcer [None req-69690197-b8ef-41ee-b75a-86f59ce88973 admin admin] RBAC: Authorization granted {{(pid=46341) enforce_call /opt/stack/keystone/keystone/common/rbac_enforcer/enforcer.py:457}}
Dec 04 05:06:01 user devstack@keystone.service[46341]: [pid: 46341|app: 0|req: 97/282] 10.0.0.210 () {56 vars in 1196 bytes} [Mon Dec 4 05:06:01 2023] GET /identity/v3/groups/19cad1f7e4dc4ab38e4e9338ef9665c1 => generated 225 bytes in 35 msecs (HTTP/1.1 200) 5 headers in 177 bytes (1 switches on core 0)
Dec 04 05:06:01 user devstack@keystone.service[46343]: DEBUG keystone.server.flask.request_processing.middleware.auth_context [None req-875b2232-9315-4f50-955b-a1c4061e4a61 admin admin] Authenticating user token {{(pid=46343) process_request /opt/stack/data/venv/lib/python3.10/site-packages/keystonemiddleware/auth_token/__init__.py:406}}
Dec 04 05:06:01 user devstack@keystone.service[46342]: DEBUG keystone.server.flask.request_processing.middleware.auth_context [None req-78085e23-f5e4-4974-b05c-9f47727af467 None None] Authenticating user token {{(pid=46342) process_request /opt/stack/data/venv/lib/python3.10/site-packages/keystonemiddleware/auth_token/__init__.py:406}}
Dec 04 05:06:01 user devstack@keystone.service[46343]: DEBUG keystone.server.flask.request_processing.middleware.auth_context [None req-875b2232-9315-4f50-955b-a1c4061e4a61 admin admin] Validating token access rules against request {{(pid=46343) validate_allowed_request /opt/stack/data/venv/lib/python3.10/site-packages/keystonemiddleware/auth_token/__init__.py:544}}
Dec 04 05:06:01 user devstack@keystone.service[46343]: DEBUG keystone.server.flask.request_processing.middleware.auth_context [None req-e02446bd-909d-429b-ba1c-f4c1410ccf8f admin admin] RBAC: auth_context: {'token': , 'domain_id': None, 'trust_id': None, 'trustor_id': None, 'trustee_id': None, 'domain_name': None, 'group_ids': [], 'user_id': 'c87ecdf809fa4eac90b4913b1f569d6b', 'user_domain_id': 'default', 'system_scope': None, 'project_id': '52cf550bd9d94c6ab8ff1d16442b6c63', 'project_domain_id': 'default', 'roles': ['admin', 'reader', 'member', 'manager'], 'is_admin_project': True, 'service_user_id': None, 'service_user_domain_id': None, 'service_project_id': None, 'service_project_domain_id': None, 'service_roles': []} {{(pid=46343) fill_context /opt/stack/keystone/keystone/server/flask/request_processing/middleware/auth_context.py:480}}
Dec 04 05:06:01 user devstack@keystone.service[46343]: DEBUG keystone.server.flask.request_processing.req_logging [None req-e02446bd-909d-429b-ba1c-f4c1410ccf8f admin admin] REQUEST_METHOD: `GET` {{(pid=46343) log_request_info /opt/stack/keystone/keystone/server/flask/request_processing/req_logging.py:27}}
Dec 04 05:06:01 user devstack@keystone.service[46341]: DEBUG keystone.server.flask.request_processing.middleware.auth_context [None req-69690197-b8ef-41ee-b75a-86f59ce88973 admin admin] Authenticating user token {{(pid=46341) process_request /opt/stack/data/venv/lib/python3.10/site-packages/keystonemiddleware/auth_token/__init__.py:406}}
Dec 04 05:06:01 user devstack@keystone.service[46343]: DEBUG keystone.server.flask.request_processing.req_logging [None req-e02446bd-909d-429b-ba1c-f4c1410ccf8f admin admin] SCRIPT_NAME: `/identity` {{(pid=46343) log_request_info /opt/stack/keystone/keystone/server/flask/request_processing/req_logging.py:28}}
Dec 04 05:06:01 user devstack@keystone.service[46342]: DEBUG keystone.server.flask.request_processing.middleware.auth_context [None req-78085e23-f5e4-4974-b05c-9f47727af467 None None] Validating token access rules against request {{(pid=46342) validate_allowed_request /opt/stack/data/venv/lib/python3.10/site-packages/keystonemiddleware/auth_token/__init__.py:544}}
Dec 04 05:06:01 user devstack@keystone.service[46343]: DEBUG keystone.server.flask.request_processing.req_logging [None req-e02446bd-909d-429b-ba1c-f4c1410ccf8f admin admin] PATH_INFO: `/v3/projects/0c1d431c553c47df941489143dfa6e30` {{(pid=46343) log_request_info /opt/stack/keystone/keystone/server/flask/request_processing/req_logging.py:29}}
Dec 04 05:06:01 user devstack@keystone.service[46343]: DEBUG keystone.common.rbac_enforcer.enforcer [None req-e02446bd-909d-429b-ba1c-f4c1410ccf8f admin admin] RBAC: Authorizing `identity:get_project(project_id=0c1d431c553c47df941489143dfa6e30)` {{(pid=46343) enforce_call /opt/stack/keystone/keystone/common/rbac_enforcer/enforcer.py:449}}
Dec 04 05:06:01 user devstack@keystone.service[46343]: DEBUG keystone.common.rbac_enforcer.enforcer [None req-e02446bd-909d-429b-ba1c-f4c1410ccf8f admin admin] RBAC: Authorization granted {{(pid=46343) enforce_call /opt/stack/keystone/keystone/common/rbac_enforcer/enforcer.py:457}}
Dec 04 05:06:01 user devstack@keystone.service[46343]: [pid: 46343|app: 0|req: 93/283] 10.0.0.210 () {56 vars in 1202 bytes} [Mon Dec 4 05:06:01 2023] GET /identity/v3/projects/0c1d431c553c47df941489143dfa6e30 => generated 301 bytes in 23 msecs (HTTP/1.1 200) 5 headers in 177 bytes (1 switches on core 0)
Dec 04 05:06:01 user devstack@keystone.service[46342]: DEBUG keystone.server.flask.request_processing.middleware.auth_context [None req-eef15cef-d3a4-48b7-98f6-464891e31ee9 admin admin] RBAC: auth_context: {'token': , 'domain_id': None, 'trust_id': None, 'trustor_id': None, 'trustee_id': None, 'domain_name': None, 'group_ids': [], 'user_id': 'c87ecdf809fa4eac90b4913b1f569d6b', 'user_domain_id': 'default', 'system_scope': None, 'project_id': '52cf550bd9d94c6ab8ff1d16442b6c63', 'project_domain_id': 'default', 'roles': ['admin', 'reader', 'member', 'manager'], 'is_admin_project': True, 'service_user_id': None, 'service_user_domain_id': None, 'service_project_id': None, 'service_project_domain_id': None, 'service_roles': []} {{(pid=46342) fill_context /opt/stack/keystone/keystone/server/flask/request_processing/middleware/auth_context.py:480}}
Dec 04 05:06:01 user devstack@keystone.service[46342]: DEBUG keystone.server.flask.request_processing.req_logging [None req-eef15cef-d3a4-48b7-98f6-464891e31ee9 admin admin] REQUEST_METHOD: `GET` {{(pid=46342) log_request_info /opt/stack/keystone/keystone/server/flask/request_processing/req_logging.py:27}}
Dec 04 05:06:01 user devstack@keystone.service[46342]: DEBUG keystone.server.flask.request_processing.req_logging [None req-eef15cef-d3a4-48b7-98f6-464891e31ee9 admin admin] SCRIPT_NAME: `/identity` {{(pid=46342) log_request_info /opt/stack/keystone/keystone/server/flask/request_processing/req_logging.py:28}}
Dec 04 05:06:01 user devstack@keystone.service[46342]: DEBUG keystone.server.flask.request_processing.req_logging [None req-eef15cef-d3a4-48b7-98f6-464891e31ee9 admin admin] PATH_INFO: `/v3/roles/anotherrole` {{(pid=46342) log_request_info /opt/stack/keystone/keystone/server/flask/request_processing/req_logging.py:29}}
Dec 04 05:06:01 user devstack@keystone.service[46343]: DEBUG keystone.server.flask.request_processing.middleware.auth_context [None req-e02446bd-909d-429b-ba1c-f4c1410ccf8f admin admin] Authenticating user token {{(pid=46343) process_request /opt/stack/data/venv/lib/python3.10/site-packages/keystonemiddleware/auth_token/__init__.py:406}}
Dec 04 05:06:01 user devstack@keystone.service[46342]: DEBUG keystone.common.rbac_enforcer.enforcer [None req-eef15cef-d3a4-48b7-98f6-464891e31ee9 admin admin] Extracting inferred target data resulted in "NOT FOUND (404)". {{(pid=46342) enforce_call /opt/stack/keystone/keystone/common/rbac_enforcer/enforcer.py:409}}
Dec 04 05:06:01 user devstack@keystone.service[46343]: DEBUG keystone.server.flask.request_processing.middleware.auth_context [None req-e02446bd-909d-429b-ba1c-f4c1410ccf8f admin admin] Validating token access rules against request {{(pid=46343) validate_allowed_request /opt/stack/data/venv/lib/python3.10/site-packages/keystonemiddleware/auth_token/__init__.py:544}}
Dec 04 05:06:01 user devstack@keystone.service[46342]: ERROR keystone.server.flask.application [None req-eef15cef-d3a4-48b7-98f6-464891e31ee9 admin admin] Could not find role: anotherrole.: keystone.exception.RoleNotFound: Could not find role: anotherrole.
Dec 04 05:06:01 user devstack@keystone.service[46342]: ERROR keystone.server.flask.application
Traceback (most recent call last):
Dec 04 05:06:01 user devstack@keystone.service[46342]: ERROR keystone.server.flask.application
File "/opt/stack/data/venv/lib/python3.10/site-packages/flask/app.py", line 1823, in full_dispatch_request
Dec 04 05:06:01 user devstack@keystone.service[46342]: ERROR keystone.server.flask.application rv = self.dispatch_request()
Dec 04 05:06:01 user devstack@keystone.service[46342]: ERROR keystone.server.flask.application
File "/opt/stack/data/venv/lib/python3.10/site-packages/flask/app.py", line 1799, in dispatch_request
Dec 04 05:06:01 user devstack@keystone.service[46342]: ERROR keystone.server.flask.application return self.ensure_sync(self.view_functions[rule.endpoint])(**view_args)
Dec 04 05:06:01 user devstack@keystone.service[46342]: ERROR keystone.server.flask.application
File "/opt/stack/data/venv/lib/python3.10/site-packages/flask_restful/__init__.py", line 489, in wrapper
Dec 04 05:06:01 user devstack@keystone.service[46342]: ERROR keystone.server.flask.application resp = resource(*args, **kwargs)
Dec 04 05:06:01 user devstack@keystone.service[46342]: ERROR keystone.server.flask.application
File "/opt/stack/data/venv/lib/python3.10/site-packages/flask/views.py", line 107, in view
Dec 04 05:06:01 user devstack@keystone.service[46342]: ERROR keystone.server.flask.application return current_app.ensure_sync(self.dispatch_request)(**kwargs)
Dec 04 05:06:01 user devstack@keystone.service[46342]: ERROR keystone.server.flask.application
File "/opt/stack/data/venv/lib/python3.10/site-packages/flask_restful/__init__.py", line 604, in dispatch_request
Dec 04 05:06:01 user devstack@keystone.service[46342]: ERROR keystone.server.flask.application resp = meth(*args, **kwargs)
Dec 04 05:06:01 user devstack@keystone.service[46342]: ERROR keystone.server.flask.application
File "/opt/stack/keystone/keystone/api/roles.py", line 50, in get
Dec 04 05:06:01 user devstack@keystone.service[46342]: ERROR keystone.server.flask.application return self._get_role(role_id)
Dec 04 05:06:01 user devstack@keystone.service[46342]: ERROR keystone.server.flask.application
File "/opt/stack/keystone/keystone/api/roles.py", line 70, in _get_role
Dec 04 05:06:01 user devstack@keystone.service[46342]: ERROR keystone.server.flask.application ENFORCER.enforce_call(action='identity:get_role')
Dec 04 05:06:01 user devstack@keystone.service[46342]: ERROR keystone.server.flask.application
File "/opt/stack/keystone/keystone/common/rbac_enforcer/enforcer.py", line 402, in enforce_call
Dec 04 05:06:01 user devstack@keystone.service[46342]: ERROR keystone.server.flask.application policy_dict.update(cls._extract_member_target_data(
Dec 04 05:06:01 user devstack@keystone.service[46342]: ERROR keystone.server.flask.application
File "/opt/stack/keystone/keystone/common/rbac_enforcer/enforcer.py", line 234, in _extract_member_target_data
Dec 04 05:06:01 user devstack@keystone.service[46342]: ERROR keystone.server.flask.application member_name: func(flask.request.view_args[key])
Dec 04 05:06:01 user devstack@keystone.service[46342]: ERROR keystone.server.flask.application
File "/opt/stack/keystone/keystone/common/manager.py", line 110, in wrapped
Dec 04 05:06:01 user devstack@keystone.service[46342]: ERROR keystone.server.flask.application __ret_val = __f(*args, **kwargs)
Dec 04 05:06:01 user devstack@keystone.service[46342]: ERROR keystone.server.flask.application
File "/opt/stack/data/venv/lib/python3.10/site-packages/decorator.py", line 232, in fun
Dec 04 05:06:01 user devstack@keystone.service[46342]: ERROR keystone.server.flask.application return caller(func, *(extras + args), **kw)
Dec 04 05:06:01 user devstack@keystone.service[46342]: ERROR keystone.server.flask.application
File "/opt/stack/data/venv/lib/python3.10/site-packages/dogpile/cache/region.py", line 1594, in get_or_create_for_user_func
Dec 04 05:06:01 user devstack@keystone.service[46342]: ERROR keystone.server.flask.application return self.get_or_create(
Dec 04 05:06:01 user devstack@keystone.service[46342]: ERROR keystone.server.flask.application
File "/opt/stack/data/venv/lib/python3.10/site-packages/dogpile/cache/region.py", line 1054, in get_or_create
Dec 04 05:06:01 user devstack@keystone.service[46342]: ERROR keystone.server.flask.application with Lock(
Dec 04 05:06:01 user devstack@keystone.service[46342]: ERROR keystone.server.flask.application
File "/opt/stack/data/venv/lib/python3.10/site-packages/dogpile/lock.py", line 185, in __enter__
Dec 04 05:06:01 user devstack@keystone.service[46342]: ERROR keystone.server.flask.application return self._enter()
Dec 04 05:06:01 user devstack@keystone.service[46342]: ERROR keystone.server.flask.application
File "/opt/stack/data/venv/lib/python3.10/site-packages/dogpile/lock.py", line 94, in _enter
Dec 04 05:06:01 user devstack@keystone.service[46342]: ERROR keystone.server.flask.application generated = self._enter_create(value, createdtime)
Dec 04 05:06:01 user devstack@keystone.service[46342]: ERROR keystone.server.flask.application
File "/opt/stack/data/venv/lib/python3.10/site-packages/dogpile/lock.py", line 178, in _enter_create
Dec 04 05:06:01 user devstack@keystone.service[46342]: ERROR keystone.server.flask.application return self.creator()
Dec 04 05:06:01 user devstack@keystone.service[46342]: ERROR keystone.server.flask.application
File "/opt/stack/data/venv/lib/python3.10/site-packages/dogpile/cache/region.py", line 1007, in gen_value
Dec 04 05:06:01 user devstack@keystone.service[46342]: ERROR keystone.server.flask.application created_value = creator(
Dec 04 05:06:01 user devstack@keystone.service[46342]: ERROR keystone.server.flask.application
File "/opt/stack/keystone/keystone/assignment/core.py", line 1276, in get_role
Dec 04 05:06:01 user devstack@keystone.service[46342]: ERROR keystone.server.flask.application return self.driver.get_role(role_id)
Dec 04 05:06:01 user devstack@keystone.service[46342]: ERROR keystone.server.flask.application
File "/opt/stack/keystone/keystone/assignment/role_backends/sql.py", line 70, in get_role
Dec 04 05:06:01 user devstack@keystone.service[46342]: ERROR keystone.server.flask.application return self._get_role(session, role_id).to_dict()
Dec 04 05:06:01 user devstack@keystone.service[46342]: ERROR keystone.server.flask.application
File "/opt/stack/keystone/keystone/assignment/role_backends/sql.py", line 65, in _get_role
Dec 04 05:06:01 user devstack@keystone.service[46342]: ERROR keystone.server.flask.application raise exception.RoleNotFound(role_id=role_id)
Dec 04 05:06:01 user devstack@keystone.service[46342]: ERROR keystone.server.flask.application keystone.exception.RoleNotFound: Could not find role: anotherrole.
Dec 04 05:06:01 user devstack@keystone.service[46342]: ERROR keystone.server.flask.application
Dec 04 05:06:01 user devstack@keystone.service[46342]: [pid: 46342|app: 0|req: 94/284] 10.0.0.210 () {56 vars in 1130 bytes} [Mon Dec 4 05:06:01 2023] GET /identity/v3/roles/anotherrole => generated 89 bytes in 36 msecs (HTTP/1.1 404) 5 headers in 183 bytes (1 switches on core 0)
Dec 04 05:06:01 user devstack@keystone.service[46343]: DEBUG keystone.server.flask.request_processing.middleware.auth_context [None req-c5ff7cea-7f68-461c-b4ef-b148cc991909 admin admin] RBAC: auth_context: {'token': , 'domain_id': None, 'trust_id': None, 'trustor_id': None, 'trustee_id': None, 'domain_name': None, 'group_ids': [], 'user_id': 'c87ecdf809fa4eac90b4913b1f569d6b', 'user_domain_id': 'default', 'system_scope': None, 'project_id': '52cf550bd9d94c6ab8ff1d16442b6c63', 'project_domain_id': 'default', 'roles': ['admin', 'reader', 'member', 'manager'], 'is_admin_project': True, 'service_user_id': None, 'service_user_domain_id': None, 'service_project_id': None, 'service_project_domain_id': None, 'service_roles': []} {{(pid=46343) fill_context /opt/stack/keystone/keystone/server/flask/request_processing/middleware/auth_context.py:480}}
Dec 04 05:06:01 user devstack@keystone.service[46343]: DEBUG keystone.server.flask.request_processing.req_logging [None req-c5ff7cea-7f68-461c-b4ef-b148cc991909 admin admin] REQUEST_METHOD: `PUT` {{(pid=46343) log_request_info /opt/stack/keystone/keystone/server/flask/request_processing/req_logging.py:27}}
Dec 04 05:06:01 user devstack@keystone.service[46343]: DEBUG keystone.server.flask.request_processing.req_logging [None req-c5ff7cea-7f68-461c-b4ef-b148cc991909 admin admin] SCRIPT_NAME: `/identity` {{(pid=46343) log_request_info /opt/stack/keystone/keystone/server/flask/request_processing/req_logging.py:28}}
Dec 04 05:06:01 user devstack@keystone.service[46343]: DEBUG keystone.server.flask.request_processing.req_logging [None req-c5ff7cea-7f68-461c-b4ef-b148cc991909 admin admin] PATH_INFO: `/v3/projects/0c1d431c553c47df941489143dfa6e30/groups/19cad1f7e4dc4ab38e4e9338ef9665c1/roles/f4a29e1732434437a913a4bf23bca10a` {{(pid=46343) log_request_info /opt/stack/keystone/keystone/server/flask/request_processing/req_logging.py:29}}
Dec 04 05:06:01 user devstack@keystone.service[46343]: DEBUG keystone.common.rbac_enforcer.enforcer [None req-c5ff7cea-7f68-461c-b4ef-b148cc991909 admin admin] RBAC: Authorizing `identity:create_grant(project_id=0c1d431c553c47df941489143dfa6e30, group_id=19cad1f7e4dc4ab38e4e9338ef9665c1, role_id=f4a29e1732434437a913a4bf23bca10a)` {{(pid=46343) enforce_call /opt/stack/keystone/keystone/common/rbac_enforcer/enforcer.py:449}}
Dec 04 05:06:01 user devstack@keystone.service[46342]: DEBUG keystone.server.flask.request_processing.middleware.auth_context [None req-eef15cef-d3a4-48b7-98f6-464891e31ee9 admin admin] Authenticating user token {{(pid=46342) process_request /opt/stack/data/venv/lib/python3.10/site-packages/keystonemiddleware/auth_token/__init__.py:406}}
Dec 04 05:06:01 user devstack@keystone.service[46343]: WARNING py.warnings [None req-c5ff7cea-7f68-461c-b4ef-b148cc991909 admin admin] /opt/stack/data/venv/lib/python3.10/site-packages/oslo_policy/policy.py:1130: UserWarning: Policy "identity:create_grant": "(role:admin and system_scope:all) or ((role:admin and domain_id:%(target.user.domain_id)s and domain_id:%(target.project.domain_id)s) or (role:admin and domain_id:%(target.user.domain_id)s and domain_id:%(target.domain.id)s) or (role:admin and domain_id:%(target.group.domain_id)s and domain_id:%(target.project.domain_id)s) or (role:admin and domain_id:%(target.group.domain_id)s and domain_id:%(target.domain.id)s)) and (domain_id:%(target.role.domain_id)s or None:%(target.role.domain_id)s)" failed scope check. The token used to make the request was project scoped but the policy requires ['system', 'domain'] scope. This behavior may change in the future where using the intended scope is required
Dec 04 05:06:01 user devstack@keystone.service[46343]: warnings.warn(msg)
Dec 04 05:06:01 user devstack@keystone.service[46343]:
Dec 04 05:06:01 user devstack@keystone.service[46343]: DEBUG keystone.common.rbac_enforcer.enforcer [None req-c5ff7cea-7f68-461c-b4ef-b148cc991909 admin admin] RBAC: Authorization granted {{(pid=46343) enforce_call /opt/stack/keystone/keystone/common/rbac_enforcer/enforcer.py:457}}
Dec 04 05:06:01 user devstack@keystone.service[46342]: DEBUG keystone.server.flask.request_processing.middleware.auth_context [None req-eef15cef-d3a4-48b7-98f6-464891e31ee9 admin admin] Validating token access rules against request {{(pid=46342) validate_allowed_request /opt/stack/data/venv/lib/python3.10/site-packages/keystonemiddleware/auth_token/__init__.py:544}}
Dec 04 05:06:01 user devstack@keystone.service[46343]: [pid: 46343|app: 0|req: 94/285] 10.0.0.210 () {58 vars in 1458 bytes} [Mon Dec 4 05:06:01 2023] PUT /identity/v3/projects/0c1d431c553c47df941489143dfa6e30/groups/19cad1f7e4dc4ab38e4e9338ef9665c1/roles/f4a29e1732434437a913a4bf23bca10a => generated 0 bytes in 37 msecs (HTTP/1.1 204) 3 headers in 132 bytes (0 switches on core 0)
Dec 04 05:06:01 user devstack@keystone.service[46342]: DEBUG keystone.server.flask.request_processing.middleware.auth_context [None req-6bdec517-4e00-4083-983e-f4bba5d18ab9 admin admin] RBAC: auth_context: {'token': , 'domain_id': None, 'trust_id': None, 'trustor_id': None, 'trustee_id': None, 'domain_name': None, 'group_ids': [], 'user_id': 'c87ecdf809fa4eac90b4913b1f569d6b', 'user_domain_id': 'default', 'system_scope': None, 'project_id': '52cf550bd9d94c6ab8ff1d16442b6c63', 'project_domain_id': 'default', 'roles': ['admin', 'reader', 'member', 'manager'], 'is_admin_project': True, 'service_user_id': None, 'service_user_domain_id': None, 'service_project_id': None, 'service_project_domain_id': None, 'service_roles': []} {{(pid=46342) fill_context /opt/stack/keystone/keystone/server/flask/request_processing/middleware/auth_context.py:480}}
Dec 04 05:06:01 user devstack@keystone.service[46342]: DEBUG keystone.server.flask.request_processing.req_logging [None req-6bdec517-4e00-4083-983e-f4bba5d18ab9 admin admin] REQUEST_METHOD: `GET` {{(pid=46342) log_request_info /opt/stack/keystone/keystone/server/flask/request_processing/req_logging.py:27}}
Dec 04 05:06:01 user devstack@keystone.service[46342]: DEBUG keystone.server.flask.request_processing.req_logging [None req-6bdec517-4e00-4083-983e-f4bba5d18ab9 admin admin] SCRIPT_NAME: `/identity` {{(pid=46342) log_request_info /opt/stack/keystone/keystone/server/flask/request_processing/req_logging.py:28}}
Dec 04 05:06:01 user devstack@keystone.service[46342]: DEBUG keystone.server.flask.request_processing.req_logging [None req-6bdec517-4e00-4083-983e-f4bba5d18ab9 admin admin] PATH_INFO: `/v3/roles` {{(pid=46342) log_request_info /opt/stack/keystone/keystone/server/flask/request_processing/req_logging.py:29}}
Dec 04 05:06:01 user devstack@keystone.service[46342]: DEBUG keystone.common.rbac_enforcer.enforcer [None req-6bdec517-4e00-4083-983e-f4bba5d18ab9 admin admin] RBAC: Adding query filter params (name=anotherrole) {{(pid=46342) _extract_filter_values /opt/stack/keystone/keystone/common/rbac_enforcer/enforcer.py:167}}
Dec 04 05:06:01 user devstack@keystone.service[46342]: DEBUG keystone.common.rbac_enforcer.enforcer [None req-6bdec517-4e00-4083-983e-f4bba5d18ab9 admin admin] RBAC: Authorizing `identity:list_roles()` {{(pid=46342) enforce_call /opt/stack/keystone/keystone/common/rbac_enforcer/enforcer.py:449}}
Dec 04 05:06:01 user devstack@keystone.service[46342]: DEBUG keystone.common.rbac_enforcer.enforcer [None req-6bdec517-4e00-4083-983e-f4bba5d18ab9 admin admin] RBAC: Authorization granted {{(pid=46342) enforce_call /opt/stack/keystone/keystone/common/rbac_enforcer/enforcer.py:457}}
Dec 04 05:06:01 user devstack@keystone.service[46342]: [pid: 46342|app: 0|req: 95/286] 10.0.0.210 () {56 vars in 1127 bytes} [Mon Dec 4 05:06:01 2023] GET /identity/v3/roles?name=anotherrole => generated 332 bytes in 125 msecs (HTTP/1.1 200) 5 headers in 177 bytes (1 switches on core 0)
Dec 04 05:06:01 user devstack@keystone.service[46341]: DEBUG keystone.server.flask.request_processing.middleware.auth_context [None req-69690197-b8ef-41ee-b75a-86f59ce88973 admin admin] Validating token access rules against request {{(pid=46341) validate_allowed_request /opt/stack/data/venv/lib/python3.10/site-packages/keystonemiddleware/auth_token/__init__.py:544}}
Dec 04 05:06:01 user devstack@keystone.service[46343]: DEBUG keystone.server.flask.request_processing.middleware.auth_context [None req-c5ff7cea-7f68-461c-b4ef-b148cc991909 admin admin] Authenticating user token {{(pid=46343) process_request /opt/stack/data/venv/lib/python3.10/site-packages/keystonemiddleware/auth_token/__init__.py:406}}
Dec 04 05:06:01 user devstack@keystone.service[46343]: DEBUG keystone.server.flask.request_processing.middleware.auth_context [None req-c5ff7cea-7f68-461c-b4ef-b148cc991909 admin admin] Validating token access rules against request {{(pid=46343) validate_allowed_request /opt/stack/data/venv/lib/python3.10/site-packages/keystonemiddleware/auth_token/__init__.py:544}}
Dec 04 05:06:01 user devstack@keystone.service[46343]: DEBUG keystone.server.flask.request_processing.middleware.auth_context [None req-a46bd458-fb11-425a-8486-184e53158041 admin admin] RBAC: auth_context: {'token': , 'domain_id': None, 'trust_id': None, 'trustor_id': None, 'trustee_id': None, 'domain_name': None, 'group_ids': [], 'user_id': 'c87ecdf809fa4eac90b4913b1f569d6b', 'user_domain_id': 'default', 'system_scope': None, 'project_id': '52cf550bd9d94c6ab8ff1d16442b6c63', 'project_domain_id': 'default', 'roles': ['admin', 'reader', 'member', 'manager'], 'is_admin_project': True, 'service_user_id': None, 'service_user_domain_id': None, 'service_project_id': None, 'service_project_domain_id': None, 'service_roles': []} {{(pid=46343) fill_context /opt/stack/keystone/keystone/server/flask/request_processing/middleware/auth_context.py:480}}
Dec 04 05:06:01 user devstack@keystone.service[46343]: DEBUG keystone.server.flask.request_processing.req_logging [None req-a46bd458-fb11-425a-8486-184e53158041 admin admin] REQUEST_METHOD: `GET` {{(pid=46343) log_request_info /opt/stack/keystone/keystone/server/flask/request_processing/req_logging.py:27}}
Dec 04 05:06:01 user devstack@keystone.service[46343]: DEBUG keystone.server.flask.request_processing.req_logging [None req-a46bd458-fb11-425a-8486-184e53158041 admin admin] SCRIPT_NAME: `/identity` {{(pid=46343) log_request_info /opt/stack/keystone/keystone/server/flask/request_processing/req_logging.py:28}}
Dec 04 05:06:01 user devstack@keystone.service[46343]: DEBUG keystone.server.flask.request_processing.req_logging [None req-a46bd458-fb11-425a-8486-184e53158041 admin admin] PATH_INFO: `/v3/groups/19cad1f7e4dc4ab38e4e9338ef9665c1` {{(pid=46343) log_request_info /opt/stack/keystone/keystone/server/flask/request_processing/req_logging.py:29}}
Dec 04 05:06:01 user devstack@keystone.service[46343]: DEBUG keystone.common.rbac_enforcer.enforcer [None req-a46bd458-fb11-425a-8486-184e53158041 admin admin] RBAC: Authorizing `identity:get_group(group_id=19cad1f7e4dc4ab38e4e9338ef9665c1)` {{(pid=46343) enforce_call /opt/stack/keystone/keystone/common/rbac_enforcer/enforcer.py:449}}
Dec 04 05:06:01 user devstack@keystone.service[46343]: WARNING py.warnings [None req-a46bd458-fb11-425a-8486-184e53158041 admin admin] /opt/stack/data/venv/lib/python3.10/site-packages/oslo_policy/policy.py:1130: UserWarning: Policy "identity:get_group": "(role:reader and system_scope:all) or (role:reader and domain_id:%(target.group.domain_id)s)" failed scope check. The token used to make the request was project scoped but the policy requires ['system', 'domain'] scope. This behavior may change in the future where using the intended scope is required
Dec 04 05:06:01 user devstack@keystone.service[46343]: warnings.warn(msg)
Dec 04 05:06:01 user devstack@keystone.service[46343]:
Dec 04 05:06:01 user devstack@keystone.service[46343]: DEBUG keystone.common.rbac_enforcer.enforcer [None req-a46bd458-fb11-425a-8486-184e53158041 admin admin] RBAC: Authorization granted {{(pid=46343) enforce_call /opt/stack/keystone/keystone/common/rbac_enforcer/enforcer.py:457}}
Dec 04 05:06:01 user devstack@keystone.service[46343]: [pid: 46343|app: 0|req: 95/287] 10.0.0.210 () {56 vars in 1196 bytes} [Mon Dec 4 05:06:01 2023] GET /identity/v3/groups/19cad1f7e4dc4ab38e4e9338ef9665c1 => generated 225 bytes in 21 msecs (HTTP/1.1 200) 5 headers in 177 bytes (1 switches on core 0)
Dec 04 05:06:01 user devstack@keystone.service[46342]: DEBUG keystone.server.flask.request_processing.middleware.auth_context [None req-6bdec517-4e00-4083-983e-f4bba5d18ab9 admin admin] Authenticating user token {{(pid=46342) process_request /opt/stack/data/venv/lib/python3.10/site-packages/keystonemiddleware/auth_token/__init__.py:406}}
Dec 04 05:06:01 user devstack@keystone.service[46343]: DEBUG keystone.server.flask.request_processing.middleware.auth_context [None req-a46bd458-fb11-425a-8486-184e53158041 admin admin] Authenticating user token {{(pid=46343) process_request /opt/stack/data/venv/lib/python3.10/site-packages/keystonemiddleware/auth_token/__init__.py:406}}
