Dec 04 05:18:40 user devstack@n-api.service[64977]: DEBUG oslo_concurrency.lockutils [None req-8d595cc7-1020-47c4-ab7a-a1354a7ab96b tempest-TaggedBootDevicesTest-1989167519 tempest-TaggedBootDevicesTest-1989167519-project-member] Lock "c58e2531-34a3-4553-b3d2-4ed558a028df" "released" by "nova.context.set_target_cell..get_or_set_cached_cell_and_set_connections" :: held 0.000s {{(pid=64977) inner /opt/stack/data/venv/lib/python3.10/site-packages/oslo_concurrency/lockutils.py:423}}
Dec 04 05:18:40 user devstack@n-api.service[64977]: DEBUG oslo_concurrency.lockutils [None req-8d595cc7-1020-47c4-ab7a-a1354a7ab96b tempest-TaggedBootDevicesTest-1989167519 tempest-TaggedBootDevicesTest-1989167519-project-member] Acquiring lock "c58e2531-34a3-4553-b3d2-4ed558a028df" by "nova.context.set_target_cell..get_or_set_cached_cell_and_set_connections" {{(pid=64977) inner /opt/stack/data/venv/lib/python3.10/site-packages/oslo_concurrency/lockutils.py:404}}
Dec 04 05:18:40 user devstack@n-api.service[64977]: DEBUG oslo_concurrency.lockutils [None req-8d595cc7-1020-47c4-ab7a-a1354a7ab96b tempest-TaggedBootDevicesTest-1989167519 tempest-TaggedBootDevicesTest-1989167519-project-member] Lock "c58e2531-34a3-4553-b3d2-4ed558a028df" acquired by "nova.context.set_target_cell..get_or_set_cached_cell_and_set_connections" :: waited 0.000s {{(pid=64977) inner /opt/stack/data/venv/lib/python3.10/site-packages/oslo_concurrency/lockutils.py:409}}
Dec 04 05:18:40 user devstack@n-api.service[64977]: DEBUG oslo_concurrency.lockutils [None req-8d595cc7-1020-47c4-ab7a-a1354a7ab96b tempest-TaggedBootDevicesTest-1989167519 tempest-TaggedBootDevicesTest-1989167519-project-member] Lock "c58e2531-34a3-4553-b3d2-4ed558a028df" "released" by "nova.context.set_target_cell..get_or_set_cached_cell_and_set_connections" :: held 0.000s {{(pid=64977) inner /opt/stack/data/venv/lib/python3.10/site-packages/oslo_concurrency/lockutils.py:423}}
Dec 04 05:18:41 user devstack@n-api.service[64977]: DEBUG nova.compute.api [None req-8d595cc7-1020-47c4-ab7a-a1354a7ab96b tempest-TaggedBootDevicesTest-1989167519 tempest-TaggedBootDevicesTest-1989167519-project-member] [instance: 72c95b32-7a9c-4872-aa09-09e5643a6925] Going to try to terminate instance {{(pid=64977) delete /opt/stack/nova/nova/compute/api.py:2725}}
Dec 04 05:18:41 user devstack@n-api.service[64977]: INFO nova.api.openstack.requestlog [None req-8d595cc7-1020-47c4-ab7a-a1354a7ab96b tempest-TaggedBootDevicesTest-1989167519 tempest-TaggedBootDevicesTest-1989167519-project-member] 10.0.0.210 "DELETE /compute/v2.1/servers/72c95b32-7a9c-4872-aa09-09e5643a6925" status: 204 len: 0 microversion: 2.32 time: 0.175533
Dec 04 05:18:41 user devstack@n-api.service[64977]: [pid: 64977|app: 0|req: 63/192] 10.0.0.210 () {64 vars in 1357 bytes} [Mon Dec 4 05:18:40 2023] DELETE /compute/v2.1/servers/72c95b32-7a9c-4872-aa09-09e5643a6925 => generated 0 bytes in 177 msecs (HTTP/1.1 204) 9 headers in 365 bytes (1 switches on core 0)
Dec 04 05:18:41 user devstack@n-api.service[64976]: DEBUG nova.api.openstack.wsgi [None req-26488a32-86a6-4c8f-888f-006939767ae8 tempest-TaggedBootDevicesTest-1989167519 tempest-TaggedBootDevicesTest-1989167519-project-member] Calling method '>' {{(pid=64976) _process_stack /opt/stack/nova/nova/api/openstack/wsgi.py:513}}
Dec 04 05:18:41 user devstack@n-api.service[64976]: DEBUG nova.compute.api [None req-26488a32-86a6-4c8f-888f-006939767ae8 tempest-TaggedBootDevicesTest-1989167519 tempest-TaggedBootDevicesTest-1989167519-project-member] [instance: 72c95b32-7a9c-4872-aa09-09e5643a6925] Fetching instance by UUID {{(pid=64976) get /opt/stack/nova/nova/compute/api.py:2981}}
Dec 04 05:18:41 user devstack@n-api.service[64976]: DEBUG oslo_concurrency.lockutils [None req-26488a32-86a6-4c8f-888f-006939767ae8 tempest-TaggedBootDevicesTest-1989167519 tempest-TaggedBootDevicesTest-1989167519-project-member] Acquiring lock "c58e2531-34a3-4553-b3d2-4ed558a028df" by "nova.context.set_target_cell..get_or_set_cached_cell_and_set_connections" {{(pid=64976) inner /opt/stack/data/venv/lib/python3.10/site-packages/oslo_concurrency/lockutils.py:404}}
Dec 04 05:18:41 user devstack@n-api.service[64976]: DEBUG oslo_concurrency.lockutils [None req-26488a32-86a6-4c8f-888f-006939767ae8 tempest-TaggedBootDevicesTest-1989167519 tempest-TaggedBootDevicesTest-1989167519-project-member] Lock "c58e2531-34a3-4553-b3d2-4ed558a028df" acquired by "nova.context.set_target_cell..get_or_set_cached_cell_and_set_connections" :: waited 0.001s {{(pid=64976) inner /opt/stack/data/venv/lib/python3.10/site-packages/oslo_concurrency/lockutils.py:409}}
Dec 04 05:18:41 user devstack@n-api.service[64976]: DEBUG oslo_concurrency.lockutils [None req-26488a32-86a6-4c8f-888f-006939767ae8 tempest-TaggedBootDevicesTest-1989167519 tempest-TaggedBootDevicesTest-1989167519-project-member] Lock "c58e2531-34a3-4553-b3d2-4ed558a028df" "released" by "nova.context.set_target_cell..get_or_set_cached_cell_and_set_connections" :: held 0.000s {{(pid=64976) inner /opt/stack/data/venv/lib/python3.10/site-packages/oslo_concurrency/lockutils.py:423}}
Dec 04 05:18:41 user devstack@n-api.service[64976]: DEBUG oslo_concurrency.lockutils [None req-26488a32-86a6-4c8f-888f-006939767ae8 tempest-TaggedBootDevicesTest-1989167519 tempest-TaggedBootDevicesTest-1989167519-project-member] Acquiring lock "c58e2531-34a3-4553-b3d2-4ed558a028df" by "nova.context.set_target_cell..get_or_set_cached_cell_and_set_connections" {{(pid=64976) inner /opt/stack/data/venv/lib/python3.10/site-packages/oslo_concurrency/lockutils.py:404}}
Dec 04 05:18:41 user devstack@n-api.service[64976]: DEBUG oslo_concurrency.lockutils [None req-26488a32-86a6-4c8f-888f-006939767ae8 tempest-TaggedBootDevicesTest-1989167519 tempest-TaggedBootDevicesTest-1989167519-project-member] Lock "c58e2531-34a3-4553-b3d2-4ed558a028df" acquired by "nova.context.set_target_cell..get_or_set_cached_cell_and_set_connections" :: waited 0.000s {{(pid=64976) inner /opt/stack/data/venv/lib/python3.10/site-packages/oslo_concurrency/lockutils.py:409}}
Dec 04 05:18:41 user devstack@n-api.service[64976]: DEBUG oslo_concurrency.lockutils [None req-26488a32-86a6-4c8f-888f-006939767ae8 tempest-TaggedBootDevicesTest-1989167519 tempest-TaggedBootDevicesTest-1989167519-project-member] Lock "c58e2531-34a3-4553-b3d2-4ed558a028df" "released" by "nova.context.set_target_cell..get_or_set_cached_cell_and_set_connections" :: held 0.000s {{(pid=64976) inner /opt/stack/data/venv/lib/python3.10/site-packages/oslo_concurrency/lockutils.py:423}}
Dec 04 05:18:41 user devstack@n-api.service[64976]: DEBUG nova.policy [None req-26488a32-86a6-4c8f-888f-006939767ae8 tempest-TaggedBootDevicesTest-1989167519 tempest-TaggedBootDevicesTest-1989167519-project-member] Policy check for os_compute_api:os-extended-server-attributes failed with credentials {'is_admin': False, 'user_id': '9cec75f181f24bd19744fbd00376cfb5', 'user_domain_id': 'default', 'system_scope': None, 'domain_id': None, 'project_id': 'fb91022bdc324ee4930410ce4853d70d', 'project_domain_id': 'default', 'roles': ['reader', 'member'], 'is_admin_project': True, 'service_user_id': None, 'service_user_domain_id': None, 'service_project_id': None, 'service_project_domain_id': None, 'service_roles': []} {{(pid=64976) authorize /opt/stack/nova/nova/policy.py:203}}
Dec 04 05:18:41 user devstack@n-api.service[64975]: DEBUG nova.api.openstack.wsgi [req-4e473e10-6644-4e88-9483-01f1002ac21e req-25f86865-5c2b-4dfe-a39b-39379e54c7da service nova] Action: 'create', calling method: >, body: {"events": [{"name": "network-changed", "server_uuid": "6c079ed1-7f79-48d4-96e6-6b995a32052c", "tag": "beada711-d85d-4c23-a6b4-5e2918ebaf8b"}]} {{(pid=64975) _process_stack /opt/stack/nova/nova/api/openstack/wsgi.py:511}}
Dec 04 05:18:41 user devstack@n-api.service[64976]: DEBUG nova.policy [None req-26488a32-86a6-4c8f-888f-006939767ae8 tempest-TaggedBootDevicesTest-1989167519 tempest-TaggedBootDevicesTest-1989167519-project-member] Policy check for os_compute_api:servers:show:host_status failed with credentials {'is_admin': False, 'user_id': '9cec75f181f24bd19744fbd00376cfb5', 'user_domain_id': 'default', 'system_scope': None, 'domain_id': None, 'project_id': 'fb91022bdc324ee4930410ce4853d70d', 'project_domain_id': 'default', 'roles': ['reader', 'member'], 'is_admin_project': True, 'service_user_id': None, 'service_user_domain_id': None, 'service_project_id': None, 'service_project_domain_id': None, 'service_roles': []} {{(pid=64976) authorize /opt/stack/nova/nova/policy.py:203}}
Dec 04 05:18:41 user devstack@n-api.service[64976]: DEBUG nova.policy [None req-26488a32-86a6-4c8f-888f-006939767ae8 tempest-TaggedBootDevicesTest-1989167519 tempest-TaggedBootDevicesTest-1989167519-project-member] Policy check for os_compute_api:servers:show:host_status:unknown-only failed with credentials {'is_admin': False, 'user_id': '9cec75f181f24bd19744fbd00376cfb5', 'user_domain_id': 'default', 'system_scope': None, 'domain_id': None, 'project_id': 'fb91022bdc324ee4930410ce4853d70d', 'project_domain_id': 'default', 'roles': ['reader', 'member'], 'is_admin_project': True, 'service_user_id': None, 'service_user_domain_id': None, 'service_project_id': None, 'service_project_domain_id': None, 'service_roles': []} {{(pid=64976) authorize /opt/stack/nova/nova/policy.py:203}}
Dec 04 05:18:41 user devstack@n-api.service[64976]: INFO nova.api.openstack.requestlog [None req-26488a32-86a6-4c8f-888f-006939767ae8 tempest-TaggedBootDevicesTest-1989167519 tempest-TaggedBootDevicesTest-1989167519-project-member] 10.0.0.210 "GET /compute/v2.1/servers/72c95b32-7a9c-4872-aa09-09e5643a6925" status: 200 len: 2945 microversion: 2.32 time: 0.269952
Dec 04 05:18:41 user devstack@n-api.service[64976]: [pid: 64976|app: 0|req: 65/193] 10.0.0.210 () {64 vars in 1354 bytes} [Mon Dec 4 05:18:41 2023] GET /compute/v2.1/servers/72c95b32-7a9c-4872-aa09-09e5643a6925 => generated 2945 bytes in 271 msecs (HTTP/1.1 200) 9 headers in 360 bytes (1 switches on core 0)
Dec 04 05:18:41 user devstack@n-api.service[64975]: DEBUG oslo_concurrency.lockutils [req-4e473e10-6644-4e88-9483-01f1002ac21e req-25f86865-5c2b-4dfe-a39b-39379e54c7da service nova] Acquiring lock "c58e2531-34a3-4553-b3d2-4ed558a028df" by "nova.context.set_target_cell..get_or_set_cached_cell_and_set_connections" {{(pid=64975) inner /opt/stack/data/venv/lib/python3.10/site-packages/oslo_concurrency/lockutils.py:404}}
Dec 04 05:18:41 user devstack@n-api.service[64975]: DEBUG oslo_concurrency.lockutils [req-4e473e10-6644-4e88-9483-01f1002ac21e req-25f86865-5c2b-4dfe-a39b-39379e54c7da service nova] Lock "c58e2531-34a3-4553-b3d2-4ed558a028df" acquired by "nova.context.set_target_cell..get_or_set_cached_cell_and_set_connections" :: waited 0.001s {{(pid=64975) inner /opt/stack/data/venv/lib/python3.10/site-packages/oslo_concurrency/lockutils.py:409}}
Dec 04 05:18:41 user devstack@n-api.service[64975]: DEBUG oslo_concurrency.lockutils [req-4e473e10-6644-4e88-9483-01f1002ac21e req-25f86865-5c2b-4dfe-a39b-39379e54c7da service nova] Lock "c58e2531-34a3-4553-b3d2-4ed558a028df" "released" by "nova.context.set_target_cell..get_or_set_cached_cell_and_set_connections" :: held 0.000s {{(pid=64975) inner /opt/stack/data/venv/lib/python3.10/site-packages/oslo_concurrency/lockutils.py:423}}
Dec 04 05:18:41 user devstack@n-api.service[64977]: DEBUG nova.api.openstack.wsgi [req-59afb6d4-b252-4667-a442-5873f70d8f13 req-c0c3e046-08bc-41e2-a33f-8eb69c0f22b7 service nova] Action: 'create', calling method: >, body: {"events": [{"server_uuid": "72c95b32-7a9c-4872-aa09-09e5643a6925", "name": "network-vif-unplugged", "status": "completed", "tag": "a1480511-0e6d-4c7d-a078-0a020232c5ab"}]} {{(pid=64977) _process_stack /opt/stack/nova/nova/api/openstack/wsgi.py:511}}
Dec 04 05:18:41 user devstack@n-api.service[64975]: INFO nova.api.openstack.compute.server_external_events [req-4e473e10-6644-4e88-9483-01f1002ac21e req-25f86865-5c2b-4dfe-a39b-39379e54c7da service nova] Creating event network-changed:beada711-d85d-4c23-a6b4-5e2918ebaf8b for instance 6c079ed1-7f79-48d4-96e6-6b995a32052c on user
Dec 04 05:18:41 user devstack@n-api.service[64975]: INFO nova.api.openstack.requestlog [req-4e473e10-6644-4e88-9483-01f1002ac21e req-25f86865-5c2b-4dfe-a39b-39379e54c7da service nova] 10.0.0.210 "POST /compute/v2.1/os-server-external-events" status: 200 len: 179 microversion: 2.1 time: 0.045145
Dec 04 05:18:41 user devstack@n-api.service[64975]: [pid: 64975|app: 0|req: 66/194] 10.0.0.210 () {68 vars in 1394 bytes} [Mon Dec 4 05:18:41 2023] POST /compute/v2.1/os-server-external-events => generated 179 bytes in 47 msecs (HTTP/1.1 200) 9 headers in 357 bytes (1 switches on core 0)
Dec 04 05:18:41 user devstack@n-api.service[64977]: DEBUG oslo_concurrency.lockutils [req-59afb6d4-b252-4667-a442-5873f70d8f13 req-c0c3e046-08bc-41e2-a33f-8eb69c0f22b7 service nova] Acquiring lock "c58e2531-34a3-4553-b3d2-4ed558a028df" by "nova.context.set_target_cell..get_or_set_cached_cell_and_set_connections" {{(pid=64977) inner /opt/stack/data/venv/lib/python3.10/site-packages/oslo_concurrency/lockutils.py:404}}
Dec 04 05:18:41 user devstack@n-api.service[64977]: DEBUG oslo_concurrency.lockutils [req-59afb6d4-b252-4667-a442-5873f70d8f13 req-c0c3e046-08bc-41e2-a33f-8eb69c0f22b7 service nova] Lock "c58e2531-34a3-4553-b3d2-4ed558a028df" acquired by "nova.context.set_target_cell..get_or_set_cached_cell_and_set_connections" :: waited 0.001s {{(pid=64977) inner /opt/stack/data/venv/lib/python3.10/site-packages/oslo_concurrency/lockutils.py:409}}
Dec 04 05:18:41 user devstack@n-api.service[64977]: DEBUG oslo_concurrency.lockutils [req-59afb6d4-b252-4667-a442-5873f70d8f13 req-c0c3e046-08bc-41e2-a33f-8eb69c0f22b7 service nova] Lock "c58e2531-34a3-4553-b3d2-4ed558a028df" "released" by "nova.context.set_target_cell..get_or_set_cached_cell_and_set_connections" :: held 0.000s {{(pid=64977) inner /opt/stack/data/venv/lib/python3.10/site-packages/oslo_concurrency/lockutils.py:423}}
Dec 04 05:18:41 user devstack@n-api.service[64977]: INFO nova.api.openstack.compute.server_external_events [req-59afb6d4-b252-4667-a442-5873f70d8f13 req-c0c3e046-08bc-41e2-a33f-8eb69c0f22b7 service nova] Creating event network-vif-unplugged:a1480511-0e6d-4c7d-a078-0a020232c5ab for instance 72c95b32-7a9c-4872-aa09-09e5643a6925 on user
Dec 04 05:18:41 user devstack@n-api.service[64977]: INFO nova.api.openstack.requestlog [req-59afb6d4-b252-4667-a442-5873f70d8f13 req-c0c3e046-08bc-41e2-a33f-8eb69c0f22b7 service nova] 10.0.0.210 "POST /compute/v2.1/os-server-external-events" status: 200 len: 185 microversion: 2.1 time: 0.049213
Dec 04 05:18:41 user devstack@n-api.service[64977]: [pid: 64977|app: 0|req: 64/195] 10.0.0.210 () {68 vars in 1394 bytes} [Mon Dec 4 05:18:41 2023] POST /compute/v2.1/os-server-external-events => generated 185 bytes in 51 msecs (HTTP/1.1 200) 9 headers in 357 bytes (1 switches on core 0)
Dec 04 05:18:41 user devstack@n-api.service[64976]: DEBUG nova.api.openstack.wsgi [req-a061621f-ae0e-4422-9e70-30bf68c9f675 req-f5aedbdf-8390-4fd4-9525-1fe31c93e568 service nova] Action: 'create', calling method: >, body: {"events": [{"server_uuid": "72c95b32-7a9c-4872-aa09-09e5643a6925", "name": "network-vif-unplugged", "status": "completed", "tag": "a44d47ee-ecdc-418e-8cdd-d8eec6d36998"}]} {{(pid=64976) _process_stack /opt/stack/nova/nova/api/openstack/wsgi.py:511}}
Dec 04 05:18:41 user devstack@n-api.service[64976]: DEBUG oslo_concurrency.lockutils [req-a061621f-ae0e-4422-9e70-30bf68c9f675 req-f5aedbdf-8390-4fd4-9525-1fe31c93e568 service nova] Acquiring lock "c58e2531-34a3-4553-b3d2-4ed558a028df" by "nova.context.set_target_cell..get_or_set_cached_cell_and_set_connections" {{(pid=64976) inner /opt/stack/data/venv/lib/python3.10/site-packages/oslo_concurrency/lockutils.py:404}}
Dec 04 05:18:41 user devstack@n-api.service[64976]: DEBUG oslo_concurrency.lockutils [req-a061621f-ae0e-4422-9e70-30bf68c9f675 req-f5aedbdf-8390-4fd4-9525-1fe31c93e568 service nova] Lock "c58e2531-34a3-4553-b3d2-4ed558a028df" acquired by "nova.context.set_target_cell..get_or_set_cached_cell_and_set_connections" :: waited 0.001s {{(pid=64976) inner /opt/stack/data/venv/lib/python3.10/site-packages/oslo_concurrency/lockutils.py:409}}
Dec 04 05:18:41 user devstack@n-api.service[64976]: DEBUG oslo_concurrency.lockutils [req-a061621f-ae0e-4422-9e70-30bf68c9f675 req-f5aedbdf-8390-4fd4-9525-1fe31c93e568 service nova] Lock "c58e2531-34a3-4553-b3d2-4ed558a028df" "released" by "nova.context.set_target_cell..get_or_set_cached_cell_and_set_connections" :: held 0.000s {{(pid=64976) inner /opt/stack/data/venv/lib/python3.10/site-packages/oslo_concurrency/lockutils.py:423}}
Dec 04 05:18:41 user devstack@n-api.service[64976]: INFO nova.api.openstack.compute.server_external_events [req-a061621f-ae0e-4422-9e70-30bf68c9f675 req-f5aedbdf-8390-4fd4-9525-1fe31c93e568 service nova] Creating event network-vif-unplugged:a44d47ee-ecdc-418e-8cdd-d8eec6d36998 for instance 72c95b32-7a9c-4872-aa09-09e5643a6925 on user
Dec 04 05:18:41 user devstack@n-api.service[64976]: INFO nova.api.openstack.requestlog [req-a061621f-ae0e-4422-9e70-30bf68c9f675 req-f5aedbdf-8390-4fd4-9525-1fe31c93e568 service nova] 10.0.0.210 "POST /compute/v2.1/os-server-external-events" status: 200 len: 185 microversion: 2.1 time: 0.039662
Dec 04 05:18:41 user devstack@n-api.service[64976]: [pid: 64976|app: 0|req: 66/196] 10.0.0.210 () {68 vars in 1394 bytes} [Mon Dec 4 05:18:41 2023] POST /compute/v2.1/os-server-external-events => generated 185 bytes in 41 msecs (HTTP/1.1 200) 9 headers in 357 bytes (1 switches on core 0)
Dec 04 05:18:42 user devstack@n-api.service[64975]: DEBUG nova.api.openstack.wsgi [None req-bb77d7ee-60b4-4acc-ba02-9f238b047adb tempest-TaggedAttachmentsTest-12289357 tempest-TaggedAttachmentsTest-12289357-project-member] Calling method '>' {{(pid=64975) _process_stack /opt/stack/nova/nova/api/openstack/wsgi.py:513}}
Dec 04 05:18:42 user devstack@n-api.service[64975]: DEBUG nova.compute.api [None req-bb77d7ee-60b4-4acc-ba02-9f238b047adb tempest-TaggedAttachmentsTest-12289357 tempest-TaggedAttachmentsTest-12289357-project-member] [instance: 7e9c7fba-aee2-4a95-adb6-643211e0fa95] Fetching instance by UUID {{(pid=64975) get /opt/stack/nova/nova/compute/api.py:2981}}
Dec 04 05:18:42 user devstack@n-api.service[64975]: DEBUG oslo_concurrency.lockutils [None req-bb77d7ee-60b4-4acc-ba02-9f238b047adb tempest-TaggedAttachmentsTest-12289357 tempest-TaggedAttachmentsTest-12289357-project-member] Acquiring lock "c58e2531-34a3-4553-b3d2-4ed558a028df" by "nova.context.set_target_cell..get_or_set_cached_cell_and_set_connections" {{(pid=64975) inner /opt/stack/data/venv/lib/python3.10/site-packages/oslo_concurrency/lockutils.py:404}}
Dec 04 05:18:42 user devstack@n-api.service[64975]: DEBUG oslo_concurrency.lockutils [None req-bb77d7ee-60b4-4acc-ba02-9f238b047adb tempest-TaggedAttachmentsTest-12289357 tempest-TaggedAttachmentsTest-12289357-project-member] Lock "c58e2531-34a3-4553-b3d2-4ed558a028df" acquired by "nova.context.set_target_cell..get_or_set_cached_cell_and_set_connections" :: waited 0.001s {{(pid=64975) inner /opt/stack/data/venv/lib/python3.10/site-packages/oslo_concurrency/lockutils.py:409}}
Dec 04 05:18:42 user devstack@n-api.service[64975]: DEBUG oslo_concurrency.lockutils [None req-bb77d7ee-60b4-4acc-ba02-9f238b047adb tempest-TaggedAttachmentsTest-12289357 tempest-TaggedAttachmentsTest-12289357-project-member] Lock "c58e2531-34a3-4553-b3d2-4ed558a028df" "released" by "nova.context.set_target_cell..get_or_set_cached_cell_and_set_connections" :: held 0.000s {{(pid=64975) inner /opt/stack/data/venv/lib/python3.10/site-packages/oslo_concurrency/lockutils.py:423}}
Dec 04 05:18:42 user devstack@n-api.service[64975]: DEBUG oslo_concurrency.lockutils [None req-bb77d7ee-60b4-4acc-ba02-9f238b047adb tempest-TaggedAttachmentsTest-12289357 tempest-TaggedAttachmentsTest-12289357-project-member] Acquiring lock "c58e2531-34a3-4553-b3d2-4ed558a028df" by "nova.context.set_target_cell..get_or_set_cached_cell_and_set_connections" {{(pid=64975) inner /opt/stack/data/venv/lib/python3.10/site-packages/oslo_concurrency/lockutils.py:404}}
Dec 04 05:18:42 user devstack@n-api.service[64975]: DEBUG oslo_concurrency.lockutils [None req-bb77d7ee-60b4-4acc-ba02-9f238b047adb tempest-TaggedAttachmentsTest-12289357 tempest-TaggedAttachmentsTest-12289357-project-member] Lock "c58e2531-34a3-4553-b3d2-4ed558a028df" acquired by "nova.context.set_target_cell..get_or_set_cached_cell_and_set_connections" :: waited 0.000s {{(pid=64975) inner /opt/stack/data/venv/lib/python3.10/site-packages/oslo_concurrency/lockutils.py:409}}
Dec 04 05:18:42 user devstack@n-api.service[64975]: DEBUG oslo_concurrency.lockutils [None req-bb77d7ee-60b4-4acc-ba02-9f238b047adb tempest-TaggedAttachmentsTest-12289357 tempest-TaggedAttachmentsTest-12289357-project-member] Lock "c58e2531-34a3-4553-b3d2-4ed558a028df" "released" by "nova.context.set_target_cell..get_or_set_cached_cell_and_set_connections" :: held 0.000s {{(pid=64975) inner /opt/stack/data/venv/lib/python3.10/site-packages/oslo_concurrency/lockutils.py:423}}
Dec 04 05:18:42 user devstack@n-api.service[64975]: DEBUG nova.objects.instance [None req-bb77d7ee-60b4-4acc-ba02-9f238b047adb tempest-TaggedAttachmentsTest-12289357 tempest-TaggedAttachmentsTest-12289357-project-member] Lazy-loading 'services' on Instance uuid 7e9c7fba-aee2-4a95-adb6-643211e0fa95 {{(pid=64975) obj_load_attr /opt/stack/nova/nova/objects/instance.py:1141}}
Dec 04 05:18:42 user devstack@n-api.service[64975]: INFO nova.api.openstack.requestlog [None req-bb77d7ee-60b4-4acc-ba02-9f238b047adb tempest-TaggedAttachmentsTest-12289357 tempest-TaggedAttachmentsTest-12289357-project-member] 10.0.0.210 "DELETE /compute/v2.1/servers/7e9c7fba-aee2-4a95-adb6-643211e0fa95/os-volume_attachments/ec94dd0e-5203-4216-aa66-c49eba08d4d0" status: 202 len: 0 microversion: 2.49 time: 0.286653
Dec 04 05:18:42 user devstack@n-api.service[64975]: [pid: 64975|app: 0|req: 67/197] 10.0.0.210 () {64 vars in 1534 bytes} [Mon Dec 4 05:18:42 2023] DELETE /compute/v2.1/servers/7e9c7fba-aee2-4a95-adb6-643211e0fa95/os-volume_attachments/ec94dd0e-5203-4216-aa66-c49eba08d4d0 => generated 0 bytes in 292 msecs (HTTP/1.1 202) 9 headers in 363 bytes (2 switches on core 0)
Dec 04 05:18:42 user devstack@n-api.service[64977]: DEBUG nova.api.openstack.wsgi [None req-f3555fa3-ff36-44c7-8ca4-63e5b5bfd3b6 tempest-VolumesSnapshotTestJSON-164518565 tempest-VolumesSnapshotTestJSON-164518565-project-member] Calling method '>' {{(pid=64977) _process_stack /opt/stack/nova/nova/api/openstack/wsgi.py:513}}
Dec 04 05:18:42 user devstack@n-api.service[64977]: DEBUG nova.compute.api [None req-f3555fa3-ff36-44c7-8ca4-63e5b5bfd3b6 tempest-VolumesSnapshotTestJSON-164518565 tempest-VolumesSnapshotTestJSON-164518565-project-member] [instance: 5642774d-db16-4225-96b4-5f9ce9ce61c3] Fetching instance by UUID {{(pid=64977) get /opt/stack/nova/nova/compute/api.py:2981}}
Dec 04 05:18:42 user devstack@n-api.service[64977]: DEBUG oslo_concurrency.lockutils [None req-f3555fa3-ff36-44c7-8ca4-63e5b5bfd3b6 tempest-VolumesSnapshotTestJSON-164518565 tempest-VolumesSnapshotTestJSON-164518565-project-member] Acquiring lock "c58e2531-34a3-4553-b3d2-4ed558a028df" by "nova.context.set_target_cell..get_or_set_cached_cell_and_set_connections" {{(pid=64977) inner /opt/stack/data/venv/lib/python3.10/site-packages/oslo_concurrency/lockutils.py:404}}
Dec 04 05:18:42 user devstack@n-api.service[64977]: DEBUG oslo_concurrency.lockutils [None req-f3555fa3-ff36-44c7-8ca4-63e5b5bfd3b6 tempest-VolumesSnapshotTestJSON-164518565 tempest-VolumesSnapshotTestJSON-164518565-project-member] Lock "c58e2531-34a3-4553-b3d2-4ed558a028df" acquired by "nova.context.set_target_cell..get_or_set_cached_cell_and_set_connections" :: waited 0.001s {{(pid=64977) inner /opt/stack/data/venv/lib/python3.10/site-packages/oslo_concurrency/lockutils.py:409}}
Dec 04 05:18:42 user devstack@n-api.service[64977]: DEBUG oslo_concurrency.lockutils [None req-f3555fa3-ff36-44c7-8ca4-63e5b5bfd3b6 tempest-VolumesSnapshotTestJSON-164518565 tempest-VolumesSnapshotTestJSON-164518565-project-member] Lock "c58e2531-34a3-4553-b3d2-4ed558a028df" "released" by "nova.context.set_target_cell..get_or_set_cached_cell_and_set_connections" :: held 0.000s {{(pid=64977) inner /opt/stack/data/venv/lib/python3.10/site-packages/oslo_concurrency/lockutils.py:423}}
Dec 04 05:18:42 user devstack@n-api.service[64977]: DEBUG oslo_concurrency.lockutils [None req-f3555fa3-ff36-44c7-8ca4-63e5b5bfd3b6 tempest-VolumesSnapshotTestJSON-164518565 tempest-VolumesSnapshotTestJSON-164518565-project-member] Acquiring lock "c58e2531-34a3-4553-b3d2-4ed558a028df" by "nova.context.set_target_cell..get_or_set_cached_cell_and_set_connections" {{(pid=64977) inner /opt/stack/data/venv/lib/python3.10/site-packages/oslo_concurrency/lockutils.py:404}}
Dec 04 05:18:42 user devstack@n-api.service[64977]: DEBUG oslo_concurrency.lockutils [None req-f3555fa3-ff36-44c7-8ca4-63e5b5bfd3b6 tempest-VolumesSnapshotTestJSON-164518565 tempest-VolumesSnapshotTestJSON-164518565-project-member] Lock "c58e2531-34a3-4553-b3d2-4ed558a028df" acquired by "nova.context.set_target_cell..get_or_set_cached_cell_and_set_connections" :: waited 0.000s {{(pid=64977) inner /opt/stack/data/venv/lib/python3.10/site-packages/oslo_concurrency/lockutils.py:409}}
Dec 04 05:18:42 user devstack@n-api.service[64977]: DEBUG oslo_concurrency.lockutils [None req-f3555fa3-ff36-44c7-8ca4-63e5b5bfd3b6 tempest-VolumesSnapshotTestJSON-164518565 tempest-VolumesSnapshotTestJSON-164518565-project-member] Lock "c58e2531-34a3-4553-b3d2-4ed558a028df" "released" by "nova.context.set_target_cell..get_or_set_cached_cell_and_set_connections" :: held 0.000s {{(pid=64977) inner /opt/stack/data/venv/lib/python3.10/site-packages/oslo_concurrency/lockutils.py:423}}
Dec 04 05:18:43 user devstack@n-api.service[64977]: INFO nova.api.openstack.requestlog [None req-f3555fa3-ff36-44c7-8ca4-63e5b5bfd3b6 tempest-VolumesSnapshotTestJSON-164518565 tempest-VolumesSnapshotTestJSON-164518565-project-member] 10.0.0.210 "GET /compute/v2.1/servers/5642774d-db16-4225-96b4-5f9ce9ce61c3/os-interface" status: 200 len: 283 microversion: 2.1 time: 0.421107
Dec 04 05:18:43 user devstack@n-api.service[64977]: [pid: 64977|app: 0|req: 65/198] 10.0.0.210 () {62 vars in 1352 bytes} [Mon Dec 4 05:18:42 2023] GET /compute/v2.1/servers/5642774d-db16-4225-96b4-5f9ce9ce61c3/os-interface => generated 283 bytes in 423 msecs (HTTP/1.1 200) 9 headers in 357 bytes (1 switches on core 0)
Dec 04 05:18:43 user devstack@n-api.service[64976]: DEBUG nova.api.openstack.wsgi [None req-fa2d0551-8b90-4010-9e7d-7587b6d23652 tempest-VolumesAssistedSnapshotsTest-253092870 tempest-VolumesAssistedSnapshotsTest-253092870-project] Action: 'create', calling method: >, body: {"snapshot": {"volume_id": "5f850485-2edc-4a5c-9fc6-2d55aaef6557", "create_info": {"snapshot_id": "316719d7-029b-4abf-a577-a461f506f5ef", "type": "qcow2", "new_file": "new_file"}}} {{(pid=64976) _process_stack /opt/stack/nova/nova/api/openstack/wsgi.py:511}}
Dec 04 05:18:43 user devstack@n-api.service[64976]: DEBUG nova.compute.api [None req-fa2d0551-8b90-4010-9e7d-7587b6d23652 tempest-VolumesAssistedSnapshotsTest-253092870 tempest-VolumesAssistedSnapshotsTest-253092870-project] Found 2 cells: 00000000-0000-0000-0000-000000000000(cell0),c58e2531-34a3-4553-b3d2-4ed558a028df(cell1) {{(pid=64976) load_cells /opt/stack/nova/nova/compute/api.py:320}}
Dec 04 05:18:43 user devstack@n-api.service[64976]: DEBUG oslo_concurrency.lockutils [None req-fa2d0551-8b90-4010-9e7d-7587b6d23652 tempest-VolumesAssistedSnapshotsTest-253092870 tempest-VolumesAssistedSnapshotsTest-253092870-project] Acquiring lock "00000000-0000-0000-0000-000000000000" by "nova.context.set_target_cell..get_or_set_cached_cell_and_set_connections" {{(pid=64976) inner /opt/stack/data/venv/lib/python3.10/site-packages/oslo_concurrency/lockutils.py:404}}
Dec 04 05:18:43 user devstack@n-api.service[64976]: DEBUG oslo_concurrency.lockutils [None req-fa2d0551-8b90-4010-9e7d-7587b6d23652 tempest-VolumesAssistedSnapshotsTest-253092870 tempest-VolumesAssistedSnapshotsTest-253092870-project] Lock "00000000-0000-0000-0000-000000000000" acquired by "nova.context.set_target_cell..get_or_set_cached_cell_and_set_connections" :: waited 0.000s {{(pid=64976) inner /opt/stack/data/venv/lib/python3.10/site-packages/oslo_concurrency/lockutils.py:409}}
Dec 04 05:18:43 user devstack@n-api.service[64976]: DEBUG oslo_concurrency.lockutils [None req-fa2d0551-8b90-4010-9e7d-7587b6d23652 tempest-VolumesAssistedSnapshotsTest-253092870 tempest-VolumesAssistedSnapshotsTest-253092870-project] Lock "00000000-0000-0000-0000-000000000000" "released" by "nova.context.set_target_cell..get_or_set_cached_cell_and_set_connections" :: held 0.000s {{(pid=64976) inner /opt/stack/data/venv/lib/python3.10/site-packages/oslo_concurrency/lockutils.py:423}}
Dec 04 05:18:43 user devstack@n-api.service[64977]: DEBUG nova.api.openstack.wsgi [req-8f2f15df-fb8c-40e2-ad48-c9704d1eedc5 req-c3b7f057-99ab-4fe5-8fe6-c0f78957fecc service nova] Action: 'create', calling method: >, body: {"events": [{"server_uuid": "72c95b32-7a9c-4872-aa09-09e5643a6925", "name": "network-vif-plugged", "status": "completed", "tag": "a1480511-0e6d-4c7d-a078-0a020232c5ab"}, {"server_uuid": "72c95b32-7a9c-4872-aa09-09e5643a6925", "name": "network-vif-unplugged", "status": "completed", "tag": "dada19fc-8012-4170-958e-37f9a033baee"}, {"server_uuid": "72c95b32-7a9c-4872-aa09-09e5643a6925", "name": "network-vif-plugged", "status": "completed", "tag": "dada19fc-8012-4170-958e-37f9a033baee"}, {"server_uuid": "72c95b32-7a9c-4872-aa09-09e5643a6925", "name": "network-vif-unplugged", "status": "completed", "tag": "8bcff7c3-edbf-45df-a386-7e6af10afd5c"}, {"server_uuid": "72c95b32-7a9c-4872-aa09-09e5643a6925", "name": "network-vif-plugged", "status": "completed", "tag": "8bcff7c3-edbf-45df-a386-7e6af10afd5c"}]} {{(pid=64977) _process_stack /opt/stack/nova/nova/api/openstack/wsgi.py:511}}
Dec 04 05:18:43 user devstack@n-api.service[64975]: DEBUG nova.api.openstack.wsgi [req-a9ef6041-9c01-4085-98e9-5b3c7a1a479a req-622e2bf5-983d-4929-b9b1-536fbd4ae0a8 service nova] Action: 'create', calling method: >, body: {"events": [{"server_uuid": "72c95b32-7a9c-4872-aa09-09e5643a6925", "name": "network-vif-unplugged", "status": "completed", "tag": "3f1540e3-e3a8-4551-9981-df8483912999"}, {"server_uuid": "72c95b32-7a9c-4872-aa09-09e5643a6925", "name": "network-vif-plugged", "status": "completed", "tag": "3f1540e3-e3a8-4551-9981-df8483912999"}]} {{(pid=64975) _process_stack /opt/stack/nova/nova/api/openstack/wsgi.py:511}}
Dec 04 05:18:43 user devstack@n-api.service[64977]: DEBUG oslo_concurrency.lockutils [req-8f2f15df-fb8c-40e2-ad48-c9704d1eedc5 req-c3b7f057-99ab-4fe5-8fe6-c0f78957fecc service nova] Acquiring lock "c58e2531-34a3-4553-b3d2-4ed558a028df" by "nova.context.set_target_cell..get_or_set_cached_cell_and_set_connections" {{(pid=64977) inner /opt/stack/data/venv/lib/python3.10/site-packages/oslo_concurrency/lockutils.py:404}}
Dec 04 05:18:43 user devstack@n-api.service[64977]: DEBUG oslo_concurrency.lockutils [req-8f2f15df-fb8c-40e2-ad48-c9704d1eedc5 req-c3b7f057-99ab-4fe5-8fe6-c0f78957fecc service nova] Lock "c58e2531-34a3-4553-b3d2-4ed558a028df" acquired by "nova.context.set_target_cell..get_or_set_cached_cell_and_set_connections" :: waited 0.001s {{(pid=64977) inner /opt/stack/data/venv/lib/python3.10/site-packages/oslo_concurrency/lockutils.py:409}}
Dec 04 05:18:43 user devstack@n-api.service[64977]: DEBUG oslo_concurrency.lockutils [req-8f2f15df-fb8c-40e2-ad48-c9704d1eedc5 req-c3b7f057-99ab-4fe5-8fe6-c0f78957fecc service nova] Lock "c58e2531-34a3-4553-b3d2-4ed558a028df" "released" by "nova.context.set_target_cell..get_or_set_cached_cell_and_set_connections" :: held 0.000s {{(pid=64977) inner /opt/stack/data/venv/lib/python3.10/site-packages/oslo_concurrency/lockutils.py:423}}
Dec 04 05:18:43 user devstack@n-api.service[64977]: INFO nova.api.openstack.compute.server_external_events [req-8f2f15df-fb8c-40e2-ad48-c9704d1eedc5 req-c3b7f057-99ab-4fe5-8fe6-c0f78957fecc service nova] Creating event network-vif-plugged:a1480511-0e6d-4c7d-a078-0a020232c5ab for instance 72c95b32-7a9c-4872-aa09-09e5643a6925 on user
Dec 04 05:18:43 user devstack@n-api.service[64977]: INFO nova.api.openstack.compute.server_external_events [req-8f2f15df-fb8c-40e2-ad48-c9704d1eedc5 req-c3b7f057-99ab-4fe5-8fe6-c0f78957fecc service nova] Creating event network-vif-unplugged:dada19fc-8012-4170-958e-37f9a033baee for instance 72c95b32-7a9c-4872-aa09-09e5643a6925 on user
Dec 04 05:18:43 user devstack@n-api.service[64977]: INFO nova.api.openstack.compute.server_external_events [req-8f2f15df-fb8c-40e2-ad48-c9704d1eedc5 req-c3b7f057-99ab-4fe5-8fe6-c0f78957fecc service nova] Creating event network-vif-plugged:dada19fc-8012-4170-958e-37f9a033baee for instance 72c95b32-7a9c-4872-aa09-09e5643a6925 on user
Dec 04 05:18:43 user devstack@n-api.service[64977]: INFO nova.api.openstack.compute.server_external_events [req-8f2f15df-fb8c-40e2-ad48-c9704d1eedc5 req-c3b7f057-99ab-4fe5-8fe6-c0f78957fecc service nova] Creating event network-vif-unplugged:8bcff7c3-edbf-45df-a386-7e6af10afd5c for instance 72c95b32-7a9c-4872-aa09-09e5643a6925 on user
Dec 04 05:18:43 user devstack@n-api.service[64977]: INFO nova.api.openstack.compute.server_external_events [req-8f2f15df-fb8c-40e2-ad48-c9704d1eedc5 req-c3b7f057-99ab-4fe5-8fe6-c0f78957fecc service nova] Creating event network-vif-plugged:8bcff7c3-edbf-45df-a386-7e6af10afd5c for instance 72c95b32-7a9c-4872-aa09-09e5643a6925 on user
Dec 04 05:18:43 user devstack@n-api.service[64975]: DEBUG oslo_concurrency.lockutils [req-a9ef6041-9c01-4085-98e9-5b3c7a1a479a req-622e2bf5-983d-4929-b9b1-536fbd4ae0a8 service nova] Acquiring lock "c58e2531-34a3-4553-b3d2-4ed558a028df" by "nova.context.set_target_cell..get_or_set_cached_cell_and_set_connections" {{(pid=64975) inner /opt/stack/data/venv/lib/python3.10/site-packages/oslo_concurrency/lockutils.py:404}}
Dec 04 05:18:43 user devstack@n-api.service[64975]: DEBUG oslo_concurrency.lockutils [req-a9ef6041-9c01-4085-98e9-5b3c7a1a479a req-622e2bf5-983d-4929-b9b1-536fbd4ae0a8 service nova] Lock "c58e2531-34a3-4553-b3d2-4ed558a028df" acquired by "nova.context.set_target_cell..get_or_set_cached_cell_and_set_connections" :: waited 0.001s {{(pid=64975) inner /opt/stack/data/venv/lib/python3.10/site-packages/oslo_concurrency/lockutils.py:409}}
Dec 04 05:18:43 user devstack@n-api.service[64975]: DEBUG oslo_concurrency.lockutils [req-a9ef6041-9c01-4085-98e9-5b3c7a1a479a req-622e2bf5-983d-4929-b9b1-536fbd4ae0a8 service nova] Lock "c58e2531-34a3-4553-b3d2-4ed558a028df" "released" by "nova.context.set_target_cell..get_or_set_cached_cell_and_set_connections" :: held 0.001s {{(pid=64975) inner /opt/stack/data/venv/lib/python3.10/site-packages/oslo_concurrency/lockutils.py:423}}
Dec 04 05:18:43 user devstack@n-api.service[64977]: INFO nova.api.openstack.requestlog [req-8f2f15df-fb8c-40e2-ad48-c9704d1eedc5 req-c3b7f057-99ab-4fe5-8fe6-c0f78957fecc service nova] 10.0.0.210 "POST /compute/v2.1/os-server-external-events" status: 200 len: 871 microversion: 2.1 time: 0.151334
Dec 04 05:18:43 user devstack@n-api.service[64977]: [pid: 64977|app: 0|req: 66/199] 10.0.0.210 () {68 vars in 1394 bytes} [Mon Dec 4 05:18:43 2023] POST /compute/v2.1/os-server-external-events => generated 871 bytes in 153 msecs (HTTP/1.1 200) 9 headers in 357 bytes (1 switches on core 0)
Dec 04 05:18:43 user devstack@n-api.service[64976]: DEBUG oslo_concurrency.lockutils [None req-fa2d0551-8b90-4010-9e7d-7587b6d23652 tempest-VolumesAssistedSnapshotsTest-253092870 tempest-VolumesAssistedSnapshotsTest-253092870-project] Acquiring lock "c58e2531-34a3-4553-b3d2-4ed558a028df" by "nova.context.set_target_cell..get_or_set_cached_cell_and_set_connections" {{(pid=64976) inner /opt/stack/data/venv/lib/python3.10/site-packages/oslo_concurrency/lockutils.py:404}}
Dec 04 05:18:43 user devstack@n-api.service[64976]: DEBUG oslo_concurrency.lockutils [None req-fa2d0551-8b90-4010-9e7d-7587b6d23652 tempest-VolumesAssistedSnapshotsTest-253092870 tempest-VolumesAssistedSnapshotsTest-253092870-project] Lock "c58e2531-34a3-4553-b3d2-4ed558a028df" acquired by "nova.context.set_target_cell..get_or_set_cached_cell_and_set_connections" :: waited 0.001s {{(pid=64976) inner /opt/stack/data/venv/lib/python3.10/site-packages/oslo_concurrency/lockutils.py:409}}
Dec 04 05:18:43 user devstack@n-api.service[64976]: DEBUG oslo_concurrency.lockutils [None req-fa2d0551-8b90-4010-9e7d-7587b6d23652 tempest-VolumesAssistedSnapshotsTest-253092870 tempest-VolumesAssistedSnapshotsTest-253092870-project] Lock "c58e2531-34a3-4553-b3d2-4ed558a028df" "released" by "nova.context.set_target_cell..get_or_set_cached_cell_and_set_connections" :: held 0.000s {{(pid=64976) inner /opt/stack/data/venv/lib/python3.10/site-packages/oslo_concurrency/lockutils.py:423}}
Dec 04 05:18:43 user devstack@n-api.service[64975]: INFO nova.api.openstack.compute.server_external_events [req-a9ef6041-9c01-4085-98e9-5b3c7a1a479a req-622e2bf5-983d-4929-b9b1-536fbd4ae0a8 service nova] Creating event network-vif-unplugged:3f1540e3-e3a8-4551-9981-df8483912999 for instance 72c95b32-7a9c-4872-aa09-09e5643a6925 on user
Dec 04 05:18:43 user devstack@n-api.service[64975]: INFO nova.api.openstack.compute.server_external_events [req-a9ef6041-9c01-4085-98e9-5b3c7a1a479a req-622e2bf5-983d-4929-b9b1-536fbd4ae0a8 service nova] Creating event network-vif-plugged:3f1540e3-e3a8-4551-9981-df8483912999 for instance 72c95b32-7a9c-4872-aa09-09e5643a6925 on user
Dec 04 05:18:43 user devstack@n-api.service[64975]: INFO nova.api.openstack.requestlog [req-a9ef6041-9c01-4085-98e9-5b3c7a1a479a req-622e2bf5-983d-4929-b9b1-536fbd4ae0a8 service nova] 10.0.0.210 "POST /compute/v2.1/os-server-external-events" status: 200 len: 356 microversion: 2.1 time: 0.180673
Dec 04 05:18:43 user devstack@n-api.service[64975]: [pid: 64975|app: 0|req: 68/200] 10.0.0.210 () {68 vars in 1394 bytes} [Mon Dec 4 05:18:43 2023] POST /compute/v2.1/os-server-external-events => generated 356 bytes in 182 msecs (HTTP/1.1 200) 9 headers in 357 bytes (1 switches on core 0)
Dec 04 05:18:43 user devstack@n-api.service[64976]: INFO nova.api.openstack.requestlog [None req-fa2d0551-8b90-4010-9e7d-7587b6d23652 tempest-VolumesAssistedSnapshotsTest-253092870 tempest-VolumesAssistedSnapshotsTest-253092870-project] 10.0.0.210 "POST /compute/v2.1/os-assisted-volume-snapshots" status: 200 len: 78 microversion: 2.1 time: 0.420093
Dec 04 05:18:43 user devstack@n-api.service[64976]: [pid: 64976|app: 0|req: 67/201] 10.0.0.210 () {64 vars in 1287 bytes} [Mon Dec 4 05:18:43 2023] POST /compute/v2.1/os-assisted-volume-snapshots => generated 78 bytes in 422 msecs (HTTP/1.1 200) 9 headers in 356 bytes (1 switches on core 0)
Dec 04 05:18:43 user devstack@n-api.service[64977]: DEBUG nova.api.openstack.wsgi [None req-f69d6aa6-87b5-4716-afcb-f156491af83c tempest-VolumesAssistedSnapshotsTest-253092870 tempest-VolumesAssistedSnapshotsTest-253092870-project] Calling method '>' {{(pid=64977) _process_stack /opt/stack/nova/nova/api/openstack/wsgi.py:513}}
Dec 04 05:18:43 user devstack@n-api.service[64975]: DEBUG nova.api.openstack.wsgi [req-d8b4c46f-0f46-495f-90e0-1403f11079a4 req-fecf971f-820e-466b-96c9-44c3dd5a7a91 service nova] Action: 'create', calling method: >, body: {"events": [{"server_uuid": "72c95b32-7a9c-4872-aa09-09e5643a6925", "name": "network-vif-plugged", "status": "completed", "tag": "a44d47ee-ecdc-418e-8cdd-d8eec6d36998"}, {"server_uuid": "72c95b32-7a9c-4872-aa09-09e5643a6925", "name": "network-vif-unplugged", "status": "completed", "tag": "4a2e4a03-77bf-4a2a-adbb-66ccc2f18b15"}, {"server_uuid": "72c95b32-7a9c-4872-aa09-09e5643a6925", "name": "network-vif-plugged", "status": "completed", "tag": "4a2e4a03-77bf-4a2a-adbb-66ccc2f18b15"}, {"server_uuid": "72c95b32-7a9c-4872-aa09-09e5643a6925", "name": "network-vif-unplugged", "status": "completed", "tag": "cc997f3f-af30-446c-884b-a66ce01b55c9"}, {"server_uuid": "72c95b32-7a9c-4872-aa09-09e5643a6925", "name": "network-vif-plugged", "status": "completed", "tag": "cc997f3f-af30-446c-884b-a66ce01b55c9"}]} {{(pid=64975) _process_stack /opt/stack/nova/nova/api/openstack/wsgi.py:511}}
Dec 04 05:18:43 user devstack@n-api.service[64977]: DEBUG nova.compute.api [None req-f69d6aa6-87b5-4716-afcb-f156491af83c tempest-VolumesAssistedSnapshotsTest-253092870 tempest-VolumesAssistedSnapshotsTest-253092870-project] Found 2 cells: 00000000-0000-0000-0000-000000000000(cell0),c58e2531-34a3-4553-b3d2-4ed558a028df(cell1) {{(pid=64977) load_cells /opt/stack/nova/nova/compute/api.py:320}}
Dec 04 05:18:43 user devstack@n-api.service[64977]: DEBUG oslo_concurrency.lockutils [None req-f69d6aa6-87b5-4716-afcb-f156491af83c tempest-VolumesAssistedSnapshotsTest-253092870 tempest-VolumesAssistedSnapshotsTest-253092870-project] Acquiring lock "00000000-0000-0000-0000-000000000000" by "nova.context.set_target_cell..get_or_set_cached_cell_and_set_connections" {{(pid=64977) inner /opt/stack/data/venv/lib/python3.10/site-packages/oslo_concurrency/lockutils.py:404}}
Dec 04 05:18:43 user devstack@n-api.service[64977]: DEBUG oslo_concurrency.lockutils [None req-f69d6aa6-87b5-4716-afcb-f156491af83c tempest-VolumesAssistedSnapshotsTest-253092870 tempest-VolumesAssistedSnapshotsTest-253092870-project] Lock "00000000-0000-0000-0000-000000000000" acquired by "nova.context.set_target_cell..get_or_set_cached_cell_and_set_connections" :: waited 0.002s {{(pid=64977) inner /opt/stack/data/venv/lib/python3.10/site-packages/oslo_concurrency/lockutils.py:409}}
Dec 04 05:18:43 user devstack@n-api.service[64977]: DEBUG oslo_concurrency.lockutils [None req-f69d6aa6-87b5-4716-afcb-f156491af83c tempest-VolumesAssistedSnapshotsTest-253092870 tempest-VolumesAssistedSnapshotsTest-253092870-project] Lock "00000000-0000-0000-0000-000000000000" "released" by "nova.context.set_target_cell..get_or_set_cached_cell_and_set_connections" :: held 0.001s {{(pid=64977) inner /opt/stack/data/venv/lib/python3.10/site-packages/oslo_concurrency/lockutils.py:423}}
Dec 04 05:18:43 user devstack@n-api.service[64975]: DEBUG oslo_concurrency.lockutils [req-d8b4c46f-0f46-495f-90e0-1403f11079a4 req-fecf971f-820e-466b-96c9-44c3dd5a7a91 service nova] Acquiring lock "c58e2531-34a3-4553-b3d2-4ed558a028df" by "nova.context.set_target_cell..get_or_set_cached_cell_and_set_connections" {{(pid=64975) inner /opt/stack/data/venv/lib/python3.10/site-packages/oslo_concurrency/lockutils.py:404}}
Dec 04 05:18:43 user devstack@n-api.service[64975]: DEBUG oslo_concurrency.lockutils [req-d8b4c46f-0f46-495f-90e0-1403f11079a4 req-fecf971f-820e-466b-96c9-44c3dd5a7a91 service nova] Lock "c58e2531-34a3-4553-b3d2-4ed558a028df" acquired by "nova.context.set_target_cell..get_or_set_cached_cell_and_set_connections" :: waited 0.001s {{(pid=64975) inner /opt/stack/data/venv/lib/python3.10/site-packages/oslo_concurrency/lockutils.py:409}}
Dec 04 05:18:43 user devstack@n-api.service[64975]: DEBUG oslo_concurrency.lockutils [req-d8b4c46f-0f46-495f-90e0-1403f11079a4 req-fecf971f-820e-466b-96c9-44c3dd5a7a91 service nova] Lock "c58e2531-34a3-4553-b3d2-4ed558a028df" "released" by "nova.context.set_target_cell..get_or_set_cached_cell_and_set_connections" :: held 0.000s {{(pid=64975) inner /opt/stack/data/venv/lib/python3.10/site-packages/oslo_concurrency/lockutils.py:423}}
Dec 04 05:18:43 user devstack@n-api.service[64975]: INFO nova.api.openstack.compute.server_external_events [req-d8b4c46f-0f46-495f-90e0-1403f11079a4 req-fecf971f-820e-466b-96c9-44c3dd5a7a91 service nova] Creating event network-vif-plugged:a44d47ee-ecdc-418e-8cdd-d8eec6d36998 for instance 72c95b32-7a9c-4872-aa09-09e5643a6925 on user
Dec 04 05:18:43 user devstack@n-api.service[64975]: INFO nova.api.openstack.compute.server_external_events [req-d8b4c46f-0f46-495f-90e0-1403f11079a4 req-fecf971f-820e-466b-96c9-44c3dd5a7a91 service nova] Creating event network-vif-unplugged:4a2e4a03-77bf-4a2a-adbb-66ccc2f18b15 for instance 72c95b32-7a9c-4872-aa09-09e5643a6925 on user
Dec 04 05:18:43 user devstack@n-api.service[64975]: INFO nova.api.openstack.compute.server_external_events [req-d8b4c46f-0f46-495f-90e0-1403f11079a4 req-fecf971f-820e-466b-96c9-44c3dd5a7a91 service nova] Creating event network-vif-plugged:4a2e4a03-77bf-4a2a-adbb-66ccc2f18b15 for instance 72c95b32-7a9c-4872-aa09-09e5643a6925 on user
Dec 04 05:18:43 user devstack@n-api.service[64975]: INFO nova.api.openstack.compute.server_external_events [req-d8b4c46f-0f46-495f-90e0-1403f11079a4 req-fecf971f-820e-466b-96c9-44c3dd5a7a91 service nova] Creating event network-vif-unplugged:cc997f3f-af30-446c-884b-a66ce01b55c9 for instance 72c95b32-7a9c-4872-aa09-09e5643a6925 on user
Dec 04 05:18:43 user devstack@n-api.service[64975]: INFO nova.api.openstack.compute.server_external_events [req-d8b4c46f-0f46-495f-90e0-1403f11079a4 req-fecf971f-820e-466b-96c9-44c3dd5a7a91 service nova] Creating event network-vif-plugged:cc997f3f-af30-446c-884b-a66ce01b55c9 for instance 72c95b32-7a9c-4872-aa09-09e5643a6925 on user
Dec 04 05:18:43 user devstack@n-api.service[64975]: INFO nova.api.openstack.requestlog [req-d8b4c46f-0f46-495f-90e0-1403f11079a4 req-fecf971f-820e-466b-96c9-44c3dd5a7a91 service nova] 10.0.0.210 "POST /compute/v2.1/os-server-external-events" status: 200 len: 871 microversion: 2.1 time: 0.046268
Dec 04 05:18:43 user devstack@n-api.service[64975]: [pid: 64975|app: 0|req: 69/202] 10.0.0.210 () {68 vars in 1394 bytes} [Mon Dec 4 05:18:43 2023] POST /compute/v2.1/os-server-external-events => generated 871 bytes in 49 msecs (HTTP/1.1 200) 9 headers in 357 bytes (1 switches on core 0)
Dec 04 05:18:43 user devstack@n-api.service[64977]: DEBUG oslo_concurrency.lockutils [None req-f69d6aa6-87b5-4716-afcb-f156491af83c tempest-VolumesAssistedSnapshotsTest-253092870 tempest-VolumesAssistedSnapshotsTest-253092870-project] Acquiring lock "c58e2531-34a3-4553-b3d2-4ed558a028df" by "nova.context.set_target_cell..get_or_set_cached_cell_and_set_connections" {{(pid=64977) inner /opt/stack/data/venv/lib/python3.10/site-packages/oslo_concurrency/lockutils.py:404}}
Dec 04 05:18:43 user devstack@n-api.service[64977]: DEBUG oslo_concurrency.lockutils [None req-f69d6aa6-87b5-4716-afcb-f156491af83c tempest-VolumesAssistedSnapshotsTest-253092870 tempest-VolumesAssistedSnapshotsTest-253092870-project] Lock "c58e2531-34a3-4553-b3d2-4ed558a028df" acquired by "nova.context.set_target_cell..get_or_set_cached_cell_and_set_connections" :: waited 0.001s {{(pid=64977) inner /opt/stack/data/venv/lib/python3.10/site-packages/oslo_concurrency/lockutils.py:409}}
Dec 04 05:18:43 user devstack@n-api.service[64977]: DEBUG oslo_concurrency.lockutils [None req-f69d6aa6-87b5-4716-afcb-f156491af83c tempest-VolumesAssistedSnapshotsTest-253092870 tempest-VolumesAssistedSnapshotsTest-253092870-project] Lock "c58e2531-34a3-4553-b3d2-4ed558a028df" "released" by "nova.context.set_target_cell..get_or_set_cached_cell_and_set_connections" :: held 0.001s {{(pid=64977) inner /opt/stack/data/venv/lib/python3.10/site-packages/oslo_concurrency/lockutils.py:423}}
Dec 04 05:18:43 user devstack@n-api.service[64977]: INFO nova.api.openstack.requestlog [None req-f69d6aa6-87b5-4716-afcb-f156491af83c tempest-VolumesAssistedSnapshotsTest-253092870 tempest-VolumesAssistedSnapshotsTest-253092870-project] 10.0.0.210 "DELETE /compute/v2.1/os-assisted-volume-snapshots/None?delete_info=%7B%22volume_id%22%3A+%225f850485-2edc-4a5c-9fc6-2d55aaef6557%22%7D" status: 204 len: 0 microversion: 2.1 time: 0.142773
Dec 04 05:18:43 user devstack@n-api.service[64977]: [pid: 64977|app: 0|req: 67/203] 10.0.0.210 () {62 vars in 1442 bytes} [Mon Dec 4 05:18:43 2023] DELETE /compute/v2.1/os-assisted-volume-snapshots/None?delete_info=%7B%22volume_id%22%3A+%225f850485-2edc-4a5c-9fc6-2d55aaef6557%22%7D => generated 0 bytes in 150 msecs (HTTP/1.1 204) 9 headers in 363 bytes (1 switches on core 0)
Dec 04 05:18:44 user devstack@n-api.service[64976]: DEBUG nova.api.openstack.wsgi [None req-c1fabd57-883a-408f-ad85-f97bbe97d456 tempest-VolumesAssistedSnapshotsTest-984382525 tempest-VolumesAssistedSnapshotsTest-984382525-project-admin] Calling method '>' {{(pid=64976) _process_stack /opt/stack/nova/nova/api/openstack/wsgi.py:513}}
Dec 04 05:18:44 user devstack@n-api.service[64976]: DEBUG nova.compute.api [None req-c1fabd57-883a-408f-ad85-f97bbe97d456 tempest-VolumesAssistedSnapshotsTest-984382525 tempest-VolumesAssistedSnapshotsTest-984382525-project-admin] [instance: 7274447f-7d59-40a4-931a-b2c795083b23] Fetching instance by UUID {{(pid=64976) get /opt/stack/nova/nova/compute/api.py:2981}}
Dec 04 05:18:44 user devstack@n-api.service[64976]: DEBUG oslo_concurrency.lockutils [None req-c1fabd57-883a-408f-ad85-f97bbe97d456 tempest-VolumesAssistedSnapshotsTest-984382525 tempest-VolumesAssistedSnapshotsTest-984382525-project-admin] Acquiring lock "c58e2531-34a3-4553-b3d2-4ed558a028df" by "nova.context.set_target_cell..get_or_set_cached_cell_and_set_connections" {{(pid=64976) inner /opt/stack/data/venv/lib/python3.10/site-packages/oslo_concurrency/lockutils.py:404}}
Dec 04 05:18:44 user devstack@n-api.service[64976]: DEBUG oslo_concurrency.lockutils [None req-c1fabd57-883a-408f-ad85-f97bbe97d456 tempest-VolumesAssistedSnapshotsTest-984382525 tempest-VolumesAssistedSnapshotsTest-984382525-project-admin] Lock "c58e2531-34a3-4553-b3d2-4ed558a028df" acquired by "nova.context.set_target_cell..get_or_set_cached_cell_and_set_connections" :: waited 0.001s {{(pid=64976) inner /opt/stack/data/venv/lib/python3.10/site-packages/oslo_concurrency/lockutils.py:409}}
