Nov 30 10:38:01 user devstack@keystone.service[46350]: DEBUG keystone.server.flask.request_processing.middleware.auth_context [None req-bd6344c7-7597-45a5-9d33-502d35f63fd3 None admin] RBAC: auth_context: {'token': , 'domain_id': None, 'trust_id': None, 'trustor_id': None, 'trustee_id': None, 'domain_name': None, 'group_ids': [], 'user_id': '8eb0b5ba4daa4446b13d4f6639e7c27d', 'user_domain_id': 'default', 'system_scope': 'all', 'project_id': None, 'project_domain_id': None, 'roles': ['admin', 'manager', 'member', 'reader'], 'is_admin_project': True, 'service_user_id': None, 'service_user_domain_id': None, 'service_project_id': None, 'service_project_domain_id': None, 'service_roles': []} {{(pid=46350) fill_context /opt/stack/keystone/keystone/server/flask/request_processing/middleware/auth_context.py:480}}
Nov 30 10:38:01 user devstack@keystone.service[46350]: DEBUG keystone.server.flask.request_processing.req_logging [None req-bd6344c7-7597-45a5-9d33-502d35f63fd3 None admin] REQUEST_METHOD: `GET` {{(pid=46350) log_request_info /opt/stack/keystone/keystone/server/flask/request_processing/req_logging.py:27}}
Nov 30 10:38:01 user devstack@keystone.service[46350]: DEBUG keystone.server.flask.request_processing.req_logging [None req-bd6344c7-7597-45a5-9d33-502d35f63fd3 None admin] SCRIPT_NAME: `/identity` {{(pid=46350) log_request_info /opt/stack/keystone/keystone/server/flask/request_processing/req_logging.py:28}}
Nov 30 10:38:01 user devstack@keystone.service[46350]: DEBUG keystone.server.flask.request_processing.req_logging [None req-bd6344c7-7597-45a5-9d33-502d35f63fd3 None admin] PATH_INFO: `/v3/roles` {{(pid=46350) log_request_info /opt/stack/keystone/keystone/server/flask/request_processing/req_logging.py:29}}
Nov 30 10:38:01 user devstack@keystone.service[46350]: DEBUG keystone.common.rbac_enforcer.enforcer [None req-bd6344c7-7597-45a5-9d33-502d35f63fd3 None admin] RBAC: Adding query filter params (name=reader) {{(pid=46350) _extract_filter_values /opt/stack/keystone/keystone/common/rbac_enforcer/enforcer.py:167}}
Nov 30 10:38:01 user devstack@keystone.service[46350]: DEBUG keystone.common.rbac_enforcer.enforcer [None req-bd6344c7-7597-45a5-9d33-502d35f63fd3 None admin] RBAC: Authorizing `identity:list_roles()` {{(pid=46350) enforce_call /opt/stack/keystone/keystone/common/rbac_enforcer/enforcer.py:449}}
Nov 30 10:38:01 user devstack@keystone.service[46350]: DEBUG keystone.common.rbac_enforcer.enforcer [None req-bd6344c7-7597-45a5-9d33-502d35f63fd3 None admin] RBAC: Authorization granted {{(pid=46350) enforce_call /opt/stack/keystone/keystone/common/rbac_enforcer/enforcer.py:457}}
Nov 30 10:38:01 user devstack@keystone.service[46352]: DEBUG keystone.server.flask.request_processing.middleware.auth_context [None req-1c5bcd13-dd4f-47fe-a869-3acd32711697 None admin] RBAC: auth_context: {'token': , 'domain_id': None, 'trust_id': None, 'trustor_id': None, 'trustee_id': None, 'domain_name': None, 'group_ids': [], 'user_id': '8eb0b5ba4daa4446b13d4f6639e7c27d', 'user_domain_id': 'default', 'system_scope': 'all', 'project_id': None, 'project_domain_id': None, 'roles': ['admin', 'manager', 'member', 'reader'], 'is_admin_project': True, 'service_user_id': None, 'service_user_domain_id': None, 'service_project_id': None, 'service_project_domain_id': None, 'service_roles': []} {{(pid=46352) fill_context /opt/stack/keystone/keystone/server/flask/request_processing/middleware/auth_context.py:480}}
Nov 30 10:38:01 user devstack@keystone.service[46352]: DEBUG keystone.server.flask.request_processing.req_logging [None req-1c5bcd13-dd4f-47fe-a869-3acd32711697 None admin] REQUEST_METHOD: `GET` {{(pid=46352) log_request_info /opt/stack/keystone/keystone/server/flask/request_processing/req_logging.py:27}}
Nov 30 10:38:01 user devstack@keystone.service[46352]: DEBUG keystone.server.flask.request_processing.req_logging [None req-1c5bcd13-dd4f-47fe-a869-3acd32711697 None admin] SCRIPT_NAME: `/identity` {{(pid=46352) log_request_info /opt/stack/keystone/keystone/server/flask/request_processing/req_logging.py:28}}
Nov 30 10:38:01 user devstack@keystone.service[46352]: DEBUG keystone.server.flask.request_processing.req_logging [None req-1c5bcd13-dd4f-47fe-a869-3acd32711697 None admin] PATH_INFO: `/v3/roles/member` {{(pid=46352) log_request_info /opt/stack/keystone/keystone/server/flask/request_processing/req_logging.py:29}}
Nov 30 10:38:01 user devstack@keystone.service[46351]: DEBUG keystone.server.flask.request_processing.middleware.auth_context [None req-0e3fc63e-a5bd-466c-bf5b-e699bd968c94 None admin] Validating token access rules against request {{(pid=46351) validate_allowed_request /opt/stack/data/venv/lib/python3.10/site-packages/keystonemiddleware/auth_token/__init__.py:544}}
Nov 30 10:38:01 user devstack@keystone.service[46350]: [pid: 46350|app: 0|req: 64/196] 10.0.0.210 () {56 vars in 1096 bytes} [Thu Nov 30 10:38:01 2023] GET /identity/v3/roles?name=reader => generated 339 bytes in 146 msecs (HTTP/1.1 200) 5 headers in 177 bytes (1 switches on core 0)
Nov 30 10:38:01 user devstack@keystone.service[46350]: DEBUG keystone.server.flask.request_processing.middleware.auth_context [None req-bd6344c7-7597-45a5-9d33-502d35f63fd3 None admin] Authenticating user token {{(pid=46350) process_request /opt/stack/data/venv/lib/python3.10/site-packages/keystonemiddleware/auth_token/__init__.py:406}}
Nov 30 10:38:01 user devstack@keystone.service[46352]: DEBUG keystone.common.rbac_enforcer.enforcer [None req-1c5bcd13-dd4f-47fe-a869-3acd32711697 None admin] Extracting inferred target data resulted in "NOT FOUND (404)". {{(pid=46352) enforce_call /opt/stack/keystone/keystone/common/rbac_enforcer/enforcer.py:409}}
Nov 30 10:38:01 user devstack@keystone.service[46352]: ERROR keystone.server.flask.application [None req-1c5bcd13-dd4f-47fe-a869-3acd32711697 None admin] Could not find role: member.: keystone.exception.RoleNotFound: Could not find role: member.
Nov 30 10:38:01 user devstack@keystone.service[46352]: ERROR keystone.server.flask.application
Traceback (most recent call last):
Nov 30 10:38:01 user devstack@keystone.service[46352]: ERROR keystone.server.flask.application
File "/opt/stack/data/venv/lib/python3.10/site-packages/flask/app.py", line 1823, in full_dispatch_request
Nov 30 10:38:01 user devstack@keystone.service[46352]: ERROR keystone.server.flask.application rv = self.dispatch_request()
Nov 30 10:38:01 user devstack@keystone.service[46352]: ERROR keystone.server.flask.application
File "/opt/stack/data/venv/lib/python3.10/site-packages/flask/app.py", line 1799, in dispatch_request
Nov 30 10:38:01 user devstack@keystone.service[46352]: ERROR keystone.server.flask.application return self.ensure_sync(self.view_functions[rule.endpoint])(**view_args)
Nov 30 10:38:01 user devstack@keystone.service[46352]: ERROR keystone.server.flask.application
File "/opt/stack/data/venv/lib/python3.10/site-packages/flask_restful/__init__.py", line 489, in wrapper
Nov 30 10:38:01 user devstack@keystone.service[46352]: ERROR keystone.server.flask.application resp = resource(*args, **kwargs)
Nov 30 10:38:01 user devstack@keystone.service[46352]: ERROR keystone.server.flask.application
File "/opt/stack/data/venv/lib/python3.10/site-packages/flask/views.py", line 107, in view
Nov 30 10:38:01 user devstack@keystone.service[46352]: ERROR keystone.server.flask.application return current_app.ensure_sync(self.dispatch_request)(**kwargs)
Nov 30 10:38:01 user devstack@keystone.service[46352]: ERROR keystone.server.flask.application
File "/opt/stack/data/venv/lib/python3.10/site-packages/flask_restful/__init__.py", line 604, in dispatch_request
Nov 30 10:38:01 user devstack@keystone.service[46352]: ERROR keystone.server.flask.application resp = meth(*args, **kwargs)
Nov 30 10:38:01 user devstack@keystone.service[46352]: ERROR keystone.server.flask.application
File "/opt/stack/keystone/keystone/api/roles.py", line 50, in get
Nov 30 10:38:01 user devstack@keystone.service[46352]: ERROR keystone.server.flask.application return self._get_role(role_id)
Nov 30 10:38:01 user devstack@keystone.service[46352]: ERROR keystone.server.flask.application
File "/opt/stack/keystone/keystone/api/roles.py", line 70, in _get_role
Nov 30 10:38:01 user devstack@keystone.service[46352]: ERROR keystone.server.flask.application ENFORCER.enforce_call(action='identity:get_role')
Nov 30 10:38:01 user devstack@keystone.service[46352]: ERROR keystone.server.flask.application
File "/opt/stack/keystone/keystone/common/rbac_enforcer/enforcer.py", line 402, in enforce_call
Nov 30 10:38:01 user devstack@keystone.service[46352]: ERROR keystone.server.flask.application policy_dict.update(cls._extract_member_target_data(
Nov 30 10:38:01 user devstack@keystone.service[46352]: ERROR keystone.server.flask.application
File "/opt/stack/keystone/keystone/common/rbac_enforcer/enforcer.py", line 234, in _extract_member_target_data
Nov 30 10:38:01 user devstack@keystone.service[46352]: ERROR keystone.server.flask.application member_name: func(flask.request.view_args[key])
Nov 30 10:38:01 user devstack@keystone.service[46352]: ERROR keystone.server.flask.application
File "/opt/stack/keystone/keystone/common/manager.py", line 115, in wrapped
Nov 30 10:38:01 user devstack@keystone.service[46352]: ERROR keystone.server.flask.application __ret_val = __f(*args, **kwargs)
Nov 30 10:38:01 user devstack@keystone.service[46352]: ERROR keystone.server.flask.application
File "/opt/stack/data/venv/lib/python3.10/site-packages/decorator.py", line 232, in fun
Nov 30 10:38:01 user devstack@keystone.service[46352]: ERROR keystone.server.flask.application return caller(func, *(extras + args), **kw)
Nov 30 10:38:01 user devstack@keystone.service[46352]: ERROR keystone.server.flask.application
File "/opt/stack/data/venv/lib/python3.10/site-packages/dogpile/cache/region.py", line 1594, in get_or_create_for_user_func
Nov 30 10:38:01 user devstack@keystone.service[46352]: ERROR keystone.server.flask.application return self.get_or_create(
Nov 30 10:38:01 user devstack@keystone.service[46352]: ERROR keystone.server.flask.application
File "/opt/stack/data/venv/lib/python3.10/site-packages/dogpile/cache/region.py", line 1054, in get_or_create
Nov 30 10:38:01 user devstack@keystone.service[46352]: ERROR keystone.server.flask.application with Lock(
Nov 30 10:38:01 user devstack@keystone.service[46352]: ERROR keystone.server.flask.application
File "/opt/stack/data/venv/lib/python3.10/site-packages/dogpile/lock.py", line 185, in __enter__
Nov 30 10:38:01 user devstack@keystone.service[46352]: ERROR keystone.server.flask.application return self._enter()
Nov 30 10:38:01 user devstack@keystone.service[46352]: ERROR keystone.server.flask.application
File "/opt/stack/data/venv/lib/python3.10/site-packages/dogpile/lock.py", line 94, in _enter
Nov 30 10:38:01 user devstack@keystone.service[46352]: ERROR keystone.server.flask.application generated = self._enter_create(value, createdtime)
Nov 30 10:38:01 user devstack@keystone.service[46352]: ERROR keystone.server.flask.application
File "/opt/stack/data/venv/lib/python3.10/site-packages/dogpile/lock.py", line 178, in _enter_create
Nov 30 10:38:01 user devstack@keystone.service[46352]: ERROR keystone.server.flask.application return self.creator()
Nov 30 10:38:01 user devstack@keystone.service[46352]: ERROR keystone.server.flask.application
File "/opt/stack/data/venv/lib/python3.10/site-packages/dogpile/cache/region.py", line 1007, in gen_value
Nov 30 10:38:01 user devstack@keystone.service[46352]: ERROR keystone.server.flask.application created_value = creator(
Nov 30 10:38:01 user devstack@keystone.service[46352]: ERROR keystone.server.flask.application
File "/opt/stack/keystone/keystone/assignment/core.py", line 1276, in get_role
Nov 30 10:38:01 user devstack@keystone.service[46352]: ERROR keystone.server.flask.application return self.driver.get_role(role_id)
Nov 30 10:38:01 user devstack@keystone.service[46352]: ERROR keystone.server.flask.application
File "/opt/stack/keystone/keystone/assignment/role_backends/sql.py", line 70, in get_role
Nov 30 10:38:01 user devstack@keystone.service[46352]: ERROR keystone.server.flask.application return self._get_role(session, role_id).to_dict()
Nov 30 10:38:01 user devstack@keystone.service[46352]: ERROR keystone.server.flask.application
File "/opt/stack/keystone/keystone/assignment/role_backends/sql.py", line 65, in _get_role
Nov 30 10:38:01 user devstack@keystone.service[46352]: ERROR keystone.server.flask.application raise exception.RoleNotFound(role_id=role_id)
Nov 30 10:38:01 user devstack@keystone.service[46352]: ERROR keystone.server.flask.application keystone.exception.RoleNotFound: Could not find role: member.
Nov 30 10:38:01 user devstack@keystone.service[46352]: ERROR keystone.server.flask.application
Nov 30 10:38:01 user devstack@keystone.service[46352]: [pid: 46352|app: 0|req: 65/197] 10.0.0.210 () {56 vars in 1094 bytes} [Thu Nov 30 10:38:01 2023] GET /identity/v3/roles/member => generated 84 bytes in 157 msecs (HTTP/1.1 404) 5 headers in 183 bytes (1 switches on core 0)
Nov 30 10:38:01 user devstack@keystone.service[46352]: DEBUG keystone.server.flask.request_processing.middleware.auth_context [None req-1c5bcd13-dd4f-47fe-a869-3acd32711697 None admin] Authenticating user token {{(pid=46352) process_request /opt/stack/data/venv/lib/python3.10/site-packages/keystonemiddleware/auth_token/__init__.py:406}}
Nov 30 10:38:01 user devstack@keystone.service[46351]: DEBUG keystone.server.flask.request_processing.middleware.auth_context [None req-8e74532f-41ea-4754-8422-7489f5e2dff5 None admin] RBAC: auth_context: {'token': , 'domain_id': None, 'trust_id': None, 'trustor_id': None, 'trustee_id': None, 'domain_name': None, 'group_ids': [], 'user_id': '8eb0b5ba4daa4446b13d4f6639e7c27d', 'user_domain_id': 'default', 'system_scope': 'all', 'project_id': None, 'project_domain_id': None, 'roles': ['admin', 'manager', 'member', 'reader'], 'is_admin_project': True, 'service_user_id': None, 'service_user_domain_id': None, 'service_project_id': None, 'service_project_domain_id': None, 'service_roles': []} {{(pid=46351) fill_context /opt/stack/keystone/keystone/server/flask/request_processing/middleware/auth_context.py:480}}
Nov 30 10:38:01 user devstack@keystone.service[46351]: DEBUG keystone.server.flask.request_processing.req_logging [None req-8e74532f-41ea-4754-8422-7489f5e2dff5 None admin] REQUEST_METHOD: `GET` {{(pid=46351) log_request_info /opt/stack/keystone/keystone/server/flask/request_processing/req_logging.py:27}}
Nov 30 10:38:01 user devstack@keystone.service[46351]: DEBUG keystone.server.flask.request_processing.req_logging [None req-8e74532f-41ea-4754-8422-7489f5e2dff5 None admin] SCRIPT_NAME: `/identity` {{(pid=46351) log_request_info /opt/stack/keystone/keystone/server/flask/request_processing/req_logging.py:28}}
Nov 30 10:38:01 user devstack@keystone.service[46351]: DEBUG keystone.server.flask.request_processing.req_logging [None req-8e74532f-41ea-4754-8422-7489f5e2dff5 None admin] PATH_INFO: `/v3/domains/default` {{(pid=46351) log_request_info /opt/stack/keystone/keystone/server/flask/request_processing/req_logging.py:29}}
Nov 30 10:38:01 user devstack@keystone.service[46351]: DEBUG keystone.common.rbac_enforcer.enforcer [None req-8e74532f-41ea-4754-8422-7489f5e2dff5 None admin] RBAC: Authorizing `identity:get_domain(domain_id=default)` {{(pid=46351) enforce_call /opt/stack/keystone/keystone/common/rbac_enforcer/enforcer.py:449}}
Nov 30 10:38:01 user devstack@keystone.service[46351]: DEBUG keystone.common.rbac_enforcer.enforcer [None req-8e74532f-41ea-4754-8422-7489f5e2dff5 None admin] RBAC: Authorization granted {{(pid=46351) enforce_call /opt/stack/keystone/keystone/common/rbac_enforcer/enforcer.py:457}}
Nov 30 10:38:01 user devstack@keystone.service[46351]: [pid: 46351|app: 0|req: 69/198] 10.0.0.210 () {56 vars in 1103 bytes} [Thu Nov 30 10:38:01 2023] GET /identity/v3/domains/default => generated 198 bytes in 139 msecs (HTTP/1.1 200) 5 headers in 177 bytes (1 switches on core 0)
Nov 30 10:38:01 user devstack@keystone.service[46351]: DEBUG keystone.server.flask.request_processing.middleware.auth_context [None req-8e74532f-41ea-4754-8422-7489f5e2dff5 None admin] Authenticating user token {{(pid=46351) process_request /opt/stack/data/venv/lib/python3.10/site-packages/keystonemiddleware/auth_token/__init__.py:406}}
Nov 30 10:38:01 user devstack@keystone.service[46350]: DEBUG keystone.server.flask.request_processing.middleware.auth_context [None req-bd6344c7-7597-45a5-9d33-502d35f63fd3 None admin] Validating token access rules against request {{(pid=46350) validate_allowed_request /opt/stack/data/venv/lib/python3.10/site-packages/keystonemiddleware/auth_token/__init__.py:544}}
Nov 30 10:38:01 user devstack@keystone.service[46352]: DEBUG keystone.server.flask.request_processing.middleware.auth_context [None req-1c5bcd13-dd4f-47fe-a869-3acd32711697 None admin] Validating token access rules against request {{(pid=46352) validate_allowed_request /opt/stack/data/venv/lib/python3.10/site-packages/keystonemiddleware/auth_token/__init__.py:544}}
Nov 30 10:38:01 user devstack@keystone.service[46352]: DEBUG keystone.server.flask.request_processing.middleware.auth_context [None req-e54ccbd1-2fc3-4bf2-b085-df2f0a7c1d60 None admin] RBAC: auth_context: {'token': , 'domain_id': None, 'trust_id': None, 'trustor_id': None, 'trustee_id': None, 'domain_name': None, 'group_ids': [], 'user_id': '8eb0b5ba4daa4446b13d4f6639e7c27d', 'user_domain_id': 'default', 'system_scope': 'all', 'project_id': None, 'project_domain_id': None, 'roles': ['admin', 'manager', 'member', 'reader'], 'is_admin_project': True, 'service_user_id': None, 'service_user_domain_id': None, 'service_project_id': None, 'service_project_domain_id': None, 'service_roles': []} {{(pid=46352) fill_context /opt/stack/keystone/keystone/server/flask/request_processing/middleware/auth_context.py:480}}
Nov 30 10:38:01 user devstack@keystone.service[46351]: DEBUG keystone.server.flask.request_processing.middleware.auth_context [None req-8e74532f-41ea-4754-8422-7489f5e2dff5 None admin] Validating token access rules against request {{(pid=46351) validate_allowed_request /opt/stack/data/venv/lib/python3.10/site-packages/keystonemiddleware/auth_token/__init__.py:544}}
Nov 30 10:38:01 user devstack@keystone.service[46352]: DEBUG keystone.server.flask.request_processing.req_logging [None req-e54ccbd1-2fc3-4bf2-b085-df2f0a7c1d60 None admin] REQUEST_METHOD: `GET` {{(pid=46352) log_request_info /opt/stack/keystone/keystone/server/flask/request_processing/req_logging.py:27}}
Nov 30 10:38:01 user devstack@keystone.service[46350]: DEBUG keystone.server.flask.request_processing.middleware.auth_context [None req-75f85623-5b03-41a2-b2f4-f5b0cf7f9db8 None admin] RBAC: auth_context: {'token': , 'domain_id': None, 'trust_id': None, 'trustor_id': None, 'trustee_id': None, 'domain_name': None, 'group_ids': [], 'user_id': '8eb0b5ba4daa4446b13d4f6639e7c27d', 'user_domain_id': 'default', 'system_scope': 'all', 'project_id': None, 'project_domain_id': None, 'roles': ['admin', 'manager', 'member', 'reader'], 'is_admin_project': True, 'service_user_id': None, 'service_user_domain_id': None, 'service_project_id': None, 'service_project_domain_id': None, 'service_roles': []} {{(pid=46350) fill_context /opt/stack/keystone/keystone/server/flask/request_processing/middleware/auth_context.py:480}}
Nov 30 10:38:01 user devstack@keystone.service[46352]: DEBUG keystone.server.flask.request_processing.req_logging [None req-e54ccbd1-2fc3-4bf2-b085-df2f0a7c1d60 None admin] SCRIPT_NAME: `/identity` {{(pid=46352) log_request_info /opt/stack/keystone/keystone/server/flask/request_processing/req_logging.py:28}}
Nov 30 10:38:01 user devstack@keystone.service[46350]: DEBUG keystone.server.flask.request_processing.req_logging [None req-75f85623-5b03-41a2-b2f4-f5b0cf7f9db8 None admin] REQUEST_METHOD: `GET` {{(pid=46350) log_request_info /opt/stack/keystone/keystone/server/flask/request_processing/req_logging.py:27}}
Nov 30 10:38:01 user devstack@keystone.service[46352]: DEBUG keystone.server.flask.request_processing.req_logging [None req-e54ccbd1-2fc3-4bf2-b085-df2f0a7c1d60 None admin] PATH_INFO: `/v3/roles` {{(pid=46352) log_request_info /opt/stack/keystone/keystone/server/flask/request_processing/req_logging.py:29}}
Nov 30 10:38:01 user devstack@keystone.service[46350]: DEBUG keystone.server.flask.request_processing.req_logging [None req-75f85623-5b03-41a2-b2f4-f5b0cf7f9db8 None admin] SCRIPT_NAME: `/identity` {{(pid=46350) log_request_info /opt/stack/keystone/keystone/server/flask/request_processing/req_logging.py:28}}
Nov 30 10:38:01 user devstack@keystone.service[46350]: DEBUG keystone.server.flask.request_processing.req_logging [None req-75f85623-5b03-41a2-b2f4-f5b0cf7f9db8 None admin] PATH_INFO: `/v3/users/af2014dd8f584ae79a1c55eeee85318b` {{(pid=46350) log_request_info /opt/stack/keystone/keystone/server/flask/request_processing/req_logging.py:29}}
Nov 30 10:38:01 user devstack@keystone.service[46352]: DEBUG keystone.common.rbac_enforcer.enforcer [None req-e54ccbd1-2fc3-4bf2-b085-df2f0a7c1d60 None admin] RBAC: Adding query filter params (name=member) {{(pid=46352) _extract_filter_values /opt/stack/keystone/keystone/common/rbac_enforcer/enforcer.py:167}}
Nov 30 10:38:01 user devstack@keystone.service[46352]: DEBUG keystone.common.rbac_enforcer.enforcer [None req-e54ccbd1-2fc3-4bf2-b085-df2f0a7c1d60 None admin] RBAC: Authorizing `identity:list_roles()` {{(pid=46352) enforce_call /opt/stack/keystone/keystone/common/rbac_enforcer/enforcer.py:449}}
Nov 30 10:38:01 user devstack@keystone.service[46352]: DEBUG keystone.common.rbac_enforcer.enforcer [None req-e54ccbd1-2fc3-4bf2-b085-df2f0a7c1d60 None admin] RBAC: Authorization granted {{(pid=46352) enforce_call /opt/stack/keystone/keystone/common/rbac_enforcer/enforcer.py:457}}
Nov 30 10:38:01 user devstack@keystone.service[46352]: [pid: 46352|app: 0|req: 66/199] 10.0.0.210 () {56 vars in 1096 bytes} [Thu Nov 30 10:38:01 2023] GET /identity/v3/roles?name=member => generated 339 bytes in 138 msecs (HTTP/1.1 200) 5 headers in 177 bytes (1 switches on core 0)
Nov 30 10:38:01 user devstack@keystone.service[46350]: DEBUG keystone.common.rbac_enforcer.enforcer [None req-75f85623-5b03-41a2-b2f4-f5b0cf7f9db8 None admin] RBAC: Authorizing `identity:get_user(user_id=af2014dd8f584ae79a1c55eeee85318b)` {{(pid=46350) enforce_call /opt/stack/keystone/keystone/common/rbac_enforcer/enforcer.py:449}}
Nov 30 10:38:01 user devstack@keystone.service[46350]: DEBUG keystone.common.rbac_enforcer.enforcer [None req-75f85623-5b03-41a2-b2f4-f5b0cf7f9db8 None admin] RBAC: Authorization granted {{(pid=46350) enforce_call /opt/stack/keystone/keystone/common/rbac_enforcer/enforcer.py:457}}
Nov 30 10:38:01 user devstack@keystone.service[46352]: DEBUG keystone.server.flask.request_processing.middleware.auth_context [None req-e54ccbd1-2fc3-4bf2-b085-df2f0a7c1d60 None admin] Authenticating user token {{(pid=46352) process_request /opt/stack/data/venv/lib/python3.10/site-packages/keystonemiddleware/auth_token/__init__.py:406}}
Nov 30 10:38:01 user devstack@keystone.service[46350]: [pid: 46350|app: 0|req: 65/200] 10.0.0.210 () {56 vars in 1172 bytes} [Thu Nov 30 10:38:01 2023] GET /identity/v3/users/af2014dd8f584ae79a1c55eeee85318b => generated 296 bytes in 154 msecs (HTTP/1.1 200) 5 headers in 177 bytes (1 switches on core 0)
Nov 30 10:38:01 user devstack@keystone.service[46350]: DEBUG keystone.server.flask.request_processing.middleware.auth_context [None req-75f85623-5b03-41a2-b2f4-f5b0cf7f9db8 None admin] Authenticating user token {{(pid=46350) process_request /opt/stack/data/venv/lib/python3.10/site-packages/keystonemiddleware/auth_token/__init__.py:406}}
Nov 30 10:38:01 user devstack@keystone.service[46351]: DEBUG keystone.server.flask.request_processing.middleware.auth_context [None req-2edfdf38-a044-4f4c-bf7f-dd99a13f6032 None admin] RBAC: auth_context: {'token': , 'domain_id': None, 'trust_id': None, 'trustor_id': None, 'trustee_id': None, 'domain_name': None, 'group_ids': [], 'user_id': '8eb0b5ba4daa4446b13d4f6639e7c27d', 'user_domain_id': 'default', 'system_scope': 'all', 'project_id': None, 'project_domain_id': None, 'roles': ['admin', 'manager', 'member', 'reader'], 'is_admin_project': True, 'service_user_id': None, 'service_user_domain_id': None, 'service_project_id': None, 'service_project_domain_id': None, 'service_roles': []} {{(pid=46351) fill_context /opt/stack/keystone/keystone/server/flask/request_processing/middleware/auth_context.py:480}}
Nov 30 10:38:01 user devstack@keystone.service[46351]: DEBUG keystone.server.flask.request_processing.req_logging [None req-2edfdf38-a044-4f4c-bf7f-dd99a13f6032 None admin] REQUEST_METHOD: `POST` {{(pid=46351) log_request_info /opt/stack/keystone/keystone/server/flask/request_processing/req_logging.py:27}}
Nov 30 10:38:01 user devstack@keystone.service[46351]: DEBUG keystone.server.flask.request_processing.req_logging [None req-2edfdf38-a044-4f4c-bf7f-dd99a13f6032 None admin] SCRIPT_NAME: `/identity` {{(pid=46351) log_request_info /opt/stack/keystone/keystone/server/flask/request_processing/req_logging.py:28}}
Nov 30 10:38:01 user devstack@keystone.service[46351]: DEBUG keystone.server.flask.request_processing.req_logging [None req-2edfdf38-a044-4f4c-bf7f-dd99a13f6032 None admin] PATH_INFO: `/v3/users` {{(pid=46351) log_request_info /opt/stack/keystone/keystone/server/flask/request_processing/req_logging.py:29}}
Nov 30 10:38:01 user devstack@keystone.service[46351]: DEBUG keystone.common.rbac_enforcer.enforcer [None req-2edfdf38-a044-4f4c-bf7f-dd99a13f6032 None admin] RBAC: Authorizing `identity:create_user()` {{(pid=46351) enforce_call /opt/stack/keystone/keystone/common/rbac_enforcer/enforcer.py:449}}
Nov 30 10:38:01 user devstack@keystone.service[46351]: DEBUG keystone.common.rbac_enforcer.enforcer [None req-2edfdf38-a044-4f4c-bf7f-dd99a13f6032 None admin] RBAC: Authorization granted {{(pid=46351) enforce_call /opt/stack/keystone/keystone/common/rbac_enforcer/enforcer.py:457}}
Nov 30 10:38:01 user devstack@keystone.service[46351]: WARNING keystone.common.password_hashing [None req-2edfdf38-a044-4f4c-bf7f-dd99a13f6032 None admin] Truncating password to algorithm specific maximum length 72 characters.
Nov 30 10:38:02 user devstack@keystone.service[46351]: [pid: 46351|app: 0|req: 70/201] 10.0.0.210 () {60 vars in 1127 bytes} [Thu Nov 30 10:38:01 2023] POST /identity/v3/users => generated 292 bytes in 175 msecs (HTTP/1.1 201) 5 headers in 182 bytes (2 switches on core 0)
Nov 30 10:38:02 user devstack@keystone.service[46352]: DEBUG keystone.server.flask.request_processing.middleware.auth_context [None req-e54ccbd1-2fc3-4bf2-b085-df2f0a7c1d60 None admin] Validating token access rules against request {{(pid=46352) validate_allowed_request /opt/stack/data/venv/lib/python3.10/site-packages/keystonemiddleware/auth_token/__init__.py:544}}
Nov 30 10:38:02 user devstack@keystone.service[46350]: DEBUG keystone.server.flask.request_processing.middleware.auth_context [None req-75f85623-5b03-41a2-b2f4-f5b0cf7f9db8 None admin] Validating token access rules against request {{(pid=46350) validate_allowed_request /opt/stack/data/venv/lib/python3.10/site-packages/keystonemiddleware/auth_token/__init__.py:544}}
Nov 30 10:38:02 user devstack@keystone.service[46352]: DEBUG keystone.server.flask.request_processing.middleware.auth_context [None req-3fffc2b1-672e-430e-84ad-c94c40e9752c None admin] RBAC: auth_context: {'token': , 'domain_id': None, 'trust_id': None, 'trustor_id': None, 'trustee_id': None, 'domain_name': None, 'group_ids': [], 'user_id': '8eb0b5ba4daa4446b13d4f6639e7c27d', 'user_domain_id': 'default', 'system_scope': 'all', 'project_id': None, 'project_domain_id': None, 'roles': ['admin', 'manager', 'member', 'reader'], 'is_admin_project': True, 'service_user_id': None, 'service_user_domain_id': None, 'service_project_id': None, 'service_project_domain_id': None, 'service_roles': []} {{(pid=46352) fill_context /opt/stack/keystone/keystone/server/flask/request_processing/middleware/auth_context.py:480}}
Nov 30 10:38:02 user devstack@keystone.service[46352]: DEBUG keystone.server.flask.request_processing.req_logging [None req-3fffc2b1-672e-430e-84ad-c94c40e9752c None admin] REQUEST_METHOD: `GET` {{(pid=46352) log_request_info /opt/stack/keystone/keystone/server/flask/request_processing/req_logging.py:27}}
Nov 30 10:38:02 user devstack@keystone.service[46352]: DEBUG keystone.server.flask.request_processing.req_logging [None req-3fffc2b1-672e-430e-84ad-c94c40e9752c None admin] SCRIPT_NAME: `/identity` {{(pid=46352) log_request_info /opt/stack/keystone/keystone/server/flask/request_processing/req_logging.py:28}}
Nov 30 10:38:02 user devstack@keystone.service[46352]: DEBUG keystone.server.flask.request_processing.req_logging [None req-3fffc2b1-672e-430e-84ad-c94c40e9752c None admin] PATH_INFO: `/v3/users/982c7e59a3cf483baa9d8ac0842ffceb` {{(pid=46352) log_request_info /opt/stack/keystone/keystone/server/flask/request_processing/req_logging.py:29}}
Nov 30 10:38:02 user devstack@keystone.service[46352]: DEBUG keystone.common.rbac_enforcer.enforcer [None req-3fffc2b1-672e-430e-84ad-c94c40e9752c None admin] RBAC: Authorizing `identity:get_user(user_id=982c7e59a3cf483baa9d8ac0842ffceb)` {{(pid=46352) enforce_call /opt/stack/keystone/keystone/common/rbac_enforcer/enforcer.py:449}}
Nov 30 10:38:02 user devstack@keystone.service[46352]: DEBUG keystone.common.rbac_enforcer.enforcer [None req-3fffc2b1-672e-430e-84ad-c94c40e9752c None admin] RBAC: Authorization granted {{(pid=46352) enforce_call /opt/stack/keystone/keystone/common/rbac_enforcer/enforcer.py:457}}
Nov 30 10:38:02 user devstack@keystone.service[46350]: DEBUG keystone.server.flask.request_processing.middleware.auth_context [None req-64887180-d89f-4470-96e7-eb7b220a2460 None admin] RBAC: auth_context: {'token': , 'domain_id': None, 'trust_id': None, 'trustor_id': None, 'trustee_id': None, 'domain_name': None, 'group_ids': [], 'user_id': '8eb0b5ba4daa4446b13d4f6639e7c27d', 'user_domain_id': 'default', 'system_scope': 'all', 'project_id': None, 'project_domain_id': None, 'roles': ['admin', 'manager', 'member', 'reader'], 'is_admin_project': True, 'service_user_id': None, 'service_user_domain_id': None, 'service_project_id': None, 'service_project_domain_id': None, 'service_roles': []} {{(pid=46350) fill_context /opt/stack/keystone/keystone/server/flask/request_processing/middleware/auth_context.py:480}}
Nov 30 10:38:02 user devstack@keystone.service[46350]: DEBUG keystone.server.flask.request_processing.req_logging [None req-64887180-d89f-4470-96e7-eb7b220a2460 None admin] REQUEST_METHOD: `GET` {{(pid=46350) log_request_info /opt/stack/keystone/keystone/server/flask/request_processing/req_logging.py:27}}
Nov 30 10:38:02 user devstack@keystone.service[46350]: DEBUG keystone.server.flask.request_processing.req_logging [None req-64887180-d89f-4470-96e7-eb7b220a2460 None admin] SCRIPT_NAME: `/identity` {{(pid=46350) log_request_info /opt/stack/keystone/keystone/server/flask/request_processing/req_logging.py:28}}
Nov 30 10:38:02 user devstack@keystone.service[46350]: DEBUG keystone.server.flask.request_processing.req_logging [None req-64887180-d89f-4470-96e7-eb7b220a2460 None admin] PATH_INFO: `/v3/projects/d4ec3752031e4d1dbf245294baeb7cf7` {{(pid=46350) log_request_info /opt/stack/keystone/keystone/server/flask/request_processing/req_logging.py:29}}
Nov 30 10:38:02 user devstack@keystone.service[46352]: [pid: 46352|app: 0|req: 67/202] 10.0.0.210 () {56 vars in 1172 bytes} [Thu Nov 30 10:38:01 2023] GET /identity/v3/users/982c7e59a3cf483baa9d8ac0842ffceb => generated 296 bytes in 136 msecs (HTTP/1.1 200) 5 headers in 177 bytes (2 switches on core 0)
Nov 30 10:38:02 user devstack@keystone.service[46350]: DEBUG keystone.common.rbac_enforcer.enforcer [None req-64887180-d89f-4470-96e7-eb7b220a2460 None admin] RBAC: Authorizing `identity:get_project(project_id=d4ec3752031e4d1dbf245294baeb7cf7)` {{(pid=46350) enforce_call /opt/stack/keystone/keystone/common/rbac_enforcer/enforcer.py:449}}
Nov 30 10:38:02 user devstack@keystone.service[46350]: DEBUG keystone.common.rbac_enforcer.enforcer [None req-64887180-d89f-4470-96e7-eb7b220a2460 None admin] RBAC: Authorization granted {{(pid=46350) enforce_call /opt/stack/keystone/keystone/common/rbac_enforcer/enforcer.py:457}}
Nov 30 10:38:02 user devstack@keystone.service[46350]: [pid: 46350|app: 0|req: 66/203] 10.0.0.210 () {56 vars in 1181 bytes} [Thu Nov 30 10:38:01 2023] GET /identity/v3/projects/d4ec3752031e4d1dbf245294baeb7cf7 => generated 301 bytes in 135 msecs (HTTP/1.1 200) 5 headers in 177 bytes (1 switches on core 0)
Nov 30 10:38:02 user devstack@keystone.service[46351]: DEBUG keystone.server.flask.request_processing.middleware.auth_context [None req-2edfdf38-a044-4f4c-bf7f-dd99a13f6032 None admin] Authenticating user token {{(pid=46351) process_request /opt/stack/data/venv/lib/python3.10/site-packages/keystonemiddleware/auth_token/__init__.py:406}}
Nov 30 10:38:02 user devstack@keystone.service[46352]: DEBUG keystone.server.flask.request_processing.middleware.auth_context [None req-3fffc2b1-672e-430e-84ad-c94c40e9752c None admin] Authenticating user token {{(pid=46352) process_request /opt/stack/data/venv/lib/python3.10/site-packages/keystonemiddleware/auth_token/__init__.py:406}}
Nov 30 10:38:02 user devstack@keystone.service[46351]: DEBUG keystone.server.flask.request_processing.middleware.auth_context [None req-2edfdf38-a044-4f4c-bf7f-dd99a13f6032 None admin] Validating token access rules against request {{(pid=46351) validate_allowed_request /opt/stack/data/venv/lib/python3.10/site-packages/keystonemiddleware/auth_token/__init__.py:544}}
Nov 30 10:38:02 user devstack@keystone.service[46352]: DEBUG keystone.server.flask.request_processing.middleware.auth_context [None req-3fffc2b1-672e-430e-84ad-c94c40e9752c None admin] Validating token access rules against request {{(pid=46352) validate_allowed_request /opt/stack/data/venv/lib/python3.10/site-packages/keystonemiddleware/auth_token/__init__.py:544}}
Nov 30 10:38:02 user devstack@keystone.service[46351]: DEBUG keystone.server.flask.request_processing.middleware.auth_context [None req-604e5995-7136-4803-abd2-21185690d41f None admin] RBAC: auth_context: {'token': , 'domain_id': None, 'trust_id': None, 'trustor_id': None, 'trustee_id': None, 'domain_name': None, 'group_ids': [], 'user_id': '8eb0b5ba4daa4446b13d4f6639e7c27d', 'user_domain_id': 'default', 'system_scope': 'all', 'project_id': None, 'project_domain_id': None, 'roles': ['admin', 'manager', 'member', 'reader'], 'is_admin_project': True, 'service_user_id': None, 'service_user_domain_id': None, 'service_project_id': None, 'service_project_domain_id': None, 'service_roles': []} {{(pid=46351) fill_context /opt/stack/keystone/keystone/server/flask/request_processing/middleware/auth_context.py:480}}
Nov 30 10:38:02 user devstack@keystone.service[46351]: DEBUG keystone.server.flask.request_processing.req_logging [None req-604e5995-7136-4803-abd2-21185690d41f None admin] REQUEST_METHOD: `GET` {{(pid=46351) log_request_info /opt/stack/keystone/keystone/server/flask/request_processing/req_logging.py:27}}
Nov 30 10:38:02 user devstack@keystone.service[46351]: DEBUG keystone.server.flask.request_processing.req_logging [None req-604e5995-7136-4803-abd2-21185690d41f None admin] SCRIPT_NAME: `/identity` {{(pid=46351) log_request_info /opt/stack/keystone/keystone/server/flask/request_processing/req_logging.py:28}}
Nov 30 10:38:02 user devstack@keystone.service[46351]: DEBUG keystone.server.flask.request_processing.req_logging [None req-604e5995-7136-4803-abd2-21185690d41f None admin] PATH_INFO: `/v3/auth/tokens` {{(pid=46351) log_request_info /opt/stack/keystone/keystone/server/flask/request_processing/req_logging.py:29}}
Nov 30 10:38:02 user devstack@keystone.service[46352]: DEBUG keystone.server.flask.request_processing.middleware.auth_context [None req-a595419c-c13f-4469-843e-fff1184ed610 None admin] RBAC: auth_context: {'token': , 'domain_id': None, 'trust_id': None, 'trustor_id': None, 'trustee_id': None, 'domain_name': None, 'group_ids': [], 'user_id': '8eb0b5ba4daa4446b13d4f6639e7c27d', 'user_domain_id': 'default', 'system_scope': 'all', 'project_id': None, 'project_domain_id': None, 'roles': ['admin', 'manager', 'member', 'reader'], 'is_admin_project': True, 'service_user_id': None, 'service_user_domain_id': None, 'service_project_id': None, 'service_project_domain_id': None, 'service_roles': []} {{(pid=46352) fill_context /opt/stack/keystone/keystone/server/flask/request_processing/middleware/auth_context.py:480}}
Nov 30 10:38:02 user devstack@keystone.service[46352]: DEBUG keystone.server.flask.request_processing.req_logging [None req-a595419c-c13f-4469-843e-fff1184ed610 None admin] REQUEST_METHOD: `PUT` {{(pid=46352) log_request_info /opt/stack/keystone/keystone/server/flask/request_processing/req_logging.py:27}}
Nov 30 10:38:02 user devstack@keystone.service[46352]: DEBUG keystone.server.flask.request_processing.req_logging [None req-a595419c-c13f-4469-843e-fff1184ed610 None admin] SCRIPT_NAME: `/identity` {{(pid=46352) log_request_info /opt/stack/keystone/keystone/server/flask/request_processing/req_logging.py:28}}
Nov 30 10:38:02 user devstack@keystone.service[46352]: DEBUG keystone.server.flask.request_processing.req_logging [None req-a595419c-c13f-4469-843e-fff1184ed610 None admin] PATH_INFO: `/v3/projects/d4ec3752031e4d1dbf245294baeb7cf7/users/af2014dd8f584ae79a1c55eeee85318b/roles/10d69a9dd31c48ea8b1b3e93f6b1033e` {{(pid=46352) log_request_info /opt/stack/keystone/keystone/server/flask/request_processing/req_logging.py:29}}
Nov 30 10:38:02 user devstack@keystone.service[46352]: DEBUG keystone.common.rbac_enforcer.enforcer [None req-a595419c-c13f-4469-843e-fff1184ed610 None admin] RBAC: Authorizing `identity:create_grant(project_id=d4ec3752031e4d1dbf245294baeb7cf7, user_id=af2014dd8f584ae79a1c55eeee85318b, role_id=10d69a9dd31c48ea8b1b3e93f6b1033e)` {{(pid=46352) enforce_call /opt/stack/keystone/keystone/common/rbac_enforcer/enforcer.py:449}}
Nov 30 10:38:02 user devstack@keystone.service[46352]: DEBUG keystone.common.rbac_enforcer.enforcer [None req-a595419c-c13f-4469-843e-fff1184ed610 None admin] RBAC: Authorization granted {{(pid=46352) enforce_call /opt/stack/keystone/keystone/common/rbac_enforcer/enforcer.py:457}}
Nov 30 10:38:02 user devstack@keystone.service[46352]: [pid: 46352|app: 0|req: 68/204] 10.0.0.210 () {58 vars in 1434 bytes} [Thu Nov 30 10:38:02 2023] PUT /identity/v3/projects/d4ec3752031e4d1dbf245294baeb7cf7/users/af2014dd8f584ae79a1c55eeee85318b/roles/10d69a9dd31c48ea8b1b3e93f6b1033e => generated 0 bytes in 157 msecs (HTTP/1.1 204) 3 headers in 132 bytes (0 switches on core 0)
Nov 30 10:38:02 user devstack@keystone.service[46351]: DEBUG keystone.common.rbac_enforcer.enforcer [None req-604e5995-7136-4803-abd2-21185690d41f None admin] RBAC: Authorizing `identity:validate_token()` {{(pid=46351) enforce_call /opt/stack/keystone/keystone/common/rbac_enforcer/enforcer.py:449}}
Nov 30 10:38:02 user devstack@keystone.service[46351]: DEBUG keystone.common.rbac_enforcer.enforcer [None req-604e5995-7136-4803-abd2-21185690d41f None admin] RBAC: Authorization granted {{(pid=46351) enforce_call /opt/stack/keystone/keystone/common/rbac_enforcer/enforcer.py:457}}
Nov 30 10:38:02 user devstack@keystone.service[46351]: [pid: 46351|app: 0|req: 71/205] 10.0.0.210 () {58 vars in 1277 bytes} [Thu Nov 30 10:38:02 2023] GET /identity/v3/auth/tokens => generated 861 bytes in 300 msecs (HTTP/1.1 200) 6 headers in 358 bytes (1 switches on core 0)
Nov 30 10:38:02 user devstack@keystone.service[46350]: DEBUG keystone.server.flask.request_processing.middleware.auth_context [None req-64887180-d89f-4470-96e7-eb7b220a2460 None admin] Authenticating user token {{(pid=46350) process_request /opt/stack/data/venv/lib/python3.10/site-packages/keystonemiddleware/auth_token/__init__.py:406}}
Nov 30 10:38:02 user devstack@keystone.service[46350]: DEBUG keystone.server.flask.request_processing.middleware.auth_context [None req-64887180-d89f-4470-96e7-eb7b220a2460 None admin] Validating token access rules against request {{(pid=46350) validate_allowed_request /opt/stack/data/venv/lib/python3.10/site-packages/keystonemiddleware/auth_token/__init__.py:544}}
Nov 30 10:38:02 user devstack@keystone.service[46350]: DEBUG keystone.server.flask.request_processing.middleware.auth_context [None req-4f9cb470-39f2-4fdb-9465-afc90d427c74 None admin] RBAC: auth_context: {'token': , 'domain_id': None, 'trust_id': None, 'trustor_id': None, 'trustee_id': None, 'domain_name': None, 'group_ids': [], 'user_id': '8eb0b5ba4daa4446b13d4f6639e7c27d', 'user_domain_id': 'default', 'system_scope': 'all', 'project_id': None, 'project_domain_id': None, 'roles': ['admin', 'manager', 'member', 'reader'], 'is_admin_project': True, 'service_user_id': None, 'service_user_domain_id': None, 'service_project_id': None, 'service_project_domain_id': None, 'service_roles': []} {{(pid=46350) fill_context /opt/stack/keystone/keystone/server/flask/request_processing/middleware/auth_context.py:480}}
Nov 30 10:38:02 user devstack@keystone.service[46350]: DEBUG keystone.server.flask.request_processing.req_logging [None req-4f9cb470-39f2-4fdb-9465-afc90d427c74 None admin] REQUEST_METHOD: `GET` {{(pid=46350) log_request_info /opt/stack/keystone/keystone/server/flask/request_processing/req_logging.py:27}}
Nov 30 10:38:02 user devstack@keystone.service[46350]: DEBUG keystone.server.flask.request_processing.req_logging [None req-4f9cb470-39f2-4fdb-9465-afc90d427c74 None admin] SCRIPT_NAME: `/identity` {{(pid=46350) log_request_info /opt/stack/keystone/keystone/server/flask/request_processing/req_logging.py:28}}
Nov 30 10:38:02 user devstack@keystone.service[46350]: DEBUG keystone.server.flask.request_processing.req_logging [None req-4f9cb470-39f2-4fdb-9465-afc90d427c74 None admin] PATH_INFO: `/v3/projects/d4ec3752031e4d1dbf245294baeb7cf7` {{(pid=46350) log_request_info /opt/stack/keystone/keystone/server/flask/request_processing/req_logging.py:29}}
Nov 30 10:38:02 user devstack@keystone.service[46350]: DEBUG keystone.common.rbac_enforcer.enforcer [None req-4f9cb470-39f2-4fdb-9465-afc90d427c74 None admin] RBAC: Authorizing `identity:get_project(project_id=d4ec3752031e4d1dbf245294baeb7cf7)` {{(pid=46350) enforce_call /opt/stack/keystone/keystone/common/rbac_enforcer/enforcer.py:449}}
Nov 30 10:38:02 user devstack@keystone.service[46350]: DEBUG keystone.common.rbac_enforcer.enforcer [None req-4f9cb470-39f2-4fdb-9465-afc90d427c74 None admin] RBAC: Authorization granted {{(pid=46350) enforce_call /opt/stack/keystone/keystone/common/rbac_enforcer/enforcer.py:457}}
Nov 30 10:38:02 user devstack@keystone.service[46350]: [pid: 46350|app: 0|req: 67/206] 10.0.0.210 () {56 vars in 1181 bytes} [Thu Nov 30 10:38:02 2023] GET /identity/v3/projects/d4ec3752031e4d1dbf245294baeb7cf7 => generated 301 bytes in 158 msecs (HTTP/1.1 200) 5 headers in 177 bytes (1 switches on core 0)
Nov 30 10:38:02 user devstack@keystone.service[46352]: DEBUG keystone.server.flask.request_processing.middleware.auth_context [None req-a595419c-c13f-4469-843e-fff1184ed610 None admin] Authenticating user token {{(pid=46352) process_request /opt/stack/data/venv/lib/python3.10/site-packages/keystonemiddleware/auth_token/__init__.py:406}}
Nov 30 10:38:02 user devstack@keystone.service[46352]: DEBUG keystone.server.flask.request_processing.middleware.auth_context [None req-a595419c-c13f-4469-843e-fff1184ed610 None admin] Validating token access rules against request {{(pid=46352) validate_allowed_request /opt/stack/data/venv/lib/python3.10/site-packages/keystonemiddleware/auth_token/__init__.py:544}}
Nov 30 10:38:02 user devstack@keystone.service[46352]: DEBUG keystone.server.flask.request_processing.middleware.auth_context [None req-ad8f3753-b48b-4025-b9b1-9a3eae1a02c5 None admin] RBAC: auth_context: {'token': , 'domain_id': None, 'trust_id': None, 'trustor_id': None, 'trustee_id': None, 'domain_name': None, 'group_ids': [], 'user_id': '8eb0b5ba4daa4446b13d4f6639e7c27d', 'user_domain_id': 'default', 'system_scope': 'all', 'project_id': None, 'project_domain_id': None, 'roles': ['admin', 'manager', 'member', 'reader'], 'is_admin_project': True, 'service_user_id': None, 'service_user_domain_id': None, 'service_project_id': None, 'service_project_domain_id': None, 'service_roles': []} {{(pid=46352) fill_context /opt/stack/keystone/keystone/server/flask/request_processing/middleware/auth_context.py:480}}
Nov 30 10:38:02 user devstack@keystone.service[46352]: DEBUG keystone.server.flask.request_processing.req_logging [None req-ad8f3753-b48b-4025-b9b1-9a3eae1a02c5 None admin] REQUEST_METHOD: `GET` {{(pid=46352) log_request_info /opt/stack/keystone/keystone/server/flask/request_processing/req_logging.py:27}}
Nov 30 10:38:02 user devstack@keystone.service[46352]: DEBUG keystone.server.flask.request_processing.req_logging [None req-ad8f3753-b48b-4025-b9b1-9a3eae1a02c5 None admin] SCRIPT_NAME: `/identity` {{(pid=46352) log_request_info /opt/stack/keystone/keystone/server/flask/request_processing/req_logging.py:28}}
Nov 30 10:38:02 user devstack@keystone.service[46352]: DEBUG keystone.server.flask.request_processing.req_logging [None req-ad8f3753-b48b-4025-b9b1-9a3eae1a02c5 None admin] PATH_INFO: `/v3/role_assignments` {{(pid=46352) log_request_info /opt/stack/keystone/keystone/server/flask/request_processing/req_logging.py:29}}
Nov 30 10:38:02 user devstack@keystone.service[46352]: DEBUG keystone.common.rbac_enforcer.enforcer [None req-ad8f3753-b48b-4025-b9b1-9a3eae1a02c5 None admin] RBAC: Adding query filter params (role.id=788bc076b42e4d0aacfc78332e041b1c, scope.project.id=d4ec3752031e4d1dbf245294baeb7cf7, user.id=982c7e59a3cf483baa9d8ac0842ffceb) {{(pid=46352) _extract_filter_values /opt/stack/keystone/keystone/common/rbac_enforcer/enforcer.py:167}}
Nov 30 10:38:02 user devstack@keystone.service[46352]: DEBUG keystone.common.rbac_enforcer.enforcer [None req-ad8f3753-b48b-4025-b9b1-9a3eae1a02c5 None admin] RBAC: Authorizing `identity:list_role_assignments()` {{(pid=46352) enforce_call /opt/stack/keystone/keystone/common/rbac_enforcer/enforcer.py:449}}
Nov 30 10:38:02 user devstack@keystone.service[46352]: DEBUG keystone.common.rbac_enforcer.enforcer [None req-ad8f3753-b48b-4025-b9b1-9a3eae1a02c5 None admin] RBAC: Authorization granted {{(pid=46352) enforce_call /opt/stack/keystone/keystone/common/rbac_enforcer/enforcer.py:457}}
Nov 30 10:38:02 user devstack@keystone.service[46352]: [pid: 46352|app: 0|req: 69/207] 10.0.0.210 () {56 vars in 1369 bytes} [Thu Nov 30 10:38:02 2023] GET /identity/v3/role_assignments?user.id=982c7e59a3cf483baa9d8ac0842ffceb&scope.project.id=d4ec3752031e4d1dbf245294baeb7cf7&role.id=788bc076b42e4d0aacfc78332e041b1c => generated 606 bytes in 167 msecs (HTTP/1.1 200) 5 headers in 177 bytes (1 switches on core 0)
Nov 30 10:38:03 user devstack@keystone.service[46351]: DEBUG keystone.server.flask.request_processing.req_logging [None req-e74e2094-64c6-45cf-8d52-ea19d78bf47a None None] REQUEST_METHOD: `GET` {{(pid=46351) log_request_info /opt/stack/keystone/keystone/server/flask/request_processing/req_logging.py:27}}
Nov 30 10:38:03 user devstack@keystone.service[46351]: DEBUG keystone.server.flask.request_processing.req_logging [None req-e74e2094-64c6-45cf-8d52-ea19d78bf47a None None] SCRIPT_NAME: `/identity` {{(pid=46351) log_request_info /opt/stack/keystone/keystone/server/flask/request_processing/req_logging.py:28}}
Nov 30 10:38:03 user devstack@keystone.service[46351]: DEBUG keystone.server.flask.request_processing.req_logging [None req-e74e2094-64c6-45cf-8d52-ea19d78bf47a None None] PATH_INFO: `/` {{(pid=46351) log_request_info /opt/stack/keystone/keystone/server/flask/request_processing/req_logging.py:29}}
Nov 30 10:38:03 user devstack@keystone.service[46351]: [pid: 46351|app: 0|req: 72/208] 10.0.0.210 () {54 vars in 921 bytes} [Thu Nov 30 10:38:03 2023] GET /identity => generated 269 bytes in 3 msecs (HTTP/1.1 300) 6 headers in 233 bytes (1 switches on core 0)
Nov 30 10:38:03 user devstack@keystone.service[46350]: DEBUG keystone.server.flask.request_processing.req_logging [None req-31ed2b38-91af-4be9-b811-5e23256122bb None None] REQUEST_METHOD: `POST` {{(pid=46350) log_request_info /opt/stack/keystone/keystone/server/flask/request_processing/req_logging.py:27}}
Nov 30 10:38:03 user devstack@keystone.service[46350]: DEBUG keystone.server.flask.request_processing.req_logging [None req-31ed2b38-91af-4be9-b811-5e23256122bb None None] SCRIPT_NAME: `/identity` {{(pid=46350) log_request_info /opt/stack/keystone/keystone/server/flask/request_processing/req_logging.py:28}}
Nov 30 10:38:03 user devstack@keystone.service[46350]: DEBUG keystone.server.flask.request_processing.req_logging [None req-31ed2b38-91af-4be9-b811-5e23256122bb None None] PATH_INFO: `/v3/auth/tokens` {{(pid=46350) log_request_info /opt/stack/keystone/keystone/server/flask/request_processing/req_logging.py:29}}
Nov 30 10:38:03 user devstack@keystone.service[46350]: WARNING keystone.common.password_hashing [None req-31ed2b38-91af-4be9-b811-5e23256122bb None None] Truncating password to algorithm specific maximum length 72 characters.
Nov 30 10:38:03 user devstack@keystone.service[46352]: DEBUG keystone.server.flask.request_processing.req_logging [None req-0d244d58-253e-4012-88b8-db45886eae94 None None] REQUEST_METHOD: `GET` {{(pid=46352) log_request_info /opt/stack/keystone/keystone/server/flask/request_processing/req_logging.py:27}}
Nov 30 10:38:03 user devstack@keystone.service[46352]: DEBUG keystone.server.flask.request_processing.req_logging [None req-0d244d58-253e-4012-88b8-db45886eae94 None None] SCRIPT_NAME: `/identity` {{(pid=46352) log_request_info /opt/stack/keystone/keystone/server/flask/request_processing/req_logging.py:28}}
