Oct 20 14:20:44 user devstack@keystone.service[48012]: [pid: 48012|app: 0|req: 61/180] 10.0.0.210 () {56 vars in 1106 bytes} [Fri Oct 20 14:20:44 2023] GET /identity/v3/roles?name=anotherrole => generated 332 bytes in 149 msecs (HTTP/1.1 200) 5 headers in 177 bytes (1 switches on core 0)
Oct 20 14:20:44 user devstack@keystone.service[48012]: DEBUG keystone.server.flask.request_processing.middleware.auth_context [None req-a324c4b6-d7fc-4d44-a08c-b0ae97739ded None admin] Authenticating user token {{(pid=48012) process_request /opt/stack/data/venv/lib/python3.10/site-packages/keystonemiddleware/auth_token/__init__.py:406}}
Oct 20 14:20:44 user devstack@keystone.service[48013]: DEBUG keystone.server.flask.request_processing.middleware.auth_context [None req-18b9caa6-f794-44b1-a970-32efcd90cae2 None admin] RBAC: auth_context: {'token': , 'domain_id': None, 'trust_id': None, 'trustor_id': None, 'trustee_id': None, 'domain_name': None, 'group_ids': [], 'user_id': 'fa89b95a17c245ebb2e641c1d17ee52a', 'user_domain_id': 'default', 'system_scope': 'all', 'project_id': None, 'project_domain_id': None, 'roles': ['admin', 'manager', 'member', 'reader'], 'is_admin_project': True, 'service_user_id': None, 'service_user_domain_id': None, 'service_project_id': None, 'service_project_domain_id': None, 'service_roles': []} {{(pid=48013) fill_context /opt/stack/keystone/keystone/server/flask/request_processing/middleware/auth_context.py:480}}
Oct 20 14:20:44 user devstack@keystone.service[48013]: DEBUG keystone.server.flask.request_processing.req_logging [None req-18b9caa6-f794-44b1-a970-32efcd90cae2 None admin] REQUEST_METHOD: `GET` {{(pid=48013) log_request_info /opt/stack/keystone/keystone/server/flask/request_processing/req_logging.py:27}}
Oct 20 14:20:44 user devstack@keystone.service[48013]: DEBUG keystone.server.flask.request_processing.req_logging [None req-18b9caa6-f794-44b1-a970-32efcd90cae2 None admin] SCRIPT_NAME: `/identity` {{(pid=48013) log_request_info /opt/stack/keystone/keystone/server/flask/request_processing/req_logging.py:28}}
Oct 20 14:20:44 user devstack@keystone.service[48013]: DEBUG keystone.server.flask.request_processing.req_logging [None req-18b9caa6-f794-44b1-a970-32efcd90cae2 None admin] PATH_INFO: `/v3/auth/tokens` {{(pid=48013) log_request_info /opt/stack/keystone/keystone/server/flask/request_processing/req_logging.py:29}}
Oct 20 14:20:44 user devstack@keystone.service[48014]: DEBUG keystone.server.flask.request_processing.middleware.auth_context [None req-0b145e6b-93b0-4650-91ab-fc7c0ef0418a None admin] RBAC: auth_context: {'token': , 'domain_id': None, 'trust_id': None, 'trustor_id': None, 'trustee_id': None, 'domain_name': None, 'group_ids': [], 'user_id': 'fa89b95a17c245ebb2e641c1d17ee52a', 'user_domain_id': 'default', 'system_scope': 'all', 'project_id': None, 'project_domain_id': None, 'roles': ['admin', 'manager', 'member', 'reader'], 'is_admin_project': True, 'service_user_id': None, 'service_user_domain_id': None, 'service_project_id': None, 'service_project_domain_id': None, 'service_roles': []} {{(pid=48014) fill_context /opt/stack/keystone/keystone/server/flask/request_processing/middleware/auth_context.py:480}}
Oct 20 14:20:44 user devstack@keystone.service[48014]: DEBUG keystone.server.flask.request_processing.req_logging [None req-0b145e6b-93b0-4650-91ab-fc7c0ef0418a None admin] REQUEST_METHOD: `PUT` {{(pid=48014) log_request_info /opt/stack/keystone/keystone/server/flask/request_processing/req_logging.py:27}}
Oct 20 14:20:44 user devstack@keystone.service[48014]: DEBUG keystone.server.flask.request_processing.req_logging [None req-0b145e6b-93b0-4650-91ab-fc7c0ef0418a None admin] SCRIPT_NAME: `/identity` {{(pid=48014) log_request_info /opt/stack/keystone/keystone/server/flask/request_processing/req_logging.py:28}}
Oct 20 14:20:44 user devstack@keystone.service[48014]: DEBUG keystone.server.flask.request_processing.req_logging [None req-0b145e6b-93b0-4650-91ab-fc7c0ef0418a None admin] PATH_INFO: `/v3/projects/7bfc05cecc254f1c91c603fbe60c462a/users/88aee33dc43b4a72abeca9f2b6da7bfb/roles/3d7b5ff849af4b329d3582d421488b6f` {{(pid=48014) log_request_info /opt/stack/keystone/keystone/server/flask/request_processing/req_logging.py:29}}
Oct 20 14:20:44 user devstack@keystone.service[48014]: DEBUG keystone.common.rbac_enforcer.enforcer [None req-0b145e6b-93b0-4650-91ab-fc7c0ef0418a None admin] RBAC: Authorizing `identity:create_grant(project_id=7bfc05cecc254f1c91c603fbe60c462a, user_id=88aee33dc43b4a72abeca9f2b6da7bfb, role_id=3d7b5ff849af4b329d3582d421488b6f)` {{(pid=48014) enforce_call /opt/stack/keystone/keystone/common/rbac_enforcer/enforcer.py:449}}
Oct 20 14:20:44 user devstack@keystone.service[48014]: DEBUG keystone.common.rbac_enforcer.enforcer [None req-0b145e6b-93b0-4650-91ab-fc7c0ef0418a None admin] RBAC: Authorization granted {{(pid=48014) enforce_call /opt/stack/keystone/keystone/common/rbac_enforcer/enforcer.py:457}}
Oct 20 14:20:44 user devstack@keystone.service[48014]: [pid: 48014|app: 0|req: 62/181] 10.0.0.210 () {58 vars in 1434 bytes} [Fri Oct 20 14:20:44 2023] PUT /identity/v3/projects/7bfc05cecc254f1c91c603fbe60c462a/users/88aee33dc43b4a72abeca9f2b6da7bfb/roles/3d7b5ff849af4b329d3582d421488b6f => generated 0 bytes in 174 msecs (HTTP/1.1 204) 3 headers in 132 bytes (0 switches on core 0)
Oct 20 14:20:44 user devstack@keystone.service[48013]: DEBUG keystone.common.rbac_enforcer.enforcer [None req-18b9caa6-f794-44b1-a970-32efcd90cae2 None admin] RBAC: Authorizing `identity:validate_token()` {{(pid=48013) enforce_call /opt/stack/keystone/keystone/common/rbac_enforcer/enforcer.py:449}}
Oct 20 14:20:44 user devstack@keystone.service[48013]: DEBUG keystone.common.rbac_enforcer.enforcer [None req-18b9caa6-f794-44b1-a970-32efcd90cae2 None admin] RBAC: Authorization granted {{(pid=48013) enforce_call /opt/stack/keystone/keystone/common/rbac_enforcer/enforcer.py:457}}
Oct 20 14:20:44 user devstack@keystone.service[48012]: DEBUG keystone.server.flask.request_processing.middleware.auth_context [None req-a324c4b6-d7fc-4d44-a08c-b0ae97739ded None admin] Validating token access rules against request {{(pid=48012) validate_allowed_request /opt/stack/data/venv/lib/python3.10/site-packages/keystonemiddleware/auth_token/__init__.py:544}}
Oct 20 14:20:44 user devstack@keystone.service[48012]: DEBUG keystone.server.flask.request_processing.middleware.auth_context [None req-21aa0a0b-3c65-476f-bb30-96305654974b None admin] RBAC: auth_context: {'token': , 'domain_id': None, 'trust_id': None, 'trustor_id': None, 'trustee_id': None, 'domain_name': None, 'group_ids': [], 'user_id': 'fa89b95a17c245ebb2e641c1d17ee52a', 'user_domain_id': 'default', 'system_scope': 'all', 'project_id': None, 'project_domain_id': None, 'roles': ['admin', 'manager', 'member', 'reader'], 'is_admin_project': True, 'service_user_id': None, 'service_user_domain_id': None, 'service_project_id': None, 'service_project_domain_id': None, 'service_roles': []} {{(pid=48012) fill_context /opt/stack/keystone/keystone/server/flask/request_processing/middleware/auth_context.py:480}}
Oct 20 14:20:44 user devstack@keystone.service[48012]: DEBUG keystone.server.flask.request_processing.req_logging [None req-21aa0a0b-3c65-476f-bb30-96305654974b None admin] REQUEST_METHOD: `GET` {{(pid=48012) log_request_info /opt/stack/keystone/keystone/server/flask/request_processing/req_logging.py:27}}
Oct 20 14:20:44 user devstack@keystone.service[48012]: DEBUG keystone.server.flask.request_processing.req_logging [None req-21aa0a0b-3c65-476f-bb30-96305654974b None admin] SCRIPT_NAME: `/identity` {{(pid=48012) log_request_info /opt/stack/keystone/keystone/server/flask/request_processing/req_logging.py:28}}
Oct 20 14:20:44 user devstack@keystone.service[48012]: DEBUG keystone.server.flask.request_processing.req_logging [None req-21aa0a0b-3c65-476f-bb30-96305654974b None admin] PATH_INFO: `/v3/users/77f1660932a6415b9e1e402032dcb31f` {{(pid=48012) log_request_info /opt/stack/keystone/keystone/server/flask/request_processing/req_logging.py:29}}
Oct 20 14:20:44 user devstack@keystone.service[48012]: DEBUG keystone.common.rbac_enforcer.enforcer [None req-21aa0a0b-3c65-476f-bb30-96305654974b None admin] RBAC: Authorizing `identity:get_user(user_id=77f1660932a6415b9e1e402032dcb31f)` {{(pid=48012) enforce_call /opt/stack/keystone/keystone/common/rbac_enforcer/enforcer.py:449}}
Oct 20 14:20:44 user devstack@keystone.service[48012]: DEBUG keystone.common.rbac_enforcer.enforcer [None req-21aa0a0b-3c65-476f-bb30-96305654974b None admin] RBAC: Authorization granted {{(pid=48012) enforce_call /opt/stack/keystone/keystone/common/rbac_enforcer/enforcer.py:457}}
Oct 20 14:20:44 user devstack@keystone.service[48012]: [pid: 48012|app: 0|req: 62/182] 10.0.0.210 () {56 vars in 1172 bytes} [Fri Oct 20 14:20:44 2023] GET /identity/v3/users/77f1660932a6415b9e1e402032dcb31f => generated 282 bytes in 151 msecs (HTTP/1.1 200) 5 headers in 177 bytes (1 switches on core 0)
Oct 20 14:20:44 user devstack@keystone.service[48014]: DEBUG keystone.server.flask.request_processing.middleware.auth_context [None req-0b145e6b-93b0-4650-91ab-fc7c0ef0418a None admin] Authenticating user token {{(pid=48014) process_request /opt/stack/data/venv/lib/python3.10/site-packages/keystonemiddleware/auth_token/__init__.py:406}}
Oct 20 14:20:44 user devstack@keystone.service[48013]: [pid: 48013|app: 0|req: 59/183] 10.0.0.210 () {58 vars in 1277 bytes} [Fri Oct 20 14:20:44 2023] GET /identity/v3/auth/tokens => generated 861 bytes in 310 msecs (HTTP/1.1 200) 6 headers in 358 bytes (2 switches on core 0)
Oct 20 14:20:44 user devstack@keystone.service[48012]: DEBUG keystone.server.flask.request_processing.middleware.auth_context [None req-21aa0a0b-3c65-476f-bb30-96305654974b None admin] Authenticating user token {{(pid=48012) process_request /opt/stack/data/venv/lib/python3.10/site-packages/keystonemiddleware/auth_token/__init__.py:406}}
Oct 20 14:20:44 user devstack@keystone.service[48014]: DEBUG keystone.server.flask.request_processing.middleware.auth_context [None req-0b145e6b-93b0-4650-91ab-fc7c0ef0418a None admin] Validating token access rules against request {{(pid=48014) validate_allowed_request /opt/stack/data/venv/lib/python3.10/site-packages/keystonemiddleware/auth_token/__init__.py:544}}
Oct 20 14:20:44 user devstack@keystone.service[48012]: DEBUG keystone.server.flask.request_processing.middleware.auth_context [None req-21aa0a0b-3c65-476f-bb30-96305654974b None admin] Validating token access rules against request {{(pid=48012) validate_allowed_request /opt/stack/data/venv/lib/python3.10/site-packages/keystonemiddleware/auth_token/__init__.py:544}}
Oct 20 14:20:44 user devstack@keystone.service[48014]: DEBUG keystone.server.flask.request_processing.middleware.auth_context [None req-ba9297d9-5215-4c26-89bf-c9c2f28c5f54 None admin] RBAC: auth_context: {'token': , 'domain_id': None, 'trust_id': None, 'trustor_id': None, 'trustee_id': None, 'domain_name': None, 'group_ids': [], 'user_id': 'fa89b95a17c245ebb2e641c1d17ee52a', 'user_domain_id': 'default', 'system_scope': 'all', 'project_id': None, 'project_domain_id': None, 'roles': ['admin', 'manager', 'member', 'reader'], 'is_admin_project': True, 'service_user_id': None, 'service_user_domain_id': None, 'service_project_id': None, 'service_project_domain_id': None, 'service_roles': []} {{(pid=48014) fill_context /opt/stack/keystone/keystone/server/flask/request_processing/middleware/auth_context.py:480}}
Oct 20 14:20:44 user devstack@keystone.service[48014]: DEBUG keystone.server.flask.request_processing.req_logging [None req-ba9297d9-5215-4c26-89bf-c9c2f28c5f54 None admin] REQUEST_METHOD: `GET` {{(pid=48014) log_request_info /opt/stack/keystone/keystone/server/flask/request_processing/req_logging.py:27}}
Oct 20 14:20:44 user devstack@keystone.service[48014]: DEBUG keystone.server.flask.request_processing.req_logging [None req-ba9297d9-5215-4c26-89bf-c9c2f28c5f54 None admin] SCRIPT_NAME: `/identity` {{(pid=48014) log_request_info /opt/stack/keystone/keystone/server/flask/request_processing/req_logging.py:28}}
Oct 20 14:20:44 user devstack@keystone.service[48014]: DEBUG keystone.server.flask.request_processing.req_logging [None req-ba9297d9-5215-4c26-89bf-c9c2f28c5f54 None admin] PATH_INFO: `/v3/auth/tokens` {{(pid=48014) log_request_info /opt/stack/keystone/keystone/server/flask/request_processing/req_logging.py:29}}
Oct 20 14:20:44 user devstack@keystone.service[48012]: DEBUG keystone.server.flask.request_processing.middleware.auth_context [None req-80ebb54e-3c33-4fc2-bd67-a3b9c917bca2 None admin] RBAC: auth_context: {'token': , 'domain_id': None, 'trust_id': None, 'trustor_id': None, 'trustee_id': None, 'domain_name': None, 'group_ids': [], 'user_id': 'fa89b95a17c245ebb2e641c1d17ee52a', 'user_domain_id': 'default', 'system_scope': 'all', 'project_id': None, 'project_domain_id': None, 'roles': ['admin', 'manager', 'member', 'reader'], 'is_admin_project': True, 'service_user_id': None, 'service_user_domain_id': None, 'service_project_id': None, 'service_project_domain_id': None, 'service_roles': []} {{(pid=48012) fill_context /opt/stack/keystone/keystone/server/flask/request_processing/middleware/auth_context.py:480}}
Oct 20 14:20:44 user devstack@keystone.service[48012]: DEBUG keystone.server.flask.request_processing.req_logging [None req-80ebb54e-3c33-4fc2-bd67-a3b9c917bca2 None admin] REQUEST_METHOD: `GET` {{(pid=48012) log_request_info /opt/stack/keystone/keystone/server/flask/request_processing/req_logging.py:27}}
Oct 20 14:20:44 user devstack@keystone.service[48012]: DEBUG keystone.server.flask.request_processing.req_logging [None req-80ebb54e-3c33-4fc2-bd67-a3b9c917bca2 None admin] SCRIPT_NAME: `/identity` {{(pid=48012) log_request_info /opt/stack/keystone/keystone/server/flask/request_processing/req_logging.py:28}}
Oct 20 14:20:44 user devstack@keystone.service[48012]: DEBUG keystone.server.flask.request_processing.req_logging [None req-80ebb54e-3c33-4fc2-bd67-a3b9c917bca2 None admin] PATH_INFO: `/v3/projects/7bfc05cecc254f1c91c603fbe60c462a` {{(pid=48012) log_request_info /opt/stack/keystone/keystone/server/flask/request_processing/req_logging.py:29}}
Oct 20 14:20:44 user devstack@keystone.service[48012]: DEBUG keystone.common.rbac_enforcer.enforcer [None req-80ebb54e-3c33-4fc2-bd67-a3b9c917bca2 None admin] RBAC: Authorizing `identity:get_project(project_id=7bfc05cecc254f1c91c603fbe60c462a)` {{(pid=48012) enforce_call /opt/stack/keystone/keystone/common/rbac_enforcer/enforcer.py:449}}
Oct 20 14:20:44 user devstack@keystone.service[48012]: DEBUG keystone.common.rbac_enforcer.enforcer [None req-80ebb54e-3c33-4fc2-bd67-a3b9c917bca2 None admin] RBAC: Authorization granted {{(pid=48012) enforce_call /opt/stack/keystone/keystone/common/rbac_enforcer/enforcer.py:457}}
Oct 20 14:20:44 user devstack@keystone.service[48012]: [pid: 48012|app: 0|req: 63/184] 10.0.0.210 () {56 vars in 1181 bytes} [Fri Oct 20 14:20:44 2023] GET /identity/v3/projects/7bfc05cecc254f1c91c603fbe60c462a => generated 301 bytes in 136 msecs (HTTP/1.1 200) 5 headers in 177 bytes (1 switches on core 0)
Oct 20 14:20:44 user devstack@keystone.service[48013]: DEBUG keystone.server.flask.request_processing.middleware.auth_context [None req-18b9caa6-f794-44b1-a970-32efcd90cae2 None admin] Authenticating user token {{(pid=48013) process_request /opt/stack/data/venv/lib/python3.10/site-packages/keystonemiddleware/auth_token/__init__.py:406}}
Oct 20 14:20:44 user devstack@keystone.service[48014]: DEBUG keystone.common.rbac_enforcer.enforcer [None req-ba9297d9-5215-4c26-89bf-c9c2f28c5f54 None admin] RBAC: Authorizing `identity:validate_token()` {{(pid=48014) enforce_call /opt/stack/keystone/keystone/common/rbac_enforcer/enforcer.py:449}}
Oct 20 14:20:44 user devstack@keystone.service[48014]: DEBUG keystone.common.rbac_enforcer.enforcer [None req-ba9297d9-5215-4c26-89bf-c9c2f28c5f54 None admin] RBAC: Authorization granted {{(pid=48014) enforce_call /opt/stack/keystone/keystone/common/rbac_enforcer/enforcer.py:457}}
Oct 20 14:20:44 user devstack@keystone.service[48013]: DEBUG keystone.server.flask.request_processing.middleware.auth_context [None req-18b9caa6-f794-44b1-a970-32efcd90cae2 None admin] Validating token access rules against request {{(pid=48013) validate_allowed_request /opt/stack/data/venv/lib/python3.10/site-packages/keystonemiddleware/auth_token/__init__.py:544}}
Oct 20 14:20:44 user devstack@keystone.service[48014]: [pid: 48014|app: 0|req: 63/185] 10.0.0.210 () {58 vars in 1277 bytes} [Fri Oct 20 14:20:44 2023] GET /identity/v3/auth/tokens => generated 861 bytes in 289 msecs (HTTP/1.1 200) 6 headers in 358 bytes (1 switches on core 0)
Oct 20 14:20:44 user devstack@keystone.service[48012]: DEBUG keystone.server.flask.request_processing.middleware.auth_context [None req-80ebb54e-3c33-4fc2-bd67-a3b9c917bca2 None admin] Authenticating user token {{(pid=48012) process_request /opt/stack/data/venv/lib/python3.10/site-packages/keystonemiddleware/auth_token/__init__.py:406}}
Oct 20 14:20:44 user devstack@keystone.service[48013]: DEBUG keystone.server.flask.request_processing.middleware.auth_context [None req-4b62c905-9100-4599-ba21-0a891e5f8bcc None admin] RBAC: auth_context: {'token': , 'domain_id': None, 'trust_id': None, 'trustor_id': None, 'trustee_id': None, 'domain_name': None, 'group_ids': [], 'user_id': 'fa89b95a17c245ebb2e641c1d17ee52a', 'user_domain_id': 'default', 'system_scope': 'all', 'project_id': None, 'project_domain_id': None, 'roles': ['admin', 'manager', 'member', 'reader'], 'is_admin_project': True, 'service_user_id': None, 'service_user_domain_id': None, 'service_project_id': None, 'service_project_domain_id': None, 'service_roles': []} {{(pid=48013) fill_context /opt/stack/keystone/keystone/server/flask/request_processing/middleware/auth_context.py:480}}
Oct 20 14:20:44 user devstack@keystone.service[48013]: DEBUG keystone.server.flask.request_processing.req_logging [None req-4b62c905-9100-4599-ba21-0a891e5f8bcc None admin] REQUEST_METHOD: `GET` {{(pid=48013) log_request_info /opt/stack/keystone/keystone/server/flask/request_processing/req_logging.py:27}}
Oct 20 14:20:44 user devstack@keystone.service[48013]: DEBUG keystone.server.flask.request_processing.req_logging [None req-4b62c905-9100-4599-ba21-0a891e5f8bcc None admin] SCRIPT_NAME: `/identity` {{(pid=48013) log_request_info /opt/stack/keystone/keystone/server/flask/request_processing/req_logging.py:28}}
Oct 20 14:20:44 user devstack@keystone.service[48013]: DEBUG keystone.server.flask.request_processing.req_logging [None req-4b62c905-9100-4599-ba21-0a891e5f8bcc None admin] PATH_INFO: `/v3/role_assignments` {{(pid=48013) log_request_info /opt/stack/keystone/keystone/server/flask/request_processing/req_logging.py:29}}
Oct 20 14:20:44 user devstack@keystone.service[48013]: DEBUG keystone.common.rbac_enforcer.enforcer [None req-4b62c905-9100-4599-ba21-0a891e5f8bcc None admin] RBAC: Adding query filter params (role.id=d7d75e519e994720bba9bb3de00be3c4, scope.project.id=7bfc05cecc254f1c91c603fbe60c462a, user.id=77f1660932a6415b9e1e402032dcb31f) {{(pid=48013) _extract_filter_values /opt/stack/keystone/keystone/common/rbac_enforcer/enforcer.py:167}}
Oct 20 14:20:44 user devstack@keystone.service[48013]: DEBUG keystone.common.rbac_enforcer.enforcer [None req-4b62c905-9100-4599-ba21-0a891e5f8bcc None admin] RBAC: Authorizing `identity:list_role_assignments()` {{(pid=48013) enforce_call /opt/stack/keystone/keystone/common/rbac_enforcer/enforcer.py:449}}
Oct 20 14:20:44 user devstack@keystone.service[48013]: DEBUG keystone.common.rbac_enforcer.enforcer [None req-4b62c905-9100-4599-ba21-0a891e5f8bcc None admin] RBAC: Authorization granted {{(pid=48013) enforce_call /opt/stack/keystone/keystone/common/rbac_enforcer/enforcer.py:457}}
Oct 20 14:20:44 user devstack@keystone.service[48013]: [pid: 48013|app: 0|req: 60/186] 10.0.0.210 () {56 vars in 1369 bytes} [Fri Oct 20 14:20:44 2023] GET /identity/v3/role_assignments?user.id=77f1660932a6415b9e1e402032dcb31f&scope.project.id=7bfc05cecc254f1c91c603fbe60c462a&role.id=d7d75e519e994720bba9bb3de00be3c4 => generated 606 bytes in 144 msecs (HTTP/1.1 200) 5 headers in 177 bytes (1 switches on core 0)
Oct 20 14:20:45 user devstack@keystone.service[48012]: DEBUG keystone.server.flask.request_processing.middleware.auth_context [None req-80ebb54e-3c33-4fc2-bd67-a3b9c917bca2 None admin] Validating token access rules against request {{(pid=48012) validate_allowed_request /opt/stack/data/venv/lib/python3.10/site-packages/keystonemiddleware/auth_token/__init__.py:544}}
Oct 20 14:20:45 user devstack@keystone.service[48012]: DEBUG keystone.server.flask.request_processing.middleware.auth_context [None req-396ab1e8-7d37-4494-8fe5-a3b227bc76cb None admin] RBAC: auth_context: {'token': , 'domain_id': None, 'trust_id': None, 'trustor_id': None, 'trustee_id': None, 'domain_name': None, 'group_ids': [], 'user_id': 'fa89b95a17c245ebb2e641c1d17ee52a', 'user_domain_id': 'default', 'system_scope': 'all', 'project_id': None, 'project_domain_id': None, 'roles': ['admin', 'manager', 'member', 'reader'], 'is_admin_project': True, 'service_user_id': None, 'service_user_domain_id': None, 'service_project_id': None, 'service_project_domain_id': None, 'service_roles': []} {{(pid=48012) fill_context /opt/stack/keystone/keystone/server/flask/request_processing/middleware/auth_context.py:480}}
Oct 20 14:20:45 user devstack@keystone.service[48012]: DEBUG keystone.server.flask.request_processing.req_logging [None req-396ab1e8-7d37-4494-8fe5-a3b227bc76cb None admin] REQUEST_METHOD: `GET` {{(pid=48012) log_request_info /opt/stack/keystone/keystone/server/flask/request_processing/req_logging.py:27}}
Oct 20 14:20:45 user devstack@keystone.service[48012]: DEBUG keystone.server.flask.request_processing.req_logging [None req-396ab1e8-7d37-4494-8fe5-a3b227bc76cb None admin] SCRIPT_NAME: `/identity` {{(pid=48012) log_request_info /opt/stack/keystone/keystone/server/flask/request_processing/req_logging.py:28}}
Oct 20 14:20:45 user devstack@keystone.service[48012]: DEBUG keystone.server.flask.request_processing.req_logging [None req-396ab1e8-7d37-4494-8fe5-a3b227bc76cb None admin] PATH_INFO: `/v3/projects/7bfc05cecc254f1c91c603fbe60c462a` {{(pid=48012) log_request_info /opt/stack/keystone/keystone/server/flask/request_processing/req_logging.py:29}}
Oct 20 14:20:45 user devstack@keystone.service[48012]: DEBUG keystone.common.rbac_enforcer.enforcer [None req-396ab1e8-7d37-4494-8fe5-a3b227bc76cb None admin] RBAC: Authorizing `identity:get_project(project_id=7bfc05cecc254f1c91c603fbe60c462a)` {{(pid=48012) enforce_call /opt/stack/keystone/keystone/common/rbac_enforcer/enforcer.py:449}}
Oct 20 14:20:45 user devstack@keystone.service[48012]: DEBUG keystone.common.rbac_enforcer.enforcer [None req-396ab1e8-7d37-4494-8fe5-a3b227bc76cb None admin] RBAC: Authorization granted {{(pid=48012) enforce_call /opt/stack/keystone/keystone/common/rbac_enforcer/enforcer.py:457}}
Oct 20 14:20:45 user devstack@keystone.service[48012]: [pid: 48012|app: 0|req: 64/187] 10.0.0.210 () {56 vars in 1181 bytes} [Fri Oct 20 14:20:44 2023] GET /identity/v3/projects/7bfc05cecc254f1c91c603fbe60c462a => generated 301 bytes in 161 msecs (HTTP/1.1 200) 5 headers in 177 bytes (1 switches on core 0)
Oct 20 14:20:45 user devstack@keystone.service[48014]: DEBUG keystone.server.flask.request_processing.middleware.auth_context [None req-ba9297d9-5215-4c26-89bf-c9c2f28c5f54 None admin] Authenticating user token {{(pid=48014) process_request /opt/stack/data/venv/lib/python3.10/site-packages/keystonemiddleware/auth_token/__init__.py:406}}
Oct 20 14:20:45 user devstack@keystone.service[48014]: DEBUG keystone.server.flask.request_processing.middleware.auth_context [None req-ba9297d9-5215-4c26-89bf-c9c2f28c5f54 None admin] Validating token access rules against request {{(pid=48014) validate_allowed_request /opt/stack/data/venv/lib/python3.10/site-packages/keystonemiddleware/auth_token/__init__.py:544}}
Oct 20 14:20:45 user devstack@keystone.service[48014]: DEBUG keystone.server.flask.request_processing.middleware.auth_context [None req-39734bf6-1113-4474-9f9e-0aa259e4fb48 None admin] RBAC: auth_context: {'token': , 'domain_id': None, 'trust_id': None, 'trustor_id': None, 'trustee_id': None, 'domain_name': None, 'group_ids': [], 'user_id': 'fa89b95a17c245ebb2e641c1d17ee52a', 'user_domain_id': 'default', 'system_scope': 'all', 'project_id': None, 'project_domain_id': None, 'roles': ['admin', 'manager', 'member', 'reader'], 'is_admin_project': True, 'service_user_id': None, 'service_user_domain_id': None, 'service_project_id': None, 'service_project_domain_id': None, 'service_roles': []} {{(pid=48014) fill_context /opt/stack/keystone/keystone/server/flask/request_processing/middleware/auth_context.py:480}}
Oct 20 14:20:45 user devstack@keystone.service[48014]: DEBUG keystone.server.flask.request_processing.req_logging [None req-39734bf6-1113-4474-9f9e-0aa259e4fb48 None admin] REQUEST_METHOD: `GET` {{(pid=48014) log_request_info /opt/stack/keystone/keystone/server/flask/request_processing/req_logging.py:27}}
Oct 20 14:20:45 user devstack@keystone.service[48014]: DEBUG keystone.server.flask.request_processing.req_logging [None req-39734bf6-1113-4474-9f9e-0aa259e4fb48 None admin] SCRIPT_NAME: `/identity` {{(pid=48014) log_request_info /opt/stack/keystone/keystone/server/flask/request_processing/req_logging.py:28}}
Oct 20 14:20:45 user devstack@keystone.service[48014]: DEBUG keystone.server.flask.request_processing.req_logging [None req-39734bf6-1113-4474-9f9e-0aa259e4fb48 None admin] PATH_INFO: `/v3/role_assignments` {{(pid=48014) log_request_info /opt/stack/keystone/keystone/server/flask/request_processing/req_logging.py:29}}
Oct 20 14:20:45 user devstack@keystone.service[48014]: DEBUG keystone.common.rbac_enforcer.enforcer [None req-39734bf6-1113-4474-9f9e-0aa259e4fb48 None admin] RBAC: Adding query filter params (role.id=04afeea7836f4ba9b37534c4ba1bce3d, scope.project.id=7bfc05cecc254f1c91c603fbe60c462a, user.id=77f1660932a6415b9e1e402032dcb31f) {{(pid=48014) _extract_filter_values /opt/stack/keystone/keystone/common/rbac_enforcer/enforcer.py:167}}
Oct 20 14:20:45 user devstack@keystone.service[48014]: DEBUG keystone.common.rbac_enforcer.enforcer [None req-39734bf6-1113-4474-9f9e-0aa259e4fb48 None admin] RBAC: Authorizing `identity:list_role_assignments()` {{(pid=48014) enforce_call /opt/stack/keystone/keystone/common/rbac_enforcer/enforcer.py:449}}
Oct 20 14:20:45 user devstack@keystone.service[48014]: DEBUG keystone.common.rbac_enforcer.enforcer [None req-39734bf6-1113-4474-9f9e-0aa259e4fb48 None admin] RBAC: Authorization granted {{(pid=48014) enforce_call /opt/stack/keystone/keystone/common/rbac_enforcer/enforcer.py:457}}
Oct 20 14:20:45 user devstack@keystone.service[48014]: [pid: 48014|app: 0|req: 64/188] 10.0.0.210 () {56 vars in 1369 bytes} [Fri Oct 20 14:20:45 2023] GET /identity/v3/role_assignments?user.id=77f1660932a6415b9e1e402032dcb31f&scope.project.id=7bfc05cecc254f1c91c603fbe60c462a&role.id=04afeea7836f4ba9b37534c4ba1bce3d => generated 606 bytes in 155 msecs (HTTP/1.1 200) 5 headers in 177 bytes (1 switches on core 0)
Oct 20 14:20:45 user devstack@keystone.service[48013]: DEBUG keystone.server.flask.request_processing.req_logging [None req-aedb0e46-cb62-4406-88dc-342810a4478d None None] REQUEST_METHOD: `GET` {{(pid=48013) log_request_info /opt/stack/keystone/keystone/server/flask/request_processing/req_logging.py:27}}
Oct 20 14:20:45 user devstack@keystone.service[48013]: DEBUG keystone.server.flask.request_processing.req_logging [None req-aedb0e46-cb62-4406-88dc-342810a4478d None None] SCRIPT_NAME: `/identity` {{(pid=48013) log_request_info /opt/stack/keystone/keystone/server/flask/request_processing/req_logging.py:28}}
Oct 20 14:20:45 user devstack@keystone.service[48013]: DEBUG keystone.server.flask.request_processing.req_logging [None req-aedb0e46-cb62-4406-88dc-342810a4478d None None] PATH_INFO: `/` {{(pid=48013) log_request_info /opt/stack/keystone/keystone/server/flask/request_processing/req_logging.py:29}}
Oct 20 14:20:45 user devstack@keystone.service[48013]: [pid: 48013|app: 0|req: 61/189] 10.0.0.210 () {54 vars in 921 bytes} [Fri Oct 20 14:20:45 2023] GET /identity => generated 269 bytes in 3 msecs (HTTP/1.1 300) 6 headers in 233 bytes (1 switches on core 0)
Oct 20 14:20:45 user devstack@keystone.service[48012]: DEBUG keystone.server.flask.request_processing.req_logging [None req-16c2b8a7-ef44-46b5-8d0f-f6d12d860f9c None None] REQUEST_METHOD: `POST` {{(pid=48012) log_request_info /opt/stack/keystone/keystone/server/flask/request_processing/req_logging.py:27}}
Oct 20 14:20:45 user devstack@keystone.service[48012]: DEBUG keystone.server.flask.request_processing.req_logging [None req-16c2b8a7-ef44-46b5-8d0f-f6d12d860f9c None None] SCRIPT_NAME: `/identity` {{(pid=48012) log_request_info /opt/stack/keystone/keystone/server/flask/request_processing/req_logging.py:28}}
Oct 20 14:20:45 user devstack@keystone.service[48012]: DEBUG keystone.server.flask.request_processing.req_logging [None req-16c2b8a7-ef44-46b5-8d0f-f6d12d860f9c None None] PATH_INFO: `/v3/auth/tokens` {{(pid=48012) log_request_info /opt/stack/keystone/keystone/server/flask/request_processing/req_logging.py:29}}
Oct 20 14:20:46 user devstack@keystone.service[48012]: WARNING keystone.common.password_hashing [None req-16c2b8a7-ef44-46b5-8d0f-f6d12d860f9c None None] Truncating password to algorithm specific maximum length 72 characters.
Oct 20 14:20:46 user devstack@keystone.service[48012]: DEBUG keystone.auth.core [None req-16c2b8a7-ef44-46b5-8d0f-f6d12d860f9c None None] MFA Rules not processed for user `fa89b95a17c245ebb2e641c1d17ee52a`. Rule list: `[]` (Enabled: `True`). {{(pid=48012) check_auth_methods_against_rules /opt/stack/keystone/keystone/auth/core.py:438}}
Oct 20 14:20:46 user devstack@keystone.service[48012]: DEBUG keystone.common.fernet_utils [None req-16c2b8a7-ef44-46b5-8d0f-f6d12d860f9c None None] Loaded 2 Fernet keys from /etc/keystone/fernet-keys/, but `[fernet_tokens] max_active_keys = 3`; perhaps there have not been enough key rotations to reach `max_active_keys` yet? {{(pid=48012) load_keys /opt/stack/keystone/keystone/common/fernet_utils.py:286}}
Oct 20 14:20:46 user devstack@keystone.service[48012]: [pid: 48012|app: 0|req: 65/190] 10.0.0.210 () {58 vars in 1018 bytes} [Fri Oct 20 14:20:45 2023] POST /identity/v3/auth/tokens => generated 861 bytes in 92 msecs (HTTP/1.1 201) 6 headers in 363 bytes (1 switches on core 0)
Oct 20 14:20:46 user devstack@keystone.service[48014]: DEBUG keystone.server.flask.request_processing.req_logging [None req-f5614093-2ad8-47eb-8b17-a258aea3b29c None None] REQUEST_METHOD: `GET` {{(pid=48014) log_request_info /opt/stack/keystone/keystone/server/flask/request_processing/req_logging.py:27}}
Oct 20 14:20:46 user devstack@keystone.service[48014]: DEBUG keystone.server.flask.request_processing.req_logging [None req-f5614093-2ad8-47eb-8b17-a258aea3b29c None None] SCRIPT_NAME: `/identity` {{(pid=48014) log_request_info /opt/stack/keystone/keystone/server/flask/request_processing/req_logging.py:28}}
Oct 20 14:20:46 user devstack@keystone.service[48014]: DEBUG keystone.server.flask.request_processing.req_logging [None req-f5614093-2ad8-47eb-8b17-a258aea3b29c None None] PATH_INFO: `/` {{(pid=48014) log_request_info /opt/stack/keystone/keystone/server/flask/request_processing/req_logging.py:29}}
Oct 20 14:20:46 user devstack@keystone.service[48014]: [pid: 48014|app: 0|req: 65/191] 10.0.0.210 () {54 vars in 921 bytes} [Fri Oct 20 14:20:46 2023] GET /identity => generated 269 bytes in 3 msecs (HTTP/1.1 300) 6 headers in 233 bytes (1 switches on core 0)
Oct 20 14:20:46 user devstack@keystone.service[48013]: DEBUG keystone.server.flask.request_processing.req_logging [None req-5b6237a5-ce08-4e0e-b0b5-e11924aebf05 None None] REQUEST_METHOD: `POST` {{(pid=48013) log_request_info /opt/stack/keystone/keystone/server/flask/request_processing/req_logging.py:27}}
Oct 20 14:20:46 user devstack@keystone.service[48013]: DEBUG keystone.server.flask.request_processing.req_logging [None req-5b6237a5-ce08-4e0e-b0b5-e11924aebf05 None None] SCRIPT_NAME: `/identity` {{(pid=48013) log_request_info /opt/stack/keystone/keystone/server/flask/request_processing/req_logging.py:28}}
Oct 20 14:20:46 user devstack@keystone.service[48013]: DEBUG keystone.server.flask.request_processing.req_logging [None req-5b6237a5-ce08-4e0e-b0b5-e11924aebf05 None None] PATH_INFO: `/v3/auth/tokens` {{(pid=48013) log_request_info /opt/stack/keystone/keystone/server/flask/request_processing/req_logging.py:29}}
Oct 20 14:20:46 user devstack@keystone.service[48013]: WARNING keystone.common.password_hashing [None req-5b6237a5-ce08-4e0e-b0b5-e11924aebf05 None None] Truncating password to algorithm specific maximum length 72 characters.
Oct 20 14:20:46 user devstack@keystone.service[48013]: DEBUG keystone.auth.core [None req-5b6237a5-ce08-4e0e-b0b5-e11924aebf05 None None] MFA Rules not processed for user `fa89b95a17c245ebb2e641c1d17ee52a`. Rule list: `[]` (Enabled: `True`). {{(pid=48013) check_auth_methods_against_rules /opt/stack/keystone/keystone/auth/core.py:438}}
Oct 20 14:20:46 user devstack@keystone.service[48013]: DEBUG keystone.common.fernet_utils [None req-5b6237a5-ce08-4e0e-b0b5-e11924aebf05 None None] Loaded 2 Fernet keys from /etc/keystone/fernet-keys/, but `[fernet_tokens] max_active_keys = 3`; perhaps there have not been enough key rotations to reach `max_active_keys` yet? {{(pid=48013) load_keys /opt/stack/keystone/keystone/common/fernet_utils.py:286}}
Oct 20 14:20:46 user devstack@keystone.service[48012]: DEBUG keystone.server.flask.request_processing.req_logging [None req-384c265f-c611-48b9-81a3-bc876b5eb18d None None] REQUEST_METHOD: `GET` {{(pid=48012) log_request_info /opt/stack/keystone/keystone/server/flask/request_processing/req_logging.py:27}}
Oct 20 14:20:46 user devstack@keystone.service[48012]: DEBUG keystone.server.flask.request_processing.req_logging [None req-384c265f-c611-48b9-81a3-bc876b5eb18d None None] SCRIPT_NAME: `/identity` {{(pid=48012) log_request_info /opt/stack/keystone/keystone/server/flask/request_processing/req_logging.py:28}}
Oct 20 14:20:46 user devstack@keystone.service[48012]: DEBUG keystone.server.flask.request_processing.req_logging [None req-384c265f-c611-48b9-81a3-bc876b5eb18d None None] PATH_INFO: `/` {{(pid=48012) log_request_info /opt/stack/keystone/keystone/server/flask/request_processing/req_logging.py:29}}
Oct 20 14:20:46 user devstack@keystone.service[48012]: [pid: 48012|app: 0|req: 66/192] 10.0.0.210 () {54 vars in 921 bytes} [Fri Oct 20 14:20:46 2023] GET /identity => generated 269 bytes in 3 msecs (HTTP/1.1 300) 6 headers in 233 bytes (1 switches on core 0)
Oct 20 14:20:46 user devstack@keystone.service[48014]: DEBUG keystone.server.flask.request_processing.req_logging [None req-01ce81a6-4c71-44a3-bfcf-95c2a1c16b37 None None] REQUEST_METHOD: `POST` {{(pid=48014) log_request_info /opt/stack/keystone/keystone/server/flask/request_processing/req_logging.py:27}}
Oct 20 14:20:46 user devstack@keystone.service[48014]: DEBUG keystone.server.flask.request_processing.req_logging [None req-01ce81a6-4c71-44a3-bfcf-95c2a1c16b37 None None] SCRIPT_NAME: `/identity` {{(pid=48014) log_request_info /opt/stack/keystone/keystone/server/flask/request_processing/req_logging.py:28}}
Oct 20 14:20:46 user devstack@keystone.service[48014]: DEBUG keystone.server.flask.request_processing.req_logging [None req-01ce81a6-4c71-44a3-bfcf-95c2a1c16b37 None None] PATH_INFO: `/v3/auth/tokens` {{(pid=48014) log_request_info /opt/stack/keystone/keystone/server/flask/request_processing/req_logging.py:29}}
Oct 20 14:20:46 user devstack@keystone.service[48014]: WARNING keystone.common.password_hashing [None req-01ce81a6-4c71-44a3-bfcf-95c2a1c16b37 None None] Truncating password to algorithm specific maximum length 72 characters.
Oct 20 14:20:46 user devstack@keystone.service[48014]: DEBUG keystone.auth.core [None req-01ce81a6-4c71-44a3-bfcf-95c2a1c16b37 None None] MFA Rules not processed for user `fa89b95a17c245ebb2e641c1d17ee52a`. Rule list: `[]` (Enabled: `True`). {{(pid=48014) check_auth_methods_against_rules /opt/stack/keystone/keystone/auth/core.py:438}}
Oct 20 14:20:46 user devstack@keystone.service[48014]: DEBUG keystone.common.fernet_utils [None req-01ce81a6-4c71-44a3-bfcf-95c2a1c16b37 None None] Loaded 2 Fernet keys from /etc/keystone/fernet-keys/, but `[fernet_tokens] max_active_keys = 3`; perhaps there have not been enough key rotations to reach `max_active_keys` yet? {{(pid=48014) load_keys /opt/stack/keystone/keystone/common/fernet_utils.py:286}}
Oct 20 14:20:46 user devstack@keystone.service[48013]: [pid: 48013|app: 0|req: 62/193] 10.0.0.210 () {58 vars in 1018 bytes} [Fri Oct 20 14:20:46 2023] POST /identity/v3/auth/tokens => generated 861 bytes in 85 msecs (HTTP/1.1 201) 6 headers in 363 bytes (1 switches on core 0)
Oct 20 14:20:46 user devstack@keystone.service[48014]: [pid: 48014|app: 0|req: 66/194] 10.0.0.210 () {58 vars in 1018 bytes} [Fri Oct 20 14:20:46 2023] POST /identity/v3/auth/tokens => generated 861 bytes in 83 msecs (HTTP/1.1 201) 6 headers in 363 bytes (1 switches on core 0)
Oct 20 14:20:46 user devstack@keystone.service[48012]: DEBUG keystone.server.flask.request_processing.middleware.auth_context [None req-384c265f-c611-48b9-81a3-bc876b5eb18d None None] Authenticating user token {{(pid=48012) process_request /opt/stack/data/venv/lib/python3.10/site-packages/keystonemiddleware/auth_token/__init__.py:406}}
Oct 20 14:20:46 user devstack@keystone.service[48012]: DEBUG keystone.server.flask.request_processing.middleware.auth_context [None req-384c265f-c611-48b9-81a3-bc876b5eb18d None None] Validating token access rules against request {{(pid=48012) validate_allowed_request /opt/stack/data/venv/lib/python3.10/site-packages/keystonemiddleware/auth_token/__init__.py:544}}
Oct 20 14:20:46 user devstack@keystone.service[48013]: DEBUG keystone.server.flask.request_processing.middleware.auth_context [None req-5b6237a5-ce08-4e0e-b0b5-e11924aebf05 None None] Authenticating user token {{(pid=48013) process_request /opt/stack/data/venv/lib/python3.10/site-packages/keystonemiddleware/auth_token/__init__.py:406}}
Oct 20 14:20:46 user devstack@keystone.service[48014]: DEBUG keystone.server.flask.request_processing.middleware.auth_context [None req-01ce81a6-4c71-44a3-bfcf-95c2a1c16b37 None None] Authenticating user token {{(pid=48014) process_request /opt/stack/data/venv/lib/python3.10/site-packages/keystonemiddleware/auth_token/__init__.py:406}}
Oct 20 14:20:46 user devstack@keystone.service[48012]: DEBUG keystone.server.flask.request_processing.middleware.auth_context [None req-917d3a82-e2d5-42c0-bee5-430685432625 None admin] RBAC: auth_context: {'token': , 'domain_id': None, 'trust_id': None, 'trustor_id': None, 'trustee_id': None, 'domain_name': None, 'group_ids': [], 'user_id': 'fa89b95a17c245ebb2e641c1d17ee52a', 'user_domain_id': 'default', 'system_scope': 'all', 'project_id': None, 'project_domain_id': None, 'roles': ['admin', 'manager', 'member', 'reader'], 'is_admin_project': True, 'service_user_id': None, 'service_user_domain_id': None, 'service_project_id': None, 'service_project_domain_id': None, 'service_roles': []} {{(pid=48012) fill_context /opt/stack/keystone/keystone/server/flask/request_processing/middleware/auth_context.py:480}}
Oct 20 14:20:46 user devstack@keystone.service[48012]: DEBUG keystone.server.flask.request_processing.req_logging [None req-917d3a82-e2d5-42c0-bee5-430685432625 None admin] REQUEST_METHOD: `GET` {{(pid=48012) log_request_info /opt/stack/keystone/keystone/server/flask/request_processing/req_logging.py:27}}
Oct 20 14:20:46 user devstack@keystone.service[48012]: DEBUG keystone.server.flask.request_processing.req_logging [None req-917d3a82-e2d5-42c0-bee5-430685432625 None admin] SCRIPT_NAME: `/identity` {{(pid=48012) log_request_info /opt/stack/keystone/keystone/server/flask/request_processing/req_logging.py:28}}
Oct 20 14:20:46 user devstack@keystone.service[48012]: DEBUG keystone.server.flask.request_processing.req_logging [None req-917d3a82-e2d5-42c0-bee5-430685432625 None admin] PATH_INFO: `/v3/roles/reader` {{(pid=48012) log_request_info /opt/stack/keystone/keystone/server/flask/request_processing/req_logging.py:29}}
Oct 20 14:20:46 user devstack@keystone.service[48012]: DEBUG keystone.common.rbac_enforcer.enforcer [None req-917d3a82-e2d5-42c0-bee5-430685432625 None admin] Extracting inferred target data resulted in "NOT FOUND (404)". {{(pid=48012) enforce_call /opt/stack/keystone/keystone/common/rbac_enforcer/enforcer.py:409}}
Oct 20 14:20:46 user devstack@keystone.service[48012]: ERROR keystone.server.flask.application [None req-917d3a82-e2d5-42c0-bee5-430685432625 None admin] Could not find role: reader.: keystone.exception.RoleNotFound: Could not find role: reader.
Oct 20 14:20:46 user devstack@keystone.service[48012]: ERROR keystone.server.flask.application
Traceback (most recent call last):
Oct 20 14:20:46 user devstack@keystone.service[48012]: ERROR keystone.server.flask.application
File "/opt/stack/data/venv/lib/python3.10/site-packages/flask/app.py", line 1823, in full_dispatch_request
Oct 20 14:20:46 user devstack@keystone.service[48012]: ERROR keystone.server.flask.application rv = self.dispatch_request()
Oct 20 14:20:46 user devstack@keystone.service[48012]: ERROR keystone.server.flask.application
File "/opt/stack/data/venv/lib/python3.10/site-packages/flask/app.py", line 1799, in dispatch_request
Oct 20 14:20:46 user devstack@keystone.service[48012]: ERROR keystone.server.flask.application return self.ensure_sync(self.view_functions[rule.endpoint])(**view_args)
Oct 20 14:20:46 user devstack@keystone.service[48012]: ERROR keystone.server.flask.application
File "/opt/stack/data/venv/lib/python3.10/site-packages/flask_restful/__init__.py", line 489, in wrapper
Oct 20 14:20:46 user devstack@keystone.service[48012]: ERROR keystone.server.flask.application resp = resource(*args, **kwargs)
Oct 20 14:20:46 user devstack@keystone.service[48012]: ERROR keystone.server.flask.application
File "/opt/stack/data/venv/lib/python3.10/site-packages/flask/views.py", line 107, in view
Oct 20 14:20:46 user devstack@keystone.service[48012]: ERROR keystone.server.flask.application return current_app.ensure_sync(self.dispatch_request)(**kwargs)
Oct 20 14:20:46 user devstack@keystone.service[48012]: ERROR keystone.server.flask.application
File "/opt/stack/data/venv/lib/python3.10/site-packages/flask_restful/__init__.py", line 604, in dispatch_request
Oct 20 14:20:46 user devstack@keystone.service[48012]: ERROR keystone.server.flask.application resp = meth(*args, **kwargs)
Oct 20 14:20:46 user devstack@keystone.service[48012]: ERROR keystone.server.flask.application
File "/opt/stack/keystone/keystone/api/roles.py", line 50, in get
Oct 20 14:20:46 user devstack@keystone.service[48012]: ERROR keystone.server.flask.application return self._get_role(role_id)
Oct 20 14:20:46 user devstack@keystone.service[48012]: ERROR keystone.server.flask.application
File "/opt/stack/keystone/keystone/api/roles.py", line 70, in _get_role
Oct 20 14:20:46 user devstack@keystone.service[48012]: ERROR keystone.server.flask.application ENFORCER.enforce_call(action='identity:get_role')
Oct 20 14:20:46 user devstack@keystone.service[48012]: ERROR keystone.server.flask.application
File "/opt/stack/keystone/keystone/common/rbac_enforcer/enforcer.py", line 402, in enforce_call
Oct 20 14:20:46 user devstack@keystone.service[48012]: ERROR keystone.server.flask.application policy_dict.update(cls._extract_member_target_data(
Oct 20 14:20:46 user devstack@keystone.service[48012]: ERROR keystone.server.flask.application
File "/opt/stack/keystone/keystone/common/rbac_enforcer/enforcer.py", line 234, in _extract_member_target_data
Oct 20 14:20:46 user devstack@keystone.service[48012]: ERROR keystone.server.flask.application member_name: func(flask.request.view_args[key])
Oct 20 14:20:46 user devstack@keystone.service[48012]: ERROR keystone.server.flask.application
File "/opt/stack/keystone/keystone/common/manager.py", line 115, in wrapped
Oct 20 14:20:46 user devstack@keystone.service[48012]: ERROR keystone.server.flask.application __ret_val = __f(*args, **kwargs)
Oct 20 14:20:46 user devstack@keystone.service[48012]: ERROR keystone.server.flask.application
File "/opt/stack/data/venv/lib/python3.10/site-packages/decorator.py", line 232, in fun
Oct 20 14:20:46 user devstack@keystone.service[48012]: ERROR keystone.server.flask.application return caller(func, *(extras + args), **kw)
Oct 20 14:20:46 user devstack@keystone.service[48012]: ERROR keystone.server.flask.application
File "/opt/stack/data/venv/lib/python3.10/site-packages/dogpile/cache/region.py", line 1594, in get_or_create_for_user_func
Oct 20 14:20:46 user devstack@keystone.service[48012]: ERROR keystone.server.flask.application return self.get_or_create(
Oct 20 14:20:46 user devstack@keystone.service[48012]: ERROR keystone.server.flask.application
File "/opt/stack/data/venv/lib/python3.10/site-packages/dogpile/cache/region.py", line 1054, in get_or_create
Oct 20 14:20:46 user devstack@keystone.service[48012]: ERROR keystone.server.flask.application with Lock(
Oct 20 14:20:46 user devstack@keystone.service[48012]: ERROR keystone.server.flask.application
File "/opt/stack/data/venv/lib/python3.10/site-packages/dogpile/lock.py", line 185, in __enter__
Oct 20 14:20:46 user devstack@keystone.service[48012]: ERROR keystone.server.flask.application return self._enter()
Oct 20 14:20:46 user devstack@keystone.service[48012]: ERROR keystone.server.flask.application
File "/opt/stack/data/venv/lib/python3.10/site-packages/dogpile/lock.py", line 94, in _enter
Oct 20 14:20:46 user devstack@keystone.service[48012]: ERROR keystone.server.flask.application generated = self._enter_create(value, createdtime)
Oct 20 14:20:46 user devstack@keystone.service[48012]: ERROR keystone.server.flask.application
File "/opt/stack/data/venv/lib/python3.10/site-packages/dogpile/lock.py", line 178, in _enter_create
Oct 20 14:20:46 user devstack@keystone.service[48012]: ERROR keystone.server.flask.application return self.creator()
Oct 20 14:20:46 user devstack@keystone.service[48012]: ERROR keystone.server.flask.application
File "/opt/stack/data/venv/lib/python3.10/site-packages/dogpile/cache/region.py", line 1007, in gen_value
Oct 20 14:20:46 user devstack@keystone.service[48012]: ERROR keystone.server.flask.application created_value = creator(
Oct 20 14:20:46 user devstack@keystone.service[48012]: ERROR keystone.server.flask.application
File "/opt/stack/keystone/keystone/assignment/core.py", line 1276, in get_role
Oct 20 14:20:46 user devstack@keystone.service[48012]: ERROR keystone.server.flask.application return self.driver.get_role(role_id)
Oct 20 14:20:46 user devstack@keystone.service[48012]: ERROR keystone.server.flask.application
File "/opt/stack/keystone/keystone/assignment/role_backends/sql.py", line 70, in get_role
Oct 20 14:20:46 user devstack@keystone.service[48012]: ERROR keystone.server.flask.application return self._get_role(session, role_id).to_dict()
Oct 20 14:20:46 user devstack@keystone.service[48012]: ERROR keystone.server.flask.application
File "/opt/stack/keystone/keystone/assignment/role_backends/sql.py", line 65, in _get_role
Oct 20 14:20:46 user devstack@keystone.service[48012]: ERROR keystone.server.flask.application raise exception.RoleNotFound(role_id=role_id)
Oct 20 14:20:46 user devstack@keystone.service[48012]: ERROR keystone.server.flask.application keystone.exception.RoleNotFound: Could not find role: reader.
Oct 20 14:20:46 user devstack@keystone.service[48012]: ERROR keystone.server.flask.application
Oct 20 14:20:46 user devstack@keystone.service[48012]: [pid: 48012|app: 0|req: 67/195] 10.0.0.210 () {56 vars in 1094 bytes} [Fri Oct 20 14:20:46 2023] GET /identity/v3/roles/reader => generated 84 bytes in 167 msecs (HTTP/1.1 404) 5 headers in 183 bytes (1 switches on core 0)
Oct 20 14:20:46 user devstack@keystone.service[48012]: DEBUG keystone.server.flask.request_processing.middleware.auth_context [None req-917d3a82-e2d5-42c0-bee5-430685432625 None admin] Authenticating user token {{(pid=48012) process_request /opt/stack/data/venv/lib/python3.10/site-packages/keystonemiddleware/auth_token/__init__.py:406}}
Oct 20 14:20:46 user devstack@keystone.service[48013]: DEBUG keystone.server.flask.request_processing.middleware.auth_context [None req-5b6237a5-ce08-4e0e-b0b5-e11924aebf05 None None] Validating token access rules against request {{(pid=48013) validate_allowed_request /opt/stack/data/venv/lib/python3.10/site-packages/keystonemiddleware/auth_token/__init__.py:544}}
Oct 20 14:20:46 user devstack@keystone.service[48014]: DEBUG keystone.server.flask.request_processing.middleware.auth_context [None req-01ce81a6-4c71-44a3-bfcf-95c2a1c16b37 None None] Validating token access rules against request {{(pid=48014) validate_allowed_request /opt/stack/data/venv/lib/python3.10/site-packages/keystonemiddleware/auth_token/__init__.py:544}}
Oct 20 14:20:46 user devstack@keystone.service[48013]: DEBUG keystone.server.flask.request_processing.middleware.auth_context [None req-beaf3d4e-3b5f-4cd3-a17d-10d3608655b4 None admin] RBAC: auth_context: {'token': , 'domain_id': None, 'trust_id': None, 'trustor_id': None, 'trustee_id': None, 'domain_name': None, 'group_ids': [], 'user_id': 'fa89b95a17c245ebb2e641c1d17ee52a', 'user_domain_id': 'default', 'system_scope': 'all', 'project_id': None, 'project_domain_id': None, 'roles': ['admin', 'manager', 'member', 'reader'], 'is_admin_project': True, 'service_user_id': None, 'service_user_domain_id': None, 'service_project_id': None, 'service_project_domain_id': None, 'service_roles': []} {{(pid=48013) fill_context /opt/stack/keystone/keystone/server/flask/request_processing/middleware/auth_context.py:480}}
