Apr 14 02:57:58 user devstack@c-api.service[72115]: DEBUG cinder.api.openstack.wsgi [None req-67f0a864-2d99-4c22-b311-162d76020f75 tempest-GroupSnapshotsV319Test-469280145 tempest-GroupSnapshotsV319Test-469280145-project-member] Empty body provided in request {{(pid=72115) get_body /opt/stack/cinder/cinder/api/openstack/wsgi.py:715}}
Apr 14 02:57:58 user devstack@c-api.service[72115]: DEBUG cinder.api.openstack.wsgi [None req-67f0a864-2d99-4c22-b311-162d76020f75 tempest-GroupSnapshotsV319Test-469280145 tempest-GroupSnapshotsV319Test-469280145-project-member] Calling method 'version_select' {{(pid=72115) _process_stack /opt/stack/cinder/cinder/api/openstack/wsgi.py:868}}
Apr 14 02:57:58 user devstack@c-api.service[72115]: DEBUG cinder.api.v3.group_snapshots [None req-67f0a864-2d99-4c22-b311-162d76020f75 tempest-GroupSnapshotsV319Test-469280145 tempest-GroupSnapshotsV319Test-469280145-project-member] show called for member ac22522d-0184-4ad4-8c52-6541a6f68c05 {{(pid=72115) show /opt/stack/cinder/cinder/api/v3/group_snapshots.py:58}}
Apr 14 02:57:58 user devstack@c-api.service[72115]: /usr/local/lib/python3.10/dist-packages/oslo_context/context.py:100: DeprecationWarning: Policy enforcement is depending on the value of is_admin. This key is deprecated. Please update your policy file to use the standard policy values.
Apr 14 02:57:58 user devstack@c-api.service[72115]: warnings.warn('Policy enforcement is depending on the value of '
Apr 14 02:57:58 user devstack@c-api.service[72115]: INFO cinder.api.openstack.wsgi [None req-67f0a864-2d99-4c22-b311-162d76020f75 tempest-GroupSnapshotsV319Test-469280145 tempest-GroupSnapshotsV319Test-469280145-project-member] http://10.0.0.210/volume/v3/2b64362b004149329443d672eda0ce7b/group_snapshots/ac22522d-0184-4ad4-8c52-6541a6f68c05 returned with HTTP 200
Apr 14 02:57:58 user devstack@c-api.service[72115]: [pid: 72115|app: 0|req: 60/187] 10.0.0.210 () {64 vars in 1467 bytes} [Fri Apr 14 02:57:58 2023] GET /volume/v3/2b64362b004149329443d672eda0ce7b/group_snapshots/ac22522d-0184-4ad4-8c52-6541a6f68c05 => generated 330 bytes in 24 msecs (HTTP/1.1 200) 7 headers in 286 bytes (1 switches on core 0)
Apr 14 02:57:58 user devstack@c-api.service[72114]: DEBUG cinder.api.middleware.request_id [None req-2e187ea9-3231-47a7-8fa4-4010802f64ea None None] RequestId filter calling following filter/app {{(pid=72114) _context_setter /opt/stack/cinder/cinder/api/middleware/request_id.py:62}}
Apr 14 02:57:58 user devstack@c-api.service[72114]: INFO cinder.api.openstack.wsgi [None req-2e187ea9-3231-47a7-8fa4-4010802f64ea tempest-GroupSnapshotsV319Test-1635399011 tempest-GroupSnapshotsV319Test-1635399011-project-admin] POST http://10.0.0.210/volume/v3/7d9bfa3b77be4e5fa3fa27808831a324/group_snapshots/ac22522d-0184-4ad4-8c52-6541a6f68c05/action
Apr 14 02:57:58 user devstack@c-api.service[72114]: DEBUG cinder.api.openstack.wsgi [None req-2e187ea9-3231-47a7-8fa4-4010802f64ea tempest-GroupSnapshotsV319Test-1635399011 tempest-GroupSnapshotsV319Test-1635399011-project-admin] Action body: b'{"reset_status": {"status": "error"}}' {{(pid=72114) get_method /opt/stack/cinder/cinder/api/openstack/wsgi.py:983}}
Apr 14 02:57:58 user devstack@c-api.service[72114]: DEBUG cinder.api.openstack.wsgi [None req-2e187ea9-3231-47a7-8fa4-4010802f64ea tempest-GroupSnapshotsV319Test-1635399011 tempest-GroupSnapshotsV319Test-1635399011-project-admin] Action: 'action', calling method: version_select, body: {"reset_status": {"status": "error"}} {{(pid=72114) _process_stack /opt/stack/cinder/cinder/api/openstack/wsgi.py:866}}
Apr 14 02:57:58 user devstack@c-api.service[72114]: DEBUG cinder.api.v3.group_snapshots [None req-2e187ea9-3231-47a7-8fa4-4010802f64ea tempest-GroupSnapshotsV319Test-1635399011 tempest-GroupSnapshotsV319Test-1635399011-project-admin] Updating group 'ac22522d-0184-4ad4-8c52-6541a6f68c05' with 'error' {{(pid=72114) _reset_status /opt/stack/cinder/cinder/api/v3/group_snapshots.py:194}}
Apr 14 02:57:58 user devstack@c-api.service[72114]: /usr/local/lib/python3.10/dist-packages/oslo_context/context.py:100: DeprecationWarning: Policy enforcement is depending on the value of is_admin. This key is deprecated. Please update your policy file to use the standard policy values.
Apr 14 02:57:58 user devstack@c-api.service[72114]: warnings.warn('Policy enforcement is depending on the value of '
Apr 14 02:57:58 user devstack@c-api.service[72114]: INFO cinder.api.openstack.wsgi [None req-2e187ea9-3231-47a7-8fa4-4010802f64ea tempest-GroupSnapshotsV319Test-1635399011 tempest-GroupSnapshotsV319Test-1635399011-project-admin] http://10.0.0.210/volume/v3/7d9bfa3b77be4e5fa3fa27808831a324/group_snapshots/ac22522d-0184-4ad4-8c52-6541a6f68c05/action returned with HTTP 202
Apr 14 02:57:58 user devstack@c-api.service[72114]: [pid: 72114|app: 0|req: 67/188] 10.0.0.210 () {66 vars in 1509 bytes} [Fri Apr 14 02:57:58 2023] POST /volume/v3/7d9bfa3b77be4e5fa3fa27808831a324/group_snapshots/ac22522d-0184-4ad4-8c52-6541a6f68c05/action => generated 0 bytes in 43 msecs (HTTP/1.1 202) 6 headers in 234 bytes (1 switches on core 0)
Apr 14 02:57:58 user devstack@c-api.service[72116]: DEBUG cinder.api.middleware.request_id [None req-848cec18-81bf-435b-ae3c-618de5820966 None None] RequestId filter calling following filter/app {{(pid=72116) _context_setter /opt/stack/cinder/cinder/api/middleware/request_id.py:62}}
Apr 14 02:57:58 user devstack@c-api.service[72116]: INFO cinder.api.openstack.wsgi [None req-848cec18-81bf-435b-ae3c-618de5820966 tempest-GroupSnapshotsV319Test-469280145 tempest-GroupSnapshotsV319Test-469280145-project-member] GET http://10.0.0.210/volume/v3/2b64362b004149329443d672eda0ce7b/group_snapshots/ac22522d-0184-4ad4-8c52-6541a6f68c05
Apr 14 02:57:58 user devstack@c-api.service[72116]: DEBUG cinder.api.openstack.wsgi [None req-848cec18-81bf-435b-ae3c-618de5820966 tempest-GroupSnapshotsV319Test-469280145 tempest-GroupSnapshotsV319Test-469280145-project-member] Empty body provided in request {{(pid=72116) get_body /opt/stack/cinder/cinder/api/openstack/wsgi.py:715}}
Apr 14 02:57:58 user devstack@c-api.service[72116]: DEBUG cinder.api.openstack.wsgi [None req-848cec18-81bf-435b-ae3c-618de5820966 tempest-GroupSnapshotsV319Test-469280145 tempest-GroupSnapshotsV319Test-469280145-project-member] Calling method 'version_select' {{(pid=72116) _process_stack /opt/stack/cinder/cinder/api/openstack/wsgi.py:868}}
Apr 14 02:57:58 user devstack@c-api.service[72116]: DEBUG cinder.api.v3.group_snapshots [None req-848cec18-81bf-435b-ae3c-618de5820966 tempest-GroupSnapshotsV319Test-469280145 tempest-GroupSnapshotsV319Test-469280145-project-member] show called for member ac22522d-0184-4ad4-8c52-6541a6f68c05 {{(pid=72116) show /opt/stack/cinder/cinder/api/v3/group_snapshots.py:58}}
Apr 14 02:57:58 user devstack@c-api.service[72116]: /usr/local/lib/python3.10/dist-packages/oslo_context/context.py:100: DeprecationWarning: Policy enforcement is depending on the value of is_admin. This key is deprecated. Please update your policy file to use the standard policy values.
Apr 14 02:57:58 user devstack@c-api.service[72116]: warnings.warn('Policy enforcement is depending on the value of '
Apr 14 02:57:58 user devstack@c-api.service[72116]: INFO cinder.api.openstack.wsgi [None req-848cec18-81bf-435b-ae3c-618de5820966 tempest-GroupSnapshotsV319Test-469280145 tempest-GroupSnapshotsV319Test-469280145-project-member] http://10.0.0.210/volume/v3/2b64362b004149329443d672eda0ce7b/group_snapshots/ac22522d-0184-4ad4-8c52-6541a6f68c05 returned with HTTP 200
Apr 14 02:57:58 user devstack@c-api.service[72116]: [pid: 72116|app: 0|req: 62/189] 10.0.0.210 () {64 vars in 1467 bytes} [Fri Apr 14 02:57:58 2023] GET /volume/v3/2b64362b004149329443d672eda0ce7b/group_snapshots/ac22522d-0184-4ad4-8c52-6541a6f68c05 => generated 326 bytes in 44 msecs (HTTP/1.1 200) 7 headers in 286 bytes (1 switches on core 0)
Apr 14 02:57:58 user devstack@c-api.service[72115]: DEBUG cinder.api.middleware.request_id [None req-7dc5f127-087c-40d9-85c0-63d94dfdfca3 None None] RequestId filter calling following filter/app {{(pid=72115) _context_setter /opt/stack/cinder/cinder/api/middleware/request_id.py:62}}
Apr 14 02:57:58 user devstack@c-api.service[72115]: INFO cinder.api.openstack.wsgi [None req-7dc5f127-087c-40d9-85c0-63d94dfdfca3 tempest-GroupSnapshotsV319Test-1635399011 tempest-GroupSnapshotsV319Test-1635399011-project-admin] POST http://10.0.0.210/volume/v3/7d9bfa3b77be4e5fa3fa27808831a324/group_snapshots/ac22522d-0184-4ad4-8c52-6541a6f68c05/action
Apr 14 02:57:58 user devstack@c-api.service[72115]: DEBUG cinder.api.openstack.wsgi [None req-7dc5f127-087c-40d9-85c0-63d94dfdfca3 tempest-GroupSnapshotsV319Test-1635399011 tempest-GroupSnapshotsV319Test-1635399011-project-admin] Action body: b'{"reset_status": {"status": "available"}}' {{(pid=72115) get_method /opt/stack/cinder/cinder/api/openstack/wsgi.py:983}}
Apr 14 02:57:58 user devstack@c-api.service[72115]: DEBUG cinder.api.openstack.wsgi [None req-7dc5f127-087c-40d9-85c0-63d94dfdfca3 tempest-GroupSnapshotsV319Test-1635399011 tempest-GroupSnapshotsV319Test-1635399011-project-admin] Action: 'action', calling method: reset_status, body: {"reset_status": {"status": "available"}} {{(pid=72115) _process_stack /opt/stack/cinder/cinder/api/openstack/wsgi.py:866}}
Apr 14 02:57:58 user devstack@c-api.service[72115]: DEBUG cinder.api.v3.group_snapshots [None req-7dc5f127-087c-40d9-85c0-63d94dfdfca3 tempest-GroupSnapshotsV319Test-1635399011 tempest-GroupSnapshotsV319Test-1635399011-project-admin] Updating group 'ac22522d-0184-4ad4-8c52-6541a6f68c05' with 'available' {{(pid=72115) _reset_status /opt/stack/cinder/cinder/api/v3/group_snapshots.py:194}}
Apr 14 02:57:58 user devstack@c-api.service[72115]: /usr/local/lib/python3.10/dist-packages/oslo_context/context.py:100: DeprecationWarning: Policy enforcement is depending on the value of is_admin. This key is deprecated. Please update your policy file to use the standard policy values.
Apr 14 02:57:58 user devstack@c-api.service[72115]: warnings.warn('Policy enforcement is depending on the value of '
Apr 14 02:57:58 user devstack@c-api.service[72115]: INFO cinder.api.openstack.wsgi [None req-7dc5f127-087c-40d9-85c0-63d94dfdfca3 tempest-GroupSnapshotsV319Test-1635399011 tempest-GroupSnapshotsV319Test-1635399011-project-admin] http://10.0.0.210/volume/v3/7d9bfa3b77be4e5fa3fa27808831a324/group_snapshots/ac22522d-0184-4ad4-8c52-6541a6f68c05/action returned with HTTP 202
Apr 14 02:57:58 user devstack@c-api.service[72115]: [pid: 72115|app: 0|req: 61/190] 10.0.0.210 () {66 vars in 1509 bytes} [Fri Apr 14 02:57:58 2023] POST /volume/v3/7d9bfa3b77be4e5fa3fa27808831a324/group_snapshots/ac22522d-0184-4ad4-8c52-6541a6f68c05/action => generated 0 bytes in 25 msecs (HTTP/1.1 202) 6 headers in 234 bytes (1 switches on core 0)
Apr 14 02:57:58 user devstack@c-api.service[72114]: DEBUG cinder.api.middleware.request_id [None req-a33e34e3-a8d6-4e6e-a3ff-ff4e72df7b9a None None] RequestId filter calling following filter/app {{(pid=72114) _context_setter /opt/stack/cinder/cinder/api/middleware/request_id.py:62}}
Apr 14 02:57:58 user devstack@c-api.service[72114]: INFO cinder.api.openstack.wsgi [None req-a33e34e3-a8d6-4e6e-a3ff-ff4e72df7b9a tempest-GroupSnapshotsV319Test-469280145 tempest-GroupSnapshotsV319Test-469280145-project-member] GET http://10.0.0.210/volume/v3/2b64362b004149329443d672eda0ce7b/group_snapshots/ac22522d-0184-4ad4-8c52-6541a6f68c05
Apr 14 02:57:58 user devstack@c-api.service[72114]: DEBUG cinder.api.openstack.wsgi [None req-a33e34e3-a8d6-4e6e-a3ff-ff4e72df7b9a tempest-GroupSnapshotsV319Test-469280145 tempest-GroupSnapshotsV319Test-469280145-project-member] Empty body provided in request {{(pid=72114) get_body /opt/stack/cinder/cinder/api/openstack/wsgi.py:715}}
Apr 14 02:57:58 user devstack@c-api.service[72114]: DEBUG cinder.api.openstack.wsgi [None req-a33e34e3-a8d6-4e6e-a3ff-ff4e72df7b9a tempest-GroupSnapshotsV319Test-469280145 tempest-GroupSnapshotsV319Test-469280145-project-member] Calling method 'version_select' {{(pid=72114) _process_stack /opt/stack/cinder/cinder/api/openstack/wsgi.py:868}}
Apr 14 02:57:58 user devstack@c-api.service[72114]: DEBUG cinder.api.v3.group_snapshots [None req-a33e34e3-a8d6-4e6e-a3ff-ff4e72df7b9a tempest-GroupSnapshotsV319Test-469280145 tempest-GroupSnapshotsV319Test-469280145-project-member] show called for member ac22522d-0184-4ad4-8c52-6541a6f68c05 {{(pid=72114) show /opt/stack/cinder/cinder/api/v3/group_snapshots.py:58}}
Apr 14 02:57:58 user devstack@c-api.service[72114]: /usr/local/lib/python3.10/dist-packages/oslo_context/context.py:100: DeprecationWarning: Policy enforcement is depending on the value of is_admin. This key is deprecated. Please update your policy file to use the standard policy values.
Apr 14 02:57:58 user devstack@c-api.service[72114]: warnings.warn('Policy enforcement is depending on the value of '
Apr 14 02:57:58 user devstack@c-api.service[72114]: INFO cinder.api.openstack.wsgi [None req-a33e34e3-a8d6-4e6e-a3ff-ff4e72df7b9a tempest-GroupSnapshotsV319Test-469280145 tempest-GroupSnapshotsV319Test-469280145-project-member] http://10.0.0.210/volume/v3/2b64362b004149329443d672eda0ce7b/group_snapshots/ac22522d-0184-4ad4-8c52-6541a6f68c05 returned with HTTP 200
Apr 14 02:57:58 user devstack@c-api.service[72114]: [pid: 72114|app: 0|req: 68/191] 10.0.0.210 () {64 vars in 1467 bytes} [Fri Apr 14 02:57:58 2023] GET /volume/v3/2b64362b004149329443d672eda0ce7b/group_snapshots/ac22522d-0184-4ad4-8c52-6541a6f68c05 => generated 330 bytes in 26 msecs (HTTP/1.1 200) 7 headers in 286 bytes (1 switches on core 0)
Apr 14 02:57:58 user devstack@c-api.service[72116]: DEBUG cinder.api.middleware.request_id [None req-30b5ec8a-70ff-4a85-8e65-00422e9419a6 None None] RequestId filter calling following filter/app {{(pid=72116) _context_setter /opt/stack/cinder/cinder/api/middleware/request_id.py:62}}
Apr 14 02:57:58 user devstack@c-api.service[72116]: INFO cinder.api.openstack.wsgi [None req-30b5ec8a-70ff-4a85-8e65-00422e9419a6 tempest-GroupSnapshotsV319Test-469280145 tempest-GroupSnapshotsV319Test-469280145-project-member] DELETE http://10.0.0.210/volume/v3/2b64362b004149329443d672eda0ce7b/group_snapshots/ac22522d-0184-4ad4-8c52-6541a6f68c05
Apr 14 02:57:58 user devstack@c-api.service[72116]: DEBUG cinder.api.openstack.wsgi [None req-30b5ec8a-70ff-4a85-8e65-00422e9419a6 tempest-GroupSnapshotsV319Test-469280145 tempest-GroupSnapshotsV319Test-469280145-project-member] Empty body provided in request {{(pid=72116) get_body /opt/stack/cinder/cinder/api/openstack/wsgi.py:715}}
Apr 14 02:57:58 user devstack@c-api.service[72116]: DEBUG cinder.api.openstack.wsgi [None req-30b5ec8a-70ff-4a85-8e65-00422e9419a6 tempest-GroupSnapshotsV319Test-469280145 tempest-GroupSnapshotsV319Test-469280145-project-member] Calling method 'version_select' {{(pid=72116) _process_stack /opt/stack/cinder/cinder/api/openstack/wsgi.py:868}}
Apr 14 02:57:58 user devstack@c-api.service[72116]: DEBUG cinder.api.v3.group_snapshots [None req-30b5ec8a-70ff-4a85-8e65-00422e9419a6 tempest-GroupSnapshotsV319Test-469280145 tempest-GroupSnapshotsV319Test-469280145-project-member] delete called for member ac22522d-0184-4ad4-8c52-6541a6f68c05 {{(pid=72116) delete /opt/stack/cinder/cinder/api/v3/group_snapshots.py:72}}
Apr 14 02:57:58 user devstack@c-api.service[72116]: INFO cinder.api.v3.group_snapshots [None req-30b5ec8a-70ff-4a85-8e65-00422e9419a6 tempest-GroupSnapshotsV319Test-469280145 tempest-GroupSnapshotsV319Test-469280145-project-member] Delete group_snapshot with id: ac22522d-0184-4ad4-8c52-6541a6f68c05
Apr 14 02:57:58 user devstack@c-api.service[72116]: /usr/local/lib/python3.10/dist-packages/oslo_context/context.py:100: DeprecationWarning: Policy enforcement is depending on the value of is_admin. This key is deprecated. Please update your policy file to use the standard policy values.
Apr 14 02:57:58 user devstack@c-api.service[72116]: warnings.warn('Policy enforcement is depending on the value of '
Apr 14 02:57:58 user devstack@c-api.service[72116]: INFO cinder.api.openstack.wsgi [None req-30b5ec8a-70ff-4a85-8e65-00422e9419a6 tempest-GroupSnapshotsV319Test-469280145 tempest-GroupSnapshotsV319Test-469280145-project-member] http://10.0.0.210/volume/v3/2b64362b004149329443d672eda0ce7b/group_snapshots/ac22522d-0184-4ad4-8c52-6541a6f68c05 returned with HTTP 202
Apr 14 02:57:58 user devstack@c-api.service[72116]: [pid: 72116|app: 0|req: 63/192] 10.0.0.210 () {64 vars in 1470 bytes} [Fri Apr 14 02:57:58 2023] DELETE /volume/v3/2b64362b004149329443d672eda0ce7b/group_snapshots/ac22522d-0184-4ad4-8c52-6541a6f68c05 => generated 0 bytes in 106 msecs (HTTP/1.1 202) 6 headers in 234 bytes (1 switches on core 0)
Apr 14 02:57:58 user devstack@c-api.service[72115]: DEBUG cinder.api.middleware.request_id [None req-9909a143-28b7-428d-bb48-27a5e1d3617f None None] RequestId filter calling following filter/app {{(pid=72115) _context_setter /opt/stack/cinder/cinder/api/middleware/request_id.py:62}}
Apr 14 02:57:58 user devstack@c-api.service[72115]: INFO cinder.api.openstack.wsgi [None req-9909a143-28b7-428d-bb48-27a5e1d3617f tempest-GroupSnapshotsV319Test-469280145 tempest-GroupSnapshotsV319Test-469280145-project-member] GET http://10.0.0.210/volume/v3/2b64362b004149329443d672eda0ce7b/volumes/detail
Apr 14 02:57:58 user devstack@c-api.service[72115]: DEBUG cinder.api.openstack.wsgi [None req-9909a143-28b7-428d-bb48-27a5e1d3617f tempest-GroupSnapshotsV319Test-469280145 tempest-GroupSnapshotsV319Test-469280145-project-member] Empty body provided in request {{(pid=72115) get_body /opt/stack/cinder/cinder/api/openstack/wsgi.py:715}}
Apr 14 02:57:58 user devstack@c-api.service[72115]: DEBUG cinder.api.openstack.wsgi [None req-9909a143-28b7-428d-bb48-27a5e1d3617f tempest-GroupSnapshotsV319Test-469280145 tempest-GroupSnapshotsV319Test-469280145-project-member] Calling method 'detail' {{(pid=72115) _process_stack /opt/stack/cinder/cinder/api/openstack/wsgi.py:868}}
Apr 14 02:57:58 user devstack@c-api.service[72115]: DEBUG cinder.api.api_utils [None req-9909a143-28b7-428d-bb48-27a5e1d3617f tempest-GroupSnapshotsV319Test-469280145 tempest-GroupSnapshotsV319Test-469280145-project-member] Removing options '' from query. {{(pid=72115) remove_invalid_filter_options /opt/stack/cinder/cinder/api/api_utils.py:83}}
Apr 14 02:57:58 user devstack@c-api.service[72115]: DEBUG cinder.volume.api [None req-9909a143-28b7-428d-bb48-27a5e1d3617f tempest-GroupSnapshotsV319Test-469280145 tempest-GroupSnapshotsV319Test-469280145-project-member] Searching by: MultiDict([('no_migration_targets', True)]). {{(pid=72115) get_all /opt/stack/cinder/cinder/volume/api.py:663}}
Apr 14 02:57:58 user devstack@c-api.service[72114]: DEBUG cinder.api.middleware.request_id [None req-64ee2369-e4b0-46dd-b19a-b84646a93b0e None None] RequestId filter calling following filter/app {{(pid=72114) _context_setter /opt/stack/cinder/cinder/api/middleware/request_id.py:62}}
Apr 14 02:57:58 user devstack@c-api.service[72115]: INFO cinder.volume.api [None req-9909a143-28b7-428d-bb48-27a5e1d3617f tempest-GroupSnapshotsV319Test-469280145 tempest-GroupSnapshotsV319Test-469280145-project-member] Get all volumes completed successfully.
Apr 14 02:57:58 user devstack@c-api.service[72114]: INFO cinder.api.openstack.wsgi [None req-64ee2369-e4b0-46dd-b19a-b84646a93b0e tempest-VolumeTypesTest-1077925283 tempest-VolumeTypesTest-1077925283-project-member] GET http://10.0.0.210/volume/v3/61c21888b9bf483093e179270819d025/volumes/1f482b52-8fb0-4574-abfe-40ec9b903fc9
Apr 14 02:57:58 user devstack@c-api.service[72114]: DEBUG cinder.api.openstack.wsgi [None req-64ee2369-e4b0-46dd-b19a-b84646a93b0e tempest-VolumeTypesTest-1077925283 tempest-VolumeTypesTest-1077925283-project-member] Empty body provided in request {{(pid=72114) get_body /opt/stack/cinder/cinder/api/openstack/wsgi.py:715}}
Apr 14 02:57:58 user devstack@c-api.service[72114]: DEBUG cinder.api.openstack.wsgi [None req-64ee2369-e4b0-46dd-b19a-b84646a93b0e tempest-VolumeTypesTest-1077925283 tempest-VolumeTypesTest-1077925283-project-member] Calling method 'show' {{(pid=72114) _process_stack /opt/stack/cinder/cinder/api/openstack/wsgi.py:868}}
Apr 14 02:57:58 user devstack@c-api.service[72115]: WARNING stevedore.named [None req-9909a143-28b7-428d-bb48-27a5e1d3617f tempest-GroupSnapshotsV319Test-469280145 tempest-GroupSnapshotsV319Test-469280145-project-member] Could not load cinder.keymgr.conf_key_mgr.ConfKeyManager
Apr 14 02:57:58 user devstack@c-api.service[72115]: WARNING castellan.key_manager [None req-9909a143-28b7-428d-bb48-27a5e1d3617f tempest-GroupSnapshotsV319Test-469280145 tempest-GroupSnapshotsV319Test-469280145-project-member] Deprecation Warning : cinder.keymgr.conf_key_mgr.ConfKeyManager is not a stevedore based driver, trying to load it as a class: stevedore.exception.NoMatches: No 'castellan.drivers' driver found, looking for 'cinder.keymgr.conf_key_mgr.ConfKeyManager'
Apr 14 02:57:58 user devstack@c-api.service[72115]: DEBUG oslo_db.sqlalchemy.engines [None req-9909a143-28b7-428d-bb48-27a5e1d3617f tempest-GroupSnapshotsV319Test-469280145 tempest-GroupSnapshotsV319Test-469280145-project-member] MySQL server mode set to STRICT_TRANS_TABLES,STRICT_ALL_TABLES,NO_ZERO_IN_DATE,NO_ZERO_DATE,ERROR_FOR_DIVISION_BY_ZERO,TRADITIONAL,NO_ENGINE_SUBSTITUTION {{(pid=72115) _check_effective_sql_mode /usr/local/lib/python3.10/dist-packages/oslo_db/sqlalchemy/engines.py:335}}
Apr 14 02:57:58 user devstack@c-api.service[72114]: /usr/local/lib/python3.10/dist-packages/oslo_context/context.py:100: DeprecationWarning: Policy enforcement is depending on the value of is_admin. This key is deprecated. Please update your policy file to use the standard policy values.
Apr 14 02:57:58 user devstack@c-api.service[72114]: warnings.warn('Policy enforcement is depending on the value of '
Apr 14 02:57:58 user devstack@c-api.service[72115]: /usr/local/lib/python3.10/dist-packages/oslo_context/context.py:100: DeprecationWarning: Policy enforcement is depending on the value of is_admin. This key is deprecated. Please update your policy file to use the standard policy values.
Apr 14 02:57:58 user devstack@c-api.service[72115]: warnings.warn('Policy enforcement is depending on the value of '
Apr 14 02:57:58 user devstack@c-api.service[72114]: INFO cinder.volume.api [None req-64ee2369-e4b0-46dd-b19a-b84646a93b0e tempest-VolumeTypesTest-1077925283 tempest-VolumeTypesTest-1077925283-project-member] Volume info retrieved successfully.
Apr 14 02:57:58 user devstack@c-api.service[72114]: INFO cinder.api.openstack.wsgi [None req-64ee2369-e4b0-46dd-b19a-b84646a93b0e tempest-VolumeTypesTest-1077925283 tempest-VolumeTypesTest-1077925283-project-member] http://10.0.0.210/volume/v3/61c21888b9bf483093e179270819d025/volumes/1f482b52-8fb0-4574-abfe-40ec9b903fc9 returned with HTTP 200
Apr 14 02:57:58 user devstack@c-api.service[72114]: [pid: 72114|app: 0|req: 69/193] 10.0.0.210 () {62 vars in 1402 bytes} [Fri Apr 14 02:57:58 2023] GET /volume/v3/61c21888b9bf483093e179270819d025/volumes/1f482b52-8fb0-4574-abfe-40ec9b903fc9 => generated 938 bytes in 46 msecs (HTTP/1.1 200) 7 headers in 285 bytes (1 switches on core 0)
Apr 14 02:57:58 user devstack@c-api.service[72115]: INFO cinder.api.openstack.wsgi [None req-9909a143-28b7-428d-bb48-27a5e1d3617f tempest-GroupSnapshotsV319Test-469280145 tempest-GroupSnapshotsV319Test-469280145-project-member] http://10.0.0.210/volume/v3/2b64362b004149329443d672eda0ce7b/volumes/detail returned with HTTP 200
Apr 14 02:57:58 user devstack@c-api.service[72115]: [pid: 72115|app: 0|req: 62/194] 10.0.0.210 () {64 vars in 1353 bytes} [Fri Apr 14 02:57:58 2023] GET /volume/v3/2b64362b004149329443d672eda0ce7b/volumes/detail => generated 987 bytes in 153 msecs (HTTP/1.1 200) 7 headers in 286 bytes (1 switches on core 0)
Apr 14 02:57:59 user devstack@c-api.service[72116]: DEBUG cinder.api.middleware.request_id [None req-d5858b27-4ede-4d91-a25a-755bba67b347 None None] RequestId filter calling following filter/app {{(pid=72116) _context_setter /opt/stack/cinder/cinder/api/middleware/request_id.py:62}}
Apr 14 02:57:59 user devstack@c-api.service[72116]: INFO cinder.api.openstack.wsgi [None req-d5858b27-4ede-4d91-a25a-755bba67b347 tempest-GroupSnapshotsV319Test-469280145 tempest-GroupSnapshotsV319Test-469280145-project-member] GET http://10.0.0.210/volume/v3/2b64362b004149329443d672eda0ce7b/snapshots/detail
Apr 14 02:57:59 user devstack@c-api.service[72116]: DEBUG cinder.api.openstack.wsgi [None req-d5858b27-4ede-4d91-a25a-755bba67b347 tempest-GroupSnapshotsV319Test-469280145 tempest-GroupSnapshotsV319Test-469280145-project-member] Empty body provided in request {{(pid=72116) get_body /opt/stack/cinder/cinder/api/openstack/wsgi.py:715}}
Apr 14 02:57:59 user devstack@c-api.service[72116]: DEBUG cinder.api.openstack.wsgi [None req-d5858b27-4ede-4d91-a25a-755bba67b347 tempest-GroupSnapshotsV319Test-469280145 tempest-GroupSnapshotsV319Test-469280145-project-member] Calling method 'detail' {{(pid=72116) _process_stack /opt/stack/cinder/cinder/api/openstack/wsgi.py:868}}
Apr 14 02:57:59 user devstack@c-api.service[72116]: DEBUG cinder.api.api_utils [None req-d5858b27-4ede-4d91-a25a-755bba67b347 tempest-GroupSnapshotsV319Test-469280145 tempest-GroupSnapshotsV319Test-469280145-project-member] Removing options '' from query. {{(pid=72116) remove_invalid_filter_options /opt/stack/cinder/cinder/api/api_utils.py:83}}
Apr 14 02:57:59 user devstack@c-api.service[72116]: /usr/local/lib/python3.10/dist-packages/oslo_context/context.py:100: DeprecationWarning: Policy enforcement is depending on the value of is_admin. This key is deprecated. Please update your policy file to use the standard policy values.
Apr 14 02:57:59 user devstack@c-api.service[72116]: warnings.warn('Policy enforcement is depending on the value of '
Apr 14 02:57:59 user devstack@c-api.service[72116]: DEBUG cinder.db.sqlalchemy.api [None req-d5858b27-4ede-4d91-a25a-755bba67b347 tempest-GroupSnapshotsV319Test-469280145 tempest-GroupSnapshotsV319Test-469280145-project-member] Building query based on filter {{(pid=72116) _process_snaps_filters /opt/stack/cinder/cinder/db/sqlalchemy/api.py:3885}}
Apr 14 02:57:59 user devstack@c-api.service[72116]: INFO cinder.volume.api [None req-d5858b27-4ede-4d91-a25a-755bba67b347 tempest-GroupSnapshotsV319Test-469280145 tempest-GroupSnapshotsV319Test-469280145-project-member] Get all snapshots completed successfully.
Apr 14 02:57:59 user devstack@c-api.service[72116]: /usr/local/lib/python3.10/dist-packages/oslo_context/context.py:100: DeprecationWarning: Policy enforcement is depending on the value of is_admin. This key is deprecated. Please update your policy file to use the standard policy values.
Apr 14 02:57:59 user devstack@c-api.service[72116]: warnings.warn('Policy enforcement is depending on the value of '
Apr 14 02:57:59 user devstack@c-api.service[72116]: INFO cinder.api.openstack.wsgi [None req-d5858b27-4ede-4d91-a25a-755bba67b347 tempest-GroupSnapshotsV319Test-469280145 tempest-GroupSnapshotsV319Test-469280145-project-member] http://10.0.0.210/volume/v3/2b64362b004149329443d672eda0ce7b/snapshots/detail returned with HTTP 200
Apr 14 02:57:59 user devstack@c-api.service[72116]: [pid: 72116|app: 0|req: 64/195] 10.0.0.210 () {62 vars in 1318 bytes} [Fri Apr 14 02:57:59 2023] GET /volume/v3/2b64362b004149329443d672eda0ce7b/snapshots/detail => generated 475 bytes in 41 msecs (HTTP/1.1 200) 7 headers in 285 bytes (1 switches on core 0)
Apr 14 02:57:59 user devstack@c-api.service[72114]: DEBUG cinder.api.middleware.request_id [None req-3a991e4e-72b6-46ac-9400-8ee68a367fb3 None None] RequestId filter calling following filter/app {{(pid=72114) _context_setter /opt/stack/cinder/cinder/api/middleware/request_id.py:62}}
Apr 14 02:57:59 user devstack@c-api.service[72114]: INFO cinder.api.openstack.wsgi [None req-3a991e4e-72b6-46ac-9400-8ee68a367fb3 tempest-GroupSnapshotsV319Test-469280145 tempest-GroupSnapshotsV319Test-469280145-project-member] GET http://10.0.0.210/volume/v3/2b64362b004149329443d672eda0ce7b/snapshots/19d0bdc0-820c-4aad-8630-9118ed68116e
Apr 14 02:57:59 user devstack@c-api.service[72114]: DEBUG cinder.api.openstack.wsgi [None req-3a991e4e-72b6-46ac-9400-8ee68a367fb3 tempest-GroupSnapshotsV319Test-469280145 tempest-GroupSnapshotsV319Test-469280145-project-member] Empty body provided in request {{(pid=72114) get_body /opt/stack/cinder/cinder/api/openstack/wsgi.py:715}}
Apr 14 02:57:59 user devstack@c-api.service[72114]: DEBUG cinder.api.openstack.wsgi [None req-3a991e4e-72b6-46ac-9400-8ee68a367fb3 tempest-GroupSnapshotsV319Test-469280145 tempest-GroupSnapshotsV319Test-469280145-project-member] Calling method 'show' {{(pid=72114) _process_stack /opt/stack/cinder/cinder/api/openstack/wsgi.py:868}}
Apr 14 02:57:59 user devstack@c-api.service[72114]: /usr/local/lib/python3.10/dist-packages/oslo_context/context.py:100: DeprecationWarning: Policy enforcement is depending on the value of is_admin. This key is deprecated. Please update your policy file to use the standard policy values.
Apr 14 02:57:59 user devstack@c-api.service[72114]: warnings.warn('Policy enforcement is depending on the value of '
Apr 14 02:57:59 user devstack@c-api.service[72114]: INFO cinder.volume.api [None req-3a991e4e-72b6-46ac-9400-8ee68a367fb3 tempest-GroupSnapshotsV319Test-469280145 tempest-GroupSnapshotsV319Test-469280145-project-member] Snapshot retrieved successfully.
Apr 14 02:57:59 user devstack@c-api.service[72114]: INFO cinder.api.openstack.wsgi [None req-3a991e4e-72b6-46ac-9400-8ee68a367fb3 tempest-GroupSnapshotsV319Test-469280145 tempest-GroupSnapshotsV319Test-469280145-project-member] http://10.0.0.210/volume/v3/2b64362b004149329443d672eda0ce7b/snapshots/19d0bdc0-820c-4aad-8630-9118ed68116e returned with HTTP 200
Apr 14 02:57:59 user devstack@c-api.service[72114]: [pid: 72114|app: 0|req: 70/196] 10.0.0.210 () {62 vars in 1408 bytes} [Fri Apr 14 02:57:59 2023] GET /volume/v3/2b64362b004149329443d672eda0ce7b/snapshots/19d0bdc0-820c-4aad-8630-9118ed68116e => generated 472 bytes in 35 msecs (HTTP/1.1 200) 7 headers in 285 bytes (1 switches on core 0)
Apr 14 02:57:59 user devstack@c-api.service[72115]: DEBUG cinder.api.middleware.request_id [None req-7be086a7-593e-4e36-b4db-f5090a1251b1 None None] RequestId filter calling following filter/app {{(pid=72115) _context_setter /opt/stack/cinder/cinder/api/middleware/request_id.py:62}}
Apr 14 02:57:59 user devstack@c-api.service[72116]: DEBUG cinder.api.middleware.request_id [None req-be0e4a39-0bdb-47a7-8a18-d2c5906bf8a2 None None] RequestId filter calling following filter/app {{(pid=72116) _context_setter /opt/stack/cinder/cinder/api/middleware/request_id.py:62}}
Apr 14 02:58:00 user devstack@c-api.service[72116]: INFO cinder.api.openstack.wsgi [None req-be0e4a39-0bdb-47a7-8a18-d2c5906bf8a2 tempest-VolumeTypesTest-1077925283 tempest-VolumeTypesTest-1077925283-project-member] GET http://10.0.0.210/volume/v3/61c21888b9bf483093e179270819d025/volumes/1f482b52-8fb0-4574-abfe-40ec9b903fc9
Apr 14 02:58:00 user devstack@c-api.service[72116]: DEBUG cinder.api.openstack.wsgi [None req-be0e4a39-0bdb-47a7-8a18-d2c5906bf8a2 tempest-VolumeTypesTest-1077925283 tempest-VolumeTypesTest-1077925283-project-member] Empty body provided in request {{(pid=72116) get_body /opt/stack/cinder/cinder/api/openstack/wsgi.py:715}}
Apr 14 02:58:00 user devstack@c-api.service[72116]: DEBUG cinder.api.openstack.wsgi [None req-be0e4a39-0bdb-47a7-8a18-d2c5906bf8a2 tempest-VolumeTypesTest-1077925283 tempest-VolumeTypesTest-1077925283-project-member] Calling method 'show' {{(pid=72116) _process_stack /opt/stack/cinder/cinder/api/openstack/wsgi.py:868}}
Apr 14 02:58:00 user devstack@c-api.service[72115]: INFO cinder.api.openstack.wsgi [None req-7be086a7-593e-4e36-b4db-f5090a1251b1 tempest-VolumeQuotaClassesTest-202630477 tempest-VolumeQuotaClassesTest-202630477-project-admin] GET http://10.0.0.210/volume/v3/3b36865fc46641e6b4933b77b632b6a3/os-quota-class-sets/default
Apr 14 02:58:00 user devstack@c-api.service[72115]: DEBUG cinder.api.openstack.wsgi [None req-7be086a7-593e-4e36-b4db-f5090a1251b1 tempest-VolumeQuotaClassesTest-202630477 tempest-VolumeQuotaClassesTest-202630477-project-admin] Empty body provided in request {{(pid=72115) get_body /opt/stack/cinder/cinder/api/openstack/wsgi.py:715}}
Apr 14 02:58:00 user devstack@c-api.service[72115]: DEBUG cinder.api.openstack.wsgi [None req-7be086a7-593e-4e36-b4db-f5090a1251b1 tempest-VolumeQuotaClassesTest-202630477 tempest-VolumeQuotaClassesTest-202630477-project-admin] Calling method 'show' {{(pid=72115) _process_stack /opt/stack/cinder/cinder/api/openstack/wsgi.py:868}}
Apr 14 02:58:00 user devstack@c-api.service[72116]: /usr/local/lib/python3.10/dist-packages/oslo_context/context.py:100: DeprecationWarning: Policy enforcement is depending on the value of is_admin. This key is deprecated. Please update your policy file to use the standard policy values.
Apr 14 02:58:00 user devstack@c-api.service[72116]: warnings.warn('Policy enforcement is depending on the value of '
Apr 14 02:58:00 user devstack@c-api.service[72115]: DEBUG dbcounter [-] [72115] Writing DB stats cinder:SELECT=85,cinder:UPDATE=9,cinder:INSERT=6 {{(pid=72115) stat_writer /usr/local/lib/python3.10/dist-packages/dbcounter.py:117}}
Apr 14 02:58:00 user devstack@c-api.service[72116]: INFO cinder.volume.api [None req-be0e4a39-0bdb-47a7-8a18-d2c5906bf8a2 tempest-VolumeTypesTest-1077925283 tempest-VolumeTypesTest-1077925283-project-member] Volume info retrieved successfully.
Apr 14 02:58:00 user devstack@c-api.service[72116]: DEBUG dbcounter [-] [72116] Writing DB stats cinder:UPDATE=8,cinder:SELECT=92 {{(pid=72116) stat_writer /usr/local/lib/python3.10/dist-packages/dbcounter.py:117}}
Apr 14 02:58:00 user devstack@c-api.service[72116]: INFO cinder.api.openstack.wsgi [None req-be0e4a39-0bdb-47a7-8a18-d2c5906bf8a2 tempest-VolumeTypesTest-1077925283 tempest-VolumeTypesTest-1077925283-project-member] http://10.0.0.210/volume/v3/61c21888b9bf483093e179270819d025/volumes/1f482b52-8fb0-4574-abfe-40ec9b903fc9 returned with HTTP 200
Apr 14 02:58:00 user devstack@c-api.service[72116]: [pid: 72116|app: 0|req: 65/197] 10.0.0.210 () {62 vars in 1402 bytes} [Fri Apr 14 02:57:59 2023] GET /volume/v3/61c21888b9bf483093e179270819d025/volumes/1f482b52-8fb0-4574-abfe-40ec9b903fc9 => generated 938 bytes in 57 msecs (HTTP/1.1 200) 7 headers in 285 bytes (1 switches on core 0)
Apr 14 02:58:00 user devstack@c-api.service[72114]: DEBUG cinder.api.middleware.request_id [None req-6cd00275-dd0a-4a56-9fa0-37e29317a544 None None] RequestId filter calling following filter/app {{(pid=72114) _context_setter /opt/stack/cinder/cinder/api/middleware/request_id.py:62}}
Apr 14 02:58:00 user devstack@c-api.service[72115]: INFO cinder.api.openstack.wsgi [None req-7be086a7-593e-4e36-b4db-f5090a1251b1 tempest-VolumeQuotaClassesTest-202630477 tempest-VolumeQuotaClassesTest-202630477-project-admin] http://10.0.0.210/volume/v3/3b36865fc46641e6b4933b77b632b6a3/os-quota-class-sets/default returned with HTTP 200
Apr 14 02:58:00 user devstack@c-api.service[72114]: INFO cinder.api.openstack.wsgi [None req-6cd00275-dd0a-4a56-9fa0-37e29317a544 tempest-GroupSnapshotsV319Test-469280145 tempest-GroupSnapshotsV319Test-469280145-project-member] GET http://10.0.0.210/volume/v3/2b64362b004149329443d672eda0ce7b/snapshots/19d0bdc0-820c-4aad-8630-9118ed68116e
Apr 14 02:58:00 user devstack@c-api.service[72115]: [pid: 72115|app: 0|req: 63/198] 10.0.0.210 () {62 vars in 1351 bytes} [Fri Apr 14 02:57:59 2023] GET /volume/v3/3b36865fc46641e6b4933b77b632b6a3/os-quota-class-sets/default => generated 927 bytes in 334 msecs (HTTP/1.1 200) 7 headers in 285 bytes (1 switches on core 0)
Apr 14 02:58:00 user devstack@c-api.service[72114]: DEBUG cinder.api.openstack.wsgi [None req-6cd00275-dd0a-4a56-9fa0-37e29317a544 tempest-GroupSnapshotsV319Test-469280145 tempest-GroupSnapshotsV319Test-469280145-project-member] Empty body provided in request {{(pid=72114) get_body /opt/stack/cinder/cinder/api/openstack/wsgi.py:715}}
Apr 14 02:58:00 user devstack@c-api.service[72114]: DEBUG cinder.api.openstack.wsgi [None req-6cd00275-dd0a-4a56-9fa0-37e29317a544 tempest-GroupSnapshotsV319Test-469280145 tempest-GroupSnapshotsV319Test-469280145-project-member] Calling method 'show' {{(pid=72114) _process_stack /opt/stack/cinder/cinder/api/openstack/wsgi.py:868}}
Apr 14 02:58:00 user devstack@c-api.service[72114]: /usr/local/lib/python3.10/dist-packages/oslo_context/context.py:100: DeprecationWarning: Policy enforcement is depending on the value of is_admin. This key is deprecated. Please update your policy file to use the standard policy values.
Apr 14 02:58:00 user devstack@c-api.service[72114]: warnings.warn('Policy enforcement is depending on the value of '
Apr 14 02:58:00 user devstack@c-api.service[72114]: INFO cinder.volume.api [None req-6cd00275-dd0a-4a56-9fa0-37e29317a544 tempest-GroupSnapshotsV319Test-469280145 tempest-GroupSnapshotsV319Test-469280145-project-member] Snapshot retrieved successfully.
Apr 14 02:58:00 user devstack@c-api.service[72114]: INFO cinder.api.openstack.wsgi [None req-6cd00275-dd0a-4a56-9fa0-37e29317a544 tempest-GroupSnapshotsV319Test-469280145 tempest-GroupSnapshotsV319Test-469280145-project-member] http://10.0.0.210/volume/v3/2b64362b004149329443d672eda0ce7b/snapshots/19d0bdc0-820c-4aad-8630-9118ed68116e returned with HTTP 200
Apr 14 02:58:00 user devstack@c-api.service[72116]: DEBUG cinder.api.middleware.request_id [None req-d6172b0c-b7bd-4009-b0c7-46c527410241 None None] RequestId filter calling following filter/app {{(pid=72116) _context_setter /opt/stack/cinder/cinder/api/middleware/request_id.py:62}}
Apr 14 02:58:00 user devstack@c-api.service[72114]: [pid: 72114|app: 0|req: 71/199] 10.0.0.210 () {62 vars in 1408 bytes} [Fri Apr 14 02:58:00 2023] GET /volume/v3/2b64362b004149329443d672eda0ce7b/snapshots/19d0bdc0-820c-4aad-8630-9118ed68116e => generated 472 bytes in 41 msecs (HTTP/1.1 200) 7 headers in 285 bytes (1 switches on core 0)
Apr 14 02:58:00 user devstack@c-api.service[72116]: INFO cinder.api.openstack.wsgi [None req-d6172b0c-b7bd-4009-b0c7-46c527410241 tempest-VolumeQuotaClassesTest-202630477 tempest-VolumeQuotaClassesTest-202630477-project-admin] GET http://10.0.0.210/volume/v3/3b36865fc46641e6b4933b77b632b6a3/os-quota-class-sets/default
Apr 14 02:58:00 user devstack@c-api.service[72116]: DEBUG cinder.api.openstack.wsgi [None req-d6172b0c-b7bd-4009-b0c7-46c527410241 tempest-VolumeQuotaClassesTest-202630477 tempest-VolumeQuotaClassesTest-202630477-project-admin] Empty body provided in request {{(pid=72116) get_body /opt/stack/cinder/cinder/api/openstack/wsgi.py:715}}
Apr 14 02:58:00 user devstack@c-api.service[72116]: DEBUG cinder.api.openstack.wsgi [None req-d6172b0c-b7bd-4009-b0c7-46c527410241 tempest-VolumeQuotaClassesTest-202630477 tempest-VolumeQuotaClassesTest-202630477-project-admin] Calling method 'show' {{(pid=72116) _process_stack /opt/stack/cinder/cinder/api/openstack/wsgi.py:868}}
Apr 14 02:58:00 user devstack@c-api.service[72116]: INFO cinder.api.openstack.wsgi [None req-d6172b0c-b7bd-4009-b0c7-46c527410241 tempest-VolumeQuotaClassesTest-202630477 tempest-VolumeQuotaClassesTest-202630477-project-admin] http://10.0.0.210/volume/v3/3b36865fc46641e6b4933b77b632b6a3/os-quota-class-sets/default returned with HTTP 200
Apr 14 02:58:00 user devstack@c-api.service[72116]: [pid: 72116|app: 0|req: 66/200] 10.0.0.210 () {62 vars in 1351 bytes} [Fri Apr 14 02:58:00 2023] GET /volume/v3/3b36865fc46641e6b4933b77b632b6a3/os-quota-class-sets/default => generated 927 bytes in 47 msecs (HTTP/1.1 200) 7 headers in 285 bytes (1 switches on core 0)
Apr 14 02:58:00 user devstack@c-api.service[72115]: DEBUG cinder.api.middleware.request_id [None req-47eb8a29-8f1c-484f-a70f-b85e461d44ed None None] RequestId filter calling following filter/app {{(pid=72115) _context_setter /opt/stack/cinder/cinder/api/middleware/request_id.py:62}}
Apr 14 02:58:00 user devstack@c-api.service[72115]: INFO cinder.api.openstack.wsgi [None req-47eb8a29-8f1c-484f-a70f-b85e461d44ed tempest-VolumeQuotaClassesTest-202630477 tempest-VolumeQuotaClassesTest-202630477-project-admin] POST http://10.0.0.210/volume/v3/3b36865fc46641e6b4933b77b632b6a3/types
Apr 14 02:58:00 user devstack@c-api.service[72115]: DEBUG cinder.api.openstack.wsgi [None req-47eb8a29-8f1c-484f-a70f-b85e461d44ed tempest-VolumeQuotaClassesTest-202630477 tempest-VolumeQuotaClassesTest-202630477-project-admin] Action: 'create', calling method: _create, body: {"volume_type": {"name": "tempest-VolumeQuotaClassesTest-volume-type-721583747"}} {{(pid=72115) _process_stack /opt/stack/cinder/cinder/api/openstack/wsgi.py:866}}
Apr 14 02:58:00 user devstack@c-api.service[72115]: INFO cinder.api.openstack.wsgi [None req-47eb8a29-8f1c-484f-a70f-b85e461d44ed tempest-VolumeQuotaClassesTest-202630477 tempest-VolumeQuotaClassesTest-202630477-project-admin] http://10.0.0.210/volume/v3/3b36865fc46641e6b4933b77b632b6a3/types returned with HTTP 200
Apr 14 02:58:00 user devstack@c-api.service[72115]: [pid: 72115|app: 0|req: 64/201] 10.0.0.210 () {64 vars in 1306 bytes} [Fri Apr 14 02:58:00 2023] POST /volume/v3/3b36865fc46641e6b4933b77b632b6a3/types => generated 227 bytes in 58 msecs (HTTP/1.1 200) 7 headers in 285 bytes (1 switches on core 0)
Apr 14 02:58:00 user devstack@c-api.service[72114]: DEBUG cinder.api.middleware.request_id [None req-74870237-95c5-4f77-8c54-7b681f1d48e8 None None] RequestId filter calling following filter/app {{(pid=72114) _context_setter /opt/stack/cinder/cinder/api/middleware/request_id.py:62}}
Apr 14 02:58:00 user devstack@c-api.service[72114]: INFO cinder.api.openstack.wsgi [None req-74870237-95c5-4f77-8c54-7b681f1d48e8 tempest-VolumeQuotaClassesTest-202630477 tempest-VolumeQuotaClassesTest-202630477-project-admin] PUT http://10.0.0.210/volume/v3/3b36865fc46641e6b4933b77b632b6a3/os-quota-class-sets/default
Apr 14 02:58:00 user devstack@c-api.service[72114]: DEBUG cinder.api.openstack.wsgi [None req-74870237-95c5-4f77-8c54-7b681f1d48e8 tempest-VolumeQuotaClassesTest-202630477 tempest-VolumeQuotaClassesTest-202630477-project-admin] Action: 'update', calling method: update, body: {"quota_class_set": {"volumes": 11, "per_volume_gigabytes": -1, "snapshots": 11, "gigabytes": 1001, "backups": 11, "backup_gigabytes": 1001, "volumes_tempest-VolumeQuotaClassesTest-volume-type-721583747": 9, "snapshots_tempest-VolumeQuotaClassesTest-volume-type-721583747": 1, "gigabytes_tempest-VolumeQuotaClassesTest-volume-type-721583747": 4}} {{(pid=72114) _process_stack /opt/stack/cinder/cinder/api/openstack/wsgi.py:866}}
Apr 14 02:58:00 user devstack@c-api.service[72114]: DEBUG dbcounter [-] [72114] Writing DB stats cinder:SELECT=95,cinder:UPDATE=4,cinder:INSERT=1 {{(pid=72114) stat_writer /usr/local/lib/python3.10/dist-packages/dbcounter.py:117}}
Apr 14 02:58:00 user devstack@c-api.service[72114]: INFO cinder.api.openstack.wsgi [None req-74870237-95c5-4f77-8c54-7b681f1d48e8 tempest-VolumeQuotaClassesTest-202630477 tempest-VolumeQuotaClassesTest-202630477-project-admin] http://10.0.0.210/volume/v3/3b36865fc46641e6b4933b77b632b6a3/os-quota-class-sets/default returned with HTTP 200
Apr 14 02:58:00 user devstack@c-api.service[72114]: [pid: 72114|app: 0|req: 72/202] 10.0.0.210 () {64 vars in 1372 bytes} [Fri Apr 14 02:58:00 2023] PUT /volume/v3/3b36865fc46641e6b4933b77b632b6a3/os-quota-class-sets/default => generated 1115 bytes in 255 msecs (HTTP/1.1 200) 7 headers in 286 bytes (1 switches on core 0)
Apr 14 02:58:00 user devstack@c-api.service[72116]: DEBUG cinder.api.middleware.request_id [None req-3ff9163c-5246-4129-b3b4-88c46a35627a None None] RequestId filter calling following filter/app {{(pid=72116) _context_setter /opt/stack/cinder/cinder/api/middleware/request_id.py:62}}
Apr 14 02:58:00 user devstack@c-api.service[72116]: INFO cinder.api.openstack.wsgi [None req-3ff9163c-5246-4129-b3b4-88c46a35627a tempest-VolumeQuotaClassesTest-202630477 tempest-VolumeQuotaClassesTest-202630477-project-admin] GET http://10.0.0.210/volume/v3/3b36865fc46641e6b4933b77b632b6a3/os-quota-sets/3b36865fc46641e6b4933b77b632b6a3/defaults
Apr 14 02:58:00 user devstack@c-api.service[72116]: DEBUG cinder.api.openstack.wsgi [None req-3ff9163c-5246-4129-b3b4-88c46a35627a tempest-VolumeQuotaClassesTest-202630477 tempest-VolumeQuotaClassesTest-202630477-project-admin] Empty body provided in request {{(pid=72116) get_body /opt/stack/cinder/cinder/api/openstack/wsgi.py:715}}
Apr 14 02:58:00 user devstack@c-api.service[72116]: DEBUG cinder.api.openstack.wsgi [None req-3ff9163c-5246-4129-b3b4-88c46a35627a tempest-VolumeQuotaClassesTest-202630477 tempest-VolumeQuotaClassesTest-202630477-project-admin] Calling method 'defaults' {{(pid=72116) _process_stack /opt/stack/cinder/cinder/api/openstack/wsgi.py:868}}
Apr 14 02:58:00 user devstack@c-api.service[72116]: WARNING cinder.quota [None req-3ff9163c-5246-4129-b3b4-88c46a35627a tempest-VolumeQuotaClassesTest-202630477 tempest-VolumeQuotaClassesTest-202630477-project-admin] Deprecated: Default quota for resource: volumes_tempest-VolumeTypesTest-volume-type-533499679 is set by the default quota flag: quota_volumes_tempest-VolumeTypesTest-volume-type-533499679, it is now deprecated. Please use the default quota class for default quota.
Apr 14 02:58:00 user devstack@c-api.service[72116]: WARNING cinder.quota [None req-3ff9163c-5246-4129-b3b4-88c46a35627a tempest-VolumeQuotaClassesTest-202630477 tempest-VolumeQuotaClassesTest-202630477-project-admin] Deprecated: Default quota for resource: gigabytes_tempest-VolumeTypesTest-volume-type-533499679 is set by the default quota flag: quota_gigabytes_tempest-VolumeTypesTest-volume-type-533499679, it is now deprecated. Please use the default quota class for default quota.
Apr 14 02:58:00 user devstack@c-api.service[72116]: WARNING cinder.quota [None req-3ff9163c-5246-4129-b3b4-88c46a35627a tempest-VolumeQuotaClassesTest-202630477 tempest-VolumeQuotaClassesTest-202630477-project-admin] Deprecated: Default quota for resource: snapshots_tempest-VolumeTypesTest-volume-type-533499679 is set by the default quota flag: quota_snapshots_tempest-VolumeTypesTest-volume-type-533499679, it is now deprecated. Please use the default quota class for default quota.
Apr 14 02:58:00 user devstack@c-api.service[72116]: WARNING cinder.quota [None req-3ff9163c-5246-4129-b3b4-88c46a35627a tempest-VolumeQuotaClassesTest-202630477 tempest-VolumeQuotaClassesTest-202630477-project-admin] Deprecated: Default quota for resource: volumes_tempest-VolumeTypesTest-volume-type-900811419 is set by the default quota flag: quota_volumes_tempest-VolumeTypesTest-volume-type-900811419, it is now deprecated. Please use the default quota class for default quota.
Apr 14 02:58:00 user devstack@c-api.service[72116]: WARNING cinder.quota [None req-3ff9163c-5246-4129-b3b4-88c46a35627a tempest-VolumeQuotaClassesTest-202630477 tempest-VolumeQuotaClassesTest-202630477-project-admin] Deprecated: Default quota for resource: gigabytes_tempest-VolumeTypesTest-volume-type-900811419 is set by the default quota flag: quota_gigabytes_tempest-VolumeTypesTest-volume-type-900811419, it is now deprecated. Please use the default quota class for default quota.
Apr 14 02:58:00 user devstack@c-api.service[72116]: WARNING cinder.quota [None req-3ff9163c-5246-4129-b3b4-88c46a35627a tempest-VolumeQuotaClassesTest-202630477 tempest-VolumeQuotaClassesTest-202630477-project-admin] Deprecated: Default quota for resource: snapshots_tempest-VolumeTypesTest-volume-type-900811419 is set by the default quota flag: quota_snapshots_tempest-VolumeTypesTest-volume-type-900811419, it is now deprecated. Please use the default quota class for default quota.
Apr 14 02:58:00 user devstack@c-api.service[72116]: WARNING cinder.quota [None req-3ff9163c-5246-4129-b3b4-88c46a35627a tempest-VolumeQuotaClassesTest-202630477 tempest-VolumeQuotaClassesTest-202630477-project-admin] Deprecated: Default quota for resource: snapshots_tempest-GroupSnapshotsV319Test-volume-type-1799096176 is set by the default quota flag: quota_snapshots_tempest-GroupSnapshotsV319Test-volume-type-1799096176, it is now deprecated. Please use the default quota class for default quota.
Apr 14 02:58:00 user devstack@c-api.service[72116]: INFO cinder.api.openstack.wsgi [None req-3ff9163c-5246-4129-b3b4-88c46a35627a tempest-VolumeQuotaClassesTest-202630477 tempest-VolumeQuotaClassesTest-202630477-project-admin] http://10.0.0.210/volume/v3/3b36865fc46641e6b4933b77b632b6a3/os-quota-sets/3b36865fc46641e6b4933b77b632b6a3/defaults returned with HTTP 200
Apr 14 02:58:00 user devstack@c-api.service[72116]: [pid: 72116|app: 0|req: 67/203] 10.0.0.210 () {62 vars in 1435 bytes} [Fri Apr 14 02:58:00 2023] GET /volume/v3/3b36865fc46641e6b4933b77b632b6a3/os-quota-sets/3b36865fc46641e6b4933b77b632b6a3/defaults => generated 1151 bytes in 76 msecs (HTTP/1.1 200) 7 headers in 286 bytes (1 switches on core 0)
Apr 14 02:58:01 user devstack@c-api.service[72115]: DEBUG cinder.api.middleware.request_id [None req-84e16f70-12e8-4e97-9c31-5a06d6e20381 None None] RequestId filter calling following filter/app {{(pid=72115) _context_setter /opt/stack/cinder/cinder/api/middleware/request_id.py:62}}
Apr 14 02:58:01 user devstack@c-api.service[72115]: INFO cinder.api.openstack.wsgi [None req-84e16f70-12e8-4e97-9c31-5a06d6e20381 tempest-VolumeTypesTest-1077925283 tempest-VolumeTypesTest-1077925283-project-member] GET http://10.0.0.210/volume/v3/61c21888b9bf483093e179270819d025/volumes/1f482b52-8fb0-4574-abfe-40ec9b903fc9
Apr 14 02:58:01 user devstack@c-api.service[72115]: DEBUG cinder.api.openstack.wsgi [None req-84e16f70-12e8-4e97-9c31-5a06d6e20381 tempest-VolumeTypesTest-1077925283 tempest-VolumeTypesTest-1077925283-project-member] Empty body provided in request {{(pid=72115) get_body /opt/stack/cinder/cinder/api/openstack/wsgi.py:715}}
