Aug 01 07:58:37 user devstack@keystone.service[44143]: DEBUG keystone.common.rbac_enforcer.enforcer [None req-2de2f541-6229-4266-a75e-5a9d996f669e None admin] RBAC: Authorizing `identity:list_roles()` {{(pid=44143) enforce_call /opt/stack/keystone/keystone/common/rbac_enforcer/enforcer.py:449}}
Aug 01 07:58:37 user devstack@keystone.service[44143]: DEBUG keystone.common.rbac_enforcer.enforcer [None req-2de2f541-6229-4266-a75e-5a9d996f669e None admin] RBAC: Authorization granted {{(pid=44143) enforce_call /opt/stack/keystone/keystone/common/rbac_enforcer/enforcer.py:457}}
Aug 01 07:58:37 user devstack@keystone.service[44144]: DEBUG keystone.server.flask.request_processing.middleware.auth_context [None req-258ca336-a4b8-47d3-8132-a6054ce5e9e0 None admin] Validating token access rules against request {{(pid=44144) validate_allowed_request /usr/local/lib/python3.10/dist-packages/keystonemiddleware/auth_token/__init__.py:544}}
Aug 01 07:58:37 user devstack@keystone.service[44143]: [pid: 44143|app: 0|req: 33/109] 10.0.0.210 () {56 vars in 1096 bytes} [Tue Aug 1 07:58:37 2023] GET /identity/v3/roles?name=reader => generated 339 bytes in 126 msecs (HTTP/1.1 200) 5 headers in 177 bytes (1 switches on core 0)
Aug 01 07:58:37 user devstack@keystone.service[44143]: DEBUG keystone.server.flask.request_processing.middleware.auth_context [None req-2de2f541-6229-4266-a75e-5a9d996f669e None admin] Authenticating user token {{(pid=44143) process_request /usr/local/lib/python3.10/dist-packages/keystonemiddleware/auth_token/__init__.py:406}}
Aug 01 07:58:37 user devstack@keystone.service[44144]: DEBUG keystone.server.flask.request_processing.middleware.auth_context [None req-7403f54e-49c6-404e-81e3-f40cf27a4968 None admin] RBAC: auth_context: {'token': , 'domain_id': None, 'trust_id': None, 'trustor_id': None, 'trustee_id': None, 'domain_name': None, 'group_ids': [], 'user_id': '0b432b7fb48649b69681d7e346f8c814', 'user_domain_id': 'default', 'system_scope': 'all', 'project_id': None, 'project_domain_id': None, 'roles': ['admin', 'member', 'reader'], 'is_admin_project': True, 'service_user_id': None, 'service_user_domain_id': None, 'service_project_id': None, 'service_project_domain_id': None, 'service_roles': []} {{(pid=44144) fill_context /opt/stack/keystone/keystone/server/flask/request_processing/middleware/auth_context.py:480}}
Aug 01 07:58:37 user devstack@keystone.service[44144]: DEBUG keystone.server.flask.request_processing.req_logging [None req-7403f54e-49c6-404e-81e3-f40cf27a4968 None admin] REQUEST_METHOD: `POST` {{(pid=44144) log_request_info /opt/stack/keystone/keystone/server/flask/request_processing/req_logging.py:27}}
Aug 01 07:58:37 user devstack@keystone.service[44144]: DEBUG keystone.server.flask.request_processing.req_logging [None req-7403f54e-49c6-404e-81e3-f40cf27a4968 None admin] SCRIPT_NAME: `/identity` {{(pid=44144) log_request_info /opt/stack/keystone/keystone/server/flask/request_processing/req_logging.py:28}}
Aug 01 07:58:37 user devstack@keystone.service[44144]: DEBUG keystone.server.flask.request_processing.req_logging [None req-7403f54e-49c6-404e-81e3-f40cf27a4968 None admin] PATH_INFO: `/v3/projects` {{(pid=44144) log_request_info /opt/stack/keystone/keystone/server/flask/request_processing/req_logging.py:29}}
Aug 01 07:58:37 user devstack@keystone.service[44144]: DEBUG keystone.common.rbac_enforcer.enforcer [None req-7403f54e-49c6-404e-81e3-f40cf27a4968 None admin] RBAC: Authorizing `identity:create_project()` {{(pid=44144) enforce_call /opt/stack/keystone/keystone/common/rbac_enforcer/enforcer.py:449}}
Aug 01 07:58:37 user devstack@keystone.service[44144]: DEBUG keystone.common.rbac_enforcer.enforcer [None req-7403f54e-49c6-404e-81e3-f40cf27a4968 None admin] RBAC: Authorization granted {{(pid=44144) enforce_call /opt/stack/keystone/keystone/common/rbac_enforcer/enforcer.py:457}}
Aug 01 07:58:37 user devstack@keystone.service[44144]: [pid: 44144|app: 0|req: 37/110] 10.0.0.210 () {60 vars in 1136 bytes} [Tue Aug 1 07:58:37 2023] POST /identity/v3/projects => generated 301 bytes in 142 msecs (HTTP/1.1 201) 5 headers in 182 bytes (1 switches on core 0)
Aug 01 07:58:37 user devstack@keystone.service[44144]: DEBUG keystone.server.flask.request_processing.middleware.auth_context [None req-7403f54e-49c6-404e-81e3-f40cf27a4968 None admin] Authenticating user token {{(pid=44144) process_request /usr/local/lib/python3.10/dist-packages/keystonemiddleware/auth_token/__init__.py:406}}
Aug 01 07:58:37 user devstack@keystone.service[44143]: DEBUG dbcounter [-] [44143] Writing DB stats keystone:SELECT=100 {{(pid=44143) stat_writer /usr/local/lib/python3.10/dist-packages/dbcounter.py:117}}
Aug 01 07:58:37 user devstack@keystone.service[44145]: DEBUG keystone.server.flask.request_processing.middleware.auth_context [None req-6f2a4207-c6a8-40fd-aa7e-d5dc349abd29 None admin] Validating token access rules against request {{(pid=44145) validate_allowed_request /usr/local/lib/python3.10/dist-packages/keystonemiddleware/auth_token/__init__.py:544}}
Aug 01 07:58:37 user devstack@keystone.service[44143]: DEBUG keystone.server.flask.request_processing.middleware.auth_context [None req-2de2f541-6229-4266-a75e-5a9d996f669e None admin] Validating token access rules against request {{(pid=44143) validate_allowed_request /usr/local/lib/python3.10/dist-packages/keystonemiddleware/auth_token/__init__.py:544}}
Aug 01 07:58:37 user devstack@keystone.service[44145]: DEBUG keystone.server.flask.request_processing.middleware.auth_context [None req-ce073314-8aaa-47c0-80c5-2448d7757ed6 None admin] RBAC: auth_context: {'token': , 'domain_id': None, 'trust_id': None, 'trustor_id': None, 'trustee_id': None, 'domain_name': None, 'group_ids': [], 'user_id': '0b432b7fb48649b69681d7e346f8c814', 'user_domain_id': 'default', 'system_scope': 'all', 'project_id': None, 'project_domain_id': None, 'roles': ['admin', 'member', 'reader'], 'is_admin_project': True, 'service_user_id': None, 'service_user_domain_id': None, 'service_project_id': None, 'service_project_domain_id': None, 'service_roles': []} {{(pid=44145) fill_context /opt/stack/keystone/keystone/server/flask/request_processing/middleware/auth_context.py:480}}
Aug 01 07:58:37 user devstack@keystone.service[44145]: DEBUG keystone.server.flask.request_processing.req_logging [None req-ce073314-8aaa-47c0-80c5-2448d7757ed6 None admin] REQUEST_METHOD: `GET` {{(pid=44145) log_request_info /opt/stack/keystone/keystone/server/flask/request_processing/req_logging.py:27}}
Aug 01 07:58:37 user devstack@keystone.service[44145]: DEBUG keystone.server.flask.request_processing.req_logging [None req-ce073314-8aaa-47c0-80c5-2448d7757ed6 None admin] SCRIPT_NAME: `/identity` {{(pid=44145) log_request_info /opt/stack/keystone/keystone/server/flask/request_processing/req_logging.py:28}}
Aug 01 07:58:37 user devstack@keystone.service[44145]: DEBUG keystone.server.flask.request_processing.req_logging [None req-ce073314-8aaa-47c0-80c5-2448d7757ed6 None admin] PATH_INFO: `/v3/roles/anotherrole` {{(pid=44145) log_request_info /opt/stack/keystone/keystone/server/flask/request_processing/req_logging.py:29}}
Aug 01 07:58:37 user devstack@keystone.service[44145]: DEBUG keystone.common.rbac_enforcer.enforcer [None req-ce073314-8aaa-47c0-80c5-2448d7757ed6 None admin] Extracting inferred target data resulted in "NOT FOUND (404)". {{(pid=44145) enforce_call /opt/stack/keystone/keystone/common/rbac_enforcer/enforcer.py:409}}
Aug 01 07:58:37 user devstack@keystone.service[44145]: ERROR keystone.server.flask.application [None req-ce073314-8aaa-47c0-80c5-2448d7757ed6 None admin] Could not find role: anotherrole.: keystone.exception.RoleNotFound: Could not find role: anotherrole.
Aug 01 07:58:37 user devstack@keystone.service[44145]: ERROR keystone.server.flask.application
Traceback (most recent call last):
Aug 01 07:58:37 user devstack@keystone.service[44145]: ERROR keystone.server.flask.application
File "/usr/local/lib/python3.10/dist-packages/flask/app.py", line 1823, in full_dispatch_request
Aug 01 07:58:37 user devstack@keystone.service[44145]: ERROR keystone.server.flask.application rv = self.dispatch_request()
Aug 01 07:58:37 user devstack@keystone.service[44145]: ERROR keystone.server.flask.application
File "/usr/local/lib/python3.10/dist-packages/flask/app.py", line 1799, in dispatch_request
Aug 01 07:58:37 user devstack@keystone.service[44145]: ERROR keystone.server.flask.application return self.ensure_sync(self.view_functions[rule.endpoint])(**view_args)
Aug 01 07:58:37 user devstack@keystone.service[44145]: ERROR keystone.server.flask.application
File "/usr/local/lib/python3.10/dist-packages/flask_restful/__init__.py", line 467, in wrapper
Aug 01 07:58:37 user devstack@keystone.service[44145]: ERROR keystone.server.flask.application resp = resource(*args, **kwargs)
Aug 01 07:58:37 user devstack@keystone.service[44145]: ERROR keystone.server.flask.application
File "/usr/local/lib/python3.10/dist-packages/flask/views.py", line 107, in view
Aug 01 07:58:37 user devstack@keystone.service[44145]: ERROR keystone.server.flask.application return current_app.ensure_sync(self.dispatch_request)(**kwargs)
Aug 01 07:58:37 user devstack@keystone.service[44145]: ERROR keystone.server.flask.application
File "/usr/local/lib/python3.10/dist-packages/flask_restful/__init__.py", line 582, in dispatch_request
Aug 01 07:58:37 user devstack@keystone.service[44145]: ERROR keystone.server.flask.application resp = meth(*args, **kwargs)
Aug 01 07:58:37 user devstack@keystone.service[44145]: ERROR keystone.server.flask.application
File "/opt/stack/keystone/keystone/api/roles.py", line 50, in get
Aug 01 07:58:37 user devstack@keystone.service[44145]: ERROR keystone.server.flask.application return self._get_role(role_id)
Aug 01 07:58:37 user devstack@keystone.service[44145]: ERROR keystone.server.flask.application
File "/opt/stack/keystone/keystone/api/roles.py", line 70, in _get_role
Aug 01 07:58:37 user devstack@keystone.service[44145]: ERROR keystone.server.flask.application ENFORCER.enforce_call(action='identity:get_role')
Aug 01 07:58:37 user devstack@keystone.service[44145]: ERROR keystone.server.flask.application
File "/opt/stack/keystone/keystone/common/rbac_enforcer/enforcer.py", line 402, in enforce_call
Aug 01 07:58:37 user devstack@keystone.service[44145]: ERROR keystone.server.flask.application policy_dict.update(cls._extract_member_target_data(
Aug 01 07:58:37 user devstack@keystone.service[44145]: ERROR keystone.server.flask.application
File "/opt/stack/keystone/keystone/common/rbac_enforcer/enforcer.py", line 234, in _extract_member_target_data
Aug 01 07:58:37 user devstack@keystone.service[44145]: ERROR keystone.server.flask.application member_name: func(flask.request.view_args[key])
Aug 01 07:58:37 user devstack@keystone.service[44145]: ERROR keystone.server.flask.application
File "/opt/stack/keystone/keystone/common/manager.py", line 115, in wrapped
Aug 01 07:58:37 user devstack@keystone.service[44145]: ERROR keystone.server.flask.application __ret_val = __f(*args, **kwargs)
Aug 01 07:58:37 user devstack@keystone.service[44145]: ERROR keystone.server.flask.application
File "/usr/local/lib/python3.10/dist-packages/decorator.py", line 232, in fun
Aug 01 07:58:37 user devstack@keystone.service[44145]: ERROR keystone.server.flask.application return caller(func, *(extras + args), **kw)
Aug 01 07:58:37 user devstack@keystone.service[44145]: ERROR keystone.server.flask.application
File "/usr/local/lib/python3.10/dist-packages/dogpile/cache/region.py", line 1577, in get_or_create_for_user_func
Aug 01 07:58:37 user devstack@keystone.service[44145]: ERROR keystone.server.flask.application return self.get_or_create(
Aug 01 07:58:37 user devstack@keystone.service[44145]: ERROR keystone.server.flask.application
File "/usr/local/lib/python3.10/dist-packages/dogpile/cache/region.py", line 1042, in get_or_create
Aug 01 07:58:37 user devstack@keystone.service[44145]: ERROR keystone.server.flask.application with Lock(
Aug 01 07:58:37 user devstack@keystone.service[44145]: ERROR keystone.server.flask.application
File "/usr/local/lib/python3.10/dist-packages/dogpile/lock.py", line 185, in __enter__
Aug 01 07:58:37 user devstack@keystone.service[44145]: ERROR keystone.server.flask.application return self._enter()
Aug 01 07:58:37 user devstack@keystone.service[44145]: ERROR keystone.server.flask.application
File "/usr/local/lib/python3.10/dist-packages/dogpile/lock.py", line 94, in _enter
Aug 01 07:58:37 user devstack@keystone.service[44145]: ERROR keystone.server.flask.application generated = self._enter_create(value, createdtime)
Aug 01 07:58:37 user devstack@keystone.service[44145]: ERROR keystone.server.flask.application
File "/usr/local/lib/python3.10/dist-packages/dogpile/lock.py", line 178, in _enter_create
Aug 01 07:58:37 user devstack@keystone.service[44145]: ERROR keystone.server.flask.application return self.creator()
Aug 01 07:58:37 user devstack@keystone.service[44145]: ERROR keystone.server.flask.application
File "/usr/local/lib/python3.10/dist-packages/dogpile/cache/region.py", line 995, in gen_value
Aug 01 07:58:37 user devstack@keystone.service[44145]: ERROR keystone.server.flask.application created_value = creator(
Aug 01 07:58:37 user devstack@keystone.service[44145]: ERROR keystone.server.flask.application
File "/opt/stack/keystone/keystone/assignment/core.py", line 1276, in get_role
Aug 01 07:58:37 user devstack@keystone.service[44145]: ERROR keystone.server.flask.application return self.driver.get_role(role_id)
Aug 01 07:58:37 user devstack@keystone.service[44145]: ERROR keystone.server.flask.application
File "/opt/stack/keystone/keystone/assignment/role_backends/sql.py", line 70, in get_role
Aug 01 07:58:37 user devstack@keystone.service[44145]: ERROR keystone.server.flask.application return self._get_role(session, role_id).to_dict()
Aug 01 07:58:37 user devstack@keystone.service[44145]: ERROR keystone.server.flask.application
File "/opt/stack/keystone/keystone/assignment/role_backends/sql.py", line 65, in _get_role
Aug 01 07:58:37 user devstack@keystone.service[44145]: ERROR keystone.server.flask.application raise exception.RoleNotFound(role_id=role_id)
Aug 01 07:58:37 user devstack@keystone.service[44145]: ERROR keystone.server.flask.application keystone.exception.RoleNotFound: Could not find role: anotherrole.
Aug 01 07:58:37 user devstack@keystone.service[44145]: ERROR keystone.server.flask.application
Aug 01 07:58:37 user devstack@keystone.service[44143]: DEBUG keystone.server.flask.request_processing.middleware.auth_context [None req-9f8db00f-4a6d-4abe-ba4b-770718721926 None admin] RBAC: auth_context: {'token': , 'domain_id': None, 'trust_id': None, 'trustor_id': None, 'trustee_id': None, 'domain_name': None, 'group_ids': [], 'user_id': '0b432b7fb48649b69681d7e346f8c814', 'user_domain_id': 'default', 'system_scope': 'all', 'project_id': None, 'project_domain_id': None, 'roles': ['admin', 'member', 'reader'], 'is_admin_project': True, 'service_user_id': None, 'service_user_domain_id': None, 'service_project_id': None, 'service_project_domain_id': None, 'service_roles': []} {{(pid=44143) fill_context /opt/stack/keystone/keystone/server/flask/request_processing/middleware/auth_context.py:480}}
Aug 01 07:58:37 user devstack@keystone.service[44145]: [pid: 44145|app: 0|req: 41/111] 10.0.0.210 () {56 vars in 1109 bytes} [Tue Aug 1 07:58:37 2023] GET /identity/v3/roles/anotherrole => generated 89 bytes in 148 msecs (HTTP/1.1 404) 5 headers in 183 bytes (1 switches on core 0)
Aug 01 07:58:37 user devstack@keystone.service[44143]: DEBUG keystone.server.flask.request_processing.req_logging [None req-9f8db00f-4a6d-4abe-ba4b-770718721926 None admin] REQUEST_METHOD: `GET` {{(pid=44143) log_request_info /opt/stack/keystone/keystone/server/flask/request_processing/req_logging.py:27}}
Aug 01 07:58:37 user devstack@keystone.service[44143]: DEBUG keystone.server.flask.request_processing.req_logging [None req-9f8db00f-4a6d-4abe-ba4b-770718721926 None admin] SCRIPT_NAME: `/identity` {{(pid=44143) log_request_info /opt/stack/keystone/keystone/server/flask/request_processing/req_logging.py:28}}
Aug 01 07:58:37 user devstack@keystone.service[44143]: DEBUG keystone.server.flask.request_processing.req_logging [None req-9f8db00f-4a6d-4abe-ba4b-770718721926 None admin] PATH_INFO: `/v3/users/0b432b7fb48649b69681d7e346f8c814` {{(pid=44143) log_request_info /opt/stack/keystone/keystone/server/flask/request_processing/req_logging.py:29}}
Aug 01 07:58:37 user devstack@keystone.service[44145]: DEBUG keystone.server.flask.request_processing.middleware.auth_context [None req-ce073314-8aaa-47c0-80c5-2448d7757ed6 None admin] Authenticating user token {{(pid=44145) process_request /usr/local/lib/python3.10/dist-packages/keystonemiddleware/auth_token/__init__.py:406}}
Aug 01 07:58:37 user devstack@keystone.service[44143]: DEBUG keystone.common.rbac_enforcer.enforcer [None req-9f8db00f-4a6d-4abe-ba4b-770718721926 None admin] RBAC: Authorizing `identity:get_user(user_id=0b432b7fb48649b69681d7e346f8c814)` {{(pid=44143) enforce_call /opt/stack/keystone/keystone/common/rbac_enforcer/enforcer.py:449}}
Aug 01 07:58:37 user devstack@keystone.service[44144]: DEBUG dbcounter [-] [44144] Writing DB stats keystone:SELECT=99,keystone:INSERT=1 {{(pid=44144) stat_writer /usr/local/lib/python3.10/dist-packages/dbcounter.py:117}}
Aug 01 07:58:37 user devstack@keystone.service[44143]: DEBUG keystone.common.rbac_enforcer.enforcer [None req-9f8db00f-4a6d-4abe-ba4b-770718721926 None admin] RBAC: Authorization granted {{(pid=44143) enforce_call /opt/stack/keystone/keystone/common/rbac_enforcer/enforcer.py:457}}
Aug 01 07:58:37 user devstack@keystone.service[44145]: DEBUG dbcounter [-] [44145] Writing DB stats keystone:SELECT=100 {{(pid=44145) stat_writer /usr/local/lib/python3.10/dist-packages/dbcounter.py:117}}
Aug 01 07:58:37 user devstack@keystone.service[44143]: [pid: 44143|app: 0|req: 34/112] 10.0.0.210 () {56 vars in 1172 bytes} [Tue Aug 1 07:58:37 2023] GET /identity/v3/users/0b432b7fb48649b69681d7e346f8c814 => generated 246 bytes in 120 msecs (HTTP/1.1 200) 5 headers in 177 bytes (1 switches on core 0)
Aug 01 07:58:37 user devstack@keystone.service[44143]: DEBUG keystone.server.flask.request_processing.middleware.auth_context [None req-9f8db00f-4a6d-4abe-ba4b-770718721926 None admin] Authenticating user token {{(pid=44143) process_request /usr/local/lib/python3.10/dist-packages/keystonemiddleware/auth_token/__init__.py:406}}
Aug 01 07:58:37 user devstack@keystone.service[44144]: DEBUG keystone.server.flask.request_processing.middleware.auth_context [None req-7403f54e-49c6-404e-81e3-f40cf27a4968 None admin] Validating token access rules against request {{(pid=44144) validate_allowed_request /usr/local/lib/python3.10/dist-packages/keystonemiddleware/auth_token/__init__.py:544}}
Aug 01 07:58:37 user devstack@keystone.service[44144]: DEBUG keystone.server.flask.request_processing.middleware.auth_context [None req-30349eaa-d1ec-48cb-b928-29baf122fb11 None admin] RBAC: auth_context: {'token': , 'domain_id': None, 'trust_id': None, 'trustor_id': None, 'trustee_id': None, 'domain_name': None, 'group_ids': [], 'user_id': '0b432b7fb48649b69681d7e346f8c814', 'user_domain_id': 'default', 'system_scope': 'all', 'project_id': None, 'project_domain_id': None, 'roles': ['admin', 'member', 'reader'], 'is_admin_project': True, 'service_user_id': None, 'service_user_domain_id': None, 'service_project_id': None, 'service_project_domain_id': None, 'service_roles': []} {{(pid=44144) fill_context /opt/stack/keystone/keystone/server/flask/request_processing/middleware/auth_context.py:480}}
Aug 01 07:58:37 user devstack@keystone.service[44144]: DEBUG keystone.server.flask.request_processing.req_logging [None req-30349eaa-d1ec-48cb-b928-29baf122fb11 None admin] REQUEST_METHOD: `GET` {{(pid=44144) log_request_info /opt/stack/keystone/keystone/server/flask/request_processing/req_logging.py:27}}
Aug 01 07:58:37 user devstack@keystone.service[44144]: DEBUG keystone.server.flask.request_processing.req_logging [None req-30349eaa-d1ec-48cb-b928-29baf122fb11 None admin] SCRIPT_NAME: `/identity` {{(pid=44144) log_request_info /opt/stack/keystone/keystone/server/flask/request_processing/req_logging.py:28}}
Aug 01 07:58:37 user devstack@keystone.service[44144]: DEBUG keystone.server.flask.request_processing.req_logging [None req-30349eaa-d1ec-48cb-b928-29baf122fb11 None admin] PATH_INFO: `/v3/role_assignments` {{(pid=44144) log_request_info /opt/stack/keystone/keystone/server/flask/request_processing/req_logging.py:29}}
Aug 01 07:58:37 user devstack@keystone.service[44144]: DEBUG keystone.common.rbac_enforcer.enforcer [None req-30349eaa-d1ec-48cb-b928-29baf122fb11 None admin] RBAC: Adding query filter params (role.id=727f75531c9c48dbafad9438174f6c69, scope.project.id=c95794539dc141f6adadd9e3d87b5ed8, user.id=a167169a2b6e494d8c1a69caecf35b9e) {{(pid=44144) _extract_filter_values /opt/stack/keystone/keystone/common/rbac_enforcer/enforcer.py:167}}
Aug 01 07:58:37 user devstack@keystone.service[44144]: DEBUG keystone.common.rbac_enforcer.enforcer [None req-30349eaa-d1ec-48cb-b928-29baf122fb11 None admin] RBAC: Authorizing `identity:list_role_assignments()` {{(pid=44144) enforce_call /opt/stack/keystone/keystone/common/rbac_enforcer/enforcer.py:449}}
Aug 01 07:58:37 user devstack@keystone.service[44144]: DEBUG keystone.common.rbac_enforcer.enforcer [None req-30349eaa-d1ec-48cb-b928-29baf122fb11 None admin] RBAC: Authorization granted {{(pid=44144) enforce_call /opt/stack/keystone/keystone/common/rbac_enforcer/enforcer.py:457}}
Aug 01 07:58:37 user devstack@keystone.service[44144]: [pid: 44144|app: 0|req: 38/113] 10.0.0.210 () {56 vars in 1369 bytes} [Tue Aug 1 07:58:37 2023] GET /identity/v3/role_assignments?user.id=a167169a2b6e494d8c1a69caecf35b9e&scope.project.id=c95794539dc141f6adadd9e3d87b5ed8&role.id=727f75531c9c48dbafad9438174f6c69 => generated 606 bytes in 137 msecs (HTTP/1.1 200) 5 headers in 177 bytes (1 switches on core 0)
Aug 01 07:58:37 user devstack@keystone.service[44144]: DEBUG keystone.server.flask.request_processing.middleware.auth_context [None req-30349eaa-d1ec-48cb-b928-29baf122fb11 None admin] Authenticating user token {{(pid=44144) process_request /usr/local/lib/python3.10/dist-packages/keystonemiddleware/auth_token/__init__.py:406}}
Aug 01 07:58:37 user devstack@keystone.service[44143]: DEBUG keystone.server.flask.request_processing.middleware.auth_context [None req-9f8db00f-4a6d-4abe-ba4b-770718721926 None admin] Validating token access rules against request {{(pid=44143) validate_allowed_request /usr/local/lib/python3.10/dist-packages/keystonemiddleware/auth_token/__init__.py:544}}
Aug 01 07:58:37 user devstack@keystone.service[44145]: DEBUG keystone.server.flask.request_processing.middleware.auth_context [None req-ce073314-8aaa-47c0-80c5-2448d7757ed6 None admin] Validating token access rules against request {{(pid=44145) validate_allowed_request /usr/local/lib/python3.10/dist-packages/keystonemiddleware/auth_token/__init__.py:544}}
Aug 01 07:58:37 user devstack@keystone.service[44145]: DEBUG keystone.server.flask.request_processing.middleware.auth_context [None req-ad09845b-40b1-49e4-bd74-24452fe03e79 None admin] RBAC: auth_context: {'token': , 'domain_id': None, 'trust_id': None, 'trustor_id': None, 'trustee_id': None, 'domain_name': None, 'group_ids': [], 'user_id': '0b432b7fb48649b69681d7e346f8c814', 'user_domain_id': 'default', 'system_scope': 'all', 'project_id': None, 'project_domain_id': None, 'roles': ['admin', 'member', 'reader'], 'is_admin_project': True, 'service_user_id': None, 'service_user_domain_id': None, 'service_project_id': None, 'service_project_domain_id': None, 'service_roles': []} {{(pid=44145) fill_context /opt/stack/keystone/keystone/server/flask/request_processing/middleware/auth_context.py:480}}
Aug 01 07:58:37 user devstack@keystone.service[44145]: DEBUG keystone.server.flask.request_processing.req_logging [None req-ad09845b-40b1-49e4-bd74-24452fe03e79 None admin] REQUEST_METHOD: `GET` {{(pid=44145) log_request_info /opt/stack/keystone/keystone/server/flask/request_processing/req_logging.py:27}}
Aug 01 07:58:37 user devstack@keystone.service[44145]: DEBUG keystone.server.flask.request_processing.req_logging [None req-ad09845b-40b1-49e4-bd74-24452fe03e79 None admin] SCRIPT_NAME: `/identity` {{(pid=44145) log_request_info /opt/stack/keystone/keystone/server/flask/request_processing/req_logging.py:28}}
Aug 01 07:58:37 user devstack@keystone.service[44145]: DEBUG keystone.server.flask.request_processing.req_logging [None req-ad09845b-40b1-49e4-bd74-24452fe03e79 None admin] PATH_INFO: `/v3/roles` {{(pid=44145) log_request_info /opt/stack/keystone/keystone/server/flask/request_processing/req_logging.py:29}}
Aug 01 07:58:37 user devstack@keystone.service[44145]: DEBUG keystone.common.rbac_enforcer.enforcer [None req-ad09845b-40b1-49e4-bd74-24452fe03e79 None admin] RBAC: Adding query filter params (name=member) {{(pid=44145) _extract_filter_values /opt/stack/keystone/keystone/common/rbac_enforcer/enforcer.py:167}}
Aug 01 07:58:37 user devstack@keystone.service[44143]: DEBUG keystone.server.flask.request_processing.middleware.auth_context [None req-ef56088c-d0bb-452a-b6e7-cd379ec22af3 None admin] RBAC: auth_context: {'token': , 'domain_id': None, 'trust_id': None, 'trustor_id': None, 'trustee_id': None, 'domain_name': None, 'group_ids': [], 'user_id': '0b432b7fb48649b69681d7e346f8c814', 'user_domain_id': 'default', 'system_scope': 'all', 'project_id': None, 'project_domain_id': None, 'roles': ['admin', 'member', 'reader'], 'is_admin_project': True, 'service_user_id': None, 'service_user_domain_id': None, 'service_project_id': None, 'service_project_domain_id': None, 'service_roles': []} {{(pid=44143) fill_context /opt/stack/keystone/keystone/server/flask/request_processing/middleware/auth_context.py:480}}
Aug 01 07:58:37 user devstack@keystone.service[44145]: DEBUG keystone.common.rbac_enforcer.enforcer [None req-ad09845b-40b1-49e4-bd74-24452fe03e79 None admin] RBAC: Authorizing `identity:list_roles()` {{(pid=44145) enforce_call /opt/stack/keystone/keystone/common/rbac_enforcer/enforcer.py:449}}
Aug 01 07:58:37 user devstack@keystone.service[44143]: DEBUG keystone.server.flask.request_processing.req_logging [None req-ef56088c-d0bb-452a-b6e7-cd379ec22af3 None admin] REQUEST_METHOD: `GET` {{(pid=44143) log_request_info /opt/stack/keystone/keystone/server/flask/request_processing/req_logging.py:27}}
Aug 01 07:58:37 user devstack@keystone.service[44143]: DEBUG keystone.server.flask.request_processing.req_logging [None req-ef56088c-d0bb-452a-b6e7-cd379ec22af3 None admin] SCRIPT_NAME: `/identity` {{(pid=44143) log_request_info /opt/stack/keystone/keystone/server/flask/request_processing/req_logging.py:28}}
Aug 01 07:58:37 user devstack@keystone.service[44143]: DEBUG keystone.server.flask.request_processing.req_logging [None req-ef56088c-d0bb-452a-b6e7-cd379ec22af3 None admin] PATH_INFO: `/v3/users/c624fd234ac54e9c953b85de40d165b8` {{(pid=44143) log_request_info /opt/stack/keystone/keystone/server/flask/request_processing/req_logging.py:29}}
Aug 01 07:58:37 user devstack@keystone.service[44145]: DEBUG keystone.common.rbac_enforcer.enforcer [None req-ad09845b-40b1-49e4-bd74-24452fe03e79 None admin] RBAC: Authorization granted {{(pid=44145) enforce_call /opt/stack/keystone/keystone/common/rbac_enforcer/enforcer.py:457}}
Aug 01 07:58:37 user devstack@keystone.service[44145]: [pid: 44145|app: 0|req: 42/114] 10.0.0.210 () {56 vars in 1096 bytes} [Tue Aug 1 07:58:37 2023] GET /identity/v3/roles?name=member => generated 339 bytes in 146 msecs (HTTP/1.1 200) 5 headers in 177 bytes (1 switches on core 0)
Aug 01 07:58:37 user devstack@keystone.service[44145]: DEBUG keystone.server.flask.request_processing.middleware.auth_context [None req-ad09845b-40b1-49e4-bd74-24452fe03e79 None admin] Authenticating user token {{(pid=44145) process_request /usr/local/lib/python3.10/dist-packages/keystonemiddleware/auth_token/__init__.py:406}}
Aug 01 07:58:37 user devstack@keystone.service[44143]: DEBUG keystone.common.rbac_enforcer.enforcer [None req-ef56088c-d0bb-452a-b6e7-cd379ec22af3 None admin] RBAC: Authorizing `identity:get_user(user_id=c624fd234ac54e9c953b85de40d165b8)` {{(pid=44143) enforce_call /opt/stack/keystone/keystone/common/rbac_enforcer/enforcer.py:449}}
Aug 01 07:58:37 user devstack@keystone.service[44143]: DEBUG keystone.common.rbac_enforcer.enforcer [None req-ef56088c-d0bb-452a-b6e7-cd379ec22af3 None admin] RBAC: Authorization granted {{(pid=44143) enforce_call /opt/stack/keystone/keystone/common/rbac_enforcer/enforcer.py:457}}
Aug 01 07:58:37 user devstack@keystone.service[44143]: [pid: 44143|app: 0|req: 35/115] 10.0.0.210 () {56 vars in 1172 bytes} [Tue Aug 1 07:58:37 2023] GET /identity/v3/users/c624fd234ac54e9c953b85de40d165b8 => generated 288 bytes in 157 msecs (HTTP/1.1 200) 5 headers in 177 bytes (1 switches on core 0)
Aug 01 07:58:37 user devstack@keystone.service[44143]: DEBUG keystone.server.flask.request_processing.middleware.auth_context [None req-ef56088c-d0bb-452a-b6e7-cd379ec22af3 None admin] Authenticating user token {{(pid=44143) process_request /usr/local/lib/python3.10/dist-packages/keystonemiddleware/auth_token/__init__.py:406}}
Aug 01 07:58:37 user devstack@keystone.service[44143]: DEBUG dbcounter [-] [44143] Writing DB stats keystone:SELECT=100 {{(pid=44143) stat_writer /usr/local/lib/python3.10/dist-packages/dbcounter.py:117}}
Aug 01 07:58:37 user devstack@keystone.service[44144]: DEBUG keystone.server.flask.request_processing.middleware.auth_context [None req-30349eaa-d1ec-48cb-b928-29baf122fb11 None admin] Validating token access rules against request {{(pid=44144) validate_allowed_request /usr/local/lib/python3.10/dist-packages/keystonemiddleware/auth_token/__init__.py:544}}
Aug 01 07:58:37 user devstack@keystone.service[44144]: DEBUG dbcounter [-] [44144] Writing DB stats keystone:SELECT=100 {{(pid=44144) stat_writer /usr/local/lib/python3.10/dist-packages/dbcounter.py:117}}
Aug 01 07:58:37 user devstack@keystone.service[44144]: DEBUG keystone.server.flask.request_processing.middleware.auth_context [None req-503b5d5a-5bed-4127-8dd7-572c92346866 None admin] RBAC: auth_context: {'token': , 'domain_id': None, 'trust_id': None, 'trustor_id': None, 'trustee_id': None, 'domain_name': None, 'group_ids': [], 'user_id': '0b432b7fb48649b69681d7e346f8c814', 'user_domain_id': 'default', 'system_scope': 'all', 'project_id': None, 'project_domain_id': None, 'roles': ['admin', 'member', 'reader'], 'is_admin_project': True, 'service_user_id': None, 'service_user_domain_id': None, 'service_project_id': None, 'service_project_domain_id': None, 'service_roles': []} {{(pid=44144) fill_context /opt/stack/keystone/keystone/server/flask/request_processing/middleware/auth_context.py:480}}
Aug 01 07:58:37 user devstack@keystone.service[44144]: DEBUG keystone.server.flask.request_processing.req_logging [None req-503b5d5a-5bed-4127-8dd7-572c92346866 None admin] REQUEST_METHOD: `GET` {{(pid=44144) log_request_info /opt/stack/keystone/keystone/server/flask/request_processing/req_logging.py:27}}
Aug 01 07:58:37 user devstack@keystone.service[44144]: DEBUG keystone.server.flask.request_processing.req_logging [None req-503b5d5a-5bed-4127-8dd7-572c92346866 None admin] SCRIPT_NAME: `/identity` {{(pid=44144) log_request_info /opt/stack/keystone/keystone/server/flask/request_processing/req_logging.py:28}}
Aug 01 07:58:37 user devstack@keystone.service[44144]: DEBUG keystone.server.flask.request_processing.req_logging [None req-503b5d5a-5bed-4127-8dd7-572c92346866 None admin] PATH_INFO: `/v3/roles` {{(pid=44144) log_request_info /opt/stack/keystone/keystone/server/flask/request_processing/req_logging.py:29}}
Aug 01 07:58:37 user devstack@keystone.service[44144]: DEBUG keystone.common.rbac_enforcer.enforcer [None req-503b5d5a-5bed-4127-8dd7-572c92346866 None admin] RBAC: Adding query filter params (name=anotherrole) {{(pid=44144) _extract_filter_values /opt/stack/keystone/keystone/common/rbac_enforcer/enforcer.py:167}}
Aug 01 07:58:37 user devstack@keystone.service[44144]: DEBUG keystone.common.rbac_enforcer.enforcer [None req-503b5d5a-5bed-4127-8dd7-572c92346866 None admin] RBAC: Authorizing `identity:list_roles()` {{(pid=44144) enforce_call /opt/stack/keystone/keystone/common/rbac_enforcer/enforcer.py:449}}
Aug 01 07:58:37 user devstack@keystone.service[44144]: DEBUG keystone.common.rbac_enforcer.enforcer [None req-503b5d5a-5bed-4127-8dd7-572c92346866 None admin] RBAC: Authorization granted {{(pid=44144) enforce_call /opt/stack/keystone/keystone/common/rbac_enforcer/enforcer.py:457}}
Aug 01 07:58:37 user devstack@keystone.service[44144]: [pid: 44144|app: 0|req: 39/116] 10.0.0.210 () {56 vars in 1106 bytes} [Tue Aug 1 07:58:37 2023] GET /identity/v3/roles?name=anotherrole => generated 332 bytes in 129 msecs (HTTP/1.1 200) 5 headers in 177 bytes (1 switches on core 0)
Aug 01 07:58:37 user devstack@keystone.service[44144]: DEBUG keystone.server.flask.request_processing.middleware.auth_context [None req-503b5d5a-5bed-4127-8dd7-572c92346866 None admin] Authenticating user token {{(pid=44144) process_request /usr/local/lib/python3.10/dist-packages/keystonemiddleware/auth_token/__init__.py:406}}
Aug 01 07:58:37 user devstack@keystone.service[44145]: DEBUG dbcounter [-] [44145] Writing DB stats keystone:SELECT=100 {{(pid=44145) stat_writer /usr/local/lib/python3.10/dist-packages/dbcounter.py:117}}
Aug 01 07:58:37 user devstack@keystone.service[44145]: DEBUG keystone.server.flask.request_processing.middleware.auth_context [None req-ad09845b-40b1-49e4-bd74-24452fe03e79 None admin] Validating token access rules against request {{(pid=44145) validate_allowed_request /usr/local/lib/python3.10/dist-packages/keystonemiddleware/auth_token/__init__.py:544}}
Aug 01 07:58:37 user devstack@keystone.service[44145]: DEBUG keystone.server.flask.request_processing.middleware.auth_context [None req-c9eca395-7545-4493-92d4-7e53992004c0 None admin] RBAC: auth_context: {'token': , 'domain_id': None, 'trust_id': None, 'trustor_id': None, 'trustee_id': None, 'domain_name': None, 'group_ids': [], 'user_id': '0b432b7fb48649b69681d7e346f8c814', 'user_domain_id': 'default', 'system_scope': 'all', 'project_id': None, 'project_domain_id': None, 'roles': ['admin', 'member', 'reader'], 'is_admin_project': True, 'service_user_id': None, 'service_user_domain_id': None, 'service_project_id': None, 'service_project_domain_id': None, 'service_roles': []} {{(pid=44145) fill_context /opt/stack/keystone/keystone/server/flask/request_processing/middleware/auth_context.py:480}}
Aug 01 07:58:37 user devstack@keystone.service[44145]: DEBUG keystone.server.flask.request_processing.req_logging [None req-c9eca395-7545-4493-92d4-7e53992004c0 None admin] REQUEST_METHOD: `GET` {{(pid=44145) log_request_info /opt/stack/keystone/keystone/server/flask/request_processing/req_logging.py:27}}
Aug 01 07:58:37 user devstack@keystone.service[44145]: DEBUG keystone.server.flask.request_processing.req_logging [None req-c9eca395-7545-4493-92d4-7e53992004c0 None admin] SCRIPT_NAME: `/identity` {{(pid=44145) log_request_info /opt/stack/keystone/keystone/server/flask/request_processing/req_logging.py:28}}
Aug 01 07:58:37 user devstack@keystone.service[44145]: DEBUG keystone.server.flask.request_processing.req_logging [None req-c9eca395-7545-4493-92d4-7e53992004c0 None admin] PATH_INFO: `/v3/auth/tokens` {{(pid=44145) log_request_info /opt/stack/keystone/keystone/server/flask/request_processing/req_logging.py:29}}
Aug 01 07:58:37 user devstack@keystone.service[44143]: DEBUG keystone.server.flask.request_processing.middleware.auth_context [None req-ef56088c-d0bb-452a-b6e7-cd379ec22af3 None admin] Validating token access rules against request {{(pid=44143) validate_allowed_request /usr/local/lib/python3.10/dist-packages/keystonemiddleware/auth_token/__init__.py:544}}
Aug 01 07:58:37 user devstack@keystone.service[44144]: DEBUG keystone.server.flask.request_processing.middleware.auth_context [None req-503b5d5a-5bed-4127-8dd7-572c92346866 None admin] Validating token access rules against request {{(pid=44144) validate_allowed_request /usr/local/lib/python3.10/dist-packages/keystonemiddleware/auth_token/__init__.py:544}}
Aug 01 07:58:37 user devstack@keystone.service[44143]: DEBUG keystone.server.flask.request_processing.middleware.auth_context [None req-8f088744-f28e-47e2-9255-02e4146849d2 None admin] RBAC: auth_context: {'token': , 'domain_id': None, 'trust_id': None, 'trustor_id': None, 'trustee_id': None, 'domain_name': None, 'group_ids': [], 'user_id': '0b432b7fb48649b69681d7e346f8c814', 'user_domain_id': 'default', 'system_scope': 'all', 'project_id': None, 'project_domain_id': None, 'roles': ['admin', 'member', 'reader'], 'is_admin_project': True, 'service_user_id': None, 'service_user_domain_id': None, 'service_project_id': None, 'service_project_domain_id': None, 'service_roles': []} {{(pid=44143) fill_context /opt/stack/keystone/keystone/server/flask/request_processing/middleware/auth_context.py:480}}
Aug 01 07:58:37 user devstack@keystone.service[44144]: DEBUG keystone.server.flask.request_processing.middleware.auth_context [None req-ab37b543-8106-4e28-be01-d94fdce752d0 None admin] RBAC: auth_context: {'token': , 'domain_id': None, 'trust_id': None, 'trustor_id': None, 'trustee_id': None, 'domain_name': None, 'group_ids': [], 'user_id': '0b432b7fb48649b69681d7e346f8c814', 'user_domain_id': 'default', 'system_scope': 'all', 'project_id': None, 'project_domain_id': None, 'roles': ['admin', 'member', 'reader'], 'is_admin_project': True, 'service_user_id': None, 'service_user_domain_id': None, 'service_project_id': None, 'service_project_domain_id': None, 'service_roles': []} {{(pid=44144) fill_context /opt/stack/keystone/keystone/server/flask/request_processing/middleware/auth_context.py:480}}
Aug 01 07:58:37 user devstack@keystone.service[44143]: DEBUG keystone.server.flask.request_processing.req_logging [None req-8f088744-f28e-47e2-9255-02e4146849d2 None admin] REQUEST_METHOD: `GET` {{(pid=44143) log_request_info /opt/stack/keystone/keystone/server/flask/request_processing/req_logging.py:27}}
Aug 01 07:58:37 user devstack@keystone.service[44143]: DEBUG keystone.server.flask.request_processing.req_logging [None req-8f088744-f28e-47e2-9255-02e4146849d2 None admin] SCRIPT_NAME: `/identity` {{(pid=44143) log_request_info /opt/stack/keystone/keystone/server/flask/request_processing/req_logging.py:28}}
Aug 01 07:58:37 user devstack@keystone.service[44144]: DEBUG keystone.server.flask.request_processing.req_logging [None req-ab37b543-8106-4e28-be01-d94fdce752d0 None admin] REQUEST_METHOD: `GET` {{(pid=44144) log_request_info /opt/stack/keystone/keystone/server/flask/request_processing/req_logging.py:27}}
Aug 01 07:58:37 user devstack@keystone.service[44143]: DEBUG keystone.server.flask.request_processing.req_logging [None req-8f088744-f28e-47e2-9255-02e4146849d2 None admin] PATH_INFO: `/v3/users/a167169a2b6e494d8c1a69caecf35b9e` {{(pid=44143) log_request_info /opt/stack/keystone/keystone/server/flask/request_processing/req_logging.py:29}}
Aug 01 07:58:37 user devstack@keystone.service[44144]: DEBUG keystone.server.flask.request_processing.req_logging [None req-ab37b543-8106-4e28-be01-d94fdce752d0 None admin] SCRIPT_NAME: `/identity` {{(pid=44144) log_request_info /opt/stack/keystone/keystone/server/flask/request_processing/req_logging.py:28}}
Aug 01 07:58:37 user devstack@keystone.service[44144]: DEBUG keystone.server.flask.request_processing.req_logging [None req-ab37b543-8106-4e28-be01-d94fdce752d0 None admin] PATH_INFO: `/v3/projects/c95794539dc141f6adadd9e3d87b5ed8` {{(pid=44144) log_request_info /opt/stack/keystone/keystone/server/flask/request_processing/req_logging.py:29}}
Aug 01 07:58:37 user devstack@keystone.service[44143]: DEBUG keystone.common.rbac_enforcer.enforcer [None req-8f088744-f28e-47e2-9255-02e4146849d2 None admin] RBAC: Authorizing `identity:get_user(user_id=a167169a2b6e494d8c1a69caecf35b9e)` {{(pid=44143) enforce_call /opt/stack/keystone/keystone/common/rbac_enforcer/enforcer.py:449}}
Aug 01 07:58:37 user devstack@keystone.service[44144]: DEBUG keystone.common.rbac_enforcer.enforcer [None req-ab37b543-8106-4e28-be01-d94fdce752d0 None admin] RBAC: Authorizing `identity:get_project(project_id=c95794539dc141f6adadd9e3d87b5ed8)` {{(pid=44144) enforce_call /opt/stack/keystone/keystone/common/rbac_enforcer/enforcer.py:449}}
Aug 01 07:58:37 user devstack@keystone.service[44143]: DEBUG keystone.common.rbac_enforcer.enforcer [None req-8f088744-f28e-47e2-9255-02e4146849d2 None admin] RBAC: Authorization granted {{(pid=44143) enforce_call /opt/stack/keystone/keystone/common/rbac_enforcer/enforcer.py:457}}
Aug 01 07:58:37 user devstack@keystone.service[44144]: DEBUG keystone.common.rbac_enforcer.enforcer [None req-ab37b543-8106-4e28-be01-d94fdce752d0 None admin] RBAC: Authorization granted {{(pid=44144) enforce_call /opt/stack/keystone/keystone/common/rbac_enforcer/enforcer.py:457}}
Aug 01 07:58:37 user devstack@keystone.service[44143]: [pid: 44143|app: 0|req: 36/117] 10.0.0.210 () {56 vars in 1172 bytes} [Tue Aug 1 07:58:37 2023] GET /identity/v3/users/a167169a2b6e494d8c1a69caecf35b9e => generated 274 bytes in 169 msecs (HTTP/1.1 200) 5 headers in 177 bytes (1 switches on core 0)
Aug 01 07:58:37 user devstack@keystone.service[44144]: [pid: 44144|app: 0|req: 40/118] 10.0.0.210 () {56 vars in 1181 bytes} [Tue Aug 1 07:58:37 2023] GET /identity/v3/projects/c95794539dc141f6adadd9e3d87b5ed8 => generated 297 bytes in 122 msecs (HTTP/1.1 200) 5 headers in 177 bytes (1 switches on core 0)
Aug 01 07:58:37 user devstack@keystone.service[44143]: DEBUG keystone.server.flask.request_processing.middleware.auth_context [None req-8f088744-f28e-47e2-9255-02e4146849d2 None admin] Authenticating user token {{(pid=44143) process_request /usr/local/lib/python3.10/dist-packages/keystonemiddleware/auth_token/__init__.py:406}}
Aug 01 07:58:37 user devstack@keystone.service[44144]: DEBUG keystone.server.flask.request_processing.middleware.auth_context [None req-ab37b543-8106-4e28-be01-d94fdce752d0 None admin] Authenticating user token {{(pid=44144) process_request /usr/local/lib/python3.10/dist-packages/keystonemiddleware/auth_token/__init__.py:406}}
Aug 01 07:58:37 user devstack@keystone.service[44145]: DEBUG keystone.common.rbac_enforcer.enforcer [None req-c9eca395-7545-4493-92d4-7e53992004c0 None admin] RBAC: Authorizing `identity:validate_token()` {{(pid=44145) enforce_call /opt/stack/keystone/keystone/common/rbac_enforcer/enforcer.py:449}}
Aug 01 07:58:37 user devstack@keystone.service[44145]: DEBUG keystone.common.rbac_enforcer.enforcer [None req-c9eca395-7545-4493-92d4-7e53992004c0 None admin] RBAC: Authorization granted {{(pid=44145) enforce_call /opt/stack/keystone/keystone/common/rbac_enforcer/enforcer.py:457}}
Aug 01 07:58:37 user devstack@keystone.service[44144]: DEBUG dbcounter [-] [44144] Writing DB stats keystone:SELECT=100 {{(pid=44144) stat_writer /usr/local/lib/python3.10/dist-packages/dbcounter.py:117}}
Aug 01 07:58:37 user devstack@keystone.service[44143]: DEBUG dbcounter [-] [44143] Writing DB stats keystone:SELECT=100 {{(pid=44143) stat_writer /usr/local/lib/python3.10/dist-packages/dbcounter.py:117}}
Aug 01 07:58:37 user devstack@keystone.service[44145]: DEBUG dbcounter [-] [44145] Writing DB stats keystone:SELECT=100 {{(pid=44145) stat_writer /usr/local/lib/python3.10/dist-packages/dbcounter.py:117}}
Aug 01 07:58:37 user devstack@keystone.service[44143]: DEBUG keystone.server.flask.request_processing.middleware.auth_context [None req-8f088744-f28e-47e2-9255-02e4146849d2 None admin] Validating token access rules against request {{(pid=44143) validate_allowed_request /usr/local/lib/python3.10/dist-packages/keystonemiddleware/auth_token/__init__.py:544}}
Aug 01 07:58:37 user devstack@keystone.service[44144]: DEBUG keystone.server.flask.request_processing.middleware.auth_context [None req-ab37b543-8106-4e28-be01-d94fdce752d0 None admin] Validating token access rules against request {{(pid=44144) validate_allowed_request /usr/local/lib/python3.10/dist-packages/keystonemiddleware/auth_token/__init__.py:544}}
Aug 01 07:58:37 user devstack@keystone.service[44145]: [pid: 44145|app: 0|req: 43/119] 10.0.0.210 () {58 vars in 1277 bytes} [Tue Aug 1 07:58:37 2023] GET /identity/v3/auth/tokens => generated 798 bytes in 282 msecs (HTTP/1.1 200) 6 headers in 358 bytes (1 switches on core 0)
Aug 01 07:58:37 user devstack@keystone.service[44145]: DEBUG keystone.server.flask.request_processing.middleware.auth_context [None req-c9eca395-7545-4493-92d4-7e53992004c0 None admin] Authenticating user token {{(pid=44145) process_request /usr/local/lib/python3.10/dist-packages/keystonemiddleware/auth_token/__init__.py:406}}
Aug 01 07:58:37 user devstack@keystone.service[44143]: DEBUG keystone.server.flask.request_processing.middleware.auth_context [None req-d1e028f1-b4c5-43d6-8f82-299e62dc2f7c None admin] RBAC: auth_context: {'token': , 'domain_id': None, 'trust_id': None, 'trustor_id': None, 'trustee_id': None, 'domain_name': None, 'group_ids': [], 'user_id': '0b432b7fb48649b69681d7e346f8c814', 'user_domain_id': 'default', 'system_scope': 'all', 'project_id': None, 'project_domain_id': None, 'roles': ['admin', 'member', 'reader'], 'is_admin_project': True, 'service_user_id': None, 'service_user_domain_id': None, 'service_project_id': None, 'service_project_domain_id': None, 'service_roles': []} {{(pid=44143) fill_context /opt/stack/keystone/keystone/server/flask/request_processing/middleware/auth_context.py:480}}
Aug 01 07:58:37 user devstack@keystone.service[44143]: DEBUG keystone.server.flask.request_processing.req_logging [None req-d1e028f1-b4c5-43d6-8f82-299e62dc2f7c None admin] REQUEST_METHOD: `GET` {{(pid=44143) log_request_info /opt/stack/keystone/keystone/server/flask/request_processing/req_logging.py:27}}
Aug 01 07:58:37 user devstack@keystone.service[44143]: DEBUG keystone.server.flask.request_processing.req_logging [None req-d1e028f1-b4c5-43d6-8f82-299e62dc2f7c None admin] SCRIPT_NAME: `/identity` {{(pid=44143) log_request_info /opt/stack/keystone/keystone/server/flask/request_processing/req_logging.py:28}}
Aug 01 07:58:37 user devstack@keystone.service[44144]: DEBUG keystone.server.flask.request_processing.middleware.auth_context [None req-ee0c726d-27d8-4863-95e1-edef34221e46 None admin] RBAC: auth_context: {'token': , 'domain_id': None, 'trust_id': None, 'trustor_id': None, 'trustee_id': None, 'domain_name': None, 'group_ids': [], 'user_id': '0b432b7fb48649b69681d7e346f8c814', 'user_domain_id': 'default', 'system_scope': 'all', 'project_id': None, 'project_domain_id': None, 'roles': ['admin', 'member', 'reader'], 'is_admin_project': True, 'service_user_id': None, 'service_user_domain_id': None, 'service_project_id': None, 'service_project_domain_id': None, 'service_roles': []} {{(pid=44144) fill_context /opt/stack/keystone/keystone/server/flask/request_processing/middleware/auth_context.py:480}}
Aug 01 07:58:37 user devstack@keystone.service[44143]: DEBUG keystone.server.flask.request_processing.req_logging [None req-d1e028f1-b4c5-43d6-8f82-299e62dc2f7c None admin] PATH_INFO: `/v3/users/a167169a2b6e494d8c1a69caecf35b9e` {{(pid=44143) log_request_info /opt/stack/keystone/keystone/server/flask/request_processing/req_logging.py:29}}
Aug 01 07:58:37 user devstack@keystone.service[44144]: DEBUG keystone.server.flask.request_processing.req_logging [None req-ee0c726d-27d8-4863-95e1-edef34221e46 None admin] REQUEST_METHOD: `PUT` {{(pid=44144) log_request_info /opt/stack/keystone/keystone/server/flask/request_processing/req_logging.py:27}}
Aug 01 07:58:37 user devstack@keystone.service[44144]: DEBUG keystone.server.flask.request_processing.req_logging [None req-ee0c726d-27d8-4863-95e1-edef34221e46 None admin] SCRIPT_NAME: `/identity` {{(pid=44144) log_request_info /opt/stack/keystone/keystone/server/flask/request_processing/req_logging.py:28}}
Aug 01 07:58:37 user devstack@keystone.service[44143]: DEBUG keystone.common.rbac_enforcer.enforcer [None req-d1e028f1-b4c5-43d6-8f82-299e62dc2f7c None admin] RBAC: Authorizing `identity:get_user(user_id=a167169a2b6e494d8c1a69caecf35b9e)` {{(pid=44143) enforce_call /opt/stack/keystone/keystone/common/rbac_enforcer/enforcer.py:449}}
Aug 01 07:58:37 user devstack@keystone.service[44144]: DEBUG keystone.server.flask.request_processing.req_logging [None req-ee0c726d-27d8-4863-95e1-edef34221e46 None admin] PATH_INFO: `/v3/projects/c95794539dc141f6adadd9e3d87b5ed8/users/c624fd234ac54e9c953b85de40d165b8/roles/645b6c980a52465eb80dcc6999326887` {{(pid=44144) log_request_info /opt/stack/keystone/keystone/server/flask/request_processing/req_logging.py:29}}
Aug 01 07:58:37 user devstack@keystone.service[44143]: DEBUG keystone.common.rbac_enforcer.enforcer [None req-d1e028f1-b4c5-43d6-8f82-299e62dc2f7c None admin] RBAC: Authorization granted {{(pid=44143) enforce_call /opt/stack/keystone/keystone/common/rbac_enforcer/enforcer.py:457}}
Aug 01 07:58:37 user devstack@keystone.service[44144]: DEBUG keystone.common.rbac_enforcer.enforcer [None req-ee0c726d-27d8-4863-95e1-edef34221e46 None admin] RBAC: Authorizing `identity:create_grant(project_id=c95794539dc141f6adadd9e3d87b5ed8, user_id=c624fd234ac54e9c953b85de40d165b8, role_id=645b6c980a52465eb80dcc6999326887)` {{(pid=44144) enforce_call /opt/stack/keystone/keystone/common/rbac_enforcer/enforcer.py:449}}
Aug 01 07:58:37 user devstack@keystone.service[44143]: [pid: 44143|app: 0|req: 37/120] 10.0.0.210 () {56 vars in 1172 bytes} [Tue Aug 1 07:58:37 2023] GET /identity/v3/users/a167169a2b6e494d8c1a69caecf35b9e => generated 274 bytes in 125 msecs (HTTP/1.1 200) 5 headers in 177 bytes (1 switches on core 0)
