Nov 14 14:23:39 user devstack@keystone.service[46326]: DEBUG keystone.server.flask.request_processing.req_logging [None req-3c160c19-b951-484b-81d1-6f6e9d680675 admin admin] PATH_INFO: `/v3/roles/member` {{(pid=46326) log_request_info /opt/stack/keystone/keystone/server/flask/request_processing/req_logging.py:29}}
Nov 14 14:23:39 user devstack@keystone.service[46327]: [pid: 46327|app: 0|req: 69/229] 10.0.0.210 () {58 vars in 1458 bytes} [Tue Nov 14 14:23:39 2023] PUT /identity/v3/projects/d91f04208d0a444aa071bae9a6b89d68/groups/27120f9d249e41a9833a7b4b9798e084/roles/6f9b0c50a31743d8be7064c8591f3189 => generated 0 bytes in 35 msecs (HTTP/1.1 204) 3 headers in 132 bytes (0 switches on core 0)
Nov 14 14:23:39 user devstack@keystone.service[46326]: DEBUG keystone.common.rbac_enforcer.enforcer [None req-3c160c19-b951-484b-81d1-6f6e9d680675 admin admin] Extracting inferred target data resulted in "NOT FOUND (404)". {{(pid=46326) enforce_call /opt/stack/keystone/keystone/common/rbac_enforcer/enforcer.py:409}}
Nov 14 14:23:39 user devstack@keystone.service[46326]: ERROR keystone.server.flask.application [None req-3c160c19-b951-484b-81d1-6f6e9d680675 admin admin] Could not find role: member.: keystone.exception.RoleNotFound: Could not find role: member.
Nov 14 14:23:39 user devstack@keystone.service[46326]: ERROR keystone.server.flask.application
Traceback (most recent call last):
Nov 14 14:23:39 user devstack@keystone.service[46326]: ERROR keystone.server.flask.application
File "/opt/stack/data/venv/lib/python3.10/site-packages/flask/app.py", line 1823, in full_dispatch_request
Nov 14 14:23:39 user devstack@keystone.service[46326]: ERROR keystone.server.flask.application rv = self.dispatch_request()
Nov 14 14:23:39 user devstack@keystone.service[46326]: ERROR keystone.server.flask.application
File "/opt/stack/data/venv/lib/python3.10/site-packages/flask/app.py", line 1799, in dispatch_request
Nov 14 14:23:39 user devstack@keystone.service[46326]: ERROR keystone.server.flask.application return self.ensure_sync(self.view_functions[rule.endpoint])(**view_args)
Nov 14 14:23:39 user devstack@keystone.service[46326]: ERROR keystone.server.flask.application
File "/opt/stack/data/venv/lib/python3.10/site-packages/flask_restful/__init__.py", line 489, in wrapper
Nov 14 14:23:39 user devstack@keystone.service[46326]: ERROR keystone.server.flask.application resp = resource(*args, **kwargs)
Nov 14 14:23:39 user devstack@keystone.service[46326]: ERROR keystone.server.flask.application
File "/opt/stack/data/venv/lib/python3.10/site-packages/flask/views.py", line 107, in view
Nov 14 14:23:39 user devstack@keystone.service[46326]: ERROR keystone.server.flask.application return current_app.ensure_sync(self.dispatch_request)(**kwargs)
Nov 14 14:23:39 user devstack@keystone.service[46326]: ERROR keystone.server.flask.application
File "/opt/stack/data/venv/lib/python3.10/site-packages/flask_restful/__init__.py", line 604, in dispatch_request
Nov 14 14:23:39 user devstack@keystone.service[46326]: ERROR keystone.server.flask.application resp = meth(*args, **kwargs)
Nov 14 14:23:39 user devstack@keystone.service[46326]: ERROR keystone.server.flask.application
File "/opt/stack/keystone/keystone/api/roles.py", line 50, in get
Nov 14 14:23:39 user devstack@keystone.service[46326]: ERROR keystone.server.flask.application return self._get_role(role_id)
Nov 14 14:23:39 user devstack@keystone.service[46326]: ERROR keystone.server.flask.application
File "/opt/stack/keystone/keystone/api/roles.py", line 70, in _get_role
Nov 14 14:23:39 user devstack@keystone.service[46326]: ERROR keystone.server.flask.application ENFORCER.enforce_call(action='identity:get_role')
Nov 14 14:23:39 user devstack@keystone.service[46326]: ERROR keystone.server.flask.application
File "/opt/stack/keystone/keystone/common/rbac_enforcer/enforcer.py", line 402, in enforce_call
Nov 14 14:23:39 user devstack@keystone.service[46326]: ERROR keystone.server.flask.application policy_dict.update(cls._extract_member_target_data(
Nov 14 14:23:39 user devstack@keystone.service[46326]: ERROR keystone.server.flask.application
File "/opt/stack/keystone/keystone/common/rbac_enforcer/enforcer.py", line 234, in _extract_member_target_data
Nov 14 14:23:39 user devstack@keystone.service[46326]: ERROR keystone.server.flask.application member_name: func(flask.request.view_args[key])
Nov 14 14:23:39 user devstack@keystone.service[46326]: ERROR keystone.server.flask.application
File "/opt/stack/keystone/keystone/common/manager.py", line 115, in wrapped
Nov 14 14:23:39 user devstack@keystone.service[46326]: ERROR keystone.server.flask.application __ret_val = __f(*args, **kwargs)
Nov 14 14:23:39 user devstack@keystone.service[46326]: ERROR keystone.server.flask.application
File "/opt/stack/data/venv/lib/python3.10/site-packages/decorator.py", line 232, in fun
Nov 14 14:23:39 user devstack@keystone.service[46326]: ERROR keystone.server.flask.application return caller(func, *(extras + args), **kw)
Nov 14 14:23:39 user devstack@keystone.service[46326]: ERROR keystone.server.flask.application
File "/opt/stack/data/venv/lib/python3.10/site-packages/dogpile/cache/region.py", line 1594, in get_or_create_for_user_func
Nov 14 14:23:39 user devstack@keystone.service[46326]: ERROR keystone.server.flask.application return self.get_or_create(
Nov 14 14:23:39 user devstack@keystone.service[46326]: ERROR keystone.server.flask.application
File "/opt/stack/data/venv/lib/python3.10/site-packages/dogpile/cache/region.py", line 1054, in get_or_create
Nov 14 14:23:39 user devstack@keystone.service[46326]: ERROR keystone.server.flask.application with Lock(
Nov 14 14:23:39 user devstack@keystone.service[46326]: ERROR keystone.server.flask.application
File "/opt/stack/data/venv/lib/python3.10/site-packages/dogpile/lock.py", line 185, in __enter__
Nov 14 14:23:39 user devstack@keystone.service[46326]: ERROR keystone.server.flask.application return self._enter()
Nov 14 14:23:39 user devstack@keystone.service[46326]: ERROR keystone.server.flask.application
File "/opt/stack/data/venv/lib/python3.10/site-packages/dogpile/lock.py", line 94, in _enter
Nov 14 14:23:39 user devstack@keystone.service[46326]: ERROR keystone.server.flask.application generated = self._enter_create(value, createdtime)
Nov 14 14:23:39 user devstack@keystone.service[46326]: ERROR keystone.server.flask.application
File "/opt/stack/data/venv/lib/python3.10/site-packages/dogpile/lock.py", line 178, in _enter_create
Nov 14 14:23:39 user devstack@keystone.service[46326]: ERROR keystone.server.flask.application return self.creator()
Nov 14 14:23:39 user devstack@keystone.service[46326]: ERROR keystone.server.flask.application
File "/opt/stack/data/venv/lib/python3.10/site-packages/dogpile/cache/region.py", line 1007, in gen_value
Nov 14 14:23:39 user devstack@keystone.service[46326]: ERROR keystone.server.flask.application created_value = creator(
Nov 14 14:23:39 user devstack@keystone.service[46326]: ERROR keystone.server.flask.application
File "/opt/stack/keystone/keystone/assignment/core.py", line 1276, in get_role
Nov 14 14:23:39 user devstack@keystone.service[46326]: ERROR keystone.server.flask.application return self.driver.get_role(role_id)
Nov 14 14:23:39 user devstack@keystone.service[46326]: ERROR keystone.server.flask.application
File "/opt/stack/keystone/keystone/assignment/role_backends/sql.py", line 70, in get_role
Nov 14 14:23:39 user devstack@keystone.service[46326]: ERROR keystone.server.flask.application return self._get_role(session, role_id).to_dict()
Nov 14 14:23:39 user devstack@keystone.service[46326]: ERROR keystone.server.flask.application
File "/opt/stack/keystone/keystone/assignment/role_backends/sql.py", line 65, in _get_role
Nov 14 14:23:39 user devstack@keystone.service[46326]: ERROR keystone.server.flask.application raise exception.RoleNotFound(role_id=role_id)
Nov 14 14:23:39 user devstack@keystone.service[46326]: ERROR keystone.server.flask.application keystone.exception.RoleNotFound: Could not find role: member.
Nov 14 14:23:39 user devstack@keystone.service[46326]: ERROR keystone.server.flask.application
Nov 14 14:23:39 user devstack@keystone.service[46326]: [pid: 46326|app: 0|req: 83/230] 10.0.0.210 () {56 vars in 1115 bytes} [Tue Nov 14 14:23:39 2023] GET /identity/v3/roles/member => generated 84 bytes in 37 msecs (HTTP/1.1 404) 5 headers in 183 bytes (1 switches on core 0)
Nov 14 14:23:39 user devstack@keystone.service[46328]: DEBUG keystone.server.flask.request_processing.middleware.auth_context [None req-0f2f52bb-a075-4b2f-93bf-0de018bd5216 None None] Authenticating user token {{(pid=46328) process_request /opt/stack/data/venv/lib/python3.10/site-packages/keystonemiddleware/auth_token/__init__.py:406}}
Nov 14 14:23:39 user devstack@keystone.service[46328]: DEBUG keystone.server.flask.request_processing.middleware.auth_context [None req-0f2f52bb-a075-4b2f-93bf-0de018bd5216 None None] Validating token access rules against request {{(pid=46328) validate_allowed_request /opt/stack/data/venv/lib/python3.10/site-packages/keystonemiddleware/auth_token/__init__.py:544}}
Nov 14 14:23:39 user devstack@keystone.service[46327]: DEBUG keystone.server.flask.request_processing.req_logging [None req-989a77b1-57ee-4340-870d-2e39fba2a7d0 None None] REQUEST_METHOD: `GET` {{(pid=46327) log_request_info /opt/stack/keystone/keystone/server/flask/request_processing/req_logging.py:27}}
Nov 14 14:23:39 user devstack@keystone.service[46327]: DEBUG keystone.server.flask.request_processing.req_logging [None req-989a77b1-57ee-4340-870d-2e39fba2a7d0 None None] SCRIPT_NAME: `/identity` {{(pid=46327) log_request_info /opt/stack/keystone/keystone/server/flask/request_processing/req_logging.py:28}}
Nov 14 14:23:39 user devstack@keystone.service[46327]: DEBUG keystone.server.flask.request_processing.req_logging [None req-989a77b1-57ee-4340-870d-2e39fba2a7d0 None None] PATH_INFO: `/` {{(pid=46327) log_request_info /opt/stack/keystone/keystone/server/flask/request_processing/req_logging.py:29}}
Nov 14 14:23:39 user devstack@keystone.service[46327]: [pid: 46327|app: 0|req: 70/231] 10.0.0.210 () {54 vars in 921 bytes} [Tue Nov 14 14:23:39 2023] GET /identity => generated 269 bytes in 3 msecs (HTTP/1.1 300) 6 headers in 233 bytes (1 switches on core 0)
Nov 14 14:23:39 user devstack@keystone.service[46328]: DEBUG keystone.server.flask.request_processing.middleware.auth_context [None req-a739468d-7afb-4931-a5f1-e2bccfc17af2 admin admin] RBAC: auth_context: {'token': , 'domain_id': None, 'trust_id': None, 'trustor_id': None, 'trustee_id': None, 'domain_name': None, 'group_ids': [], 'user_id': 'd56f85ddb7164b7c98ca26bdf5daccb4', 'user_domain_id': 'default', 'system_scope': None, 'project_id': '79fccc9089e6452aab553a661a3ccdd2', 'project_domain_id': 'default', 'roles': ['admin', 'reader', 'manager', 'member'], 'is_admin_project': True, 'service_user_id': None, 'service_user_domain_id': None, 'service_project_id': None, 'service_project_domain_id': None, 'service_roles': []} {{(pid=46328) fill_context /opt/stack/keystone/keystone/server/flask/request_processing/middleware/auth_context.py:480}}
Nov 14 14:23:39 user devstack@keystone.service[46328]: DEBUG keystone.server.flask.request_processing.req_logging [None req-a739468d-7afb-4931-a5f1-e2bccfc17af2 admin admin] REQUEST_METHOD: `GET` {{(pid=46328) log_request_info /opt/stack/keystone/keystone/server/flask/request_processing/req_logging.py:27}}
Nov 14 14:23:39 user devstack@keystone.service[46328]: DEBUG keystone.server.flask.request_processing.req_logging [None req-a739468d-7afb-4931-a5f1-e2bccfc17af2 admin admin] SCRIPT_NAME: `/identity` {{(pid=46328) log_request_info /opt/stack/keystone/keystone/server/flask/request_processing/req_logging.py:28}}
Nov 14 14:23:39 user devstack@keystone.service[46328]: DEBUG keystone.server.flask.request_processing.req_logging [None req-a739468d-7afb-4931-a5f1-e2bccfc17af2 admin admin] PATH_INFO: `/v3/roles` {{(pid=46328) log_request_info /opt/stack/keystone/keystone/server/flask/request_processing/req_logging.py:29}}
Nov 14 14:23:39 user devstack@keystone.service[46326]: DEBUG keystone.server.flask.request_processing.middleware.auth_context [None req-3c160c19-b951-484b-81d1-6f6e9d680675 admin admin] Authenticating user token {{(pid=46326) process_request /opt/stack/data/venv/lib/python3.10/site-packages/keystonemiddleware/auth_token/__init__.py:406}}
Nov 14 14:23:39 user devstack@keystone.service[46328]: DEBUG keystone.common.rbac_enforcer.enforcer [None req-a739468d-7afb-4931-a5f1-e2bccfc17af2 admin admin] RBAC: Adding query filter params (name=member) {{(pid=46328) _extract_filter_values /opt/stack/keystone/keystone/common/rbac_enforcer/enforcer.py:167}}
Nov 14 14:23:39 user devstack@keystone.service[46328]: DEBUG keystone.common.rbac_enforcer.enforcer [None req-a739468d-7afb-4931-a5f1-e2bccfc17af2 admin admin] RBAC: Authorizing `identity:list_roles()` {{(pid=46328) enforce_call /opt/stack/keystone/keystone/common/rbac_enforcer/enforcer.py:449}}
Nov 14 14:23:39 user devstack@keystone.service[46328]: DEBUG keystone.common.rbac_enforcer.enforcer [None req-a739468d-7afb-4931-a5f1-e2bccfc17af2 admin admin] RBAC: Authorization granted {{(pid=46328) enforce_call /opt/stack/keystone/keystone/common/rbac_enforcer/enforcer.py:457}}
Nov 14 14:23:39 user devstack@keystone.service[46326]: DEBUG keystone.server.flask.request_processing.middleware.auth_context [None req-3c160c19-b951-484b-81d1-6f6e9d680675 admin admin] Validating token access rules against request {{(pid=46326) validate_allowed_request /opt/stack/data/venv/lib/python3.10/site-packages/keystonemiddleware/auth_token/__init__.py:544}}
Nov 14 14:23:39 user devstack@keystone.service[46328]: [pid: 46328|app: 0|req: 79/232] 10.0.0.210 () {56 vars in 1117 bytes} [Tue Nov 14 14:23:39 2023] GET /identity/v3/roles?name=member => generated 339 bytes in 108 msecs (HTTP/1.1 200) 5 headers in 177 bytes (1 switches on core 0)
Nov 14 14:23:39 user devstack@keystone.service[46326]: DEBUG keystone.server.flask.request_processing.middleware.auth_context [None req-ccc09e58-5804-40e1-90a7-8f254996da8c admin admin] RBAC: auth_context: {'token': , 'domain_id': None, 'trust_id': None, 'trustor_id': None, 'trustee_id': None, 'domain_name': None, 'group_ids': [], 'user_id': 'd56f85ddb7164b7c98ca26bdf5daccb4', 'user_domain_id': 'default', 'system_scope': None, 'project_id': '79fccc9089e6452aab553a661a3ccdd2', 'project_domain_id': 'default', 'roles': ['admin', 'reader', 'manager', 'member'], 'is_admin_project': True, 'service_user_id': None, 'service_user_domain_id': None, 'service_project_id': None, 'service_project_domain_id': None, 'service_roles': []} {{(pid=46326) fill_context /opt/stack/keystone/keystone/server/flask/request_processing/middleware/auth_context.py:480}}
Nov 14 14:23:39 user devstack@keystone.service[46326]: DEBUG keystone.server.flask.request_processing.req_logging [None req-ccc09e58-5804-40e1-90a7-8f254996da8c admin admin] REQUEST_METHOD: `GET` {{(pid=46326) log_request_info /opt/stack/keystone/keystone/server/flask/request_processing/req_logging.py:27}}
Nov 14 14:23:39 user devstack@keystone.service[46326]: DEBUG keystone.server.flask.request_processing.req_logging [None req-ccc09e58-5804-40e1-90a7-8f254996da8c admin admin] SCRIPT_NAME: `/identity` {{(pid=46326) log_request_info /opt/stack/keystone/keystone/server/flask/request_processing/req_logging.py:28}}
Nov 14 14:23:39 user devstack@keystone.service[46326]: DEBUG keystone.server.flask.request_processing.req_logging [None req-ccc09e58-5804-40e1-90a7-8f254996da8c admin admin] PATH_INFO: `/v3/roles/anotherrole` {{(pid=46326) log_request_info /opt/stack/keystone/keystone/server/flask/request_processing/req_logging.py:29}}
Nov 14 14:23:39 user devstack@keystone.service[46327]: DEBUG keystone.server.flask.request_processing.middleware.auth_context [None req-989a77b1-57ee-4340-870d-2e39fba2a7d0 None None] Authenticating user token {{(pid=46327) process_request /opt/stack/data/venv/lib/python3.10/site-packages/keystonemiddleware/auth_token/__init__.py:406}}
Nov 14 14:23:39 user devstack@keystone.service[46326]: DEBUG keystone.common.rbac_enforcer.enforcer [None req-ccc09e58-5804-40e1-90a7-8f254996da8c admin admin] Extracting inferred target data resulted in "NOT FOUND (404)". {{(pid=46326) enforce_call /opt/stack/keystone/keystone/common/rbac_enforcer/enforcer.py:409}}
Nov 14 14:23:39 user devstack@keystone.service[46327]: DEBUG keystone.server.flask.request_processing.middleware.auth_context [None req-989a77b1-57ee-4340-870d-2e39fba2a7d0 None None] Validating token access rules against request {{(pid=46327) validate_allowed_request /opt/stack/data/venv/lib/python3.10/site-packages/keystonemiddleware/auth_token/__init__.py:544}}
Nov 14 14:23:39 user devstack@keystone.service[46326]: ERROR keystone.server.flask.application [None req-ccc09e58-5804-40e1-90a7-8f254996da8c admin admin] Could not find role: anotherrole.: keystone.exception.RoleNotFound: Could not find role: anotherrole.
Nov 14 14:23:39 user devstack@keystone.service[46326]: ERROR keystone.server.flask.application
Traceback (most recent call last):
Nov 14 14:23:39 user devstack@keystone.service[46326]: ERROR keystone.server.flask.application
File "/opt/stack/data/venv/lib/python3.10/site-packages/flask/app.py", line 1823, in full_dispatch_request
Nov 14 14:23:39 user devstack@keystone.service[46326]: ERROR keystone.server.flask.application rv = self.dispatch_request()
Nov 14 14:23:39 user devstack@keystone.service[46326]: ERROR keystone.server.flask.application
File "/opt/stack/data/venv/lib/python3.10/site-packages/flask/app.py", line 1799, in dispatch_request
Nov 14 14:23:39 user devstack@keystone.service[46326]: ERROR keystone.server.flask.application return self.ensure_sync(self.view_functions[rule.endpoint])(**view_args)
Nov 14 14:23:39 user devstack@keystone.service[46326]: ERROR keystone.server.flask.application
File "/opt/stack/data/venv/lib/python3.10/site-packages/flask_restful/__init__.py", line 489, in wrapper
Nov 14 14:23:39 user devstack@keystone.service[46326]: ERROR keystone.server.flask.application resp = resource(*args, **kwargs)
Nov 14 14:23:39 user devstack@keystone.service[46326]: ERROR keystone.server.flask.application
File "/opt/stack/data/venv/lib/python3.10/site-packages/flask/views.py", line 107, in view
Nov 14 14:23:39 user devstack@keystone.service[46326]: ERROR keystone.server.flask.application return current_app.ensure_sync(self.dispatch_request)(**kwargs)
Nov 14 14:23:39 user devstack@keystone.service[46326]: ERROR keystone.server.flask.application
File "/opt/stack/data/venv/lib/python3.10/site-packages/flask_restful/__init__.py", line 604, in dispatch_request
Nov 14 14:23:39 user devstack@keystone.service[46326]: ERROR keystone.server.flask.application resp = meth(*args, **kwargs)
Nov 14 14:23:39 user devstack@keystone.service[46326]: ERROR keystone.server.flask.application
File "/opt/stack/keystone/keystone/api/roles.py", line 50, in get
Nov 14 14:23:39 user devstack@keystone.service[46326]: ERROR keystone.server.flask.application return self._get_role(role_id)
Nov 14 14:23:39 user devstack@keystone.service[46326]: ERROR keystone.server.flask.application
File "/opt/stack/keystone/keystone/api/roles.py", line 70, in _get_role
Nov 14 14:23:39 user devstack@keystone.service[46326]: ERROR keystone.server.flask.application ENFORCER.enforce_call(action='identity:get_role')
Nov 14 14:23:39 user devstack@keystone.service[46326]: ERROR keystone.server.flask.application
File "/opt/stack/keystone/keystone/common/rbac_enforcer/enforcer.py", line 402, in enforce_call
Nov 14 14:23:39 user devstack@keystone.service[46326]: ERROR keystone.server.flask.application policy_dict.update(cls._extract_member_target_data(
Nov 14 14:23:39 user devstack@keystone.service[46326]: ERROR keystone.server.flask.application
File "/opt/stack/keystone/keystone/common/rbac_enforcer/enforcer.py", line 234, in _extract_member_target_data
Nov 14 14:23:39 user devstack@keystone.service[46326]: ERROR keystone.server.flask.application member_name: func(flask.request.view_args[key])
Nov 14 14:23:39 user devstack@keystone.service[46326]: ERROR keystone.server.flask.application
File "/opt/stack/keystone/keystone/common/manager.py", line 115, in wrapped
Nov 14 14:23:39 user devstack@keystone.service[46326]: ERROR keystone.server.flask.application __ret_val = __f(*args, **kwargs)
Nov 14 14:23:39 user devstack@keystone.service[46326]: ERROR keystone.server.flask.application
File "/opt/stack/data/venv/lib/python3.10/site-packages/decorator.py", line 232, in fun
Nov 14 14:23:39 user devstack@keystone.service[46326]: ERROR keystone.server.flask.application return caller(func, *(extras + args), **kw)
Nov 14 14:23:39 user devstack@keystone.service[46326]: ERROR keystone.server.flask.application
File "/opt/stack/data/venv/lib/python3.10/site-packages/dogpile/cache/region.py", line 1594, in get_or_create_for_user_func
Nov 14 14:23:39 user devstack@keystone.service[46326]: ERROR keystone.server.flask.application return self.get_or_create(
Nov 14 14:23:39 user devstack@keystone.service[46326]: ERROR keystone.server.flask.application
File "/opt/stack/data/venv/lib/python3.10/site-packages/dogpile/cache/region.py", line 1054, in get_or_create
Nov 14 14:23:39 user devstack@keystone.service[46326]: ERROR keystone.server.flask.application with Lock(
Nov 14 14:23:39 user devstack@keystone.service[46326]: ERROR keystone.server.flask.application
File "/opt/stack/data/venv/lib/python3.10/site-packages/dogpile/lock.py", line 185, in __enter__
Nov 14 14:23:39 user devstack@keystone.service[46326]: ERROR keystone.server.flask.application return self._enter()
Nov 14 14:23:39 user devstack@keystone.service[46326]: ERROR keystone.server.flask.application
File "/opt/stack/data/venv/lib/python3.10/site-packages/dogpile/lock.py", line 94, in _enter
Nov 14 14:23:39 user devstack@keystone.service[46326]: ERROR keystone.server.flask.application generated = self._enter_create(value, createdtime)
Nov 14 14:23:39 user devstack@keystone.service[46326]: ERROR keystone.server.flask.application
File "/opt/stack/data/venv/lib/python3.10/site-packages/dogpile/lock.py", line 178, in _enter_create
Nov 14 14:23:39 user devstack@keystone.service[46326]: ERROR keystone.server.flask.application return self.creator()
Nov 14 14:23:39 user devstack@keystone.service[46326]: ERROR keystone.server.flask.application
File "/opt/stack/data/venv/lib/python3.10/site-packages/dogpile/cache/region.py", line 1007, in gen_value
Nov 14 14:23:39 user devstack@keystone.service[46326]: ERROR keystone.server.flask.application created_value = creator(
Nov 14 14:23:39 user devstack@keystone.service[46326]: ERROR keystone.server.flask.application
File "/opt/stack/keystone/keystone/assignment/core.py", line 1276, in get_role
Nov 14 14:23:39 user devstack@keystone.service[46326]: ERROR keystone.server.flask.application return self.driver.get_role(role_id)
Nov 14 14:23:39 user devstack@keystone.service[46326]: ERROR keystone.server.flask.application
File "/opt/stack/keystone/keystone/assignment/role_backends/sql.py", line 70, in get_role
Nov 14 14:23:39 user devstack@keystone.service[46326]: ERROR keystone.server.flask.application return self._get_role(session, role_id).to_dict()
Nov 14 14:23:39 user devstack@keystone.service[46326]: ERROR keystone.server.flask.application
File "/opt/stack/keystone/keystone/assignment/role_backends/sql.py", line 65, in _get_role
Nov 14 14:23:39 user devstack@keystone.service[46326]: ERROR keystone.server.flask.application raise exception.RoleNotFound(role_id=role_id)
Nov 14 14:23:39 user devstack@keystone.service[46326]: ERROR keystone.server.flask.application keystone.exception.RoleNotFound: Could not find role: anotherrole.
Nov 14 14:23:39 user devstack@keystone.service[46326]: ERROR keystone.server.flask.application
Nov 14 14:23:39 user devstack@keystone.service[46326]: [pid: 46326|app: 0|req: 84/233] 10.0.0.210 () {56 vars in 1130 bytes} [Tue Nov 14 14:23:39 2023] GET /identity/v3/roles/anotherrole => generated 89 bytes in 36 msecs (HTTP/1.1 404) 5 headers in 183 bytes (1 switches on core 0)
Nov 14 14:23:39 user devstack@keystone.service[46327]: DEBUG keystone.server.flask.request_processing.middleware.auth_context [None req-e836b506-bff4-48c0-815a-93135f0f2ec1 admin admin] RBAC: auth_context: {'token': , 'domain_id': None, 'trust_id': None, 'trustor_id': None, 'trustee_id': None, 'domain_name': None, 'group_ids': [], 'user_id': 'd56f85ddb7164b7c98ca26bdf5daccb4', 'user_domain_id': 'default', 'system_scope': None, 'project_id': '79fccc9089e6452aab553a661a3ccdd2', 'project_domain_id': 'default', 'roles': ['admin', 'reader', 'manager', 'member'], 'is_admin_project': True, 'service_user_id': None, 'service_user_domain_id': None, 'service_project_id': None, 'service_project_domain_id': None, 'service_roles': []} {{(pid=46327) fill_context /opt/stack/keystone/keystone/server/flask/request_processing/middleware/auth_context.py:480}}
Nov 14 14:23:39 user devstack@keystone.service[46327]: DEBUG keystone.server.flask.request_processing.req_logging [None req-e836b506-bff4-48c0-815a-93135f0f2ec1 admin admin] REQUEST_METHOD: `GET` {{(pid=46327) log_request_info /opt/stack/keystone/keystone/server/flask/request_processing/req_logging.py:27}}
Nov 14 14:23:39 user devstack@keystone.service[46327]: DEBUG keystone.server.flask.request_processing.req_logging [None req-e836b506-bff4-48c0-815a-93135f0f2ec1 admin admin] SCRIPT_NAME: `/identity` {{(pid=46327) log_request_info /opt/stack/keystone/keystone/server/flask/request_processing/req_logging.py:28}}
Nov 14 14:23:39 user devstack@keystone.service[46327]: DEBUG keystone.server.flask.request_processing.req_logging [None req-e836b506-bff4-48c0-815a-93135f0f2ec1 admin admin] PATH_INFO: `/v3/groups/27120f9d249e41a9833a7b4b9798e084` {{(pid=46327) log_request_info /opt/stack/keystone/keystone/server/flask/request_processing/req_logging.py:29}}
Nov 14 14:23:39 user devstack@keystone.service[46327]: DEBUG keystone.common.rbac_enforcer.enforcer [None req-e836b506-bff4-48c0-815a-93135f0f2ec1 admin admin] RBAC: Authorizing `identity:get_group(group_id=27120f9d249e41a9833a7b4b9798e084)` {{(pid=46327) enforce_call /opt/stack/keystone/keystone/common/rbac_enforcer/enforcer.py:449}}
Nov 14 14:23:39 user devstack@keystone.service[46327]: DEBUG keystone.common.rbac_enforcer.enforcer [None req-e836b506-bff4-48c0-815a-93135f0f2ec1 admin admin] RBAC: Authorization granted {{(pid=46327) enforce_call /opt/stack/keystone/keystone/common/rbac_enforcer/enforcer.py:457}}
Nov 14 14:23:39 user devstack@keystone.service[46328]: DEBUG keystone.server.flask.request_processing.middleware.auth_context [None req-a739468d-7afb-4931-a5f1-e2bccfc17af2 admin admin] Authenticating user token {{(pid=46328) process_request /opt/stack/data/venv/lib/python3.10/site-packages/keystonemiddleware/auth_token/__init__.py:406}}
Nov 14 14:23:39 user devstack@keystone.service[46327]: [pid: 46327|app: 0|req: 71/234] 10.0.0.210 () {56 vars in 1196 bytes} [Tue Nov 14 14:23:39 2023] GET /identity/v3/groups/27120f9d249e41a9833a7b4b9798e084 => generated 225 bytes in 24 msecs (HTTP/1.1 200) 5 headers in 177 bytes (1 switches on core 0)
Nov 14 14:23:39 user devstack@keystone.service[46326]: DEBUG keystone.server.flask.request_processing.middleware.auth_context [None req-ccc09e58-5804-40e1-90a7-8f254996da8c admin admin] Authenticating user token {{(pid=46326) process_request /opt/stack/data/venv/lib/python3.10/site-packages/keystonemiddleware/auth_token/__init__.py:406}}
Nov 14 14:23:39 user devstack@keystone.service[46328]: DEBUG keystone.server.flask.request_processing.middleware.auth_context [None req-a739468d-7afb-4931-a5f1-e2bccfc17af2 admin admin] Validating token access rules against request {{(pid=46328) validate_allowed_request /opt/stack/data/venv/lib/python3.10/site-packages/keystonemiddleware/auth_token/__init__.py:544}}
Nov 14 14:23:39 user devstack@keystone.service[46328]: DEBUG keystone.server.flask.request_processing.middleware.auth_context [None req-8549b951-4fee-4a6d-9c63-daedf8e1dadf admin admin] RBAC: auth_context: {'token': , 'domain_id': None, 'trust_id': None, 'trustor_id': None, 'trustee_id': None, 'domain_name': None, 'group_ids': [], 'user_id': 'd56f85ddb7164b7c98ca26bdf5daccb4', 'user_domain_id': 'default', 'system_scope': None, 'project_id': '79fccc9089e6452aab553a661a3ccdd2', 'project_domain_id': 'default', 'roles': ['admin', 'reader', 'manager', 'member'], 'is_admin_project': True, 'service_user_id': None, 'service_user_domain_id': None, 'service_project_id': None, 'service_project_domain_id': None, 'service_roles': []} {{(pid=46328) fill_context /opt/stack/keystone/keystone/server/flask/request_processing/middleware/auth_context.py:480}}
Nov 14 14:23:39 user devstack@keystone.service[46328]: DEBUG keystone.server.flask.request_processing.req_logging [None req-8549b951-4fee-4a6d-9c63-daedf8e1dadf admin admin] REQUEST_METHOD: `GET` {{(pid=46328) log_request_info /opt/stack/keystone/keystone/server/flask/request_processing/req_logging.py:27}}
Nov 14 14:23:39 user devstack@keystone.service[46328]: DEBUG keystone.server.flask.request_processing.req_logging [None req-8549b951-4fee-4a6d-9c63-daedf8e1dadf admin admin] SCRIPT_NAME: `/identity` {{(pid=46328) log_request_info /opt/stack/keystone/keystone/server/flask/request_processing/req_logging.py:28}}
Nov 14 14:23:39 user devstack@keystone.service[46328]: DEBUG keystone.server.flask.request_processing.req_logging [None req-8549b951-4fee-4a6d-9c63-daedf8e1dadf admin admin] PATH_INFO: `/v3/roles` {{(pid=46328) log_request_info /opt/stack/keystone/keystone/server/flask/request_processing/req_logging.py:29}}
Nov 14 14:23:39 user devstack@keystone.service[46328]: DEBUG keystone.common.rbac_enforcer.enforcer [None req-8549b951-4fee-4a6d-9c63-daedf8e1dadf admin admin] RBAC: Adding query filter params (name=anotherrole) {{(pid=46328) _extract_filter_values /opt/stack/keystone/keystone/common/rbac_enforcer/enforcer.py:167}}
Nov 14 14:23:39 user devstack@keystone.service[46326]: DEBUG keystone.server.flask.request_processing.middleware.auth_context [None req-ccc09e58-5804-40e1-90a7-8f254996da8c admin admin] Validating token access rules against request {{(pid=46326) validate_allowed_request /opt/stack/data/venv/lib/python3.10/site-packages/keystonemiddleware/auth_token/__init__.py:544}}
Nov 14 14:23:39 user devstack@keystone.service[46328]: DEBUG keystone.common.rbac_enforcer.enforcer [None req-8549b951-4fee-4a6d-9c63-daedf8e1dadf admin admin] RBAC: Authorizing `identity:list_roles()` {{(pid=46328) enforce_call /opt/stack/keystone/keystone/common/rbac_enforcer/enforcer.py:449}}
Nov 14 14:23:39 user devstack@keystone.service[46328]: DEBUG keystone.common.rbac_enforcer.enforcer [None req-8549b951-4fee-4a6d-9c63-daedf8e1dadf admin admin] RBAC: Authorization granted {{(pid=46328) enforce_call /opt/stack/keystone/keystone/common/rbac_enforcer/enforcer.py:457}}
Nov 14 14:23:39 user devstack@keystone.service[46326]: DEBUG keystone.server.flask.request_processing.middleware.auth_context [None req-c1a8e348-802d-4f1e-8272-bf6ad8fd707a admin admin] RBAC: auth_context: {'token': , 'domain_id': None, 'trust_id': None, 'trustor_id': None, 'trustee_id': None, 'domain_name': None, 'group_ids': [], 'user_id': 'd56f85ddb7164b7c98ca26bdf5daccb4', 'user_domain_id': 'default', 'system_scope': None, 'project_id': '79fccc9089e6452aab553a661a3ccdd2', 'project_domain_id': 'default', 'roles': ['admin', 'reader', 'manager', 'member'], 'is_admin_project': True, 'service_user_id': None, 'service_user_domain_id': None, 'service_project_id': None, 'service_project_domain_id': None, 'service_roles': []} {{(pid=46326) fill_context /opt/stack/keystone/keystone/server/flask/request_processing/middleware/auth_context.py:480}}
Nov 14 14:23:39 user devstack@keystone.service[46326]: DEBUG keystone.server.flask.request_processing.req_logging [None req-c1a8e348-802d-4f1e-8272-bf6ad8fd707a admin admin] REQUEST_METHOD: `GET` {{(pid=46326) log_request_info /opt/stack/keystone/keystone/server/flask/request_processing/req_logging.py:27}}
Nov 14 14:23:39 user devstack@keystone.service[46326]: DEBUG keystone.server.flask.request_processing.req_logging [None req-c1a8e348-802d-4f1e-8272-bf6ad8fd707a admin admin] SCRIPT_NAME: `/identity` {{(pid=46326) log_request_info /opt/stack/keystone/keystone/server/flask/request_processing/req_logging.py:28}}
Nov 14 14:23:39 user devstack@keystone.service[46326]: DEBUG keystone.server.flask.request_processing.req_logging [None req-c1a8e348-802d-4f1e-8272-bf6ad8fd707a admin admin] PATH_INFO: `/v3/projects/cf3e97986f044a84a19ba0fa08686b24` {{(pid=46326) log_request_info /opt/stack/keystone/keystone/server/flask/request_processing/req_logging.py:29}}
Nov 14 14:23:39 user devstack@keystone.service[46326]: DEBUG keystone.common.rbac_enforcer.enforcer [None req-c1a8e348-802d-4f1e-8272-bf6ad8fd707a admin admin] RBAC: Authorizing `identity:get_project(project_id=cf3e97986f044a84a19ba0fa08686b24)` {{(pid=46326) enforce_call /opt/stack/keystone/keystone/common/rbac_enforcer/enforcer.py:449}}
Nov 14 14:23:39 user devstack@keystone.service[46326]: DEBUG keystone.common.rbac_enforcer.enforcer [None req-c1a8e348-802d-4f1e-8272-bf6ad8fd707a admin admin] RBAC: Authorization granted {{(pid=46326) enforce_call /opt/stack/keystone/keystone/common/rbac_enforcer/enforcer.py:457}}
Nov 14 14:23:39 user devstack@keystone.service[46328]: [pid: 46328|app: 0|req: 80/235] 10.0.0.210 () {56 vars in 1127 bytes} [Tue Nov 14 14:23:39 2023] GET /identity/v3/roles?name=anotherrole => generated 332 bytes in 33 msecs (HTTP/1.1 200) 5 headers in 177 bytes (1 switches on core 0)
Nov 14 14:23:39 user devstack@keystone.service[46326]: [pid: 46326|app: 0|req: 85/236] 10.0.0.210 () {56 vars in 1202 bytes} [Tue Nov 14 14:23:39 2023] GET /identity/v3/projects/cf3e97986f044a84a19ba0fa08686b24 => generated 301 bytes in 29 msecs (HTTP/1.1 200) 5 headers in 177 bytes (1 switches on core 0)
Nov 14 14:23:39 user devstack@keystone.service[46328]: DEBUG keystone.server.flask.request_processing.middleware.auth_context [None req-8549b951-4fee-4a6d-9c63-daedf8e1dadf admin admin] Authenticating user token {{(pid=46328) process_request /opt/stack/data/venv/lib/python3.10/site-packages/keystonemiddleware/auth_token/__init__.py:406}}
Nov 14 14:23:39 user devstack@keystone.service[46327]: DEBUG keystone.server.flask.request_processing.req_logging [None req-f2868da8-1588-4e79-8ab4-7caa1fa34700 None None] REQUEST_METHOD: `GET` {{(pid=46327) log_request_info /opt/stack/keystone/keystone/server/flask/request_processing/req_logging.py:27}}
Nov 14 14:23:39 user devstack@keystone.service[46327]: DEBUG keystone.server.flask.request_processing.req_logging [None req-f2868da8-1588-4e79-8ab4-7caa1fa34700 None None] SCRIPT_NAME: `/identity` {{(pid=46327) log_request_info /opt/stack/keystone/keystone/server/flask/request_processing/req_logging.py:28}}
Nov 14 14:23:39 user devstack@keystone.service[46327]: DEBUG keystone.server.flask.request_processing.req_logging [None req-f2868da8-1588-4e79-8ab4-7caa1fa34700 None None] PATH_INFO: `/` {{(pid=46327) log_request_info /opt/stack/keystone/keystone/server/flask/request_processing/req_logging.py:29}}
Nov 14 14:23:39 user devstack@keystone.service[46327]: [pid: 46327|app: 0|req: 72/237] 10.0.0.210 () {54 vars in 921 bytes} [Tue Nov 14 14:23:39 2023] GET /identity => generated 269 bytes in 3 msecs (HTTP/1.1 300) 6 headers in 233 bytes (1 switches on core 0)
Nov 14 14:23:39 user devstack@keystone.service[46326]: DEBUG keystone.server.flask.request_processing.middleware.auth_context [None req-c1a8e348-802d-4f1e-8272-bf6ad8fd707a admin admin] Authenticating user token {{(pid=46326) process_request /opt/stack/data/venv/lib/python3.10/site-packages/keystonemiddleware/auth_token/__init__.py:406}}
Nov 14 14:23:39 user devstack@keystone.service[46327]: DEBUG keystone.server.flask.request_processing.middleware.auth_context [None req-f2868da8-1588-4e79-8ab4-7caa1fa34700 None None] Authenticating user token {{(pid=46327) process_request /opt/stack/data/venv/lib/python3.10/site-packages/keystonemiddleware/auth_token/__init__.py:406}}
Nov 14 14:23:39 user devstack@keystone.service[46328]: DEBUG keystone.server.flask.request_processing.middleware.auth_context [None req-8549b951-4fee-4a6d-9c63-daedf8e1dadf admin admin] Validating token access rules against request {{(pid=46328) validate_allowed_request /opt/stack/data/venv/lib/python3.10/site-packages/keystonemiddleware/auth_token/__init__.py:544}}
Nov 14 14:23:39 user devstack@keystone.service[46326]: DEBUG keystone.server.flask.request_processing.middleware.auth_context [None req-c1a8e348-802d-4f1e-8272-bf6ad8fd707a admin admin] Validating token access rules against request {{(pid=46326) validate_allowed_request /opt/stack/data/venv/lib/python3.10/site-packages/keystonemiddleware/auth_token/__init__.py:544}}
Nov 14 14:23:39 user devstack@keystone.service[46328]: DEBUG keystone.server.flask.request_processing.middleware.auth_context [None req-bc90c760-1e91-4608-9405-de6b34253165 admin admin] RBAC: auth_context: {'token': , 'domain_id': None, 'trust_id': None, 'trustor_id': None, 'trustee_id': None, 'domain_name': None, 'group_ids': [], 'user_id': 'd56f85ddb7164b7c98ca26bdf5daccb4', 'user_domain_id': 'default', 'system_scope': None, 'project_id': '79fccc9089e6452aab553a661a3ccdd2', 'project_domain_id': 'default', 'roles': ['admin', 'reader', 'manager', 'member'], 'is_admin_project': True, 'service_user_id': None, 'service_user_domain_id': None, 'service_project_id': None, 'service_project_domain_id': None, 'service_roles': []} {{(pid=46328) fill_context /opt/stack/keystone/keystone/server/flask/request_processing/middleware/auth_context.py:480}}
Nov 14 14:23:39 user devstack@keystone.service[46328]: DEBUG keystone.server.flask.request_processing.req_logging [None req-bc90c760-1e91-4608-9405-de6b34253165 admin admin] REQUEST_METHOD: `GET` {{(pid=46328) log_request_info /opt/stack/keystone/keystone/server/flask/request_processing/req_logging.py:27}}
Nov 14 14:23:39 user devstack@keystone.service[46328]: DEBUG keystone.server.flask.request_processing.req_logging [None req-bc90c760-1e91-4608-9405-de6b34253165 admin admin] SCRIPT_NAME: `/identity` {{(pid=46328) log_request_info /opt/stack/keystone/keystone/server/flask/request_processing/req_logging.py:28}}
Nov 14 14:23:39 user devstack@keystone.service[46328]: DEBUG keystone.server.flask.request_processing.req_logging [None req-bc90c760-1e91-4608-9405-de6b34253165 admin admin] PATH_INFO: `/v3/groups/27120f9d249e41a9833a7b4b9798e084` {{(pid=46328) log_request_info /opt/stack/keystone/keystone/server/flask/request_processing/req_logging.py:29}}
Nov 14 14:23:39 user devstack@keystone.service[46328]: DEBUG keystone.common.rbac_enforcer.enforcer [None req-bc90c760-1e91-4608-9405-de6b34253165 admin admin] RBAC: Authorizing `identity:get_group(group_id=27120f9d249e41a9833a7b4b9798e084)` {{(pid=46328) enforce_call /opt/stack/keystone/keystone/common/rbac_enforcer/enforcer.py:449}}
Nov 14 14:23:39 user devstack@keystone.service[46328]: DEBUG keystone.common.rbac_enforcer.enforcer [None req-bc90c760-1e91-4608-9405-de6b34253165 admin admin] RBAC: Authorization granted {{(pid=46328) enforce_call /opt/stack/keystone/keystone/common/rbac_enforcer/enforcer.py:457}}
Nov 14 14:23:39 user devstack@keystone.service[46326]: DEBUG keystone.server.flask.request_processing.middleware.auth_context [None req-de13fa35-b73f-4758-bb40-2d0b0f504e26 admin admin] RBAC: auth_context: {'token': , 'domain_id': None, 'trust_id': None, 'trustor_id': None, 'trustee_id': None, 'domain_name': None, 'group_ids': [], 'user_id': 'd56f85ddb7164b7c98ca26bdf5daccb4', 'user_domain_id': 'default', 'system_scope': None, 'project_id': '79fccc9089e6452aab553a661a3ccdd2', 'project_domain_id': 'default', 'roles': ['admin', 'reader', 'manager', 'member'], 'is_admin_project': True, 'service_user_id': None, 'service_user_domain_id': None, 'service_project_id': None, 'service_project_domain_id': None, 'service_roles': []} {{(pid=46326) fill_context /opt/stack/keystone/keystone/server/flask/request_processing/middleware/auth_context.py:480}}
Nov 14 14:23:39 user devstack@keystone.service[46328]: [pid: 46328|app: 0|req: 81/238] 10.0.0.210 () {56 vars in 1196 bytes} [Tue Nov 14 14:23:39 2023] GET /identity/v3/groups/27120f9d249e41a9833a7b4b9798e084 => generated 225 bytes in 21 msecs (HTTP/1.1 200) 5 headers in 177 bytes (1 switches on core 0)
Nov 14 14:23:39 user devstack@keystone.service[46326]: DEBUG keystone.server.flask.request_processing.req_logging [None req-de13fa35-b73f-4758-bb40-2d0b0f504e26 admin admin] REQUEST_METHOD: `PUT` {{(pid=46326) log_request_info /opt/stack/keystone/keystone/server/flask/request_processing/req_logging.py:27}}
Nov 14 14:23:39 user devstack@keystone.service[46326]: DEBUG keystone.server.flask.request_processing.req_logging [None req-de13fa35-b73f-4758-bb40-2d0b0f504e26 admin admin] SCRIPT_NAME: `/identity` {{(pid=46326) log_request_info /opt/stack/keystone/keystone/server/flask/request_processing/req_logging.py:28}}
Nov 14 14:23:39 user devstack@keystone.service[46326]: DEBUG keystone.server.flask.request_processing.req_logging [None req-de13fa35-b73f-4758-bb40-2d0b0f504e26 admin admin] PATH_INFO: `/v3/projects/cf3e97986f044a84a19ba0fa08686b24/groups/27120f9d249e41a9833a7b4b9798e084/roles/9e01857708674e9dbf2e24c1acbba3e6` {{(pid=46326) log_request_info /opt/stack/keystone/keystone/server/flask/request_processing/req_logging.py:29}}
Nov 14 14:23:39 user devstack@keystone.service[46326]: DEBUG keystone.common.rbac_enforcer.enforcer [None req-de13fa35-b73f-4758-bb40-2d0b0f504e26 admin admin] RBAC: Authorizing `identity:create_grant(project_id=cf3e97986f044a84a19ba0fa08686b24, group_id=27120f9d249e41a9833a7b4b9798e084, role_id=9e01857708674e9dbf2e24c1acbba3e6)` {{(pid=46326) enforce_call /opt/stack/keystone/keystone/common/rbac_enforcer/enforcer.py:449}}
Nov 14 14:23:39 user devstack@keystone.service[46328]: DEBUG keystone.server.flask.request_processing.middleware.auth_context [None req-bc90c760-1e91-4608-9405-de6b34253165 admin admin] Authenticating user token {{(pid=46328) process_request /opt/stack/data/venv/lib/python3.10/site-packages/keystonemiddleware/auth_token/__init__.py:406}}
Nov 14 14:23:39 user devstack@keystone.service[46326]: WARNING py.warnings [None req-de13fa35-b73f-4758-bb40-2d0b0f504e26 admin admin] /opt/stack/data/venv/lib/python3.10/site-packages/oslo_policy/policy.py:1130: UserWarning: Policy "identity:create_grant": "(role:admin and system_scope:all) or ((role:admin and domain_id:%(target.user.domain_id)s and domain_id:%(target.project.domain_id)s) or (role:admin and domain_id:%(target.user.domain_id)s and domain_id:%(target.domain.id)s) or (role:admin and domain_id:%(target.group.domain_id)s and domain_id:%(target.project.domain_id)s) or (role:admin and domain_id:%(target.group.domain_id)s and domain_id:%(target.domain.id)s)) and (domain_id:%(target.role.domain_id)s or None:%(target.role.domain_id)s)" failed scope check. The token used to make the request was project scoped but the policy requires ['system', 'domain'] scope. This behavior may change in the future where using the intended scope is required
Nov 14 14:23:39 user devstack@keystone.service[46326]: warnings.warn(msg)
Nov 14 14:23:39 user devstack@keystone.service[46326]:
Nov 14 14:23:39 user devstack@keystone.service[46326]: DEBUG keystone.common.rbac_enforcer.enforcer [None req-de13fa35-b73f-4758-bb40-2d0b0f504e26 admin admin] RBAC: Authorization granted {{(pid=46326) enforce_call /opt/stack/keystone/keystone/common/rbac_enforcer/enforcer.py:457}}
Nov 14 14:23:39 user devstack@keystone.service[46328]: DEBUG keystone.server.flask.request_processing.middleware.auth_context [None req-bc90c760-1e91-4608-9405-de6b34253165 admin admin] Validating token access rules against request {{(pid=46328) validate_allowed_request /opt/stack/data/venv/lib/python3.10/site-packages/keystonemiddleware/auth_token/__init__.py:544}}
Nov 14 14:23:39 user devstack@keystone.service[46326]: [pid: 46326|app: 0|req: 86/239] 10.0.0.210 () {58 vars in 1458 bytes} [Tue Nov 14 14:23:39 2023] PUT /identity/v3/projects/cf3e97986f044a84a19ba0fa08686b24/groups/27120f9d249e41a9833a7b4b9798e084/roles/9e01857708674e9dbf2e24c1acbba3e6 => generated 0 bytes in 39 msecs (HTTP/1.1 204) 3 headers in 132 bytes (0 switches on core 0)
Nov 14 14:23:39 user devstack@keystone.service[46328]: DEBUG keystone.server.flask.request_processing.middleware.auth_context [None req-afcd83f3-42d2-47cd-b60e-026e6fdef475 admin admin] RBAC: auth_context: {'token': , 'domain_id': None, 'trust_id': None, 'trustor_id': None, 'trustee_id': None, 'domain_name': None, 'group_ids': [], 'user_id': 'd56f85ddb7164b7c98ca26bdf5daccb4', 'user_domain_id': 'default', 'system_scope': None, 'project_id': '79fccc9089e6452aab553a661a3ccdd2', 'project_domain_id': 'default', 'roles': ['admin', 'reader', 'manager', 'member'], 'is_admin_project': True, 'service_user_id': None, 'service_user_domain_id': None, 'service_project_id': None, 'service_project_domain_id': None, 'service_roles': []} {{(pid=46328) fill_context /opt/stack/keystone/keystone/server/flask/request_processing/middleware/auth_context.py:480}}
Nov 14 14:23:39 user devstack@keystone.service[46328]: DEBUG keystone.server.flask.request_processing.req_logging [None req-afcd83f3-42d2-47cd-b60e-026e6fdef475 admin admin] REQUEST_METHOD: `GET` {{(pid=46328) log_request_info /opt/stack/keystone/keystone/server/flask/request_processing/req_logging.py:27}}
Nov 14 14:23:39 user devstack@keystone.service[46328]: DEBUG keystone.server.flask.request_processing.req_logging [None req-afcd83f3-42d2-47cd-b60e-026e6fdef475 admin admin] SCRIPT_NAME: `/identity` {{(pid=46328) log_request_info /opt/stack/keystone/keystone/server/flask/request_processing/req_logging.py:28}}
Nov 14 14:23:39 user devstack@keystone.service[46328]: DEBUG keystone.server.flask.request_processing.req_logging [None req-afcd83f3-42d2-47cd-b60e-026e6fdef475 admin admin] PATH_INFO: `/v3/projects/cf3e97986f044a84a19ba0fa08686b24` {{(pid=46328) log_request_info /opt/stack/keystone/keystone/server/flask/request_processing/req_logging.py:29}}
Nov 14 14:23:39 user devstack@keystone.service[46327]: DEBUG keystone.server.flask.request_processing.middleware.auth_context [None req-f2868da8-1588-4e79-8ab4-7caa1fa34700 None None] Validating token access rules against request {{(pid=46327) validate_allowed_request /opt/stack/data/venv/lib/python3.10/site-packages/keystonemiddleware/auth_token/__init__.py:544}}
Nov 14 14:23:39 user devstack@keystone.service[46328]: DEBUG keystone.common.rbac_enforcer.enforcer [None req-afcd83f3-42d2-47cd-b60e-026e6fdef475 admin admin] RBAC: Authorizing `identity:get_project(project_id=cf3e97986f044a84a19ba0fa08686b24)` {{(pid=46328) enforce_call /opt/stack/keystone/keystone/common/rbac_enforcer/enforcer.py:449}}
Nov 14 14:23:39 user devstack@keystone.service[46328]: DEBUG keystone.common.rbac_enforcer.enforcer [None req-afcd83f3-42d2-47cd-b60e-026e6fdef475 admin admin] RBAC: Authorization granted {{(pid=46328) enforce_call /opt/stack/keystone/keystone/common/rbac_enforcer/enforcer.py:457}}
Nov 14 14:23:39 user devstack@keystone.service[46328]: [pid: 46328|app: 0|req: 82/240] 10.0.0.210 () {56 vars in 1202 bytes} [Tue Nov 14 14:23:39 2023] GET /identity/v3/projects/cf3e97986f044a84a19ba0fa08686b24 => generated 301 bytes in 94 msecs (HTTP/1.1 200) 5 headers in 177 bytes (2 switches on core 0)
Nov 14 14:23:39 user devstack@keystone.service[46326]: DEBUG keystone.server.flask.request_processing.middleware.auth_context [None req-de13fa35-b73f-4758-bb40-2d0b0f504e26 admin admin] Authenticating user token {{(pid=46326) process_request /opt/stack/data/venv/lib/python3.10/site-packages/keystonemiddleware/auth_token/__init__.py:406}}
Nov 14 14:23:39 user devstack@keystone.service[46328]: DEBUG keystone.server.flask.request_processing.req_logging [None req-942d7a6b-0a30-432b-a575-8de7b0159d20 None None] REQUEST_METHOD: `GET` {{(pid=46328) log_request_info /opt/stack/keystone/keystone/server/flask/request_processing/req_logging.py:27}}
Nov 14 14:23:39 user devstack@keystone.service[46328]: DEBUG keystone.server.flask.request_processing.req_logging [None req-942d7a6b-0a30-432b-a575-8de7b0159d20 None None] SCRIPT_NAME: `/identity` {{(pid=46328) log_request_info /opt/stack/keystone/keystone/server/flask/request_processing/req_logging.py:28}}
Nov 14 14:23:39 user devstack@keystone.service[46328]: DEBUG keystone.server.flask.request_processing.req_logging [None req-942d7a6b-0a30-432b-a575-8de7b0159d20 None None] PATH_INFO: `/` {{(pid=46328) log_request_info /opt/stack/keystone/keystone/server/flask/request_processing/req_logging.py:29}}
Nov 14 14:23:39 user devstack@keystone.service[46326]: DEBUG keystone.server.flask.request_processing.middleware.auth_context [None req-de13fa35-b73f-4758-bb40-2d0b0f504e26 admin admin] Validating token access rules against request {{(pid=46326) validate_allowed_request /opt/stack/data/venv/lib/python3.10/site-packages/keystonemiddleware/auth_token/__init__.py:544}}
Nov 14 14:23:39 user devstack@keystone.service[46328]: [pid: 46328|app: 0|req: 83/241] 10.0.0.210 () {54 vars in 921 bytes} [Tue Nov 14 14:23:39 2023] GET /identity => generated 269 bytes in 6 msecs (HTTP/1.1 300) 6 headers in 233 bytes (1 switches on core 0)
