Apr 19 13:46:48 user devstack@keystone.service[42969]: WARNING keystone.common.password_hashing [None req-168eb1fc-4f4e-4053-ae65-f4e9e9b48966 None None] Truncating password to algorithm specific maximum length 54 characters.
Apr 19 13:46:48 user devstack@keystone.service[42969]: DEBUG keystone.auth.core [None req-168eb1fc-4f4e-4053-ae65-f4e9e9b48966 None None] MFA Rules not processed for user `6feb18062d6f493da05ae9cb09d1ebb6`. Rule list: `[]` (Enabled: `True`). {{(pid=42969) check_auth_methods_against_rules /opt/stack/keystone/keystone/auth/core.py:438}}
Apr 19 13:46:48 user devstack@keystone.service[42969]: DEBUG keystone.common.fernet_utils [None req-168eb1fc-4f4e-4053-ae65-f4e9e9b48966 None None] Loaded 2 Fernet keys from /etc/keystone/fernet-keys/, but `[fernet_tokens] max_active_keys = 3`; perhaps there have not been enough key rotations to reach `max_active_keys` yet? {{(pid=42969) load_keys /opt/stack/keystone/keystone/common/fernet_utils.py:286}}
Apr 19 13:46:48 user devstack@keystone.service[42969]: [pid: 42969|app: 0|req: 62/192] 10.0.0.210 () {58 vars in 1017 bytes} [Wed Apr 19 13:46:48 2023] POST /identity/v3/auth/tokens => generated 798 bytes in 93 msecs (HTTP/1.1 201) 6 headers in 363 bytes (1 switches on core 0)
Apr 19 13:46:48 user devstack@keystone.service[42968]: DEBUG keystone.server.flask.request_processing.middleware.auth_context [None req-228fe88e-187b-4696-b2cc-986bc110f654 None None] Authenticating user token {{(pid=42968) process_request /usr/local/lib/python3.10/dist-packages/keystonemiddleware/auth_token/__init__.py:406}}
Apr 19 13:46:48 user devstack@keystone.service[42970]: DEBUG keystone.server.flask.request_processing.middleware.auth_context [None req-0a38edc0-ff30-447d-bb5a-4d1bd631b31d None None] Authenticating user token {{(pid=42970) process_request /usr/local/lib/python3.10/dist-packages/keystonemiddleware/auth_token/__init__.py:406}}
Apr 19 13:46:48 user devstack@keystone.service[42970]: DEBUG dbcounter [-] [42970] Writing DB stats keystone:SELECT=100 {{(pid=42970) stat_writer /usr/local/lib/python3.10/dist-packages/dbcounter.py:117}}
Apr 19 13:46:48 user devstack@keystone.service[42968]: DEBUG keystone.server.flask.request_processing.middleware.auth_context [None req-228fe88e-187b-4696-b2cc-986bc110f654 None None] Validating token access rules against request {{(pid=42968) validate_allowed_request /usr/local/lib/python3.10/dist-packages/keystonemiddleware/auth_token/__init__.py:544}}
Apr 19 13:46:48 user devstack@keystone.service[42970]: DEBUG keystone.server.flask.request_processing.middleware.auth_context [None req-0a38edc0-ff30-447d-bb5a-4d1bd631b31d None None] Validating token access rules against request {{(pid=42970) validate_allowed_request /usr/local/lib/python3.10/dist-packages/keystonemiddleware/auth_token/__init__.py:544}}
Apr 19 13:46:48 user devstack@keystone.service[42968]: DEBUG dbcounter [-] [42968] Writing DB stats keystone:SELECT=100 {{(pid=42968) stat_writer /usr/local/lib/python3.10/dist-packages/dbcounter.py:117}}
Apr 19 13:46:48 user devstack@keystone.service[42968]: DEBUG keystone.server.flask.request_processing.middleware.auth_context [None req-9f1071d2-d290-434d-9892-f1bf325f5da5 None admin] RBAC: auth_context: {'token': , 'domain_id': None, 'trust_id': None, 'trustor_id': None, 'trustee_id': None, 'domain_name': None, 'group_ids': [], 'user_id': '6feb18062d6f493da05ae9cb09d1ebb6', 'user_domain_id': 'default', 'system_scope': 'all', 'project_id': None, 'project_domain_id': None, 'roles': ['admin', 'member', 'reader'], 'is_admin_project': True, 'service_user_id': None, 'service_user_domain_id': None, 'service_project_id': None, 'service_project_domain_id': None, 'service_roles': []} {{(pid=42968) fill_context /opt/stack/keystone/keystone/server/flask/request_processing/middleware/auth_context.py:478}}
Apr 19 13:46:48 user devstack@keystone.service[42968]: DEBUG keystone.server.flask.request_processing.req_logging [None req-9f1071d2-d290-434d-9892-f1bf325f5da5 None admin] REQUEST_METHOD: `GET` {{(pid=42968) log_request_info /opt/stack/keystone/keystone/server/flask/request_processing/req_logging.py:27}}
Apr 19 13:46:48 user devstack@keystone.service[42968]: DEBUG keystone.server.flask.request_processing.req_logging [None req-9f1071d2-d290-434d-9892-f1bf325f5da5 None admin] SCRIPT_NAME: `/identity` {{(pid=42968) log_request_info /opt/stack/keystone/keystone/server/flask/request_processing/req_logging.py:28}}
Apr 19 13:46:48 user devstack@keystone.service[42968]: DEBUG keystone.server.flask.request_processing.req_logging [None req-9f1071d2-d290-434d-9892-f1bf325f5da5 None admin] PATH_INFO: `/v3/domains/default` {{(pid=42968) log_request_info /opt/stack/keystone/keystone/server/flask/request_processing/req_logging.py:29}}
Apr 19 13:46:48 user devstack@keystone.service[42968]: DEBUG keystone.common.rbac_enforcer.enforcer [None req-9f1071d2-d290-434d-9892-f1bf325f5da5 None admin] RBAC: Authorizing `identity:get_domain(domain_id=default)` {{(pid=42968) enforce_call /opt/stack/keystone/keystone/common/rbac_enforcer/enforcer.py:449}}
Apr 19 13:46:48 user devstack@keystone.service[42968]: DEBUG keystone.common.rbac_enforcer.enforcer [None req-9f1071d2-d290-434d-9892-f1bf325f5da5 None admin] RBAC: Authorization granted {{(pid=42968) enforce_call /opt/stack/keystone/keystone/common/rbac_enforcer/enforcer.py:457}}
Apr 19 13:46:48 user devstack@keystone.service[42968]: [pid: 42968|app: 0|req: 66/193] 10.0.0.210 () {56 vars in 1103 bytes} [Wed Apr 19 13:46:48 2023] GET /identity/v3/domains/default => generated 198 bytes in 118 msecs (HTTP/1.1 200) 5 headers in 177 bytes (1 switches on core 0)
Apr 19 13:46:48 user devstack@keystone.service[42969]: DEBUG keystone.server.flask.request_processing.middleware.auth_context [None req-168eb1fc-4f4e-4053-ae65-f4e9e9b48966 None None] Authenticating user token {{(pid=42969) process_request /usr/local/lib/python3.10/dist-packages/keystonemiddleware/auth_token/__init__.py:406}}
Apr 19 13:46:48 user devstack@keystone.service[42970]: DEBUG keystone.server.flask.request_processing.middleware.auth_context [None req-b88fe003-ae7b-4c5d-8072-e9b25ce733c4 None admin] RBAC: auth_context: {'token': , 'domain_id': None, 'trust_id': None, 'trustor_id': None, 'trustee_id': None, 'domain_name': None, 'group_ids': [], 'user_id': '6feb18062d6f493da05ae9cb09d1ebb6', 'user_domain_id': 'default', 'system_scope': 'all', 'project_id': None, 'project_domain_id': None, 'roles': ['admin', 'member', 'reader'], 'is_admin_project': True, 'service_user_id': None, 'service_user_domain_id': None, 'service_project_id': None, 'service_project_domain_id': None, 'service_roles': []} {{(pid=42970) fill_context /opt/stack/keystone/keystone/server/flask/request_processing/middleware/auth_context.py:478}}
Apr 19 13:46:48 user devstack@keystone.service[42970]: DEBUG keystone.server.flask.request_processing.req_logging [None req-b88fe003-ae7b-4c5d-8072-e9b25ce733c4 None admin] REQUEST_METHOD: `GET` {{(pid=42970) log_request_info /opt/stack/keystone/keystone/server/flask/request_processing/req_logging.py:27}}
Apr 19 13:46:48 user devstack@keystone.service[42970]: DEBUG keystone.server.flask.request_processing.req_logging [None req-b88fe003-ae7b-4c5d-8072-e9b25ce733c4 None admin] SCRIPT_NAME: `/identity` {{(pid=42970) log_request_info /opt/stack/keystone/keystone/server/flask/request_processing/req_logging.py:28}}
Apr 19 13:46:48 user devstack@keystone.service[42970]: DEBUG keystone.server.flask.request_processing.req_logging [None req-b88fe003-ae7b-4c5d-8072-e9b25ce733c4 None admin] PATH_INFO: `/v3/roles/reader` {{(pid=42970) log_request_info /opt/stack/keystone/keystone/server/flask/request_processing/req_logging.py:29}}
Apr 19 13:46:48 user devstack@keystone.service[42969]: DEBUG dbcounter [-] [42969] Writing DB stats keystone:SELECT=100 {{(pid=42969) stat_writer /usr/local/lib/python3.10/dist-packages/dbcounter.py:117}}
Apr 19 13:46:48 user devstack@keystone.service[42970]: DEBUG keystone.common.rbac_enforcer.enforcer [None req-b88fe003-ae7b-4c5d-8072-e9b25ce733c4 None admin] Extracting inferred target data resulted in "NOT FOUND (404)". {{(pid=42970) enforce_call /opt/stack/keystone/keystone/common/rbac_enforcer/enforcer.py:409}}
Apr 19 13:46:48 user devstack@keystone.service[42970]: ERROR keystone.server.flask.application [None req-b88fe003-ae7b-4c5d-8072-e9b25ce733c4 None admin] Could not find role: reader.: keystone.exception.RoleNotFound: Could not find role: reader.
Apr 19 13:46:48 user devstack@keystone.service[42970]: ERROR keystone.server.flask.application
Traceback (most recent call last):
Apr 19 13:46:48 user devstack@keystone.service[42970]: ERROR keystone.server.flask.application
File "/usr/local/lib/python3.10/dist-packages/flask/app.py", line 1823, in full_dispatch_request
Apr 19 13:46:48 user devstack@keystone.service[42970]: ERROR keystone.server.flask.application rv = self.dispatch_request()
Apr 19 13:46:48 user devstack@keystone.service[42970]: ERROR keystone.server.flask.application
File "/usr/local/lib/python3.10/dist-packages/flask/app.py", line 1799, in dispatch_request
Apr 19 13:46:48 user devstack@keystone.service[42970]: ERROR keystone.server.flask.application return self.ensure_sync(self.view_functions[rule.endpoint])(**view_args)
Apr 19 13:46:48 user devstack@keystone.service[42970]: ERROR keystone.server.flask.application
File "/usr/local/lib/python3.10/dist-packages/flask_restful/__init__.py", line 467, in wrapper
Apr 19 13:46:48 user devstack@keystone.service[42970]: ERROR keystone.server.flask.application resp = resource(*args, **kwargs)
Apr 19 13:46:48 user devstack@keystone.service[42970]: ERROR keystone.server.flask.application
File "/usr/local/lib/python3.10/dist-packages/flask/views.py", line 107, in view
Apr 19 13:46:48 user devstack@keystone.service[42970]: ERROR keystone.server.flask.application return current_app.ensure_sync(self.dispatch_request)(**kwargs)
Apr 19 13:46:48 user devstack@keystone.service[42970]: ERROR keystone.server.flask.application
File "/usr/local/lib/python3.10/dist-packages/flask_restful/__init__.py", line 582, in dispatch_request
Apr 19 13:46:48 user devstack@keystone.service[42970]: ERROR keystone.server.flask.application resp = meth(*args, **kwargs)
Apr 19 13:46:48 user devstack@keystone.service[42970]: ERROR keystone.server.flask.application
File "/opt/stack/keystone/keystone/api/roles.py", line 50, in get
Apr 19 13:46:48 user devstack@keystone.service[42970]: ERROR keystone.server.flask.application return self._get_role(role_id)
Apr 19 13:46:48 user devstack@keystone.service[42970]: ERROR keystone.server.flask.application
File "/opt/stack/keystone/keystone/api/roles.py", line 70, in _get_role
Apr 19 13:46:48 user devstack@keystone.service[42970]: ERROR keystone.server.flask.application ENFORCER.enforce_call(action='identity:get_role')
Apr 19 13:46:48 user devstack@keystone.service[42970]: ERROR keystone.server.flask.application
File "/opt/stack/keystone/keystone/common/rbac_enforcer/enforcer.py", line 402, in enforce_call
Apr 19 13:46:48 user devstack@keystone.service[42970]: ERROR keystone.server.flask.application policy_dict.update(cls._extract_member_target_data(
Apr 19 13:46:48 user devstack@keystone.service[42970]: ERROR keystone.server.flask.application
File "/opt/stack/keystone/keystone/common/rbac_enforcer/enforcer.py", line 234, in _extract_member_target_data
Apr 19 13:46:48 user devstack@keystone.service[42970]: ERROR keystone.server.flask.application member_name: func(flask.request.view_args[key])
Apr 19 13:46:48 user devstack@keystone.service[42970]: ERROR keystone.server.flask.application
File "/opt/stack/keystone/keystone/common/manager.py", line 115, in wrapped
Apr 19 13:46:48 user devstack@keystone.service[42970]: ERROR keystone.server.flask.application __ret_val = __f(*args, **kwargs)
Apr 19 13:46:48 user devstack@keystone.service[42970]: ERROR keystone.server.flask.application
File "/usr/local/lib/python3.10/dist-packages/decorator.py", line 232, in fun
Apr 19 13:46:48 user devstack@keystone.service[42970]: ERROR keystone.server.flask.application return caller(func, *(extras + args), **kw)
Apr 19 13:46:48 user devstack@keystone.service[42970]: ERROR keystone.server.flask.application
File "/usr/local/lib/python3.10/dist-packages/dogpile/cache/region.py", line 1577, in get_or_create_for_user_func
Apr 19 13:46:48 user devstack@keystone.service[42970]: ERROR keystone.server.flask.application return self.get_or_create(
Apr 19 13:46:48 user devstack@keystone.service[42970]: ERROR keystone.server.flask.application
File "/usr/local/lib/python3.10/dist-packages/dogpile/cache/region.py", line 1042, in get_or_create
Apr 19 13:46:48 user devstack@keystone.service[42970]: ERROR keystone.server.flask.application with Lock(
Apr 19 13:46:48 user devstack@keystone.service[42970]: ERROR keystone.server.flask.application
File "/usr/local/lib/python3.10/dist-packages/dogpile/lock.py", line 185, in __enter__
Apr 19 13:46:48 user devstack@keystone.service[42970]: ERROR keystone.server.flask.application return self._enter()
Apr 19 13:46:48 user devstack@keystone.service[42970]: ERROR keystone.server.flask.application
File "/usr/local/lib/python3.10/dist-packages/dogpile/lock.py", line 94, in _enter
Apr 19 13:46:48 user devstack@keystone.service[42970]: ERROR keystone.server.flask.application generated = self._enter_create(value, createdtime)
Apr 19 13:46:48 user devstack@keystone.service[42970]: ERROR keystone.server.flask.application
File "/usr/local/lib/python3.10/dist-packages/dogpile/lock.py", line 178, in _enter_create
Apr 19 13:46:48 user devstack@keystone.service[42970]: ERROR keystone.server.flask.application return self.creator()
Apr 19 13:46:48 user devstack@keystone.service[42970]: ERROR keystone.server.flask.application
File "/usr/local/lib/python3.10/dist-packages/dogpile/cache/region.py", line 995, in gen_value
Apr 19 13:46:48 user devstack@keystone.service[42970]: ERROR keystone.server.flask.application created_value = creator(
Apr 19 13:46:48 user devstack@keystone.service[42970]: ERROR keystone.server.flask.application
File "/opt/stack/keystone/keystone/assignment/core.py", line 1276, in get_role
Apr 19 13:46:48 user devstack@keystone.service[42970]: ERROR keystone.server.flask.application return self.driver.get_role(role_id)
Apr 19 13:46:48 user devstack@keystone.service[42970]: ERROR keystone.server.flask.application
File "/opt/stack/keystone/keystone/assignment/role_backends/sql.py", line 70, in get_role
Apr 19 13:46:48 user devstack@keystone.service[42970]: ERROR keystone.server.flask.application return self._get_role(session, role_id).to_dict()
Apr 19 13:46:48 user devstack@keystone.service[42970]: ERROR keystone.server.flask.application
File "/opt/stack/keystone/keystone/assignment/role_backends/sql.py", line 65, in _get_role
Apr 19 13:46:48 user devstack@keystone.service[42970]: ERROR keystone.server.flask.application raise exception.RoleNotFound(role_id=role_id)
Apr 19 13:46:48 user devstack@keystone.service[42970]: ERROR keystone.server.flask.application keystone.exception.RoleNotFound: Could not find role: reader.
Apr 19 13:46:48 user devstack@keystone.service[42970]: ERROR keystone.server.flask.application
Apr 19 13:46:48 user devstack@keystone.service[42970]: [pid: 42970|app: 0|req: 66/194] 10.0.0.210 () {56 vars in 1094 bytes} [Wed Apr 19 13:46:48 2023] GET /identity/v3/roles/reader => generated 84 bytes in 140 msecs (HTTP/1.1 404) 5 headers in 183 bytes (1 switches on core 0)
Apr 19 13:46:48 user devstack@keystone.service[42968]: DEBUG keystone.server.flask.request_processing.middleware.auth_context [None req-9f1071d2-d290-434d-9892-f1bf325f5da5 None admin] Authenticating user token {{(pid=42968) process_request /usr/local/lib/python3.10/dist-packages/keystonemiddleware/auth_token/__init__.py:406}}
Apr 19 13:46:48 user devstack@keystone.service[42970]: DEBUG keystone.server.flask.request_processing.middleware.auth_context [None req-b88fe003-ae7b-4c5d-8072-e9b25ce733c4 None admin] Authenticating user token {{(pid=42970) process_request /usr/local/lib/python3.10/dist-packages/keystonemiddleware/auth_token/__init__.py:406}}
Apr 19 13:46:48 user devstack@keystone.service[42969]: DEBUG keystone.server.flask.request_processing.middleware.auth_context [None req-168eb1fc-4f4e-4053-ae65-f4e9e9b48966 None None] Validating token access rules against request {{(pid=42969) validate_allowed_request /usr/local/lib/python3.10/dist-packages/keystonemiddleware/auth_token/__init__.py:544}}
Apr 19 13:46:48 user devstack@keystone.service[42968]: DEBUG keystone.server.flask.request_processing.middleware.auth_context [None req-9f1071d2-d290-434d-9892-f1bf325f5da5 None admin] Validating token access rules against request {{(pid=42968) validate_allowed_request /usr/local/lib/python3.10/dist-packages/keystonemiddleware/auth_token/__init__.py:544}}
Apr 19 13:46:48 user devstack@keystone.service[42969]: DEBUG keystone.server.flask.request_processing.middleware.auth_context [None req-afa00320-698f-426f-8c3a-df9db3ffd02d None admin] RBAC: auth_context: {'token': , 'domain_id': None, 'trust_id': None, 'trustor_id': None, 'trustee_id': None, 'domain_name': None, 'group_ids': [], 'user_id': '6feb18062d6f493da05ae9cb09d1ebb6', 'user_domain_id': 'default', 'system_scope': 'all', 'project_id': None, 'project_domain_id': None, 'roles': ['admin', 'member', 'reader'], 'is_admin_project': True, 'service_user_id': None, 'service_user_domain_id': None, 'service_project_id': None, 'service_project_domain_id': None, 'service_roles': []} {{(pid=42969) fill_context /opt/stack/keystone/keystone/server/flask/request_processing/middleware/auth_context.py:478}}
Apr 19 13:46:48 user devstack@keystone.service[42970]: DEBUG dbcounter [-] [42970] Writing DB stats keystone:SELECT=100 {{(pid=42970) stat_writer /usr/local/lib/python3.10/dist-packages/dbcounter.py:117}}
Apr 19 13:46:48 user devstack@keystone.service[42969]: DEBUG keystone.server.flask.request_processing.req_logging [None req-afa00320-698f-426f-8c3a-df9db3ffd02d None admin] REQUEST_METHOD: `POST` {{(pid=42969) log_request_info /opt/stack/keystone/keystone/server/flask/request_processing/req_logging.py:27}}
Apr 19 13:46:48 user devstack@keystone.service[42969]: DEBUG keystone.server.flask.request_processing.req_logging [None req-afa00320-698f-426f-8c3a-df9db3ffd02d None admin] SCRIPT_NAME: `/identity` {{(pid=42969) log_request_info /opt/stack/keystone/keystone/server/flask/request_processing/req_logging.py:28}}
Apr 19 13:46:48 user devstack@keystone.service[42969]: DEBUG keystone.server.flask.request_processing.req_logging [None req-afa00320-698f-426f-8c3a-df9db3ffd02d None admin] PATH_INFO: `/v3/users` {{(pid=42969) log_request_info /opt/stack/keystone/keystone/server/flask/request_processing/req_logging.py:29}}
Apr 19 13:46:48 user devstack@keystone.service[42969]: DEBUG keystone.common.rbac_enforcer.enforcer [None req-afa00320-698f-426f-8c3a-df9db3ffd02d None admin] RBAC: Authorizing `identity:create_user()` {{(pid=42969) enforce_call /opt/stack/keystone/keystone/common/rbac_enforcer/enforcer.py:449}}
Apr 19 13:46:48 user devstack@keystone.service[42969]: DEBUG keystone.common.rbac_enforcer.enforcer [None req-afa00320-698f-426f-8c3a-df9db3ffd02d None admin] RBAC: Authorization granted {{(pid=42969) enforce_call /opt/stack/keystone/keystone/common/rbac_enforcer/enforcer.py:457}}
Apr 19 13:46:48 user devstack@keystone.service[42969]: WARNING keystone.common.password_hashing [None req-afa00320-698f-426f-8c3a-df9db3ffd02d None admin] Truncating password to algorithm specific maximum length 54 characters.
Apr 19 13:46:48 user devstack@keystone.service[42969]: [pid: 42969|app: 0|req: 63/195] 10.0.0.210 () {60 vars in 1127 bytes} [Wed Apr 19 13:46:48 2023] POST /identity/v3/users => generated 292 bytes in 136 msecs (HTTP/1.1 201) 5 headers in 182 bytes (1 switches on core 0)
Apr 19 13:46:48 user devstack@keystone.service[42968]: DEBUG keystone.server.flask.request_processing.middleware.auth_context [None req-e6928feb-7e04-4276-95d7-3d2d04fdc146 None admin] RBAC: auth_context: {'token': , 'domain_id': None, 'trust_id': None, 'trustor_id': None, 'trustee_id': None, 'domain_name': None, 'group_ids': [], 'user_id': '6feb18062d6f493da05ae9cb09d1ebb6', 'user_domain_id': 'default', 'system_scope': 'all', 'project_id': None, 'project_domain_id': None, 'roles': ['admin', 'member', 'reader'], 'is_admin_project': True, 'service_user_id': None, 'service_user_domain_id': None, 'service_project_id': None, 'service_project_domain_id': None, 'service_roles': []} {{(pid=42968) fill_context /opt/stack/keystone/keystone/server/flask/request_processing/middleware/auth_context.py:478}}
Apr 19 13:46:48 user devstack@keystone.service[42968]: DEBUG keystone.server.flask.request_processing.req_logging [None req-e6928feb-7e04-4276-95d7-3d2d04fdc146 None admin] REQUEST_METHOD: `GET` {{(pid=42968) log_request_info /opt/stack/keystone/keystone/server/flask/request_processing/req_logging.py:27}}
Apr 19 13:46:48 user devstack@keystone.service[42968]: DEBUG keystone.server.flask.request_processing.req_logging [None req-e6928feb-7e04-4276-95d7-3d2d04fdc146 None admin] SCRIPT_NAME: `/identity` {{(pid=42968) log_request_info /opt/stack/keystone/keystone/server/flask/request_processing/req_logging.py:28}}
Apr 19 13:46:48 user devstack@keystone.service[42968]: DEBUG keystone.server.flask.request_processing.req_logging [None req-e6928feb-7e04-4276-95d7-3d2d04fdc146 None admin] PATH_INFO: `/v3/roles` {{(pid=42968) log_request_info /opt/stack/keystone/keystone/server/flask/request_processing/req_logging.py:29}}
Apr 19 13:46:48 user devstack@keystone.service[42968]: DEBUG keystone.common.rbac_enforcer.enforcer [None req-e6928feb-7e04-4276-95d7-3d2d04fdc146 None admin] RBAC: Adding query filter params (name=reader) {{(pid=42968) _extract_filter_values /opt/stack/keystone/keystone/common/rbac_enforcer/enforcer.py:167}}
Apr 19 13:46:48 user devstack@keystone.service[42968]: DEBUG keystone.common.rbac_enforcer.enforcer [None req-e6928feb-7e04-4276-95d7-3d2d04fdc146 None admin] RBAC: Authorizing `identity:list_roles()` {{(pid=42968) enforce_call /opt/stack/keystone/keystone/common/rbac_enforcer/enforcer.py:449}}
Apr 19 13:46:48 user devstack@keystone.service[42968]: DEBUG keystone.common.rbac_enforcer.enforcer [None req-e6928feb-7e04-4276-95d7-3d2d04fdc146 None admin] RBAC: Authorization granted {{(pid=42968) enforce_call /opt/stack/keystone/keystone/common/rbac_enforcer/enforcer.py:457}}
Apr 19 13:46:48 user devstack@keystone.service[42970]: DEBUG keystone.server.flask.request_processing.middleware.auth_context [None req-b88fe003-ae7b-4c5d-8072-e9b25ce733c4 None admin] Validating token access rules against request {{(pid=42970) validate_allowed_request /usr/local/lib/python3.10/dist-packages/keystonemiddleware/auth_token/__init__.py:544}}
Apr 19 13:46:48 user devstack@keystone.service[42968]: [pid: 42968|app: 0|req: 67/196] 10.0.0.210 () {56 vars in 1096 bytes} [Wed Apr 19 13:46:48 2023] GET /identity/v3/roles?name=reader => generated 339 bytes in 120 msecs (HTTP/1.1 200) 5 headers in 177 bytes (1 switches on core 0)
Apr 19 13:46:48 user devstack@keystone.service[42969]: DEBUG keystone.server.flask.request_processing.middleware.auth_context [None req-afa00320-698f-426f-8c3a-df9db3ffd02d None admin] Authenticating user token {{(pid=42969) process_request /usr/local/lib/python3.10/dist-packages/keystonemiddleware/auth_token/__init__.py:406}}
Apr 19 13:46:48 user devstack@keystone.service[42970]: DEBUG keystone.server.flask.request_processing.middleware.auth_context [None req-6b696030-85e7-4f75-9ebf-cc003491942c None admin] RBAC: auth_context: {'token': , 'domain_id': None, 'trust_id': None, 'trustor_id': None, 'trustee_id': None, 'domain_name': None, 'group_ids': [], 'user_id': '6feb18062d6f493da05ae9cb09d1ebb6', 'user_domain_id': 'default', 'system_scope': 'all', 'project_id': None, 'project_domain_id': None, 'roles': ['admin', 'member', 'reader'], 'is_admin_project': True, 'service_user_id': None, 'service_user_domain_id': None, 'service_project_id': None, 'service_project_domain_id': None, 'service_roles': []} {{(pid=42970) fill_context /opt/stack/keystone/keystone/server/flask/request_processing/middleware/auth_context.py:478}}
Apr 19 13:46:48 user devstack@keystone.service[42970]: DEBUG keystone.server.flask.request_processing.req_logging [None req-6b696030-85e7-4f75-9ebf-cc003491942c None admin] REQUEST_METHOD: `GET` {{(pid=42970) log_request_info /opt/stack/keystone/keystone/server/flask/request_processing/req_logging.py:27}}
Apr 19 13:46:48 user devstack@keystone.service[42970]: DEBUG keystone.server.flask.request_processing.req_logging [None req-6b696030-85e7-4f75-9ebf-cc003491942c None admin] SCRIPT_NAME: `/identity` {{(pid=42970) log_request_info /opt/stack/keystone/keystone/server/flask/request_processing/req_logging.py:28}}
Apr 19 13:46:48 user devstack@keystone.service[42970]: DEBUG keystone.server.flask.request_processing.req_logging [None req-6b696030-85e7-4f75-9ebf-cc003491942c None admin] PATH_INFO: `/v3/roles/member` {{(pid=42970) log_request_info /opt/stack/keystone/keystone/server/flask/request_processing/req_logging.py:29}}
Apr 19 13:46:48 user devstack@keystone.service[42970]: DEBUG keystone.common.rbac_enforcer.enforcer [None req-6b696030-85e7-4f75-9ebf-cc003491942c None admin] Extracting inferred target data resulted in "NOT FOUND (404)". {{(pid=42970) enforce_call /opt/stack/keystone/keystone/common/rbac_enforcer/enforcer.py:409}}
Apr 19 13:46:48 user devstack@keystone.service[42970]: ERROR keystone.server.flask.application [None req-6b696030-85e7-4f75-9ebf-cc003491942c None admin] Could not find role: member.: keystone.exception.RoleNotFound: Could not find role: member.
Apr 19 13:46:48 user devstack@keystone.service[42970]: ERROR keystone.server.flask.application
Traceback (most recent call last):
Apr 19 13:46:48 user devstack@keystone.service[42970]: ERROR keystone.server.flask.application
File "/usr/local/lib/python3.10/dist-packages/flask/app.py", line 1823, in full_dispatch_request
Apr 19 13:46:48 user devstack@keystone.service[42970]: ERROR keystone.server.flask.application rv = self.dispatch_request()
Apr 19 13:46:48 user devstack@keystone.service[42970]: ERROR keystone.server.flask.application
File "/usr/local/lib/python3.10/dist-packages/flask/app.py", line 1799, in dispatch_request
Apr 19 13:46:48 user devstack@keystone.service[42970]: ERROR keystone.server.flask.application return self.ensure_sync(self.view_functions[rule.endpoint])(**view_args)
Apr 19 13:46:48 user devstack@keystone.service[42970]: ERROR keystone.server.flask.application
File "/usr/local/lib/python3.10/dist-packages/flask_restful/__init__.py", line 467, in wrapper
Apr 19 13:46:48 user devstack@keystone.service[42970]: ERROR keystone.server.flask.application resp = resource(*args, **kwargs)
Apr 19 13:46:48 user devstack@keystone.service[42970]: ERROR keystone.server.flask.application
File "/usr/local/lib/python3.10/dist-packages/flask/views.py", line 107, in view
Apr 19 13:46:48 user devstack@keystone.service[42970]: ERROR keystone.server.flask.application return current_app.ensure_sync(self.dispatch_request)(**kwargs)
Apr 19 13:46:48 user devstack@keystone.service[42970]: ERROR keystone.server.flask.application
File "/usr/local/lib/python3.10/dist-packages/flask_restful/__init__.py", line 582, in dispatch_request
Apr 19 13:46:48 user devstack@keystone.service[42970]: ERROR keystone.server.flask.application resp = meth(*args, **kwargs)
Apr 19 13:46:48 user devstack@keystone.service[42970]: ERROR keystone.server.flask.application
File "/opt/stack/keystone/keystone/api/roles.py", line 50, in get
Apr 19 13:46:48 user devstack@keystone.service[42970]: ERROR keystone.server.flask.application return self._get_role(role_id)
Apr 19 13:46:48 user devstack@keystone.service[42970]: ERROR keystone.server.flask.application
File "/opt/stack/keystone/keystone/api/roles.py", line 70, in _get_role
Apr 19 13:46:48 user devstack@keystone.service[42970]: ERROR keystone.server.flask.application ENFORCER.enforce_call(action='identity:get_role')
Apr 19 13:46:48 user devstack@keystone.service[42970]: ERROR keystone.server.flask.application
File "/opt/stack/keystone/keystone/common/rbac_enforcer/enforcer.py", line 402, in enforce_call
Apr 19 13:46:48 user devstack@keystone.service[42970]: ERROR keystone.server.flask.application policy_dict.update(cls._extract_member_target_data(
Apr 19 13:46:48 user devstack@keystone.service[42970]: ERROR keystone.server.flask.application
File "/opt/stack/keystone/keystone/common/rbac_enforcer/enforcer.py", line 234, in _extract_member_target_data
Apr 19 13:46:48 user devstack@keystone.service[42970]: ERROR keystone.server.flask.application member_name: func(flask.request.view_args[key])
Apr 19 13:46:48 user devstack@keystone.service[42970]: ERROR keystone.server.flask.application
File "/opt/stack/keystone/keystone/common/manager.py", line 115, in wrapped
Apr 19 13:46:48 user devstack@keystone.service[42970]: ERROR keystone.server.flask.application __ret_val = __f(*args, **kwargs)
Apr 19 13:46:48 user devstack@keystone.service[42970]: ERROR keystone.server.flask.application
File "/usr/local/lib/python3.10/dist-packages/decorator.py", line 232, in fun
Apr 19 13:46:48 user devstack@keystone.service[42970]: ERROR keystone.server.flask.application return caller(func, *(extras + args), **kw)
Apr 19 13:46:48 user devstack@keystone.service[42970]: ERROR keystone.server.flask.application
File "/usr/local/lib/python3.10/dist-packages/dogpile/cache/region.py", line 1577, in get_or_create_for_user_func
Apr 19 13:46:48 user devstack@keystone.service[42970]: ERROR keystone.server.flask.application return self.get_or_create(
Apr 19 13:46:48 user devstack@keystone.service[42970]: ERROR keystone.server.flask.application
File "/usr/local/lib/python3.10/dist-packages/dogpile/cache/region.py", line 1042, in get_or_create
Apr 19 13:46:48 user devstack@keystone.service[42970]: ERROR keystone.server.flask.application with Lock(
Apr 19 13:46:48 user devstack@keystone.service[42970]: ERROR keystone.server.flask.application
File "/usr/local/lib/python3.10/dist-packages/dogpile/lock.py", line 185, in __enter__
Apr 19 13:46:48 user devstack@keystone.service[42970]: ERROR keystone.server.flask.application return self._enter()
Apr 19 13:46:48 user devstack@keystone.service[42970]: ERROR keystone.server.flask.application
File "/usr/local/lib/python3.10/dist-packages/dogpile/lock.py", line 94, in _enter
Apr 19 13:46:48 user devstack@keystone.service[42970]: ERROR keystone.server.flask.application generated = self._enter_create(value, createdtime)
Apr 19 13:46:48 user devstack@keystone.service[42970]: ERROR keystone.server.flask.application
File "/usr/local/lib/python3.10/dist-packages/dogpile/lock.py", line 178, in _enter_create
Apr 19 13:46:48 user devstack@keystone.service[42970]: ERROR keystone.server.flask.application return self.creator()
Apr 19 13:46:48 user devstack@keystone.service[42970]: ERROR keystone.server.flask.application
File "/usr/local/lib/python3.10/dist-packages/dogpile/cache/region.py", line 995, in gen_value
Apr 19 13:46:48 user devstack@keystone.service[42970]: ERROR keystone.server.flask.application created_value = creator(
Apr 19 13:46:48 user devstack@keystone.service[42970]: ERROR keystone.server.flask.application
File "/opt/stack/keystone/keystone/assignment/core.py", line 1276, in get_role
Apr 19 13:46:48 user devstack@keystone.service[42970]: ERROR keystone.server.flask.application return self.driver.get_role(role_id)
Apr 19 13:46:48 user devstack@keystone.service[42970]: ERROR keystone.server.flask.application
File "/opt/stack/keystone/keystone/assignment/role_backends/sql.py", line 70, in get_role
Apr 19 13:46:48 user devstack@keystone.service[42970]: ERROR keystone.server.flask.application return self._get_role(session, role_id).to_dict()
Apr 19 13:46:48 user devstack@keystone.service[42970]: ERROR keystone.server.flask.application
File "/opt/stack/keystone/keystone/assignment/role_backends/sql.py", line 65, in _get_role
Apr 19 13:46:48 user devstack@keystone.service[42970]: ERROR keystone.server.flask.application raise exception.RoleNotFound(role_id=role_id)
Apr 19 13:46:48 user devstack@keystone.service[42970]: ERROR keystone.server.flask.application keystone.exception.RoleNotFound: Could not find role: member.
Apr 19 13:46:48 user devstack@keystone.service[42970]: ERROR keystone.server.flask.application
Apr 19 13:46:48 user devstack@keystone.service[42970]: [pid: 42970|app: 0|req: 67/197] 10.0.0.210 () {56 vars in 1094 bytes} [Wed Apr 19 13:46:48 2023] GET /identity/v3/roles/member => generated 84 bytes in 142 msecs (HTTP/1.1 404) 5 headers in 183 bytes (1 switches on core 0)
Apr 19 13:46:48 user devstack@keystone.service[42968]: DEBUG keystone.server.flask.request_processing.middleware.auth_context [None req-e6928feb-7e04-4276-95d7-3d2d04fdc146 None admin] Authenticating user token {{(pid=42968) process_request /usr/local/lib/python3.10/dist-packages/keystonemiddleware/auth_token/__init__.py:406}}
Apr 19 13:46:48 user devstack@keystone.service[42969]: DEBUG dbcounter [-] [42969] Writing DB stats keystone:SELECT=97,keystone:INSERT=3 {{(pid=42969) stat_writer /usr/local/lib/python3.10/dist-packages/dbcounter.py:117}}
Apr 19 13:46:48 user devstack@keystone.service[42969]: DEBUG keystone.server.flask.request_processing.middleware.auth_context [None req-afa00320-698f-426f-8c3a-df9db3ffd02d None admin] Validating token access rules against request {{(pid=42969) validate_allowed_request /usr/local/lib/python3.10/dist-packages/keystonemiddleware/auth_token/__init__.py:544}}
Apr 19 13:46:48 user devstack@keystone.service[42968]: DEBUG dbcounter [-] [42968] Writing DB stats keystone:SELECT=100 {{(pid=42968) stat_writer /usr/local/lib/python3.10/dist-packages/dbcounter.py:117}}
Apr 19 13:46:48 user devstack@keystone.service[42969]: DEBUG keystone.server.flask.request_processing.middleware.auth_context [None req-9f8efd3c-422f-4654-9ff8-1353e447b447 None admin] RBAC: auth_context: {'token': , 'domain_id': None, 'trust_id': None, 'trustor_id': None, 'trustee_id': None, 'domain_name': None, 'group_ids': [], 'user_id': '6feb18062d6f493da05ae9cb09d1ebb6', 'user_domain_id': 'default', 'system_scope': 'all', 'project_id': None, 'project_domain_id': None, 'roles': ['admin', 'member', 'reader'], 'is_admin_project': True, 'service_user_id': None, 'service_user_domain_id': None, 'service_project_id': None, 'service_project_domain_id': None, 'service_roles': []} {{(pid=42969) fill_context /opt/stack/keystone/keystone/server/flask/request_processing/middleware/auth_context.py:478}}
Apr 19 13:46:48 user devstack@keystone.service[42969]: DEBUG keystone.server.flask.request_processing.req_logging [None req-9f8efd3c-422f-4654-9ff8-1353e447b447 None admin] REQUEST_METHOD: `GET` {{(pid=42969) log_request_info /opt/stack/keystone/keystone/server/flask/request_processing/req_logging.py:27}}
Apr 19 13:46:48 user devstack@keystone.service[42969]: DEBUG keystone.server.flask.request_processing.req_logging [None req-9f8efd3c-422f-4654-9ff8-1353e447b447 None admin] SCRIPT_NAME: `/identity` {{(pid=42969) log_request_info /opt/stack/keystone/keystone/server/flask/request_processing/req_logging.py:28}}
Apr 19 13:46:48 user devstack@keystone.service[42969]: DEBUG keystone.server.flask.request_processing.req_logging [None req-9f8efd3c-422f-4654-9ff8-1353e447b447 None admin] PATH_INFO: `/v3/users/0b4b60c081bf40ae9e7dea133a1755d1` {{(pid=42969) log_request_info /opt/stack/keystone/keystone/server/flask/request_processing/req_logging.py:29}}
Apr 19 13:46:48 user devstack@keystone.service[42969]: DEBUG keystone.common.rbac_enforcer.enforcer [None req-9f8efd3c-422f-4654-9ff8-1353e447b447 None admin] RBAC: Authorizing `identity:get_user(user_id=0b4b60c081bf40ae9e7dea133a1755d1)` {{(pid=42969) enforce_call /opt/stack/keystone/keystone/common/rbac_enforcer/enforcer.py:449}}
Apr 19 13:46:48 user devstack@keystone.service[42969]: DEBUG keystone.common.rbac_enforcer.enforcer [None req-9f8efd3c-422f-4654-9ff8-1353e447b447 None admin] RBAC: Authorization granted {{(pid=42969) enforce_call /opt/stack/keystone/keystone/common/rbac_enforcer/enforcer.py:457}}
Apr 19 13:46:48 user devstack@keystone.service[42968]: DEBUG keystone.server.flask.request_processing.middleware.auth_context [None req-e6928feb-7e04-4276-95d7-3d2d04fdc146 None admin] Validating token access rules against request {{(pid=42968) validate_allowed_request /usr/local/lib/python3.10/dist-packages/keystonemiddleware/auth_token/__init__.py:544}}
Apr 19 13:46:48 user devstack@keystone.service[42969]: [pid: 42969|app: 0|req: 64/198] 10.0.0.210 () {56 vars in 1172 bytes} [Wed Apr 19 13:46:48 2023] GET /identity/v3/users/0b4b60c081bf40ae9e7dea133a1755d1 => generated 296 bytes in 141 msecs (HTTP/1.1 200) 5 headers in 177 bytes (1 switches on core 0)
Apr 19 13:46:48 user devstack@keystone.service[42970]: DEBUG keystone.server.flask.request_processing.middleware.auth_context [None req-6b696030-85e7-4f75-9ebf-cc003491942c None admin] Authenticating user token {{(pid=42970) process_request /usr/local/lib/python3.10/dist-packages/keystonemiddleware/auth_token/__init__.py:406}}
Apr 19 13:46:48 user devstack@keystone.service[42968]: DEBUG keystone.server.flask.request_processing.middleware.auth_context [None req-45ecdec8-a3ab-44b6-a1bf-151598e70655 None admin] RBAC: auth_context: {'token': , 'domain_id': None, 'trust_id': None, 'trustor_id': None, 'trustee_id': None, 'domain_name': None, 'group_ids': [], 'user_id': '6feb18062d6f493da05ae9cb09d1ebb6', 'user_domain_id': 'default', 'system_scope': 'all', 'project_id': None, 'project_domain_id': None, 'roles': ['admin', 'member', 'reader'], 'is_admin_project': True, 'service_user_id': None, 'service_user_domain_id': None, 'service_project_id': None, 'service_project_domain_id': None, 'service_roles': []} {{(pid=42968) fill_context /opt/stack/keystone/keystone/server/flask/request_processing/middleware/auth_context.py:478}}
Apr 19 13:46:48 user devstack@keystone.service[42968]: DEBUG keystone.server.flask.request_processing.req_logging [None req-45ecdec8-a3ab-44b6-a1bf-151598e70655 None admin] REQUEST_METHOD: `GET` {{(pid=42968) log_request_info /opt/stack/keystone/keystone/server/flask/request_processing/req_logging.py:27}}
Apr 19 13:46:48 user devstack@keystone.service[42968]: DEBUG keystone.server.flask.request_processing.req_logging [None req-45ecdec8-a3ab-44b6-a1bf-151598e70655 None admin] SCRIPT_NAME: `/identity` {{(pid=42968) log_request_info /opt/stack/keystone/keystone/server/flask/request_processing/req_logging.py:28}}
Apr 19 13:46:48 user devstack@keystone.service[42968]: DEBUG keystone.server.flask.request_processing.req_logging [None req-45ecdec8-a3ab-44b6-a1bf-151598e70655 None admin] PATH_INFO: `/v3/roles` {{(pid=42968) log_request_info /opt/stack/keystone/keystone/server/flask/request_processing/req_logging.py:29}}
Apr 19 13:46:48 user devstack@keystone.service[42968]: DEBUG keystone.common.rbac_enforcer.enforcer [None req-45ecdec8-a3ab-44b6-a1bf-151598e70655 None admin] RBAC: Adding query filter params (name=member) {{(pid=42968) _extract_filter_values /opt/stack/keystone/keystone/common/rbac_enforcer/enforcer.py:167}}
Apr 19 13:46:48 user devstack@keystone.service[42968]: DEBUG keystone.common.rbac_enforcer.enforcer [None req-45ecdec8-a3ab-44b6-a1bf-151598e70655 None admin] RBAC: Authorizing `identity:list_roles()` {{(pid=42968) enforce_call /opt/stack/keystone/keystone/common/rbac_enforcer/enforcer.py:449}}
Apr 19 13:46:48 user devstack@keystone.service[42968]: DEBUG keystone.common.rbac_enforcer.enforcer [None req-45ecdec8-a3ab-44b6-a1bf-151598e70655 None admin] RBAC: Authorization granted {{(pid=42968) enforce_call /opt/stack/keystone/keystone/common/rbac_enforcer/enforcer.py:457}}
Apr 19 13:46:48 user devstack@keystone.service[42968]: [pid: 42968|app: 0|req: 68/199] 10.0.0.210 () {56 vars in 1096 bytes} [Wed Apr 19 13:46:48 2023] GET /identity/v3/roles?name=member => generated 339 bytes in 125 msecs (HTTP/1.1 200) 5 headers in 177 bytes (1 switches on core 0)
Apr 19 13:46:48 user devstack@keystone.service[42969]: DEBUG keystone.server.flask.request_processing.middleware.auth_context [None req-9f8efd3c-422f-4654-9ff8-1353e447b447 None admin] Authenticating user token {{(pid=42969) process_request /usr/local/lib/python3.10/dist-packages/keystonemiddleware/auth_token/__init__.py:406}}
Apr 19 13:46:49 user devstack@keystone.service[42970]: DEBUG keystone.server.flask.request_processing.middleware.auth_context [None req-6b696030-85e7-4f75-9ebf-cc003491942c None admin] Validating token access rules against request {{(pid=42970) validate_allowed_request /usr/local/lib/python3.10/dist-packages/keystonemiddleware/auth_token/__init__.py:544}}
Apr 19 13:46:49 user devstack@keystone.service[42970]: DEBUG dbcounter [-] [42970] Writing DB stats keystone:SELECT=100 {{(pid=42970) stat_writer /usr/local/lib/python3.10/dist-packages/dbcounter.py:117}}
Apr 19 13:46:49 user devstack@keystone.service[42970]: DEBUG keystone.server.flask.request_processing.middleware.auth_context [None req-f8b236e1-d16c-43eb-afec-ab416409208c None admin] RBAC: auth_context: {'token': , 'domain_id': None, 'trust_id': None, 'trustor_id': None, 'trustee_id': None, 'domain_name': None, 'group_ids': [], 'user_id': '6feb18062d6f493da05ae9cb09d1ebb6', 'user_domain_id': 'default', 'system_scope': 'all', 'project_id': None, 'project_domain_id': None, 'roles': ['admin', 'member', 'reader'], 'is_admin_project': True, 'service_user_id': None, 'service_user_domain_id': None, 'service_project_id': None, 'service_project_domain_id': None, 'service_roles': []} {{(pid=42970) fill_context /opt/stack/keystone/keystone/server/flask/request_processing/middleware/auth_context.py:478}}
Apr 19 13:46:49 user devstack@keystone.service[42970]: DEBUG keystone.server.flask.request_processing.req_logging [None req-f8b236e1-d16c-43eb-afec-ab416409208c None admin] REQUEST_METHOD: `GET` {{(pid=42970) log_request_info /opt/stack/keystone/keystone/server/flask/request_processing/req_logging.py:27}}
Apr 19 13:46:49 user devstack@keystone.service[42970]: DEBUG keystone.server.flask.request_processing.req_logging [None req-f8b236e1-d16c-43eb-afec-ab416409208c None admin] SCRIPT_NAME: `/identity` {{(pid=42970) log_request_info /opt/stack/keystone/keystone/server/flask/request_processing/req_logging.py:28}}
Apr 19 13:46:49 user devstack@keystone.service[42970]: DEBUG keystone.server.flask.request_processing.req_logging [None req-f8b236e1-d16c-43eb-afec-ab416409208c None admin] PATH_INFO: `/v3/projects/0f729e27641046f4b8bf741dcd639df1` {{(pid=42970) log_request_info /opt/stack/keystone/keystone/server/flask/request_processing/req_logging.py:29}}
Apr 19 13:46:49 user devstack@keystone.service[42970]: DEBUG keystone.common.rbac_enforcer.enforcer [None req-f8b236e1-d16c-43eb-afec-ab416409208c None admin] RBAC: Authorizing `identity:get_project(project_id=0f729e27641046f4b8bf741dcd639df1)` {{(pid=42970) enforce_call /opt/stack/keystone/keystone/common/rbac_enforcer/enforcer.py:449}}
Apr 19 13:46:49 user devstack@keystone.service[42970]: DEBUG keystone.common.rbac_enforcer.enforcer [None req-f8b236e1-d16c-43eb-afec-ab416409208c None admin] RBAC: Authorization granted {{(pid=42970) enforce_call /opt/stack/keystone/keystone/common/rbac_enforcer/enforcer.py:457}}
Apr 19 13:46:49 user devstack@keystone.service[42970]: [pid: 42970|app: 0|req: 68/200] 10.0.0.210 () {56 vars in 1181 bytes} [Wed Apr 19 13:46:48 2023] GET /identity/v3/projects/0f729e27641046f4b8bf741dcd639df1 => generated 301 bytes in 119 msecs (HTTP/1.1 200) 5 headers in 177 bytes (1 switches on core 0)
Apr 19 13:46:49 user devstack@keystone.service[42969]: DEBUG keystone.server.flask.request_processing.middleware.auth_context [None req-9f8efd3c-422f-4654-9ff8-1353e447b447 None admin] Validating token access rules against request {{(pid=42969) validate_allowed_request /usr/local/lib/python3.10/dist-packages/keystonemiddleware/auth_token/__init__.py:544}}
Apr 19 13:46:49 user devstack@keystone.service[42968]: DEBUG keystone.server.flask.request_processing.middleware.auth_context [None req-45ecdec8-a3ab-44b6-a1bf-151598e70655 None admin] Authenticating user token {{(pid=42968) process_request /usr/local/lib/python3.10/dist-packages/keystonemiddleware/auth_token/__init__.py:406}}
Apr 19 13:46:49 user devstack@keystone.service[42969]: DEBUG dbcounter [-] [42969] Writing DB stats keystone:SELECT=100 {{(pid=42969) stat_writer /usr/local/lib/python3.10/dist-packages/dbcounter.py:117}}
Apr 19 13:46:49 user devstack@keystone.service[42969]: DEBUG keystone.server.flask.request_processing.middleware.auth_context [None req-a0044045-96a3-4b4c-b270-8617768f6152 None admin] RBAC: auth_context: {'token': , 'domain_id': None, 'trust_id': None, 'trustor_id': None, 'trustee_id': None, 'domain_name': None, 'group_ids': [], 'user_id': '6feb18062d6f493da05ae9cb09d1ebb6', 'user_domain_id': 'default', 'system_scope': 'all', 'project_id': None, 'project_domain_id': None, 'roles': ['admin', 'member', 'reader'], 'is_admin_project': True, 'service_user_id': None, 'service_user_domain_id': None, 'service_project_id': None, 'service_project_domain_id': None, 'service_roles': []} {{(pid=42969) fill_context /opt/stack/keystone/keystone/server/flask/request_processing/middleware/auth_context.py:478}}
Apr 19 13:46:49 user devstack@keystone.service[42969]: DEBUG keystone.server.flask.request_processing.req_logging [None req-a0044045-96a3-4b4c-b270-8617768f6152 None admin] REQUEST_METHOD: `GET` {{(pid=42969) log_request_info /opt/stack/keystone/keystone/server/flask/request_processing/req_logging.py:27}}
Apr 19 13:46:49 user devstack@keystone.service[42969]: DEBUG keystone.server.flask.request_processing.req_logging [None req-a0044045-96a3-4b4c-b270-8617768f6152 None admin] SCRIPT_NAME: `/identity` {{(pid=42969) log_request_info /opt/stack/keystone/keystone/server/flask/request_processing/req_logging.py:28}}
Apr 19 13:46:49 user devstack@keystone.service[42969]: DEBUG keystone.server.flask.request_processing.req_logging [None req-a0044045-96a3-4b4c-b270-8617768f6152 None admin] PATH_INFO: `/v3/users/7b8eae574d9143f28b9500f6fc45d086` {{(pid=42969) log_request_info /opt/stack/keystone/keystone/server/flask/request_processing/req_logging.py:29}}
Apr 19 13:46:49 user devstack@keystone.service[42969]: DEBUG keystone.common.rbac_enforcer.enforcer [None req-a0044045-96a3-4b4c-b270-8617768f6152 None admin] RBAC: Authorizing `identity:get_user(user_id=7b8eae574d9143f28b9500f6fc45d086)` {{(pid=42969) enforce_call /opt/stack/keystone/keystone/common/rbac_enforcer/enforcer.py:449}}
Apr 19 13:46:49 user devstack@keystone.service[42969]: DEBUG keystone.common.rbac_enforcer.enforcer [None req-a0044045-96a3-4b4c-b270-8617768f6152 None admin] RBAC: Authorization granted {{(pid=42969) enforce_call /opt/stack/keystone/keystone/common/rbac_enforcer/enforcer.py:457}}
Apr 19 13:46:49 user devstack@keystone.service[42969]: [pid: 42969|app: 0|req: 65/201] 10.0.0.210 () {56 vars in 1172 bytes} [Wed Apr 19 13:46:48 2023] GET /identity/v3/users/7b8eae574d9143f28b9500f6fc45d086 => generated 296 bytes in 126 msecs (HTTP/1.1 200) 5 headers in 177 bytes (1 switches on core 0)
Apr 19 13:46:49 user devstack@keystone.service[42970]: DEBUG keystone.server.flask.request_processing.middleware.auth_context [None req-f8b236e1-d16c-43eb-afec-ab416409208c None admin] Authenticating user token {{(pid=42970) process_request /usr/local/lib/python3.10/dist-packages/keystonemiddleware/auth_token/__init__.py:406}}
Apr 19 13:46:49 user devstack@keystone.service[42968]: DEBUG keystone.server.flask.request_processing.middleware.auth_context [None req-45ecdec8-a3ab-44b6-a1bf-151598e70655 None admin] Validating token access rules against request {{(pid=42968) validate_allowed_request /usr/local/lib/python3.10/dist-packages/keystonemiddleware/auth_token/__init__.py:544}}
Apr 19 13:46:49 user devstack@keystone.service[42968]: DEBUG dbcounter [-] [42968] Writing DB stats keystone:SELECT=100 {{(pid=42968) stat_writer /usr/local/lib/python3.10/dist-packages/dbcounter.py:117}}
Apr 19 13:46:49 user devstack@keystone.service[42968]: DEBUG keystone.server.flask.request_processing.middleware.auth_context [None req-b077b4d6-a7c0-4af3-adb0-314cbfcde9d1 None admin] RBAC: auth_context: {'token': , 'domain_id': None, 'trust_id': None, 'trustor_id': None, 'trustee_id': None, 'domain_name': None, 'group_ids': [], 'user_id': '6feb18062d6f493da05ae9cb09d1ebb6', 'user_domain_id': 'default', 'system_scope': 'all', 'project_id': None, 'project_domain_id': None, 'roles': ['admin', 'member', 'reader'], 'is_admin_project': True, 'service_user_id': None, 'service_user_domain_id': None, 'service_project_id': None, 'service_project_domain_id': None, 'service_roles': []} {{(pid=42968) fill_context /opt/stack/keystone/keystone/server/flask/request_processing/middleware/auth_context.py:478}}
Apr 19 13:46:49 user devstack@keystone.service[42968]: DEBUG keystone.server.flask.request_processing.req_logging [None req-b077b4d6-a7c0-4af3-adb0-314cbfcde9d1 None admin] REQUEST_METHOD: `PUT` {{(pid=42968) log_request_info /opt/stack/keystone/keystone/server/flask/request_processing/req_logging.py:27}}
Apr 19 13:46:49 user devstack@keystone.service[42968]: DEBUG keystone.server.flask.request_processing.req_logging [None req-b077b4d6-a7c0-4af3-adb0-314cbfcde9d1 None admin] SCRIPT_NAME: `/identity` {{(pid=42968) log_request_info /opt/stack/keystone/keystone/server/flask/request_processing/req_logging.py:28}}
