Apr 19 14:15:18 user devstack@placement-api.service[66456]: [pid: 66456|app: 0|req: 241/721] 10.0.0.210 () {68 vars in 1510 bytes} [Wed Apr 19 14:15:18 2023] PUT /placement/allocations/d01cbd10-f562-4a76-8915-6c725d42dadd => generated 0 bytes in 62 msecs (HTTP/1.1 204) 5 headers in 199 bytes (1 switches on core 0)
Apr 19 14:15:18 user devstack@placement-api.service[66457]: DEBUG placement.requestlog [req-5e7cba53-adcb-431b-abd4-6868fe22ed74 req-4033fd87-3e0e-4ace-913b-5587885d03e2 None None] Starting request: 10.0.0.210 "GET /placement/allocations/d01cbd10-f562-4a76-8915-6c725d42dadd" {{(pid=66457) __call__ /opt/stack/placement/placement/requestlog.py:55}}
Apr 19 14:15:18 user devstack@placement-api.service[66457]: INFO placement.requestlog [req-5e7cba53-adcb-431b-abd4-6868fe22ed74 req-4033fd87-3e0e-4ace-913b-5587885d03e2 service placement] 10.0.0.210 "GET /placement/allocations/d01cbd10-f562-4a76-8915-6c725d42dadd" status: 200 len: 258 microversion: 1.28
Apr 19 14:15:18 user devstack@placement-api.service[66457]: [pid: 66457|app: 0|req: 240/722] 10.0.0.210 () {64 vars in 1455 bytes} [Wed Apr 19 14:15:18 2023] GET /placement/allocations/d01cbd10-f562-4a76-8915-6c725d42dadd => generated 258 bytes in 15 msecs (HTTP/1.1 200) 8 headers in 296 bytes (1 switches on core 0)
Apr 19 14:15:18 user devstack@placement-api.service[66458]: DEBUG placement.requestlog [req-5e7cba53-adcb-431b-abd4-6868fe22ed74 req-2a8df38f-f1d9-40ef-a854-040a06da4251 None None] Starting request: 10.0.0.210 "GET /placement/resource_providers/53430ca5-77cc-4e5a-86cc-01dabae25938/allocations" {{(pid=66458) __call__ /opt/stack/placement/placement/requestlog.py:55}}
Apr 19 14:15:18 user devstack@placement-api.service[66458]: INFO placement.requestlog [req-5e7cba53-adcb-431b-abd4-6868fe22ed74 req-2a8df38f-f1d9-40ef-a854-040a06da4251 service placement] 10.0.0.210 "GET /placement/resource_providers/53430ca5-77cc-4e5a-86cc-01dabae25938/allocations" status: 200 len: 153 microversion: 1.0
Apr 19 14:15:18 user devstack@placement-api.service[66458]: [pid: 66458|app: 0|req: 242/723] 10.0.0.210 () {62 vars in 1468 bytes} [Wed Apr 19 14:15:18 2023] GET /placement/resource_providers/53430ca5-77cc-4e5a-86cc-01dabae25938/allocations => generated 153 bytes in 18 msecs (HTTP/1.1 200) 6 headers in 224 bytes (1 switches on core 0)
Apr 19 14:15:18 user devstack@placement-api.service[66456]: DEBUG placement.requestlog [req-5e7cba53-adcb-431b-abd4-6868fe22ed74 req-d9d8158b-1d53-4f19-bbcf-7958f9d75934 None None] Starting request: 10.0.0.210 "GET /placement/allocations/d01cbd10-f562-4a76-8915-6c725d42dadd" {{(pid=66456) __call__ /opt/stack/placement/placement/requestlog.py:55}}
Apr 19 14:15:18 user devstack@placement-api.service[66456]: INFO placement.requestlog [req-5e7cba53-adcb-431b-abd4-6868fe22ed74 req-d9d8158b-1d53-4f19-bbcf-7958f9d75934 service placement] 10.0.0.210 "GET /placement/allocations/d01cbd10-f562-4a76-8915-6c725d42dadd" status: 200 len: 258 microversion: 1.28
Apr 19 14:15:18 user devstack@placement-api.service[66456]: [pid: 66456|app: 0|req: 242/724] 10.0.0.210 () {64 vars in 1455 bytes} [Wed Apr 19 14:15:18 2023] GET /placement/allocations/d01cbd10-f562-4a76-8915-6c725d42dadd => generated 258 bytes in 15 msecs (HTTP/1.1 200) 8 headers in 296 bytes (1 switches on core 0)
Apr 19 14:15:25 user devstack@placement-api.service[66457]: DEBUG placement.requestlog [req-76686ee4-37e1-429e-9171-05c18a8ef694 req-6b7976e8-06c3-4727-926a-3ef36947efde None None] Starting request: 10.0.0.210 "GET /placement/resource_providers/53430ca5-77cc-4e5a-86cc-01dabae25938/allocations" {{(pid=66457) __call__ /opt/stack/placement/placement/requestlog.py:55}}
Apr 19 14:15:25 user devstack@placement-api.service[66457]: INFO placement.requestlog [req-76686ee4-37e1-429e-9171-05c18a8ef694 req-6b7976e8-06c3-4727-926a-3ef36947efde service placement] 10.0.0.210 "GET /placement/resource_providers/53430ca5-77cc-4e5a-86cc-01dabae25938/allocations" status: 200 len: 153 microversion: 1.0
Apr 19 14:15:25 user devstack@placement-api.service[66457]: [pid: 66457|app: 0|req: 241/725] 10.0.0.210 () {62 vars in 1468 bytes} [Wed Apr 19 14:15:25 2023] GET /placement/resource_providers/53430ca5-77cc-4e5a-86cc-01dabae25938/allocations => generated 153 bytes in 21 msecs (HTTP/1.1 200) 6 headers in 224 bytes (2 switches on core 0)
Apr 19 14:15:25 user devstack@placement-api.service[66458]: DEBUG placement.requestlog [req-76686ee4-37e1-429e-9171-05c18a8ef694 req-23d57320-2cde-4e71-aac4-dd650520c576 None None] Starting request: 10.0.0.210 "GET /placement/resource_providers/53430ca5-77cc-4e5a-86cc-01dabae25938/allocations" {{(pid=66458) __call__ /opt/stack/placement/placement/requestlog.py:55}}
Apr 19 14:15:25 user devstack@placement-api.service[66458]: INFO placement.requestlog [req-76686ee4-37e1-429e-9171-05c18a8ef694 req-23d57320-2cde-4e71-aac4-dd650520c576 service placement] 10.0.0.210 "GET /placement/resource_providers/53430ca5-77cc-4e5a-86cc-01dabae25938/allocations" status: 200 len: 153 microversion: 1.0
Apr 19 14:15:25 user devstack@placement-api.service[66458]: [pid: 66458|app: 0|req: 243/726] 10.0.0.210 () {62 vars in 1468 bytes} [Wed Apr 19 14:15:25 2023] GET /placement/resource_providers/53430ca5-77cc-4e5a-86cc-01dabae25938/allocations => generated 153 bytes in 20 msecs (HTTP/1.1 200) 6 headers in 224 bytes (1 switches on core 0)
Apr 19 14:15:25 user devstack@placement-api.service[66456]: DEBUG placement.requestlog [req-76686ee4-37e1-429e-9171-05c18a8ef694 req-7bd964ff-d64e-46e2-b6bb-9b4faeb3c2c6 None None] Starting request: 10.0.0.210 "GET /placement/allocations/d01cbd10-f562-4a76-8915-6c725d42dadd" {{(pid=66456) __call__ /opt/stack/placement/placement/requestlog.py:55}}
Apr 19 14:15:25 user devstack@placement-api.service[66456]: INFO placement.requestlog [req-76686ee4-37e1-429e-9171-05c18a8ef694 req-7bd964ff-d64e-46e2-b6bb-9b4faeb3c2c6 service placement] 10.0.0.210 "GET /placement/allocations/d01cbd10-f562-4a76-8915-6c725d42dadd" status: 200 len: 258 microversion: 1.28
Apr 19 14:15:25 user devstack@placement-api.service[66456]: [pid: 66456|app: 0|req: 243/727] 10.0.0.210 () {64 vars in 1455 bytes} [Wed Apr 19 14:15:25 2023] GET /placement/allocations/d01cbd10-f562-4a76-8915-6c725d42dadd => generated 258 bytes in 17 msecs (HTTP/1.1 200) 8 headers in 296 bytes (1 switches on core 0)
Apr 19 14:15:35 user devstack@placement-api.service[66457]: DEBUG dbcounter [-] [66457] Writing DB stats placement:SELECT=22 {{(pid=66457) stat_writer /usr/local/lib/python3.10/dist-packages/dbcounter.py:117}}
Apr 19 14:15:35 user devstack@placement-api.service[66458]: DEBUG dbcounter [-] [66458] Writing DB stats placement:SELECT=14 {{(pid=66458) stat_writer /usr/local/lib/python3.10/dist-packages/dbcounter.py:117}}
Apr 19 14:15:35 user devstack@placement-api.service[66456]: DEBUG dbcounter [-] [66456] Writing DB stats placement:SELECT=21,placement:INSERT=4,placement:DELETE=2,placement:UPDATE=2 {{(pid=66456) stat_writer /usr/local/lib/python3.10/dist-packages/dbcounter.py:117}}
Apr 19 14:16:27 user devstack@placement-api.service[66457]: DEBUG placement.requestlog [req-29435121-3ab6-4827-bf24-6838baef9a86 req-2fddeb5b-bc0a-4298-a99a-73cec0da7776 None None] Starting request: 10.0.0.210 "GET /placement/resource_providers/53430ca5-77cc-4e5a-86cc-01dabae25938/allocations" {{(pid=66457) __call__ /opt/stack/placement/placement/requestlog.py:55}}
Apr 19 14:16:27 user devstack@placement-api.service[66457]: INFO placement.requestlog [req-29435121-3ab6-4827-bf24-6838baef9a86 req-2fddeb5b-bc0a-4298-a99a-73cec0da7776 service placement] 10.0.0.210 "GET /placement/resource_providers/53430ca5-77cc-4e5a-86cc-01dabae25938/allocations" status: 200 len: 153 microversion: 1.0
Apr 19 14:16:27 user devstack@placement-api.service[66457]: [pid: 66457|app: 0|req: 242/728] 10.0.0.210 () {62 vars in 1468 bytes} [Wed Apr 19 14:16:27 2023] GET /placement/resource_providers/53430ca5-77cc-4e5a-86cc-01dabae25938/allocations => generated 153 bytes in 22 msecs (HTTP/1.1 200) 6 headers in 224 bytes (1 switches on core 0)
Apr 19 14:16:27 user devstack@placement-api.service[66458]: DEBUG placement.requestlog [req-29435121-3ab6-4827-bf24-6838baef9a86 req-f7dc2a63-23c4-43b7-85b3-5cea261d7b70 None None] Starting request: 10.0.0.210 "GET /placement/resource_providers/53430ca5-77cc-4e5a-86cc-01dabae25938/allocations" {{(pid=66458) __call__ /opt/stack/placement/placement/requestlog.py:55}}
Apr 19 14:16:27 user devstack@placement-api.service[66458]: INFO placement.requestlog [req-29435121-3ab6-4827-bf24-6838baef9a86 req-f7dc2a63-23c4-43b7-85b3-5cea261d7b70 service placement] 10.0.0.210 "GET /placement/resource_providers/53430ca5-77cc-4e5a-86cc-01dabae25938/allocations" status: 200 len: 153 microversion: 1.0
Apr 19 14:16:27 user devstack@placement-api.service[66458]: [pid: 66458|app: 0|req: 244/729] 10.0.0.210 () {62 vars in 1468 bytes} [Wed Apr 19 14:16:27 2023] GET /placement/resource_providers/53430ca5-77cc-4e5a-86cc-01dabae25938/allocations => generated 153 bytes in 20 msecs (HTTP/1.1 200) 6 headers in 224 bytes (2 switches on core 0)
Apr 19 14:16:27 user devstack@placement-api.service[66456]: DEBUG placement.requestlog [req-29435121-3ab6-4827-bf24-6838baef9a86 req-e378eb42-4cac-491c-a4f8-b1a525bb6a84 None None] Starting request: 10.0.0.210 "GET /placement/allocations/d01cbd10-f562-4a76-8915-6c725d42dadd" {{(pid=66456) __call__ /opt/stack/placement/placement/requestlog.py:55}}
Apr 19 14:16:27 user devstack@placement-api.service[66456]: INFO placement.requestlog [req-29435121-3ab6-4827-bf24-6838baef9a86 req-e378eb42-4cac-491c-a4f8-b1a525bb6a84 service placement] 10.0.0.210 "GET /placement/allocations/d01cbd10-f562-4a76-8915-6c725d42dadd" status: 200 len: 258 microversion: 1.28
Apr 19 14:16:27 user devstack@placement-api.service[66456]: [pid: 66456|app: 0|req: 244/730] 10.0.0.210 () {64 vars in 1455 bytes} [Wed Apr 19 14:16:27 2023] GET /placement/allocations/d01cbd10-f562-4a76-8915-6c725d42dadd => generated 258 bytes in 17 msecs (HTTP/1.1 200) 8 headers in 296 bytes (1 switches on core 0)
Apr 19 14:16:37 user devstack@placement-api.service[66457]: DEBUG dbcounter [-] [66457] Writing DB stats placement:SELECT=6 {{(pid=66457) stat_writer /usr/local/lib/python3.10/dist-packages/dbcounter.py:117}}
Apr 19 14:16:37 user devstack@placement-api.service[66458]: DEBUG dbcounter [-] [66458] Writing DB stats placement:SELECT=6 {{(pid=66458) stat_writer /usr/local/lib/python3.10/dist-packages/dbcounter.py:117}}
Apr 19 14:16:37 user devstack@placement-api.service[66456]: DEBUG dbcounter [-] [66456] Writing DB stats placement:SELECT=4 {{(pid=66456) stat_writer /usr/local/lib/python3.10/dist-packages/dbcounter.py:117}}
Apr 19 14:17:12 user devstack@placement-api.service[66457]: DEBUG placement.requestlog [req-c633612b-1d78-4eec-904c-ad4007d0052c req-a35f6b57-c49e-4a50-a5da-e18db9f6c4c9 None None] Starting request: 10.0.0.210 "GET /placement/resource_providers/53430ca5-77cc-4e5a-86cc-01dabae25938/allocations" {{(pid=66457) __call__ /opt/stack/placement/placement/requestlog.py:55}}
Apr 19 14:17:12 user devstack@placement-api.service[66457]: INFO placement.requestlog [req-c633612b-1d78-4eec-904c-ad4007d0052c req-a35f6b57-c49e-4a50-a5da-e18db9f6c4c9 service placement] 10.0.0.210 "GET /placement/resource_providers/53430ca5-77cc-4e5a-86cc-01dabae25938/allocations" status: 200 len: 153 microversion: 1.0
Apr 19 14:17:12 user devstack@placement-api.service[66457]: [pid: 66457|app: 0|req: 243/731] 10.0.0.210 () {62 vars in 1468 bytes} [Wed Apr 19 14:17:12 2023] GET /placement/resource_providers/53430ca5-77cc-4e5a-86cc-01dabae25938/allocations => generated 153 bytes in 24 msecs (HTTP/1.1 200) 6 headers in 224 bytes (1 switches on core 0)
Apr 19 14:17:12 user devstack@placement-api.service[66458]: DEBUG placement.requestlog [req-c633612b-1d78-4eec-904c-ad4007d0052c req-4f5f2c6e-ade4-4baa-a2ff-c9f2f219b6fc None None] Starting request: 10.0.0.210 "GET /placement/allocations/d01cbd10-f562-4a76-8915-6c725d42dadd" {{(pid=66458) __call__ /opt/stack/placement/placement/requestlog.py:55}}
Apr 19 14:17:12 user devstack@placement-api.service[66458]: INFO placement.requestlog [req-c633612b-1d78-4eec-904c-ad4007d0052c req-4f5f2c6e-ade4-4baa-a2ff-c9f2f219b6fc service placement] 10.0.0.210 "GET /placement/allocations/d01cbd10-f562-4a76-8915-6c725d42dadd" status: 200 len: 258 microversion: 1.28
Apr 19 14:17:12 user devstack@placement-api.service[66458]: [pid: 66458|app: 0|req: 245/732] 10.0.0.210 () {64 vars in 1455 bytes} [Wed Apr 19 14:17:12 2023] GET /placement/allocations/d01cbd10-f562-4a76-8915-6c725d42dadd => generated 258 bytes in 15 msecs (HTTP/1.1 200) 8 headers in 296 bytes (1 switches on core 0)
Apr 19 14:17:12 user devstack@placement-api.service[66456]: DEBUG placement.requestlog [req-c633612b-1d78-4eec-904c-ad4007d0052c req-3fdaaac6-e180-453b-a9a3-c0bb2a95395a None None] Starting request: 10.0.0.210 "DELETE /placement/allocations/d01cbd10-f562-4a76-8915-6c725d42dadd" {{(pid=66456) __call__ /opt/stack/placement/placement/requestlog.py:55}}
Apr 19 14:17:12 user devstack@placement-api.service[66456]: DEBUG placement.handlers.allocation [req-c633612b-1d78-4eec-904c-ad4007d0052c req-3fdaaac6-e180-453b-a9a3-c0bb2a95395a service placement] Successfully deleted allocations [, , ] {{(pid=66456) delete_allocations /opt/stack/placement/placement/handlers/allocation.py:627}}
Apr 19 14:17:12 user devstack@placement-api.service[66456]: INFO placement.requestlog [req-c633612b-1d78-4eec-904c-ad4007d0052c req-3fdaaac6-e180-453b-a9a3-c0bb2a95395a service placement] 10.0.0.210 "DELETE /placement/allocations/d01cbd10-f562-4a76-8915-6c725d42dadd" status: 204 len: 0 microversion: 1.0
Apr 19 14:17:12 user devstack@placement-api.service[66456]: [pid: 66456|app: 0|req: 245/733] 10.0.0.210 () {64 vars in 1433 bytes} [Wed Apr 19 14:17:12 2023] DELETE /placement/allocations/d01cbd10-f562-4a76-8915-6c725d42dadd => generated 0 bytes in 27 msecs (HTTP/1.1 204) 5 headers in 198 bytes (1 switches on core 0)
Apr 19 14:17:22 user devstack@placement-api.service[66457]: DEBUG dbcounter [-] [66457] Writing DB stats placement:SELECT=6 {{(pid=66457) stat_writer /usr/local/lib/python3.10/dist-packages/dbcounter.py:117}}
Apr 19 14:17:22 user devstack@placement-api.service[66458]: DEBUG dbcounter [-] [66458] Writing DB stats placement:SELECT=4 {{(pid=66458) stat_writer /usr/local/lib/python3.10/dist-packages/dbcounter.py:117}}
Apr 19 14:17:22 user devstack@placement-api.service[66456]: DEBUG dbcounter [-] [66456] Writing DB stats placement:SELECT=7,placement:DELETE=2 {{(pid=66456) stat_writer /usr/local/lib/python3.10/dist-packages/dbcounter.py:117}}
Apr 19 14:17:27 user devstack@placement-api.service[66457]: DEBUG placement.requestlog [req-4164e131-15e2-4bee-94a0-2e473a6c8565 req-cab1a272-c734-4456-9bec-e0a8f3b4c6ac None None] Starting request: 10.0.0.210 "GET /placement/resource_providers/53430ca5-77cc-4e5a-86cc-01dabae25938/allocations" {{(pid=66457) __call__ /opt/stack/placement/placement/requestlog.py:55}}
Apr 19 14:17:27 user devstack@placement-api.service[66457]: INFO placement.requestlog [req-4164e131-15e2-4bee-94a0-2e473a6c8565 req-cab1a272-c734-4456-9bec-e0a8f3b4c6ac service placement] 10.0.0.210 "GET /placement/resource_providers/53430ca5-77cc-4e5a-86cc-01dabae25938/allocations" status: 200 len: 55 microversion: 1.0
Apr 19 14:17:27 user devstack@placement-api.service[66457]: [pid: 66457|app: 0|req: 244/734] 10.0.0.210 () {62 vars in 1468 bytes} [Wed Apr 19 14:17:27 2023] GET /placement/resource_providers/53430ca5-77cc-4e5a-86cc-01dabae25938/allocations => generated 55 bytes in 17 msecs (HTTP/1.1 200) 6 headers in 223 bytes (1 switches on core 0)
Apr 19 14:17:27 user devstack@placement-api.service[66458]: DEBUG placement.requestlog [req-4164e131-15e2-4bee-94a0-2e473a6c8565 req-a4ba06a5-ff43-4c5d-8980-0968c7dc2d84 None None] Starting request: 10.0.0.210 "GET /placement/resource_providers/53430ca5-77cc-4e5a-86cc-01dabae25938/allocations" {{(pid=66458) __call__ /opt/stack/placement/placement/requestlog.py:55}}
Apr 19 14:17:27 user devstack@placement-api.service[66458]: INFO placement.requestlog [req-4164e131-15e2-4bee-94a0-2e473a6c8565 req-a4ba06a5-ff43-4c5d-8980-0968c7dc2d84 service placement] 10.0.0.210 "GET /placement/resource_providers/53430ca5-77cc-4e5a-86cc-01dabae25938/allocations" status: 200 len: 55 microversion: 1.0
Apr 19 14:17:27 user devstack@placement-api.service[66458]: [pid: 66458|app: 0|req: 246/735] 10.0.0.210 () {62 vars in 1468 bytes} [Wed Apr 19 14:17:27 2023] GET /placement/resource_providers/53430ca5-77cc-4e5a-86cc-01dabae25938/allocations => generated 55 bytes in 15 msecs (HTTP/1.1 200) 6 headers in 223 bytes (1 switches on core 0)
Apr 19 14:17:37 user devstack@placement-api.service[66457]: DEBUG dbcounter [-] [66457] Writing DB stats placement:SELECT=4 {{(pid=66457) stat_writer /usr/local/lib/python3.10/dist-packages/dbcounter.py:117}}
Apr 19 14:17:37 user devstack@placement-api.service[66458]: DEBUG dbcounter [-] [66458] Writing DB stats placement:SELECT=4 {{(pid=66458) stat_writer /usr/local/lib/python3.10/dist-packages/dbcounter.py:117}}
Apr 19 14:18:05 user devstack@placement-api.service[66456]: DEBUG placement.requestlog [None req-8b1bda13-ac3e-4c31-b6f2-cd4cc41fedb3 None None] Starting request: 10.0.0.210 "GET /placement/resource_providers/96279557-644c-48ea-9202-e69df3a97319/aggregates" {{(pid=66456) __call__ /opt/stack/placement/placement/requestlog.py:55}}
Apr 19 14:18:05 user devstack@placement-api.service[66456]: INFO placement.requestlog [None req-8b1bda13-ac3e-4c31-b6f2-cd4cc41fedb3 service placement] 10.0.0.210 "GET /placement/resource_providers/96279557-644c-48ea-9202-e69df3a97319/aggregates" status: 404 len: 235 microversion: 1.1
Apr 19 14:18:05 user devstack@placement-api.service[66456]: [pid: 66456|app: 0|req: 246/736] 10.0.0.210 () {62 vars in 1439 bytes} [Wed Apr 19 14:18:05 2023] GET /placement/resource_providers/96279557-644c-48ea-9202-e69df3a97319/aggregates => generated 235 bytes in 95 msecs (HTTP/1.1 404) 5 headers in 202 bytes (1 switches on core 0)
Apr 19 14:18:05 user devstack@placement-api.service[66457]: DEBUG placement.requestlog [None req-304e67f2-6610-4142-a399-e3ea999fbcd3 None None] Starting request: 10.0.0.210 "DELETE /placement/resource_providers/96279557-644c-48ea-9202-e69df3a97319" {{(pid=66457) __call__ /opt/stack/placement/placement/requestlog.py:55}}
Apr 19 14:18:05 user devstack@placement-api.service[66457]: DEBUG placement.wsgi_wrapper [None req-304e67f2-6610-4142-a399-e3ea999fbcd3 service placement] Placement API returning an error response: No resource provider with uuid 96279557-644c-48ea-9202-e69df3a97319 found for delete {{(pid=66457) call_func /opt/stack/placement/placement/wsgi_wrapper.py:31}}
Apr 19 14:18:05 user devstack@placement-api.service[66457]: INFO placement.requestlog [None req-304e67f2-6610-4142-a399-e3ea999fbcd3 service placement] 10.0.0.210 "DELETE /placement/resource_providers/96279557-644c-48ea-9202-e69df3a97319" status: 404 len: 246 microversion: 1.1
Apr 19 14:18:05 user devstack@placement-api.service[66457]: [pid: 66457|app: 0|req: 245/737] 10.0.0.210 () {64 vars in 1428 bytes} [Wed Apr 19 14:18:05 2023] DELETE /placement/resource_providers/96279557-644c-48ea-9202-e69df3a97319 => generated 246 bytes in 12 msecs (HTTP/1.1 404) 6 headers in 231 bytes (1 switches on core 0)
Apr 19 14:18:15 user devstack@placement-api.service[66456]: DEBUG dbcounter [-] [66456] Writing DB stats placement:SELECT=2 {{(pid=66456) stat_writer /usr/local/lib/python3.10/dist-packages/dbcounter.py:117}}
Apr 19 14:18:15 user devstack@placement-api.service[66457]: DEBUG dbcounter [-] [66457] Writing DB stats placement:SELECT=2 {{(pid=66457) stat_writer /usr/local/lib/python3.10/dist-packages/dbcounter.py:117}}
Apr 19 14:18:28 user devstack@placement-api.service[66458]: DEBUG placement.requestlog [req-f040e1e6-e278-4612-8d50-b0b8f1f96927 req-dc9bb107-815c-4b30-b3cd-472912cd9518 None None] Starting request: 10.0.0.210 "GET /placement/resource_providers/53430ca5-77cc-4e5a-86cc-01dabae25938/allocations" {{(pid=66458) __call__ /opt/stack/placement/placement/requestlog.py:55}}
Apr 19 14:18:28 user devstack@placement-api.service[66458]: INFO placement.requestlog [req-f040e1e6-e278-4612-8d50-b0b8f1f96927 req-dc9bb107-815c-4b30-b3cd-472912cd9518 service placement] 10.0.0.210 "GET /placement/resource_providers/53430ca5-77cc-4e5a-86cc-01dabae25938/allocations" status: 200 len: 55 microversion: 1.0
Apr 19 14:18:28 user devstack@placement-api.service[66458]: [pid: 66458|app: 0|req: 247/738] 10.0.0.210 () {62 vars in 1468 bytes} [Wed Apr 19 14:18:28 2023] GET /placement/resource_providers/53430ca5-77cc-4e5a-86cc-01dabae25938/allocations => generated 55 bytes in 193 msecs (HTTP/1.1 200) 6 headers in 223 bytes (1 switches on core 0)
Apr 19 14:18:28 user devstack@placement-api.service[66456]: DEBUG placement.requestlog [req-f040e1e6-e278-4612-8d50-b0b8f1f96927 req-7bf4fe45-2dfa-454a-a10a-ab15793d63fc None None] Starting request: 10.0.0.210 "GET /placement/resource_providers?in_tree=53430ca5-77cc-4e5a-86cc-01dabae25938" {{(pid=66456) __call__ /opt/stack/placement/placement/requestlog.py:55}}
Apr 19 14:18:28 user devstack@placement-api.service[66456]: INFO placement.requestlog [req-f040e1e6-e278-4612-8d50-b0b8f1f96927 req-7bf4fe45-2dfa-454a-a10a-ab15793d63fc service placement] 10.0.0.210 "GET /placement/resource_providers?in_tree=53430ca5-77cc-4e5a-86cc-01dabae25938" status: 200 len: 854 microversion: 1.14
Apr 19 14:18:28 user devstack@placement-api.service[66456]: [pid: 66456|app: 0|req: 247/739] 10.0.0.210 () {64 vars in 1454 bytes} [Wed Apr 19 14:18:28 2023] GET /placement/resource_providers?in_tree=53430ca5-77cc-4e5a-86cc-01dabae25938 => generated 854 bytes in 21 msecs (HTTP/1.1 200) 6 headers in 225 bytes (1 switches on core 0)
Apr 19 14:18:28 user devstack@placement-api.service[66457]: DEBUG placement.requestlog [req-f040e1e6-e278-4612-8d50-b0b8f1f96927 req-31d3b98e-8693-4fc9-8cc4-6645ec76d959 None None] Starting request: 10.0.0.210 "GET /placement/resource_providers/53430ca5-77cc-4e5a-86cc-01dabae25938/inventories" {{(pid=66457) __call__ /opt/stack/placement/placement/requestlog.py:55}}
Apr 19 14:18:28 user devstack@placement-api.service[66457]: INFO placement.requestlog [req-f040e1e6-e278-4612-8d50-b0b8f1f96927 req-31d3b98e-8693-4fc9-8cc4-6645ec76d959 service placement] 10.0.0.210 "GET /placement/resource_providers/53430ca5-77cc-4e5a-86cc-01dabae25938/inventories" status: 200 len: 399 microversion: 1.0
Apr 19 14:18:28 user devstack@placement-api.service[66457]: [pid: 66457|app: 0|req: 246/740] 10.0.0.210 () {62 vars in 1468 bytes} [Wed Apr 19 14:18:28 2023] GET /placement/resource_providers/53430ca5-77cc-4e5a-86cc-01dabae25938/inventories => generated 399 bytes in 25 msecs (HTTP/1.1 200) 6 headers in 224 bytes (1 switches on core 0)
Apr 19 14:18:28 user devstack@placement-api.service[66458]: DEBUG placement.requestlog [req-f040e1e6-e278-4612-8d50-b0b8f1f96927 req-f80141d3-af1f-4aa2-a7e8-0cdf57c23741 None None] Starting request: 10.0.0.210 "GET /placement/resource_providers/53430ca5-77cc-4e5a-86cc-01dabae25938/aggregates" {{(pid=66458) __call__ /opt/stack/placement/placement/requestlog.py:55}}
Apr 19 14:18:28 user devstack@placement-api.service[66458]: INFO placement.requestlog [req-f040e1e6-e278-4612-8d50-b0b8f1f96927 req-f80141d3-af1f-4aa2-a7e8-0cdf57c23741 service placement] 10.0.0.210 "GET /placement/resource_providers/53430ca5-77cc-4e5a-86cc-01dabae25938/aggregates" status: 200 len: 54 microversion: 1.19
Apr 19 14:18:28 user devstack@placement-api.service[66458]: [pid: 66458|app: 0|req: 248/741] 10.0.0.210 () {64 vars in 1509 bytes} [Wed Apr 19 14:18:28 2023] GET /placement/resource_providers/53430ca5-77cc-4e5a-86cc-01dabae25938/aggregates => generated 54 bytes in 14 msecs (HTTP/1.1 200) 8 headers in 295 bytes (1 switches on core 0)
Apr 19 14:18:28 user devstack@placement-api.service[66456]: DEBUG placement.requestlog [req-f040e1e6-e278-4612-8d50-b0b8f1f96927 req-a2534ed6-0562-404f-aa0a-802f5ae30dd0 None None] Starting request: 10.0.0.210 "GET /placement/resource_providers/53430ca5-77cc-4e5a-86cc-01dabae25938/traits" {{(pid=66456) __call__ /opt/stack/placement/placement/requestlog.py:55}}
Apr 19 14:18:28 user devstack@placement-api.service[66456]: INFO placement.requestlog [req-f040e1e6-e278-4612-8d50-b0b8f1f96927 req-a2534ed6-0562-404f-aa0a-802f5ae30dd0 service placement] 10.0.0.210 "GET /placement/resource_providers/53430ca5-77cc-4e5a-86cc-01dabae25938/traits" status: 200 len: 1379 microversion: 1.6
Apr 19 14:18:28 user devstack@placement-api.service[66456]: [pid: 66456|app: 0|req: 248/742] 10.0.0.210 () {64 vars in 1496 bytes} [Wed Apr 19 14:18:28 2023] GET /placement/resource_providers/53430ca5-77cc-4e5a-86cc-01dabae25938/traits => generated 1379 bytes in 31 msecs (HTTP/1.1 200) 6 headers in 225 bytes (1 switches on core 0)
Apr 19 14:18:28 user devstack@placement-api.service[66457]: DEBUG placement.requestlog [req-f040e1e6-e278-4612-8d50-b0b8f1f96927 req-c193e0ec-651b-4ba8-9b1f-149365b3308f None None] Starting request: 10.0.0.210 "GET /placement/resource_providers/53430ca5-77cc-4e5a-86cc-01dabae25938/allocations" {{(pid=66457) __call__ /opt/stack/placement/placement/requestlog.py:55}}
Apr 19 14:18:28 user devstack@placement-api.service[66457]: INFO placement.requestlog [req-f040e1e6-e278-4612-8d50-b0b8f1f96927 req-c193e0ec-651b-4ba8-9b1f-149365b3308f service placement] 10.0.0.210 "GET /placement/resource_providers/53430ca5-77cc-4e5a-86cc-01dabae25938/allocations" status: 200 len: 55 microversion: 1.0
Apr 19 14:18:28 user devstack@placement-api.service[66457]: [pid: 66457|app: 0|req: 247/743] 10.0.0.210 () {62 vars in 1468 bytes} [Wed Apr 19 14:18:28 2023] GET /placement/resource_providers/53430ca5-77cc-4e5a-86cc-01dabae25938/allocations => generated 55 bytes in 20 msecs (HTTP/1.1 200) 6 headers in 223 bytes (1 switches on core 0)
Apr 19 14:18:38 user devstack@placement-api.service[66458]: DEBUG dbcounter [-] [66458] Writing DB stats placement:SELECT=8 {{(pid=66458) stat_writer /usr/local/lib/python3.10/dist-packages/dbcounter.py:117}}
Apr 19 14:18:38 user devstack@placement-api.service[66456]: DEBUG dbcounter [-] [66456] Writing DB stats placement:SELECT=8 {{(pid=66456) stat_writer /usr/local/lib/python3.10/dist-packages/dbcounter.py:117}}
Apr 19 14:18:38 user devstack@placement-api.service[66457]: DEBUG dbcounter [-] [66457] Writing DB stats placement:SELECT=10 {{(pid=66457) stat_writer /usr/local/lib/python3.10/dist-packages/dbcounter.py:117}}