Jul 25 10:00:48 user devstack@c-api.service[72106]: INFO cinder.api.openstack.wsgi [None req-2c7ff35f-13d3-4296-aaa4-2c5f7d6d41db tempest-TaggedAttachmentsTest-1298550074 tempest-TaggedAttachmentsTest-1298550074-project-member] http://10.0.0.210/volume/v3/5b5086ef6cce4cdfafc4a061ab06f894/volumes/14a1236e-c65b-4217-ae74-37f686ff8104 returned with HTTP 200
Jul 25 10:00:48 user devstack@c-api.service[72106]: [pid: 72106|app: 0|req: 25/75] 10.0.0.210 () {62 vars in 1402 bytes} [Tue Jul 25 10:00:48 2023] GET /volume/v3/5b5086ef6cce4cdfafc4a061ab06f894/volumes/14a1236e-c65b-4217-ae74-37f686ff8104 => generated 911 bytes in 55 msecs (HTTP/1.1 200) 7 headers in 285 bytes (1 switches on core 0)
Jul 25 10:00:48 user devstack@c-api.service[72107]: DEBUG cinder.api.middleware.request_id [None req-54ac76df-c54f-414b-9745-c27f5be38e1a None None] RequestId filter calling following filter/app {{(pid=72107) _context_setter /opt/stack/cinder/cinder/api/middleware/request_id.py:62}}
Jul 25 10:00:48 user devstack@c-api.service[72107]: INFO cinder.api.openstack.wsgi [None req-54ac76df-c54f-414b-9745-c27f5be38e1a tempest-GroupSnapshotsTest-1588069078 tempest-GroupSnapshotsTest-1588069078-project-member] GET http://10.0.0.210/volume/v3/1b9c9d674cc64812882ec43717f98f0b/volumes/6d3a6369-c0ce-40e4-a704-89177899326a
Jul 25 10:00:48 user devstack@c-api.service[72107]: DEBUG cinder.api.openstack.wsgi [None req-54ac76df-c54f-414b-9745-c27f5be38e1a tempest-GroupSnapshotsTest-1588069078 tempest-GroupSnapshotsTest-1588069078-project-member] Empty body provided in request {{(pid=72107) get_body /opt/stack/cinder/cinder/api/openstack/wsgi.py:715}}
Jul 25 10:00:48 user devstack@c-api.service[72107]: DEBUG cinder.api.openstack.wsgi [None req-54ac76df-c54f-414b-9745-c27f5be38e1a tempest-GroupSnapshotsTest-1588069078 tempest-GroupSnapshotsTest-1588069078-project-member] Calling method 'show' {{(pid=72107) _process_stack /opt/stack/cinder/cinder/api/openstack/wsgi.py:868}}
Jul 25 10:00:48 user devstack@c-api.service[72107]: /usr/local/lib/python3.10/dist-packages/oslo_context/context.py:100: DeprecationWarning: Policy enforcement is depending on the value of is_admin. This key is deprecated. Please update your policy file to use the standard policy values.
Jul 25 10:00:48 user devstack@c-api.service[72107]: warnings.warn('Policy enforcement is depending on the value of '
Jul 25 10:00:48 user devstack@c-api.service[72107]: INFO cinder.volume.api [None req-54ac76df-c54f-414b-9745-c27f5be38e1a tempest-GroupSnapshotsTest-1588069078 tempest-GroupSnapshotsTest-1588069078-project-member] Volume info retrieved successfully.
Jul 25 10:00:48 user devstack@c-api.service[72107]: WARNING stevedore.named [None req-54ac76df-c54f-414b-9745-c27f5be38e1a tempest-GroupSnapshotsTest-1588069078 tempest-GroupSnapshotsTest-1588069078-project-member] Could not load cinder.keymgr.conf_key_mgr.ConfKeyManager
Jul 25 10:00:48 user devstack@c-api.service[72107]: WARNING castellan.key_manager [None req-54ac76df-c54f-414b-9745-c27f5be38e1a tempest-GroupSnapshotsTest-1588069078 tempest-GroupSnapshotsTest-1588069078-project-member] Deprecation Warning : cinder.keymgr.conf_key_mgr.ConfKeyManager is not a stevedore based driver, trying to load it as a class: stevedore.exception.NoMatches: No 'castellan.drivers' driver found, looking for 'cinder.keymgr.conf_key_mgr.ConfKeyManager'
Jul 25 10:00:48 user devstack@c-api.service[72107]: DEBUG oslo_db.sqlalchemy.engines [None req-54ac76df-c54f-414b-9745-c27f5be38e1a tempest-GroupSnapshotsTest-1588069078 tempest-GroupSnapshotsTest-1588069078-project-member] MySQL server mode set to STRICT_TRANS_TABLES,STRICT_ALL_TABLES,NO_ZERO_IN_DATE,NO_ZERO_DATE,ERROR_FOR_DIVISION_BY_ZERO,TRADITIONAL,NO_ENGINE_SUBSTITUTION {{(pid=72107) _check_effective_sql_mode /usr/local/lib/python3.10/dist-packages/oslo_db/sqlalchemy/engines.py:335}}
Jul 25 10:00:48 user devstack@c-api.service[72107]: /usr/local/lib/python3.10/dist-packages/oslo_context/context.py:100: DeprecationWarning: Policy enforcement is depending on the value of is_admin. This key is deprecated. Please update your policy file to use the standard policy values.
Jul 25 10:00:48 user devstack@c-api.service[72107]: warnings.warn('Policy enforcement is depending on the value of '
Jul 25 10:00:48 user devstack@c-api.service[72107]: INFO cinder.api.openstack.wsgi [None req-54ac76df-c54f-414b-9745-c27f5be38e1a tempest-GroupSnapshotsTest-1588069078 tempest-GroupSnapshotsTest-1588069078-project-member] http://10.0.0.210/volume/v3/1b9c9d674cc64812882ec43717f98f0b/volumes/6d3a6369-c0ce-40e4-a704-89177899326a returned with HTTP 200
Jul 25 10:00:48 user devstack@c-api.service[72107]: [pid: 72107|app: 0|req: 25/76] 10.0.0.210 () {64 vars in 1443 bytes} [Tue Jul 25 10:00:48 2023] GET /volume/v3/1b9c9d674cc64812882ec43717f98f0b/volumes/6d3a6369-c0ce-40e4-a704-89177899326a => generated 978 bytes in 172 msecs (HTTP/1.1 200) 7 headers in 286 bytes (2 switches on core 0)
Jul 25 10:00:49 user devstack@c-api.service[72108]: DEBUG cinder.api.middleware.request_id [None req-f0408120-3da3-4fc5-b61d-79f0a0d8c211 None None] RequestId filter calling following filter/app {{(pid=72108) _context_setter /opt/stack/cinder/cinder/api/middleware/request_id.py:62}}
Jul 25 10:00:49 user devstack@c-api.service[72108]: INFO cinder.api.openstack.wsgi [None req-f0408120-3da3-4fc5-b61d-79f0a0d8c211 tempest-TaggedAttachmentsTest-1298550074 tempest-TaggedAttachmentsTest-1298550074-project-member] GET http://10.0.0.210/volume/v3/5b5086ef6cce4cdfafc4a061ab06f894/volumes/14a1236e-c65b-4217-ae74-37f686ff8104
Jul 25 10:00:49 user devstack@c-api.service[72108]: DEBUG cinder.api.openstack.wsgi [None req-f0408120-3da3-4fc5-b61d-79f0a0d8c211 tempest-TaggedAttachmentsTest-1298550074 tempest-TaggedAttachmentsTest-1298550074-project-member] Empty body provided in request {{(pid=72108) get_body /opt/stack/cinder/cinder/api/openstack/wsgi.py:715}}
Jul 25 10:00:49 user devstack@c-api.service[72108]: DEBUG cinder.api.openstack.wsgi [None req-f0408120-3da3-4fc5-b61d-79f0a0d8c211 tempest-TaggedAttachmentsTest-1298550074 tempest-TaggedAttachmentsTest-1298550074-project-member] Calling method 'show' {{(pid=72108) _process_stack /opt/stack/cinder/cinder/api/openstack/wsgi.py:868}}
Jul 25 10:00:49 user devstack@c-api.service[72108]: /usr/local/lib/python3.10/dist-packages/oslo_context/context.py:100: DeprecationWarning: Policy enforcement is depending on the value of is_admin. This key is deprecated. Please update your policy file to use the standard policy values.
Jul 25 10:00:49 user devstack@c-api.service[72108]: warnings.warn('Policy enforcement is depending on the value of '
Jul 25 10:00:49 user devstack@c-api.service[72108]: INFO cinder.volume.api [None req-f0408120-3da3-4fc5-b61d-79f0a0d8c211 tempest-TaggedAttachmentsTest-1298550074 tempest-TaggedAttachmentsTest-1298550074-project-member] Volume info retrieved successfully.
Jul 25 10:00:49 user devstack@c-api.service[72108]: INFO cinder.api.openstack.wsgi [None req-f0408120-3da3-4fc5-b61d-79f0a0d8c211 tempest-TaggedAttachmentsTest-1298550074 tempest-TaggedAttachmentsTest-1298550074-project-member] http://10.0.0.210/volume/v3/5b5086ef6cce4cdfafc4a061ab06f894/volumes/14a1236e-c65b-4217-ae74-37f686ff8104 returned with HTTP 200
Jul 25 10:00:49 user devstack@c-api.service[72108]: [pid: 72108|app: 0|req: 27/77] 10.0.0.210 () {62 vars in 1402 bytes} [Tue Jul 25 10:00:49 2023] GET /volume/v3/5b5086ef6cce4cdfafc4a061ab06f894/volumes/14a1236e-c65b-4217-ae74-37f686ff8104 => generated 911 bytes in 120 msecs (HTTP/1.1 200) 7 headers in 285 bytes (2 switches on core 0)
Jul 25 10:00:49 user devstack@c-api.service[72106]: DEBUG cinder.api.middleware.request_id [None req-b65238ef-f23f-4ccb-8a6d-b12b9a68c325 None None] RequestId filter calling following filter/app {{(pid=72106) _context_setter /opt/stack/cinder/cinder/api/middleware/request_id.py:62}}
Jul 25 10:00:49 user devstack@c-api.service[72106]: INFO cinder.api.openstack.wsgi [None req-b65238ef-f23f-4ccb-8a6d-b12b9a68c325 tempest-GroupSnapshotsTest-1588069078 tempest-GroupSnapshotsTest-1588069078-project-member] GET http://10.0.0.210/volume/v3/1b9c9d674cc64812882ec43717f98f0b/volumes/6d3a6369-c0ce-40e4-a704-89177899326a
Jul 25 10:00:49 user devstack@c-api.service[72106]: DEBUG cinder.api.openstack.wsgi [None req-b65238ef-f23f-4ccb-8a6d-b12b9a68c325 tempest-GroupSnapshotsTest-1588069078 tempest-GroupSnapshotsTest-1588069078-project-member] Empty body provided in request {{(pid=72106) get_body /opt/stack/cinder/cinder/api/openstack/wsgi.py:715}}
Jul 25 10:00:49 user devstack@c-api.service[72106]: DEBUG cinder.api.openstack.wsgi [None req-b65238ef-f23f-4ccb-8a6d-b12b9a68c325 tempest-GroupSnapshotsTest-1588069078 tempest-GroupSnapshotsTest-1588069078-project-member] Calling method 'show' {{(pid=72106) _process_stack /opt/stack/cinder/cinder/api/openstack/wsgi.py:868}}
Jul 25 10:00:50 user devstack@c-api.service[72106]: INFO cinder.api.openstack.wsgi [None req-b65238ef-f23f-4ccb-8a6d-b12b9a68c325 tempest-GroupSnapshotsTest-1588069078 tempest-GroupSnapshotsTest-1588069078-project-member] http://10.0.0.210/volume/v3/1b9c9d674cc64812882ec43717f98f0b/volumes/6d3a6369-c0ce-40e4-a704-89177899326a returned with HTTP 404
Jul 25 10:00:50 user devstack@c-api.service[72106]: [pid: 72106|app: 0|req: 26/78] 10.0.0.210 () {64 vars in 1443 bytes} [Tue Jul 25 10:00:49 2023] GET /volume/v3/1b9c9d674cc64812882ec43717f98f0b/volumes/6d3a6369-c0ce-40e4-a704-89177899326a => generated 109 bytes in 48 msecs (HTTP/1.1 404) 7 headers in 293 bytes (1 switches on core 0)
Jul 25 10:00:50 user devstack@c-api.service[72107]: DEBUG cinder.api.middleware.request_id [None req-2a710804-ad0f-4b0f-a42f-5f20ab5977ff None None] RequestId filter calling following filter/app {{(pid=72107) _context_setter /opt/stack/cinder/cinder/api/middleware/request_id.py:62}}
Jul 25 10:00:50 user devstack@c-api.service[72107]: INFO cinder.api.openstack.wsgi [None req-2a710804-ad0f-4b0f-a42f-5f20ab5977ff tempest-GroupSnapshotsTest-1588069078 tempest-GroupSnapshotsTest-1588069078-project-member] GET http://10.0.0.210/volume/v3/1b9c9d674cc64812882ec43717f98f0b/groups/ec93299e-7648-4bdb-8458-e3b23c0b7dad
Jul 25 10:00:50 user devstack@c-api.service[72107]: DEBUG cinder.api.openstack.wsgi [None req-2a710804-ad0f-4b0f-a42f-5f20ab5977ff tempest-GroupSnapshotsTest-1588069078 tempest-GroupSnapshotsTest-1588069078-project-member] Empty body provided in request {{(pid=72107) get_body /opt/stack/cinder/cinder/api/openstack/wsgi.py:715}}
Jul 25 10:00:50 user devstack@c-api.service[72107]: DEBUG cinder.api.openstack.wsgi [None req-2a710804-ad0f-4b0f-a42f-5f20ab5977ff tempest-GroupSnapshotsTest-1588069078 tempest-GroupSnapshotsTest-1588069078-project-member] Calling method 'version_select' {{(pid=72107) _process_stack /opt/stack/cinder/cinder/api/openstack/wsgi.py:868}}
Jul 25 10:00:50 user devstack@c-api.service[72107]: DEBUG cinder.api.v3.groups [None req-2a710804-ad0f-4b0f-a42f-5f20ab5977ff tempest-GroupSnapshotsTest-1588069078 tempest-GroupSnapshotsTest-1588069078-project-member] show called for member ec93299e-7648-4bdb-8458-e3b23c0b7dad {{(pid=72107) show /opt/stack/cinder/cinder/api/v3/groups.py:58}}
Jul 25 10:00:50 user devstack@c-api.service[72107]: INFO cinder.api.openstack.wsgi [None req-2a710804-ad0f-4b0f-a42f-5f20ab5977ff tempest-GroupSnapshotsTest-1588069078 tempest-GroupSnapshotsTest-1588069078-project-member] http://10.0.0.210/volume/v3/1b9c9d674cc64812882ec43717f98f0b/groups/ec93299e-7648-4bdb-8458-e3b23c0b7dad returned with HTTP 404
Jul 25 10:00:50 user devstack@c-api.service[72107]: [pid: 72107|app: 0|req: 26/79] 10.0.0.210 () {64 vars in 1440 bytes} [Tue Jul 25 10:00:50 2023] GET /volume/v3/1b9c9d674cc64812882ec43717f98f0b/groups/ec93299e-7648-4bdb-8458-e3b23c0b7dad => generated 108 bytes in 27 msecs (HTTP/1.1 404) 7 headers in 293 bytes (1 switches on core 0)
Jul 25 10:00:50 user devstack@c-api.service[72108]: DEBUG cinder.api.middleware.request_id [None req-2ab81ab0-7c57-4022-aa15-7d57a7529240 None None] RequestId filter calling following filter/app {{(pid=72108) _context_setter /opt/stack/cinder/cinder/api/middleware/request_id.py:62}}
Jul 25 10:00:50 user devstack@c-api.service[72108]: INFO cinder.api.openstack.wsgi [None req-2ab81ab0-7c57-4022-aa15-7d57a7529240 tempest-GroupSnapshotsTest-872164662 tempest-GroupSnapshotsTest-872164662-project-admin] DELETE http://10.0.0.210/volume/v3/a4c650db80c44a91a604e1d43957de27/group_types/8fa73014-3032-4dc9-ad14-0d49882c0d6a
Jul 25 10:00:50 user devstack@c-api.service[72108]: DEBUG cinder.api.openstack.wsgi [None req-2ab81ab0-7c57-4022-aa15-7d57a7529240 tempest-GroupSnapshotsTest-872164662 tempest-GroupSnapshotsTest-872164662-project-admin] Empty body provided in request {{(pid=72108) get_body /opt/stack/cinder/cinder/api/openstack/wsgi.py:715}}
Jul 25 10:00:50 user devstack@c-api.service[72108]: DEBUG cinder.api.openstack.wsgi [None req-2ab81ab0-7c57-4022-aa15-7d57a7529240 tempest-GroupSnapshotsTest-872164662 tempest-GroupSnapshotsTest-872164662-project-admin] Calling method 'version_select' {{(pid=72108) _process_stack /opt/stack/cinder/cinder/api/openstack/wsgi.py:868}}
Jul 25 10:00:50 user devstack@c-api.service[72108]: INFO cinder.api.openstack.wsgi [None req-2ab81ab0-7c57-4022-aa15-7d57a7529240 tempest-GroupSnapshotsTest-872164662 tempest-GroupSnapshotsTest-872164662-project-admin] http://10.0.0.210/volume/v3/a4c650db80c44a91a604e1d43957de27/group_types/8fa73014-3032-4dc9-ad14-0d49882c0d6a returned with HTTP 202
Jul 25 10:00:50 user devstack@c-api.service[72108]: [pid: 72108|app: 0|req: 28/80] 10.0.0.210 () {64 vars in 1458 bytes} [Tue Jul 25 10:00:50 2023] DELETE /volume/v3/a4c650db80c44a91a604e1d43957de27/group_types/8fa73014-3032-4dc9-ad14-0d49882c0d6a => generated 0 bytes in 69 msecs (HTTP/1.1 202) 6 headers in 234 bytes (1 switches on core 0)
Jul 25 10:00:50 user devstack@c-api.service[72106]: DEBUG cinder.api.middleware.request_id [None req-e217cd55-5b25-4a6f-b50c-ddf14810485e None None] RequestId filter calling following filter/app {{(pid=72106) _context_setter /opt/stack/cinder/cinder/api/middleware/request_id.py:62}}
Jul 25 10:00:50 user devstack@c-api.service[72107]: DEBUG cinder.api.middleware.request_id [None req-8901ff3f-a43c-49e1-bdac-c97d66a9ff2b None None] RequestId filter calling following filter/app {{(pid=72107) _context_setter /opt/stack/cinder/cinder/api/middleware/request_id.py:62}}
Jul 25 10:00:50 user devstack@c-api.service[72106]: INFO cinder.api.openstack.wsgi [None req-e217cd55-5b25-4a6f-b50c-ddf14810485e tempest-GroupSnapshotsTest-872164662 tempest-GroupSnapshotsTest-872164662-project-admin] DELETE http://10.0.0.210/volume/v3/a4c650db80c44a91a604e1d43957de27/types/1ea8b575-a0aa-4486-9530-1fed47886057
Jul 25 10:00:50 user devstack@c-api.service[72106]: DEBUG cinder.api.openstack.wsgi [None req-e217cd55-5b25-4a6f-b50c-ddf14810485e tempest-GroupSnapshotsTest-872164662 tempest-GroupSnapshotsTest-872164662-project-admin] Empty body provided in request {{(pid=72106) get_body /opt/stack/cinder/cinder/api/openstack/wsgi.py:715}}
Jul 25 10:00:50 user devstack@c-api.service[72106]: DEBUG cinder.api.openstack.wsgi [None req-e217cd55-5b25-4a6f-b50c-ddf14810485e tempest-GroupSnapshotsTest-872164662 tempest-GroupSnapshotsTest-872164662-project-admin] Calling method '_delete' {{(pid=72106) _process_stack /opt/stack/cinder/cinder/api/openstack/wsgi.py:868}}
Jul 25 10:00:50 user devstack@c-api.service[72106]: INFO cinder.api.openstack.wsgi [None req-e217cd55-5b25-4a6f-b50c-ddf14810485e tempest-GroupSnapshotsTest-872164662 tempest-GroupSnapshotsTest-872164662-project-admin] http://10.0.0.210/volume/v3/a4c650db80c44a91a604e1d43957de27/types/1ea8b575-a0aa-4486-9530-1fed47886057 returned with HTTP 202
Jul 25 10:00:50 user devstack@c-api.service[72106]: [pid: 72106|app: 0|req: 27/81] 10.0.0.210 () {62 vars in 1399 bytes} [Tue Jul 25 10:00:50 2023] DELETE /volume/v3/a4c650db80c44a91a604e1d43957de27/types/1ea8b575-a0aa-4486-9530-1fed47886057 => generated 0 bytes in 166 msecs (HTTP/1.1 202) 6 headers in 233 bytes (1 switches on core 0)
Jul 25 10:00:50 user devstack@c-api.service[72108]: DEBUG cinder.api.middleware.request_id [None req-8caf359d-1c4f-47c1-9a99-db9b4221ac3a None None] RequestId filter calling following filter/app {{(pid=72108) _context_setter /opt/stack/cinder/cinder/api/middleware/request_id.py:62}}
Jul 25 10:00:50 user devstack@c-api.service[72108]: INFO cinder.api.openstack.wsgi [None req-8caf359d-1c4f-47c1-9a99-db9b4221ac3a tempest-GroupSnapshotsTest-872164662 tempest-GroupSnapshotsTest-872164662-project-admin] GET http://10.0.0.210/volume/v3/a4c650db80c44a91a604e1d43957de27/types/1ea8b575-a0aa-4486-9530-1fed47886057
Jul 25 10:00:50 user devstack@c-api.service[72108]: DEBUG cinder.api.openstack.wsgi [None req-8caf359d-1c4f-47c1-9a99-db9b4221ac3a tempest-GroupSnapshotsTest-872164662 tempest-GroupSnapshotsTest-872164662-project-admin] Empty body provided in request {{(pid=72108) get_body /opt/stack/cinder/cinder/api/openstack/wsgi.py:715}}
Jul 25 10:00:50 user devstack@c-api.service[72108]: DEBUG cinder.api.openstack.wsgi [None req-8caf359d-1c4f-47c1-9a99-db9b4221ac3a tempest-GroupSnapshotsTest-872164662 tempest-GroupSnapshotsTest-872164662-project-admin] Calling method 'show' {{(pid=72108) _process_stack /opt/stack/cinder/cinder/api/openstack/wsgi.py:868}}
Jul 25 10:00:50 user devstack@c-api.service[72108]: INFO cinder.api.openstack.wsgi [None req-8caf359d-1c4f-47c1-9a99-db9b4221ac3a tempest-GroupSnapshotsTest-872164662 tempest-GroupSnapshotsTest-872164662-project-admin] http://10.0.0.210/volume/v3/a4c650db80c44a91a604e1d43957de27/types/1ea8b575-a0aa-4486-9530-1fed47886057 returned with HTTP 404
Jul 25 10:00:50 user devstack@c-api.service[72108]: [pid: 72108|app: 0|req: 29/82] 10.0.0.210 () {62 vars in 1396 bytes} [Tue Jul 25 10:00:50 2023] GET /volume/v3/a4c650db80c44a91a604e1d43957de27/types/1ea8b575-a0aa-4486-9530-1fed47886057 => generated 114 bytes in 38 msecs (HTTP/1.1 404) 7 headers in 292 bytes (1 switches on core 0)
Jul 25 10:00:50 user devstack@c-api.service[72106]: DEBUG cinder.api.middleware.request_id [None req-7887f7bb-1bd5-4bd9-b311-a57508b2ebb2 None None] RequestId filter calling following filter/app {{(pid=72106) _context_setter /opt/stack/cinder/cinder/api/middleware/request_id.py:62}}
Jul 25 10:00:50 user devstack@c-api.service[72106]: INFO cinder.api.openstack.wsgi [None req-7887f7bb-1bd5-4bd9-b311-a57508b2ebb2 tempest-GroupSnapshotsTest-872164662 tempest-GroupSnapshotsTest-872164662-project-admin] POST http://10.0.0.210/volume/v3/a4c650db80c44a91a604e1d43957de27/types
Jul 25 10:00:50 user devstack@c-api.service[72106]: DEBUG cinder.api.openstack.wsgi [None req-7887f7bb-1bd5-4bd9-b311-a57508b2ebb2 tempest-GroupSnapshotsTest-872164662 tempest-GroupSnapshotsTest-872164662-project-admin] Action: 'create', calling method: _create, body: {"volume_type": {"name": "tempest-GroupSnapshotsTest-volume-type-1034224802"}} {{(pid=72106) _process_stack /opt/stack/cinder/cinder/api/openstack/wsgi.py:866}}
Jul 25 10:00:50 user devstack@c-api.service[72106]: INFO cinder.api.openstack.wsgi [None req-7887f7bb-1bd5-4bd9-b311-a57508b2ebb2 tempest-GroupSnapshotsTest-872164662 tempest-GroupSnapshotsTest-872164662-project-admin] http://10.0.0.210/volume/v3/a4c650db80c44a91a604e1d43957de27/types returned with HTTP 200
Jul 25 10:00:50 user devstack@c-api.service[72106]: [pid: 72106|app: 0|req: 28/83] 10.0.0.210 () {64 vars in 1306 bytes} [Tue Jul 25 10:00:50 2023] POST /volume/v3/a4c650db80c44a91a604e1d43957de27/types => generated 224 bytes in 58 msecs (HTTP/1.1 200) 7 headers in 285 bytes (1 switches on core 0)
Jul 25 10:00:50 user devstack@c-api.service[72108]: DEBUG cinder.api.middleware.request_id [None req-b7ef87fd-ee8b-4c31-9949-18cf27097fa9 None None] RequestId filter calling following filter/app {{(pid=72108) _context_setter /opt/stack/cinder/cinder/api/middleware/request_id.py:62}}
Jul 25 10:00:50 user devstack@c-api.service[72108]: INFO cinder.api.openstack.wsgi [None req-b7ef87fd-ee8b-4c31-9949-18cf27097fa9 tempest-GroupSnapshotsTest-872164662 tempest-GroupSnapshotsTest-872164662-project-admin] POST http://10.0.0.210/volume/v3/a4c650db80c44a91a604e1d43957de27/group_types
Jul 25 10:00:50 user devstack@c-api.service[72108]: DEBUG cinder.api.openstack.wsgi [None req-b7ef87fd-ee8b-4c31-9949-18cf27097fa9 tempest-GroupSnapshotsTest-872164662 tempest-GroupSnapshotsTest-872164662-project-admin] Action: 'create', calling method: version_select, body: {"group_type": {"name": "tempest-GroupSnapshotsTest-group-type-58848651"}} {{(pid=72108) _process_stack /opt/stack/cinder/cinder/api/openstack/wsgi.py:866}}
Jul 25 10:00:50 user devstack@c-api.service[72108]: INFO cinder.api.openstack.wsgi [None req-b7ef87fd-ee8b-4c31-9949-18cf27097fa9 tempest-GroupSnapshotsTest-872164662 tempest-GroupSnapshotsTest-872164662-project-admin] http://10.0.0.210/volume/v3/a4c650db80c44a91a604e1d43957de27/group_types returned with HTTP 202
Jul 25 10:00:50 user devstack@c-api.service[72108]: [pid: 72108|app: 0|req: 30/84] 10.0.0.210 () {66 vars in 1365 bytes} [Tue Jul 25 10:00:50 2023] POST /volume/v3/a4c650db80c44a91a604e1d43957de27/group_types => generated 179 bytes in 196 msecs (HTTP/1.1 202) 7 headers in 292 bytes (1 switches on core 0)
Jul 25 10:00:50 user devstack@c-api.service[72106]: DEBUG cinder.api.middleware.request_id [None req-2785ff4f-a701-4c07-b1ff-55d061d0f581 None None] RequestId filter calling following filter/app {{(pid=72106) _context_setter /opt/stack/cinder/cinder/api/middleware/request_id.py:62}}
Jul 25 10:00:50 user devstack@c-api.service[72106]: INFO cinder.api.openstack.wsgi [None req-2785ff4f-a701-4c07-b1ff-55d061d0f581 tempest-GroupSnapshotsTest-1588069078 tempest-GroupSnapshotsTest-1588069078-project-member] POST http://10.0.0.210/volume/v3/1b9c9d674cc64812882ec43717f98f0b/groups
Jul 25 10:00:50 user devstack@c-api.service[72106]: DEBUG cinder.api.openstack.wsgi [None req-2785ff4f-a701-4c07-b1ff-55d061d0f581 tempest-GroupSnapshotsTest-1588069078 tempest-GroupSnapshotsTest-1588069078-project-member] Action: 'create', calling method: version_select, body: {"group": {"group_type": "5ada0857-0cc6-4cb1-91e4-956566ec5e2a", "volume_types": ["ede493db-d31c-4ecd-9cd8-b8182d463844"], "name": "tempest-GroupSnapshotsTest-Group-1073080636"}} {{(pid=72106) _process_stack /opt/stack/cinder/cinder/api/openstack/wsgi.py:866}}
Jul 25 10:00:50 user devstack@c-api.service[72106]: DEBUG cinder.api.v3.groups [None req-2785ff4f-a701-4c07-b1ff-55d061d0f581 tempest-GroupSnapshotsTest-1588069078 tempest-GroupSnapshotsTest-1588069078-project-member] Creating new group {'group': {'group_type': '5ada0857-0cc6-4cb1-91e4-956566ec5e2a', 'volume_types': ['ede493db-d31c-4ecd-9cd8-b8182d463844'], 'name': 'tempest-GroupSnapshotsTest-Group-1073080636'}} {{(pid=72106) create /opt/stack/cinder/cinder/api/v3/groups.py:190}}
Jul 25 10:00:50 user devstack@c-api.service[72108]: DEBUG cinder.api.middleware.request_id [None req-66dedb80-18cd-4cd7-a1c4-5b89592f2c83 None None] RequestId filter calling following filter/app {{(pid=72108) _context_setter /opt/stack/cinder/cinder/api/middleware/request_id.py:62}}
Jul 25 10:00:50 user devstack@c-api.service[72108]: INFO cinder.api.openstack.wsgi [None req-66dedb80-18cd-4cd7-a1c4-5b89592f2c83 tempest-TaggedAttachmentsTest-1298550074 tempest-TaggedAttachmentsTest-1298550074-project-member] GET http://10.0.0.210/volume/v3/5b5086ef6cce4cdfafc4a061ab06f894/volumes/14a1236e-c65b-4217-ae74-37f686ff8104
Jul 25 10:00:50 user devstack@c-api.service[72108]: DEBUG cinder.api.openstack.wsgi [None req-66dedb80-18cd-4cd7-a1c4-5b89592f2c83 tempest-TaggedAttachmentsTest-1298550074 tempest-TaggedAttachmentsTest-1298550074-project-member] Empty body provided in request {{(pid=72108) get_body /opt/stack/cinder/cinder/api/openstack/wsgi.py:715}}
Jul 25 10:00:50 user devstack@c-api.service[72108]: DEBUG cinder.api.openstack.wsgi [None req-66dedb80-18cd-4cd7-a1c4-5b89592f2c83 tempest-TaggedAttachmentsTest-1298550074 tempest-TaggedAttachmentsTest-1298550074-project-member] Calling method 'show' {{(pid=72108) _process_stack /opt/stack/cinder/cinder/api/openstack/wsgi.py:868}}
Jul 25 10:00:50 user devstack@c-api.service[72106]: INFO cinder.api.v3.groups [None req-2785ff4f-a701-4c07-b1ff-55d061d0f581 tempest-GroupSnapshotsTest-1588069078 tempest-GroupSnapshotsTest-1588069078-project-member] Creating group tempest-GroupSnapshotsTest-Group-1073080636.
Jul 25 10:00:50 user devstack@c-api.service[72108]: /usr/local/lib/python3.10/dist-packages/oslo_context/context.py:100: DeprecationWarning: Policy enforcement is depending on the value of is_admin. This key is deprecated. Please update your policy file to use the standard policy values.
Jul 25 10:00:50 user devstack@c-api.service[72108]: warnings.warn('Policy enforcement is depending on the value of '
Jul 25 10:00:50 user devstack@c-api.service[72108]: INFO cinder.volume.api [None req-66dedb80-18cd-4cd7-a1c4-5b89592f2c83 tempest-TaggedAttachmentsTest-1298550074 tempest-TaggedAttachmentsTest-1298550074-project-member] Volume info retrieved successfully.
Jul 25 10:00:50 user devstack@c-api.service[72106]: DEBUG cinder.volume.api [None req-2785ff4f-a701-4c07-b1ff-55d061d0f581 tempest-GroupSnapshotsTest-1588069078 tempest-GroupSnapshotsTest-1588069078-project-member] Availability zone cache updated, next update will occur around 2023-07-25 11:00:50.791479. {{(pid=72106) list_availability_zones /opt/stack/cinder/cinder/volume/api.py:155}}
Jul 25 10:00:50 user devstack@c-api.service[72106]: INFO cinder.volume.api [None req-2785ff4f-a701-4c07-b1ff-55d061d0f581 tempest-GroupSnapshotsTest-1588069078 tempest-GroupSnapshotsTest-1588069078-project-member] Availability Zones retrieved successfully.
Jul 25 10:00:50 user devstack@c-api.service[72108]: INFO cinder.api.openstack.wsgi [None req-66dedb80-18cd-4cd7-a1c4-5b89592f2c83 tempest-TaggedAttachmentsTest-1298550074 tempest-TaggedAttachmentsTest-1298550074-project-member] http://10.0.0.210/volume/v3/5b5086ef6cce4cdfafc4a061ab06f894/volumes/14a1236e-c65b-4217-ae74-37f686ff8104 returned with HTTP 200
Jul 25 10:00:50 user devstack@c-api.service[72108]: [pid: 72108|app: 0|req: 31/85] 10.0.0.210 () {62 vars in 1402 bytes} [Tue Jul 25 10:00:50 2023] GET /volume/v3/5b5086ef6cce4cdfafc4a061ab06f894/volumes/14a1236e-c65b-4217-ae74-37f686ff8104 => generated 911 bytes in 142 msecs (HTTP/1.1 200) 7 headers in 285 bytes (1 switches on core 0)
Jul 25 10:00:50 user devstack@c-api.service[72106]: DEBUG cinder.quota [None req-2785ff4f-a701-4c07-b1ff-55d061d0f581 tempest-GroupSnapshotsTest-1588069078 tempest-GroupSnapshotsTest-1588069078-project-member] Created reservations ['9e83b5fd-1ae9-4435-93a6-331a804d99b4'] {{(pid=72106) reserve /opt/stack/cinder/cinder/quota.py:755}}
Jul 25 10:00:50 user devstack@c-api.service[72106]: DEBUG dbcounter [-] [72106] Writing DB stats cinder:SELECT=87,cinder:UPDATE=9,cinder:INSERT=4 {{(pid=72106) stat_writer /usr/local/lib/python3.10/dist-packages/dbcounter.py:117}}
Jul 25 10:00:50 user devstack@c-api.service[72106]: INFO cinder.api.openstack.wsgi [None req-2785ff4f-a701-4c07-b1ff-55d061d0f581 tempest-GroupSnapshotsTest-1588069078 tempest-GroupSnapshotsTest-1588069078-project-member] http://10.0.0.210/volume/v3/1b9c9d674cc64812882ec43717f98f0b/groups returned with HTTP 202
Jul 25 10:00:50 user devstack@c-api.service[72106]: [pid: 72106|app: 0|req: 29/86] 10.0.0.210 () {66 vars in 1351 bytes} [Tue Jul 25 10:00:50 2023] POST /volume/v3/1b9c9d674cc64812882ec43717f98f0b/groups => generated 112 bytes in 294 msecs (HTTP/1.1 202) 7 headers in 292 bytes (1 switches on core 0)
Jul 25 10:00:50 user devstack@c-api.service[72108]: DEBUG cinder.api.middleware.request_id [None req-ce174b4f-9a86-49d5-82ff-a5aa24c3bf85 None None] RequestId filter calling following filter/app {{(pid=72108) _context_setter /opt/stack/cinder/cinder/api/middleware/request_id.py:62}}
Jul 25 10:00:50 user devstack@c-api.service[72108]: INFO cinder.api.openstack.wsgi [None req-ce174b4f-9a86-49d5-82ff-a5aa24c3bf85 tempest-GroupSnapshotsTest-1588069078 tempest-GroupSnapshotsTest-1588069078-project-member] GET http://10.0.0.210/volume/v3/1b9c9d674cc64812882ec43717f98f0b/groups/a71358ab-1a71-4d6f-b37e-3b64d331ece9
Jul 25 10:00:50 user devstack@c-api.service[72108]: DEBUG cinder.api.openstack.wsgi [None req-ce174b4f-9a86-49d5-82ff-a5aa24c3bf85 tempest-GroupSnapshotsTest-1588069078 tempest-GroupSnapshotsTest-1588069078-project-member] Empty body provided in request {{(pid=72108) get_body /opt/stack/cinder/cinder/api/openstack/wsgi.py:715}}
Jul 25 10:00:50 user devstack@c-api.service[72108]: DEBUG cinder.api.openstack.wsgi [None req-ce174b4f-9a86-49d5-82ff-a5aa24c3bf85 tempest-GroupSnapshotsTest-1588069078 tempest-GroupSnapshotsTest-1588069078-project-member] Calling method 'version_select' {{(pid=72108) _process_stack /opt/stack/cinder/cinder/api/openstack/wsgi.py:868}}
Jul 25 10:00:50 user devstack@c-api.service[72108]: DEBUG cinder.api.v3.groups [None req-ce174b4f-9a86-49d5-82ff-a5aa24c3bf85 tempest-GroupSnapshotsTest-1588069078 tempest-GroupSnapshotsTest-1588069078-project-member] show called for member a71358ab-1a71-4d6f-b37e-3b64d331ece9 {{(pid=72108) show /opt/stack/cinder/cinder/api/v3/groups.py:58}}
Jul 25 10:00:51 user devstack@c-api.service[72108]: /usr/local/lib/python3.10/dist-packages/oslo_context/context.py:100: DeprecationWarning: Policy enforcement is depending on the value of is_admin. This key is deprecated. Please update your policy file to use the standard policy values.
Jul 25 10:00:51 user devstack@c-api.service[72108]: warnings.warn('Policy enforcement is depending on the value of '
Jul 25 10:00:51 user devstack@c-api.service[72108]: INFO cinder.api.openstack.wsgi [None req-ce174b4f-9a86-49d5-82ff-a5aa24c3bf85 tempest-GroupSnapshotsTest-1588069078 tempest-GroupSnapshotsTest-1588069078-project-member] http://10.0.0.210/volume/v3/1b9c9d674cc64812882ec43717f98f0b/groups/a71358ab-1a71-4d6f-b37e-3b64d331ece9 returned with HTTP 200
Jul 25 10:00:51 user devstack@c-api.service[72108]: [pid: 72108|app: 0|req: 32/87] 10.0.0.210 () {64 vars in 1440 bytes} [Tue Jul 25 10:00:50 2023] GET /volume/v3/1b9c9d674cc64812882ec43717f98f0b/groups/a71358ab-1a71-4d6f-b37e-3b64d331ece9 => generated 392 bytes in 94 msecs (HTTP/1.1 200) 7 headers in 286 bytes (1 switches on core 0)
Jul 25 10:00:51 user devstack@c-api.service[72107]: INFO cinder.api.openstack.wsgi [None req-8901ff3f-a43c-49e1-bdac-c97d66a9ff2b tempest-TaggedBootDevicesTest-886816588 tempest-TaggedBootDevicesTest-886816588-project-member] POST http://10.0.0.210/volume/v3/171fe858b48046a3817ece863e1ce913/volumes
Jul 25 10:00:51 user devstack@c-api.service[72107]: DEBUG cinder.api.openstack.wsgi [None req-8901ff3f-a43c-49e1-bdac-c97d66a9ff2b tempest-TaggedBootDevicesTest-886816588 tempest-TaggedBootDevicesTest-886816588-project-member] Action: 'create', calling method: create, body: {"volume": {"size": 1, "display_name": "tempest-TaggedBootDevicesTest-volume-2135341750", "imageRef": "ae3fdcb7-b1e3-4aa0-befc-4b580fff3ad8"}} {{(pid=72107) _process_stack /opt/stack/cinder/cinder/api/openstack/wsgi.py:866}}
Jul 25 10:00:51 user devstack@c-api.service[72107]: DEBUG cinder.api.v3.volumes [None req-8901ff3f-a43c-49e1-bdac-c97d66a9ff2b tempest-TaggedBootDevicesTest-886816588 tempest-TaggedBootDevicesTest-886816588-project-member] Create volume request body: {'volume': {'size': 1, 'display_name': 'tempest-TaggedBootDevicesTest-volume-2135341750', 'imageRef': 'ae3fdcb7-b1e3-4aa0-befc-4b580fff3ad8'}} {{(pid=72107) create /opt/stack/cinder/cinder/api/v3/volumes.py:297}}
Jul 25 10:00:51 user devstack@c-api.service[72107]: INFO cinder.api.v3.volumes [None req-8901ff3f-a43c-49e1-bdac-c97d66a9ff2b tempest-TaggedBootDevicesTest-886816588 tempest-TaggedBootDevicesTest-886816588-project-member] Create volume of 1 GB
Jul 25 10:00:51 user devstack@c-api.service[72107]: INFO cinder.volume.api [None req-8901ff3f-a43c-49e1-bdac-c97d66a9ff2b tempest-TaggedBootDevicesTest-886816588 tempest-TaggedBootDevicesTest-886816588-project-member] Availability Zones retrieved successfully.
Jul 25 10:00:51 user devstack@c-api.service[72107]: DEBUG cinder.volume.api [None req-8901ff3f-a43c-49e1-bdac-c97d66a9ff2b tempest-TaggedBootDevicesTest-886816588 tempest-TaggedBootDevicesTest-886816588-project-member] Flow 'volume_create_api' (69ca0297-26de-4546-91e5-c37a0c788f77) transitioned into state 'RUNNING' from state 'PENDING' {{(pid=72107) _flow_receiver /usr/local/lib/python3.10/dist-packages/taskflow/listeners/logging.py:141}}
Jul 25 10:00:51 user devstack@c-api.service[72107]: DEBUG cinder.volume.api [None req-8901ff3f-a43c-49e1-bdac-c97d66a9ff2b tempest-TaggedBootDevicesTest-886816588 tempest-TaggedBootDevicesTest-886816588-project-member] Task 'cinder.volume.flows.api.create_volume.ExtractVolumeRequestTask;volume:create' (e5176f5b-1dfc-4719-af0b-ea5824ae039d) transitioned into state 'RUNNING' from state 'PENDING' {{(pid=72107) _task_receiver /usr/local/lib/python3.10/dist-packages/taskflow/listeners/logging.py:190}}
Jul 25 10:00:51 user devstack@c-api.service[72107]: DEBUG cinder.volume.flows.api.create_volume [None req-8901ff3f-a43c-49e1-bdac-c97d66a9ff2b tempest-TaggedBootDevicesTest-886816588 tempest-TaggedBootDevicesTest-886816588-project-member] Validating volume size '1' using validate_int {{(pid=72107) _extract_size /opt/stack/cinder/cinder/volume/flows/api/create_volume.py:228}}
Jul 25 10:00:51 user devstack@c-api.service[72107]: DEBUG cinder.volume.api [None req-8901ff3f-a43c-49e1-bdac-c97d66a9ff2b tempest-TaggedBootDevicesTest-886816588 tempest-TaggedBootDevicesTest-886816588-project-member] Task 'cinder.volume.flows.api.create_volume.ExtractVolumeRequestTask;volume:create' (e5176f5b-1dfc-4719-af0b-ea5824ae039d) transitioned into state 'SUCCESS' from state 'RUNNING' with result '{'size': 1, 'snapshot_id': None, 'source_volid': None, 'volume_type': VolumeType(created_at=2023-07-25T09:56:24Z,deleted=False,deleted_at=None,description=None,extra_specs={volume_backend_name='joviandss-2'},id=091e4743-8845-4fe8-b3ca-cbb9118e99ad,is_public=True,name='joviandss-2',projects=[],qos_specs=,qos_specs_id=None,updated_at=None), 'volume_type_id': '091e4743-8845-4fe8-b3ca-cbb9118e99ad', 'encryption_key_id': None, 'qos_specs': None, 'consistencygroup_id': None, 'cgsnapshot_id': None, 'group_id': None, 'replication_status': 'disabled', 'refresh_az': False, 'backup_id': None, 'multiattach': False, 'availability_zones': ['nova']}' {{(pid=72107) _task_receiver /usr/local/lib/python3.10/dist-packages/taskflow/listeners/logging.py:178}}
Jul 25 10:00:51 user devstack@c-api.service[72107]: DEBUG cinder.volume.api [None req-8901ff3f-a43c-49e1-bdac-c97d66a9ff2b tempest-TaggedBootDevicesTest-886816588 tempest-TaggedBootDevicesTest-886816588-project-member] Task 'cinder.volume.flows.api.create_volume.QuotaReserveTask;volume:create' (32dda6b5-c869-4c85-a3c1-45aa59aebae5) transitioned into state 'RUNNING' from state 'PENDING' {{(pid=72107) _task_receiver /usr/local/lib/python3.10/dist-packages/taskflow/listeners/logging.py:190}}
Jul 25 10:00:51 user devstack@c-api.service[72106]: DEBUG cinder.api.middleware.request_id [None req-9d8a2713-688a-4957-978b-32bee51e0249 None None] RequestId filter calling following filter/app {{(pid=72106) _context_setter /opt/stack/cinder/cinder/api/middleware/request_id.py:62}}
Jul 25 10:00:51 user devstack@c-api.service[72106]: INFO cinder.api.openstack.wsgi [None req-9d8a2713-688a-4957-978b-32bee51e0249 tempest-TaggedAttachmentsTest-1298550074 tempest-TaggedAttachmentsTest-1298550074-project-member] GET http://10.0.0.210/volume/v3/5b5086ef6cce4cdfafc4a061ab06f894/volumes/14a1236e-c65b-4217-ae74-37f686ff8104
Jul 25 10:00:51 user devstack@c-api.service[72106]: DEBUG cinder.api.openstack.wsgi [None req-9d8a2713-688a-4957-978b-32bee51e0249 tempest-TaggedAttachmentsTest-1298550074 tempest-TaggedAttachmentsTest-1298550074-project-member] Empty body provided in request {{(pid=72106) get_body /opt/stack/cinder/cinder/api/openstack/wsgi.py:715}}
Jul 25 10:00:51 user devstack@c-api.service[72106]: DEBUG cinder.api.openstack.wsgi [None req-9d8a2713-688a-4957-978b-32bee51e0249 tempest-TaggedAttachmentsTest-1298550074 tempest-TaggedAttachmentsTest-1298550074-project-member] Calling method 'show' {{(pid=72106) _process_stack /opt/stack/cinder/cinder/api/openstack/wsgi.py:868}}
Jul 25 10:00:51 user devstack@c-api.service[72107]: DEBUG cinder.quota [None req-8901ff3f-a43c-49e1-bdac-c97d66a9ff2b tempest-TaggedBootDevicesTest-886816588 tempest-TaggedBootDevicesTest-886816588-project-member] Created reservations ['0635259b-ff7c-4895-8ee8-153b1611649b', '7ea1fdac-e7ed-45fb-86bb-3326d4cff562', '1069709f-dd91-40c3-a6a2-395f5e301099', '1699b33d-a9ad-467e-a640-25617e03fe12'] {{(pid=72107) reserve /opt/stack/cinder/cinder/quota.py:755}}
Jul 25 10:00:51 user devstack@c-api.service[72107]: DEBUG cinder.volume.api [None req-8901ff3f-a43c-49e1-bdac-c97d66a9ff2b tempest-TaggedBootDevicesTest-886816588 tempest-TaggedBootDevicesTest-886816588-project-member] Task 'cinder.volume.flows.api.create_volume.QuotaReserveTask;volume:create' (32dda6b5-c869-4c85-a3c1-45aa59aebae5) transitioned into state 'SUCCESS' from state 'RUNNING' with result '{'reservations': ['0635259b-ff7c-4895-8ee8-153b1611649b', '7ea1fdac-e7ed-45fb-86bb-3326d4cff562', '1069709f-dd91-40c3-a6a2-395f5e301099', '1699b33d-a9ad-467e-a640-25617e03fe12']}' {{(pid=72107) _task_receiver /usr/local/lib/python3.10/dist-packages/taskflow/listeners/logging.py:178}}
Jul 25 10:00:51 user devstack@c-api.service[72107]: DEBUG cinder.volume.api [None req-8901ff3f-a43c-49e1-bdac-c97d66a9ff2b tempest-TaggedBootDevicesTest-886816588 tempest-TaggedBootDevicesTest-886816588-project-member] Task 'cinder.volume.flows.api.create_volume.EntryCreateTask;volume:create' (f4c469cf-c0de-4018-b0fd-fa3c5172cc2a) transitioned into state 'RUNNING' from state 'PENDING' {{(pid=72107) _task_receiver /usr/local/lib/python3.10/dist-packages/taskflow/listeners/logging.py:190}}
Jul 25 10:00:51 user devstack@c-api.service[72106]: /usr/local/lib/python3.10/dist-packages/oslo_context/context.py:100: DeprecationWarning: Policy enforcement is depending on the value of is_admin. This key is deprecated. Please update your policy file to use the standard policy values.
Jul 25 10:00:51 user devstack@c-api.service[72106]: warnings.warn('Policy enforcement is depending on the value of '
Jul 25 10:00:51 user devstack@c-api.service[72107]: DEBUG cinder.volume.api [None req-8901ff3f-a43c-49e1-bdac-c97d66a9ff2b tempest-TaggedBootDevicesTest-886816588 tempest-TaggedBootDevicesTest-886816588-project-member] Task 'cinder.volume.flows.api.create_volume.EntryCreateTask;volume:create' (f4c469cf-c0de-4018-b0fd-fa3c5172cc2a) transitioned into state 'SUCCESS' from state 'RUNNING' with result '{'volume_id': '111f427e-b751-49ca-b2f5-56e733cfd496', 'volume_properties': VolumeProperties(attach_status='detached',availability_zone='nova',cgsnapshot_id=None,consistencygroup_id=None,display_description=None,display_name='tempest-TaggedBootDevicesTest-volume-2135341750',encryption_key_id=None,group_id=None,group_type_id=,metadata={},multiattach=False,project_id='171fe858b48046a3817ece863e1ce913',qos_specs=None,replication_status=,reservations=['0635259b-ff7c-4895-8ee8-153b1611649b','7ea1fdac-e7ed-45fb-86bb-3326d4cff562','1069709f-dd91-40c3-a6a2-395f5e301099','1699b33d-a9ad-467e-a640-25617e03fe12'],size=1,snapshot_id=None,source_replicaid=,source_volid=None,status='creating',user_id='bf17e9e8609440318fc8061235db7bae',volume_type_id=091e4743-8845-4fe8-b3ca-cbb9118e99ad), 'volume': Volume(_name_id=None,admin_metadata=,attach_status='detached',availability_zone='nova',bootable=False,cluster=,cluster_name=None,consistencygroup=,consistencygroup_id=None,created_at=2023-07-25T10:00:51Z,deleted=False,deleted_at=None,display_description=None,display_name='tempest-TaggedBootDevicesTest-volume-2135341750',ec2_id=None,encryption_key_id=None,glance_metadata=,group=,group_id=None,host=None,id=111f427e-b751-49ca-b2f5-56e733cfd496,launched_at=None,metadata={},migration_status=None,multiattach=False,previous_status=None,project_id='171fe858b48046a3817ece863e1ce913',provider_auth=None,provider_geometry=None,provider_id=None,provider_location=None,replication_driver_data=None,replication_extended_status=None,replication_status=None,scheduled_at=None,service_uuid=None,shared_targets=True,size=1,snapshot_id=None,snapshots=,source_volid=None,status='creating',terminated_at=None,updated_at=None,use_quota=True,user_id='bf17e9e8609440318fc8061235db7bae',volume_attachment=VolumeAttachmentList,volume_type=VolumeType(091e4743-8845-4fe8-b3ca-cbb9118e99ad),volume_type_id=091e4743-8845-4fe8-b3ca-cbb9118e99ad)}' {{(pid=72107) _task_receiver /usr/local/lib/python3.10/dist-packages/taskflow/listeners/logging.py:178}}
Jul 25 10:00:51 user devstack@c-api.service[72107]: DEBUG cinder.volume.api [None req-8901ff3f-a43c-49e1-bdac-c97d66a9ff2b tempest-TaggedBootDevicesTest-886816588 tempest-TaggedBootDevicesTest-886816588-project-member] Task 'cinder.volume.flows.api.create_volume.QuotaCommitTask;volume:create' (49882eac-e663-4765-85f1-144e6c827dd0) transitioned into state 'RUNNING' from state 'PENDING' {{(pid=72107) _task_receiver /usr/local/lib/python3.10/dist-packages/taskflow/listeners/logging.py:190}}
Jul 25 10:00:51 user devstack@c-api.service[72106]: INFO cinder.volume.api [None req-9d8a2713-688a-4957-978b-32bee51e0249 tempest-TaggedAttachmentsTest-1298550074 tempest-TaggedAttachmentsTest-1298550074-project-member] Volume info retrieved successfully.
Jul 25 10:00:51 user devstack@c-api.service[72106]: INFO cinder.api.openstack.wsgi [None req-9d8a2713-688a-4957-978b-32bee51e0249 tempest-TaggedAttachmentsTest-1298550074 tempest-TaggedAttachmentsTest-1298550074-project-member] http://10.0.0.210/volume/v3/5b5086ef6cce4cdfafc4a061ab06f894/volumes/14a1236e-c65b-4217-ae74-37f686ff8104 returned with HTTP 200
Jul 25 10:00:51 user devstack@c-api.service[72106]: [pid: 72106|app: 0|req: 30/88] 10.0.0.210 () {62 vars in 1402 bytes} [Tue Jul 25 10:00:51 2023] GET /volume/v3/5b5086ef6cce4cdfafc4a061ab06f894/volumes/14a1236e-c65b-4217-ae74-37f686ff8104 => generated 911 bytes in 141 msecs (HTTP/1.1 200) 7 headers in 285 bytes (1 switches on core 0)
Jul 25 10:00:52 user devstack@c-api.service[72107]: DEBUG cinder.volume.api [None req-8901ff3f-a43c-49e1-bdac-c97d66a9ff2b tempest-TaggedBootDevicesTest-886816588 tempest-TaggedBootDevicesTest-886816588-project-member] Task 'cinder.volume.flows.api.create_volume.QuotaCommitTask;volume:create' (49882eac-e663-4765-85f1-144e6c827dd0) transitioned into state 'SUCCESS' from state 'RUNNING' with result '{'volume_properties': VolumeProperties(attach_status='detached',availability_zone='nova',cgsnapshot_id=None,consistencygroup_id=None,display_description=None,display_name='tempest-TaggedBootDevicesTest-volume-2135341750',encryption_key_id=None,group_id=None,group_type_id=,metadata={},multiattach=False,project_id='171fe858b48046a3817ece863e1ce913',qos_specs=None,replication_status=,reservations=['0635259b-ff7c-4895-8ee8-153b1611649b','7ea1fdac-e7ed-45fb-86bb-3326d4cff562','1069709f-dd91-40c3-a6a2-395f5e301099','1699b33d-a9ad-467e-a640-25617e03fe12'],size=1,snapshot_id=None,source_replicaid=,source_volid=None,status='creating',user_id='bf17e9e8609440318fc8061235db7bae',volume_type_id=091e4743-8845-4fe8-b3ca-cbb9118e99ad)}' {{(pid=72107) _task_receiver /usr/local/lib/python3.10/dist-packages/taskflow/listeners/logging.py:178}}
Jul 25 10:00:52 user devstack@c-api.service[72107]: DEBUG cinder.volume.api [None req-8901ff3f-a43c-49e1-bdac-c97d66a9ff2b tempest-TaggedBootDevicesTest-886816588 tempest-TaggedBootDevicesTest-886816588-project-member] Task 'cinder.volume.flows.api.create_volume.VolumeCastTask;volume:create' (afb33fcb-ba59-4967-bed8-4e7559463a7e) transitioned into state 'RUNNING' from state 'PENDING' {{(pid=72107) _task_receiver /usr/local/lib/python3.10/dist-packages/taskflow/listeners/logging.py:190}}
Jul 25 10:00:52 user devstack@c-api.service[72107]: DEBUG dbcounter [-] [72107] Writing DB stats cinder:SELECT=69,cinder:UPDATE=20,cinder:INSERT=11 {{(pid=72107) stat_writer /usr/local/lib/python3.10/dist-packages/dbcounter.py:117}}
Jul 25 10:00:52 user devstack@c-api.service[72107]: DEBUG cinder.volume.api [None req-8901ff3f-a43c-49e1-bdac-c97d66a9ff2b tempest-TaggedBootDevicesTest-886816588 tempest-TaggedBootDevicesTest-886816588-project-member] Task 'cinder.volume.flows.api.create_volume.VolumeCastTask;volume:create' (afb33fcb-ba59-4967-bed8-4e7559463a7e) transitioned into state 'SUCCESS' from state 'RUNNING' with result 'None' {{(pid=72107) _task_receiver /usr/local/lib/python3.10/dist-packages/taskflow/listeners/logging.py:178}}
Jul 25 10:00:52 user devstack@c-api.service[72107]: DEBUG cinder.volume.api [None req-8901ff3f-a43c-49e1-bdac-c97d66a9ff2b tempest-TaggedBootDevicesTest-886816588 tempest-TaggedBootDevicesTest-886816588-project-member] Flow 'volume_create_api' (69ca0297-26de-4546-91e5-c37a0c788f77) transitioned into state 'SUCCESS' from state 'RUNNING' {{(pid=72107) _flow_receiver /usr/local/lib/python3.10/dist-packages/taskflow/listeners/logging.py:141}}
Jul 25 10:00:52 user devstack@c-api.service[72107]: INFO cinder.volume.api [None req-8901ff3f-a43c-49e1-bdac-c97d66a9ff2b tempest-TaggedBootDevicesTest-886816588 tempest-TaggedBootDevicesTest-886816588-project-member] Create volume request issued successfully.
Jul 25 10:00:52 user devstack@c-api.service[72107]: INFO cinder.api.openstack.wsgi [None req-8901ff3f-a43c-49e1-bdac-c97d66a9ff2b tempest-TaggedBootDevicesTest-886816588 tempest-TaggedBootDevicesTest-886816588-project-member] http://10.0.0.210/volume/v3/171fe858b48046a3817ece863e1ce913/volumes returned with HTTP 202
Jul 25 10:00:52 user devstack@c-api.service[72107]: [pid: 72107|app: 0|req: 27/89] 10.0.0.210 () {64 vars in 1313 bytes} [Tue Jul 25 10:00:50 2023] POST /volume/v3/171fe858b48046a3817ece863e1ce913/volumes => generated 819 bytes in 1888 msecs (HTTP/1.1 202) 7 headers in 291 bytes (1 switches on core 0)
Jul 25 10:00:52 user devstack@c-api.service[72108]: DEBUG cinder.api.middleware.request_id [None req-4b0d1b4b-cd13-41d1-a706-25596452595d None None] RequestId filter calling following filter/app {{(pid=72108) _context_setter /opt/stack/cinder/cinder/api/middleware/request_id.py:62}}
Jul 25 10:00:52 user devstack@c-api.service[72106]: DEBUG cinder.api.middleware.request_id [None req-d0c3ec9f-3de0-46bb-a69d-54634da3c497 None None] RequestId filter calling following filter/app {{(pid=72106) _context_setter /opt/stack/cinder/cinder/api/middleware/request_id.py:62}}
Jul 25 10:00:52 user devstack@c-api.service[72106]: INFO cinder.api.openstack.wsgi [None req-d0c3ec9f-3de0-46bb-a69d-54634da3c497 tempest-TaggedBootDevicesTest-886816588 tempest-TaggedBootDevicesTest-886816588-project-member] GET http://10.0.0.210/volume/v3/171fe858b48046a3817ece863e1ce913/volumes/111f427e-b751-49ca-b2f5-56e733cfd496
Jul 25 10:00:52 user devstack@c-api.service[72106]: DEBUG cinder.api.openstack.wsgi [None req-d0c3ec9f-3de0-46bb-a69d-54634da3c497 tempest-TaggedBootDevicesTest-886816588 tempest-TaggedBootDevicesTest-886816588-project-member] Empty body provided in request {{(pid=72106) get_body /opt/stack/cinder/cinder/api/openstack/wsgi.py:715}}
Jul 25 10:00:52 user devstack@c-api.service[72106]: DEBUG cinder.api.openstack.wsgi [None req-d0c3ec9f-3de0-46bb-a69d-54634da3c497 tempest-TaggedBootDevicesTest-886816588 tempest-TaggedBootDevicesTest-886816588-project-member] Calling method 'show' {{(pid=72106) _process_stack /opt/stack/cinder/cinder/api/openstack/wsgi.py:868}}
Jul 25 10:00:52 user devstack@c-api.service[72108]: INFO cinder.api.openstack.wsgi [None req-4b0d1b4b-cd13-41d1-a706-25596452595d tempest-GroupSnapshotsTest-1588069078 tempest-GroupSnapshotsTest-1588069078-project-member] GET http://10.0.0.210/volume/v3/1b9c9d674cc64812882ec43717f98f0b/groups/a71358ab-1a71-4d6f-b37e-3b64d331ece9
Jul 25 10:00:52 user devstack@c-api.service[72108]: DEBUG cinder.api.openstack.wsgi [None req-4b0d1b4b-cd13-41d1-a706-25596452595d tempest-GroupSnapshotsTest-1588069078 tempest-GroupSnapshotsTest-1588069078-project-member] Empty body provided in request {{(pid=72108) get_body /opt/stack/cinder/cinder/api/openstack/wsgi.py:715}}
Jul 25 10:00:52 user devstack@c-api.service[72108]: DEBUG cinder.api.openstack.wsgi [None req-4b0d1b4b-cd13-41d1-a706-25596452595d tempest-GroupSnapshotsTest-1588069078 tempest-GroupSnapshotsTest-1588069078-project-member] Calling method 'version_select' {{(pid=72108) _process_stack /opt/stack/cinder/cinder/api/openstack/wsgi.py:868}}
Jul 25 10:00:52 user devstack@c-api.service[72106]: /usr/local/lib/python3.10/dist-packages/oslo_context/context.py:100: DeprecationWarning: Policy enforcement is depending on the value of is_admin. This key is deprecated. Please update your policy file to use the standard policy values.
Jul 25 10:00:52 user devstack@c-api.service[72106]: warnings.warn('Policy enforcement is depending on the value of '
Jul 25 10:00:52 user devstack@c-api.service[72108]: DEBUG cinder.api.v3.groups [None req-4b0d1b4b-cd13-41d1-a706-25596452595d tempest-GroupSnapshotsTest-1588069078 tempest-GroupSnapshotsTest-1588069078-project-member] show called for member a71358ab-1a71-4d6f-b37e-3b64d331ece9 {{(pid=72108) show /opt/stack/cinder/cinder/api/v3/groups.py:58}}
Jul 25 10:00:52 user devstack@c-api.service[72106]: INFO cinder.volume.api [None req-d0c3ec9f-3de0-46bb-a69d-54634da3c497 tempest-TaggedBootDevicesTest-886816588 tempest-TaggedBootDevicesTest-886816588-project-member] Volume info retrieved successfully.
