Jul 27 16:24:54 user devstack@keystone.service[42427]: DEBUG keystone.server.flask.request_processing.middleware.auth_context [None req-6ded34e9-ce2d-498d-bab5-e8cd42a4ea5e None admin] RBAC: auth_context: {'token': , 'domain_id': None, 'trust_id': None, 'trustor_id': None, 'trustee_id': None, 'domain_name': None, 'group_ids': [], 'user_id': '04bdb422de6540df836015f2d4021bb8', 'user_domain_id': 'default', 'system_scope': 'all', 'project_id': None, 'project_domain_id': None, 'roles': ['admin', 'member', 'reader'], 'is_admin_project': True, 'service_user_id': None, 'service_user_domain_id': None, 'service_project_id': None, 'service_project_domain_id': None, 'service_roles': []} {{(pid=42427) fill_context /opt/stack/keystone/keystone/server/flask/request_processing/middleware/auth_context.py:480}}
Jul 27 16:24:54 user devstack@keystone.service[42427]: DEBUG keystone.server.flask.request_processing.req_logging [None req-6ded34e9-ce2d-498d-bab5-e8cd42a4ea5e None admin] REQUEST_METHOD: `GET` {{(pid=42427) log_request_info /opt/stack/keystone/keystone/server/flask/request_processing/req_logging.py:27}}
Jul 27 16:24:54 user devstack@keystone.service[42427]: DEBUG keystone.server.flask.request_processing.req_logging [None req-6ded34e9-ce2d-498d-bab5-e8cd42a4ea5e None admin] SCRIPT_NAME: `/identity` {{(pid=42427) log_request_info /opt/stack/keystone/keystone/server/flask/request_processing/req_logging.py:28}}
Jul 27 16:24:54 user devstack@keystone.service[42427]: DEBUG keystone.server.flask.request_processing.req_logging [None req-6ded34e9-ce2d-498d-bab5-e8cd42a4ea5e None admin] PATH_INFO: `/v3/auth/tokens` {{(pid=42427) log_request_info /opt/stack/keystone/keystone/server/flask/request_processing/req_logging.py:29}}
Jul 27 16:24:54 user devstack@keystone.service[42428]: DEBUG dbcounter [-] [42428] Writing DB stats keystone:SELECT=100 {{(pid=42428) stat_writer /usr/local/lib/python3.10/dist-packages/dbcounter.py:117}}
Jul 27 16:24:54 user devstack@keystone.service[42426]: DEBUG keystone.server.flask.request_processing.middleware.auth_context [None req-24bb6e9e-5819-4a9c-afc3-f134831c49a0 None admin] Validating token access rules against request {{(pid=42426) validate_allowed_request /usr/local/lib/python3.10/dist-packages/keystonemiddleware/auth_token/__init__.py:544}}
Jul 27 16:24:54 user devstack@keystone.service[42427]: DEBUG keystone.common.rbac_enforcer.enforcer [None req-6ded34e9-ce2d-498d-bab5-e8cd42a4ea5e None admin] RBAC: Authorizing `identity:validate_token()` {{(pid=42427) enforce_call /opt/stack/keystone/keystone/common/rbac_enforcer/enforcer.py:449}}
Jul 27 16:24:54 user devstack@keystone.service[42426]: DEBUG keystone.server.flask.request_processing.middleware.auth_context [None req-b349e9ec-5a62-492c-b9ce-ea922f1e1be7 None admin] RBAC: auth_context: {'token': , 'domain_id': None, 'trust_id': None, 'trustor_id': None, 'trustee_id': None, 'domain_name': None, 'group_ids': [], 'user_id': '04bdb422de6540df836015f2d4021bb8', 'user_domain_id': 'default', 'system_scope': 'all', 'project_id': None, 'project_domain_id': None, 'roles': ['admin', 'member', 'reader'], 'is_admin_project': True, 'service_user_id': None, 'service_user_domain_id': None, 'service_project_id': None, 'service_project_domain_id': None, 'service_roles': []} {{(pid=42426) fill_context /opt/stack/keystone/keystone/server/flask/request_processing/middleware/auth_context.py:480}}
Jul 27 16:24:54 user devstack@keystone.service[42426]: DEBUG keystone.server.flask.request_processing.req_logging [None req-b349e9ec-5a62-492c-b9ce-ea922f1e1be7 None admin] REQUEST_METHOD: `GET` {{(pid=42426) log_request_info /opt/stack/keystone/keystone/server/flask/request_processing/req_logging.py:27}}
Jul 27 16:24:54 user devstack@keystone.service[42427]: DEBUG keystone.common.rbac_enforcer.enforcer [None req-6ded34e9-ce2d-498d-bab5-e8cd42a4ea5e None admin] RBAC: Authorization granted {{(pid=42427) enforce_call /opt/stack/keystone/keystone/common/rbac_enforcer/enforcer.py:457}}
Jul 27 16:24:54 user devstack@keystone.service[42426]: DEBUG keystone.server.flask.request_processing.req_logging [None req-b349e9ec-5a62-492c-b9ce-ea922f1e1be7 None admin] SCRIPT_NAME: `/identity` {{(pid=42426) log_request_info /opt/stack/keystone/keystone/server/flask/request_processing/req_logging.py:28}}
Jul 27 16:24:54 user devstack@keystone.service[42426]: DEBUG keystone.server.flask.request_processing.req_logging [None req-b349e9ec-5a62-492c-b9ce-ea922f1e1be7 None admin] PATH_INFO: `/v3/role_assignments` {{(pid=42426) log_request_info /opt/stack/keystone/keystone/server/flask/request_processing/req_logging.py:29}}
Jul 27 16:24:54 user devstack@keystone.service[42426]: DEBUG keystone.common.rbac_enforcer.enforcer [None req-b349e9ec-5a62-492c-b9ce-ea922f1e1be7 None admin] RBAC: Adding query filter params (group.id=7600253c16af42f18e3adffde5187710, role.id=fa4a715bba29421fbe07e5fd489cf1f1, scope.project.id=2435a88e5b8846b082ce866854fd38b2) {{(pid=42426) _extract_filter_values /opt/stack/keystone/keystone/common/rbac_enforcer/enforcer.py:167}}
Jul 27 16:24:54 user devstack@keystone.service[42426]: DEBUG keystone.common.rbac_enforcer.enforcer [None req-b349e9ec-5a62-492c-b9ce-ea922f1e1be7 None admin] RBAC: Authorizing `identity:list_role_assignments()` {{(pid=42426) enforce_call /opt/stack/keystone/keystone/common/rbac_enforcer/enforcer.py:449}}
Jul 27 16:24:54 user devstack@keystone.service[42426]: DEBUG keystone.common.rbac_enforcer.enforcer [None req-b349e9ec-5a62-492c-b9ce-ea922f1e1be7 None admin] RBAC: Authorization granted {{(pid=42426) enforce_call /opt/stack/keystone/keystone/common/rbac_enforcer/enforcer.py:457}}
Jul 27 16:24:54 user devstack@keystone.service[42426]: [pid: 42426|app: 0|req: 112/328] 10.0.0.210 () {56 vars in 1371 bytes} [Thu Jul 27 16:24:54 2023] GET /identity/v3/role_assignments?group.id=7600253c16af42f18e3adffde5187710&scope.project.id=2435a88e5b8846b082ce866854fd38b2&role.id=fa4a715bba29421fbe07e5fd489cf1f1 => generated 609 bytes in 136 msecs (HTTP/1.1 200) 5 headers in 177 bytes (1 switches on core 0)
Jul 27 16:24:54 user devstack@keystone.service[42428]: DEBUG keystone.server.flask.request_processing.middleware.auth_context [None req-f3d670a8-8385-48bd-8b52-65d6692a49ab None admin] Validating token access rules against request {{(pid=42428) validate_allowed_request /usr/local/lib/python3.10/dist-packages/keystonemiddleware/auth_token/__init__.py:544}}
Jul 27 16:24:54 user devstack@keystone.service[42428]: DEBUG keystone.server.flask.request_processing.middleware.auth_context [None req-9ab0af85-95a3-46e5-982f-5599a1f5a22d None admin] RBAC: auth_context: {'token': , 'domain_id': None, 'trust_id': None, 'trustor_id': None, 'trustee_id': None, 'domain_name': None, 'group_ids': [], 'user_id': '04bdb422de6540df836015f2d4021bb8', 'user_domain_id': 'default', 'system_scope': 'all', 'project_id': None, 'project_domain_id': None, 'roles': ['admin', 'member', 'reader'], 'is_admin_project': True, 'service_user_id': None, 'service_user_domain_id': None, 'service_project_id': None, 'service_project_domain_id': None, 'service_roles': []} {{(pid=42428) fill_context /opt/stack/keystone/keystone/server/flask/request_processing/middleware/auth_context.py:480}}
Jul 27 16:24:54 user devstack@keystone.service[42428]: DEBUG keystone.server.flask.request_processing.req_logging [None req-9ab0af85-95a3-46e5-982f-5599a1f5a22d None admin] REQUEST_METHOD: `GET` {{(pid=42428) log_request_info /opt/stack/keystone/keystone/server/flask/request_processing/req_logging.py:27}}
Jul 27 16:24:54 user devstack@keystone.service[42428]: DEBUG keystone.server.flask.request_processing.req_logging [None req-9ab0af85-95a3-46e5-982f-5599a1f5a22d None admin] SCRIPT_NAME: `/identity` {{(pid=42428) log_request_info /opt/stack/keystone/keystone/server/flask/request_processing/req_logging.py:28}}
Jul 27 16:24:54 user devstack@keystone.service[42428]: DEBUG keystone.server.flask.request_processing.req_logging [None req-9ab0af85-95a3-46e5-982f-5599a1f5a22d None admin] PATH_INFO: `/v3/auth/tokens` {{(pid=42428) log_request_info /opt/stack/keystone/keystone/server/flask/request_processing/req_logging.py:29}}
Jul 27 16:24:54 user devstack@keystone.service[42427]: [pid: 42427|app: 0|req: 106/329] 10.0.0.210 () {58 vars in 1277 bytes} [Thu Jul 27 16:24:54 2023] GET /identity/v3/auth/tokens => generated 798 bytes in 287 msecs (HTTP/1.1 200) 6 headers in 358 bytes (1 switches on core 0)
Jul 27 16:24:54 user devstack@keystone.service[42426]: DEBUG keystone.server.flask.request_processing.middleware.auth_context [None req-b349e9ec-5a62-492c-b9ce-ea922f1e1be7 None admin] Authenticating user token {{(pid=42426) process_request /usr/local/lib/python3.10/dist-packages/keystonemiddleware/auth_token/__init__.py:406}}
Jul 27 16:24:54 user devstack@keystone.service[42428]: DEBUG keystone.common.rbac_enforcer.enforcer [None req-9ab0af85-95a3-46e5-982f-5599a1f5a22d None admin] RBAC: Authorizing `identity:validate_token()` {{(pid=42428) enforce_call /opt/stack/keystone/keystone/common/rbac_enforcer/enforcer.py:449}}
Jul 27 16:24:54 user devstack@keystone.service[42428]: DEBUG keystone.common.rbac_enforcer.enforcer [None req-9ab0af85-95a3-46e5-982f-5599a1f5a22d None admin] RBAC: Authorization granted {{(pid=42428) enforce_call /opt/stack/keystone/keystone/common/rbac_enforcer/enforcer.py:457}}
Jul 27 16:24:54 user devstack@keystone.service[42428]: DEBUG dbcounter [-] [42428] Writing DB stats keystone:SELECT=100 {{(pid=42428) stat_writer /usr/local/lib/python3.10/dist-packages/dbcounter.py:117}}
Jul 27 16:24:54 user devstack@keystone.service[42426]: DEBUG dbcounter [-] [42426] Writing DB stats keystone:SELECT=100 {{(pid=42426) stat_writer /usr/local/lib/python3.10/dist-packages/dbcounter.py:117}}
Jul 27 16:24:54 user devstack@keystone.service[42426]: DEBUG keystone.server.flask.request_processing.middleware.auth_context [None req-b349e9ec-5a62-492c-b9ce-ea922f1e1be7 None admin] Validating token access rules against request {{(pid=42426) validate_allowed_request /usr/local/lib/python3.10/dist-packages/keystonemiddleware/auth_token/__init__.py:544}}
Jul 27 16:24:54 user devstack@keystone.service[42428]: [pid: 42428|app: 0|req: 112/330] 10.0.0.210 () {58 vars in 1277 bytes} [Thu Jul 27 16:24:54 2023] GET /identity/v3/auth/tokens => generated 798 bytes in 299 msecs (HTTP/1.1 200) 6 headers in 358 bytes (1 switches on core 0)
Jul 27 16:24:54 user devstack@keystone.service[42427]: DEBUG keystone.server.flask.request_processing.middleware.auth_context [None req-6ded34e9-ce2d-498d-bab5-e8cd42a4ea5e None admin] Authenticating user token {{(pid=42427) process_request /usr/local/lib/python3.10/dist-packages/keystonemiddleware/auth_token/__init__.py:406}}
Jul 27 16:24:54 user devstack@keystone.service[42426]: DEBUG keystone.server.flask.request_processing.middleware.auth_context [None req-285f69c8-d741-4eb0-bee2-5f33e2780e6c None admin] RBAC: auth_context: {'token': , 'domain_id': None, 'trust_id': None, 'trustor_id': None, 'trustee_id': None, 'domain_name': None, 'group_ids': [], 'user_id': '04bdb422de6540df836015f2d4021bb8', 'user_domain_id': 'default', 'system_scope': 'all', 'project_id': None, 'project_domain_id': None, 'roles': ['admin', 'member', 'reader'], 'is_admin_project': True, 'service_user_id': None, 'service_user_domain_id': None, 'service_project_id': None, 'service_project_domain_id': None, 'service_roles': []} {{(pid=42426) fill_context /opt/stack/keystone/keystone/server/flask/request_processing/middleware/auth_context.py:480}}
Jul 27 16:24:54 user devstack@keystone.service[42426]: DEBUG keystone.server.flask.request_processing.req_logging [None req-285f69c8-d741-4eb0-bee2-5f33e2780e6c None admin] REQUEST_METHOD: `GET` {{(pid=42426) log_request_info /opt/stack/keystone/keystone/server/flask/request_processing/req_logging.py:27}}
Jul 27 16:24:54 user devstack@keystone.service[42426]: DEBUG keystone.server.flask.request_processing.req_logging [None req-285f69c8-d741-4eb0-bee2-5f33e2780e6c None admin] SCRIPT_NAME: `/identity` {{(pid=42426) log_request_info /opt/stack/keystone/keystone/server/flask/request_processing/req_logging.py:28}}
Jul 27 16:24:54 user devstack@keystone.service[42426]: DEBUG keystone.server.flask.request_processing.req_logging [None req-285f69c8-d741-4eb0-bee2-5f33e2780e6c None admin] PATH_INFO: `/v3/projects/2435a88e5b8846b082ce866854fd38b2` {{(pid=42426) log_request_info /opt/stack/keystone/keystone/server/flask/request_processing/req_logging.py:29}}
Jul 27 16:24:54 user devstack@keystone.service[42426]: DEBUG keystone.common.rbac_enforcer.enforcer [None req-285f69c8-d741-4eb0-bee2-5f33e2780e6c None admin] RBAC: Authorizing `identity:get_project(project_id=2435a88e5b8846b082ce866854fd38b2)` {{(pid=42426) enforce_call /opt/stack/keystone/keystone/common/rbac_enforcer/enforcer.py:449}}
Jul 27 16:24:54 user devstack@keystone.service[42426]: DEBUG keystone.common.rbac_enforcer.enforcer [None req-285f69c8-d741-4eb0-bee2-5f33e2780e6c None admin] RBAC: Authorization granted {{(pid=42426) enforce_call /opt/stack/keystone/keystone/common/rbac_enforcer/enforcer.py:457}}
Jul 27 16:24:54 user devstack@keystone.service[42426]: [pid: 42426|app: 0|req: 113/331] 10.0.0.210 () {56 vars in 1181 bytes} [Thu Jul 27 16:24:54 2023] GET /identity/v3/projects/2435a88e5b8846b082ce866854fd38b2 => generated 301 bytes in 137 msecs (HTTP/1.1 200) 5 headers in 177 bytes (1 switches on core 0)
Jul 27 16:24:54 user devstack@keystone.service[42428]: DEBUG keystone.server.flask.request_processing.middleware.auth_context [None req-9ab0af85-95a3-46e5-982f-5599a1f5a22d None admin] Authenticating user token {{(pid=42428) process_request /usr/local/lib/python3.10/dist-packages/keystonemiddleware/auth_token/__init__.py:406}}
Jul 27 16:24:54 user devstack@keystone.service[42427]: DEBUG dbcounter [-] [42427] Writing DB stats keystone:SELECT=100 {{(pid=42427) stat_writer /usr/local/lib/python3.10/dist-packages/dbcounter.py:117}}
Jul 27 16:24:54 user devstack@keystone.service[42427]: DEBUG keystone.server.flask.request_processing.middleware.auth_context [None req-6ded34e9-ce2d-498d-bab5-e8cd42a4ea5e None admin] Validating token access rules against request {{(pid=42427) validate_allowed_request /usr/local/lib/python3.10/dist-packages/keystonemiddleware/auth_token/__init__.py:544}}
Jul 27 16:24:54 user devstack@keystone.service[42428]: DEBUG keystone.server.flask.request_processing.middleware.auth_context [None req-9ab0af85-95a3-46e5-982f-5599a1f5a22d None admin] Validating token access rules against request {{(pid=42428) validate_allowed_request /usr/local/lib/python3.10/dist-packages/keystonemiddleware/auth_token/__init__.py:544}}
Jul 27 16:24:54 user devstack@keystone.service[42428]: DEBUG dbcounter [-] [42428] Writing DB stats keystone:SELECT=100 {{(pid=42428) stat_writer /usr/local/lib/python3.10/dist-packages/dbcounter.py:117}}
Jul 27 16:24:54 user devstack@keystone.service[42428]: DEBUG keystone.server.flask.request_processing.middleware.auth_context [None req-68820e1a-bd63-41cf-806e-fe40644ce9f5 None admin] RBAC: auth_context: {'token': , 'domain_id': None, 'trust_id': None, 'trustor_id': None, 'trustee_id': None, 'domain_name': None, 'group_ids': [], 'user_id': '04bdb422de6540df836015f2d4021bb8', 'user_domain_id': 'default', 'system_scope': 'all', 'project_id': None, 'project_domain_id': None, 'roles': ['admin', 'member', 'reader'], 'is_admin_project': True, 'service_user_id': None, 'service_user_domain_id': None, 'service_project_id': None, 'service_project_domain_id': None, 'service_roles': []} {{(pid=42428) fill_context /opt/stack/keystone/keystone/server/flask/request_processing/middleware/auth_context.py:480}}
Jul 27 16:24:54 user devstack@keystone.service[42428]: DEBUG keystone.server.flask.request_processing.req_logging [None req-68820e1a-bd63-41cf-806e-fe40644ce9f5 None admin] REQUEST_METHOD: `GET` {{(pid=42428) log_request_info /opt/stack/keystone/keystone/server/flask/request_processing/req_logging.py:27}}
Jul 27 16:24:54 user devstack@keystone.service[42428]: DEBUG keystone.server.flask.request_processing.req_logging [None req-68820e1a-bd63-41cf-806e-fe40644ce9f5 None admin] SCRIPT_NAME: `/identity` {{(pid=42428) log_request_info /opt/stack/keystone/keystone/server/flask/request_processing/req_logging.py:28}}
Jul 27 16:24:54 user devstack@keystone.service[42428]: DEBUG keystone.server.flask.request_processing.req_logging [None req-68820e1a-bd63-41cf-806e-fe40644ce9f5 None admin] PATH_INFO: `/v3/groups/7600253c16af42f18e3adffde5187710` {{(pid=42428) log_request_info /opt/stack/keystone/keystone/server/flask/request_processing/req_logging.py:29}}
Jul 27 16:24:54 user devstack@keystone.service[42428]: DEBUG keystone.common.rbac_enforcer.enforcer [None req-68820e1a-bd63-41cf-806e-fe40644ce9f5 None admin] RBAC: Authorizing `identity:get_group(group_id=7600253c16af42f18e3adffde5187710)` {{(pid=42428) enforce_call /opt/stack/keystone/keystone/common/rbac_enforcer/enforcer.py:449}}
Jul 27 16:24:54 user devstack@keystone.service[42428]: DEBUG keystone.common.rbac_enforcer.enforcer [None req-68820e1a-bd63-41cf-806e-fe40644ce9f5 None admin] RBAC: Authorization granted {{(pid=42428) enforce_call /opt/stack/keystone/keystone/common/rbac_enforcer/enforcer.py:457}}
Jul 27 16:24:54 user devstack@keystone.service[42427]: DEBUG keystone.server.flask.request_processing.middleware.auth_context [None req-3528708d-154c-4203-8899-278ce97e2558 None admin] RBAC: auth_context: {'token': , 'domain_id': None, 'trust_id': None, 'trustor_id': None, 'trustee_id': None, 'domain_name': None, 'group_ids': [], 'user_id': '04bdb422de6540df836015f2d4021bb8', 'user_domain_id': 'default', 'system_scope': 'all', 'project_id': None, 'project_domain_id': None, 'roles': ['admin', 'member', 'reader'], 'is_admin_project': True, 'service_user_id': None, 'service_user_domain_id': None, 'service_project_id': None, 'service_project_domain_id': None, 'service_roles': []} {{(pid=42427) fill_context /opt/stack/keystone/keystone/server/flask/request_processing/middleware/auth_context.py:480}}
Jul 27 16:24:54 user devstack@keystone.service[42427]: DEBUG keystone.server.flask.request_processing.req_logging [None req-3528708d-154c-4203-8899-278ce97e2558 None admin] REQUEST_METHOD: `GET` {{(pid=42427) log_request_info /opt/stack/keystone/keystone/server/flask/request_processing/req_logging.py:27}}
Jul 27 16:24:54 user devstack@keystone.service[42427]: DEBUG keystone.server.flask.request_processing.req_logging [None req-3528708d-154c-4203-8899-278ce97e2558 None admin] SCRIPT_NAME: `/identity` {{(pid=42427) log_request_info /opt/stack/keystone/keystone/server/flask/request_processing/req_logging.py:28}}
Jul 27 16:24:54 user devstack@keystone.service[42427]: DEBUG keystone.server.flask.request_processing.req_logging [None req-3528708d-154c-4203-8899-278ce97e2558 None admin] PATH_INFO: `/v3/projects/bac095afc19c41b6970d6408ce418577` {{(pid=42427) log_request_info /opt/stack/keystone/keystone/server/flask/request_processing/req_logging.py:29}}
Jul 27 16:24:54 user devstack@keystone.service[42428]: [pid: 42428|app: 0|req: 113/332] 10.0.0.210 () {56 vars in 1175 bytes} [Thu Jul 27 16:24:54 2023] GET /identity/v3/groups/7600253c16af42f18e3adffde5187710 => generated 225 bytes in 129 msecs (HTTP/1.1 200) 5 headers in 177 bytes (1 switches on core 0)
Jul 27 16:24:54 user devstack@keystone.service[42427]: DEBUG keystone.common.rbac_enforcer.enforcer [None req-3528708d-154c-4203-8899-278ce97e2558 None admin] RBAC: Authorizing `identity:get_project(project_id=bac095afc19c41b6970d6408ce418577)` {{(pid=42427) enforce_call /opt/stack/keystone/keystone/common/rbac_enforcer/enforcer.py:449}}
Jul 27 16:24:54 user devstack@keystone.service[42427]: DEBUG keystone.common.rbac_enforcer.enforcer [None req-3528708d-154c-4203-8899-278ce97e2558 None admin] RBAC: Authorization granted {{(pid=42427) enforce_call /opt/stack/keystone/keystone/common/rbac_enforcer/enforcer.py:457}}
Jul 27 16:24:54 user devstack@keystone.service[42426]: DEBUG keystone.server.flask.request_processing.middleware.auth_context [None req-285f69c8-d741-4eb0-bee2-5f33e2780e6c None admin] Authenticating user token {{(pid=42426) process_request /usr/local/lib/python3.10/dist-packages/keystonemiddleware/auth_token/__init__.py:406}}
Jul 27 16:24:54 user devstack@keystone.service[42427]: [pid: 42427|app: 0|req: 107/333] 10.0.0.210 () {56 vars in 1181 bytes} [Thu Jul 27 16:24:54 2023] GET /identity/v3/projects/bac095afc19c41b6970d6408ce418577 => generated 343 bytes in 152 msecs (HTTP/1.1 200) 5 headers in 177 bytes (1 switches on core 0)
Jul 27 16:24:54 user devstack@keystone.service[42428]: DEBUG keystone.server.flask.request_processing.middleware.auth_context [None req-68820e1a-bd63-41cf-806e-fe40644ce9f5 None admin] Authenticating user token {{(pid=42428) process_request /usr/local/lib/python3.10/dist-packages/keystonemiddleware/auth_token/__init__.py:406}}
Jul 27 16:24:54 user devstack@keystone.service[42426]: DEBUG keystone.server.flask.request_processing.middleware.auth_context [None req-285f69c8-d741-4eb0-bee2-5f33e2780e6c None admin] Validating token access rules against request {{(pid=42426) validate_allowed_request /usr/local/lib/python3.10/dist-packages/keystonemiddleware/auth_token/__init__.py:544}}
Jul 27 16:24:54 user devstack@keystone.service[42428]: DEBUG keystone.server.flask.request_processing.middleware.auth_context [None req-68820e1a-bd63-41cf-806e-fe40644ce9f5 None admin] Validating token access rules against request {{(pid=42428) validate_allowed_request /usr/local/lib/python3.10/dist-packages/keystonemiddleware/auth_token/__init__.py:544}}
Jul 27 16:24:54 user devstack@keystone.service[42426]: DEBUG keystone.server.flask.request_processing.middleware.auth_context [None req-c6fd924d-a01b-4847-b142-82874e8f95b9 None admin] RBAC: auth_context: {'token': , 'domain_id': None, 'trust_id': None, 'trustor_id': None, 'trustee_id': None, 'domain_name': None, 'group_ids': [], 'user_id': '04bdb422de6540df836015f2d4021bb8', 'user_domain_id': 'default', 'system_scope': 'all', 'project_id': None, 'project_domain_id': None, 'roles': ['admin', 'member', 'reader'], 'is_admin_project': True, 'service_user_id': None, 'service_user_domain_id': None, 'service_project_id': None, 'service_project_domain_id': None, 'service_roles': []} {{(pid=42426) fill_context /opt/stack/keystone/keystone/server/flask/request_processing/middleware/auth_context.py:480}}
Jul 27 16:24:54 user devstack@keystone.service[42426]: DEBUG keystone.server.flask.request_processing.req_logging [None req-c6fd924d-a01b-4847-b142-82874e8f95b9 None admin] REQUEST_METHOD: `GET` {{(pid=42426) log_request_info /opt/stack/keystone/keystone/server/flask/request_processing/req_logging.py:27}}
Jul 27 16:24:54 user devstack@keystone.service[42426]: DEBUG keystone.server.flask.request_processing.req_logging [None req-c6fd924d-a01b-4847-b142-82874e8f95b9 None admin] SCRIPT_NAME: `/identity` {{(pid=42426) log_request_info /opt/stack/keystone/keystone/server/flask/request_processing/req_logging.py:28}}
Jul 27 16:24:54 user devstack@keystone.service[42426]: DEBUG keystone.server.flask.request_processing.req_logging [None req-c6fd924d-a01b-4847-b142-82874e8f95b9 None admin] PATH_INFO: `/v3/role_assignments` {{(pid=42426) log_request_info /opt/stack/keystone/keystone/server/flask/request_processing/req_logging.py:29}}
Jul 27 16:24:54 user devstack@keystone.service[42426]: DEBUG keystone.common.rbac_enforcer.enforcer [None req-c6fd924d-a01b-4847-b142-82874e8f95b9 None admin] RBAC: Adding query filter params (group.id=7600253c16af42f18e3adffde5187710, role.id=b1a2c5e55d654a5fb9a441dc5a86a1fb, scope.project.id=2435a88e5b8846b082ce866854fd38b2) {{(pid=42426) _extract_filter_values /opt/stack/keystone/keystone/common/rbac_enforcer/enforcer.py:167}}
Jul 27 16:24:54 user devstack@keystone.service[42426]: DEBUG keystone.common.rbac_enforcer.enforcer [None req-c6fd924d-a01b-4847-b142-82874e8f95b9 None admin] RBAC: Authorizing `identity:list_role_assignments()` {{(pid=42426) enforce_call /opt/stack/keystone/keystone/common/rbac_enforcer/enforcer.py:449}}
Jul 27 16:24:54 user devstack@keystone.service[42426]: DEBUG keystone.common.rbac_enforcer.enforcer [None req-c6fd924d-a01b-4847-b142-82874e8f95b9 None admin] RBAC: Authorization granted {{(pid=42426) enforce_call /opt/stack/keystone/keystone/common/rbac_enforcer/enforcer.py:457}}
Jul 27 16:24:54 user devstack@keystone.service[42426]: [pid: 42426|app: 0|req: 114/334] 10.0.0.210 () {56 vars in 1371 bytes} [Thu Jul 27 16:24:54 2023] GET /identity/v3/role_assignments?group.id=7600253c16af42f18e3adffde5187710&scope.project.id=2435a88e5b8846b082ce866854fd38b2&role.id=b1a2c5e55d654a5fb9a441dc5a86a1fb => generated 609 bytes in 161 msecs (HTTP/1.1 200) 5 headers in 177 bytes (1 switches on core 0)
Jul 27 16:24:54 user devstack@keystone.service[42428]: DEBUG keystone.server.flask.request_processing.middleware.auth_context [None req-d9eea0ee-7eec-4e41-96fe-beaec33a63a8 None admin] RBAC: auth_context: {'token': , 'domain_id': None, 'trust_id': None, 'trustor_id': None, 'trustee_id': None, 'domain_name': None, 'group_ids': [], 'user_id': '04bdb422de6540df836015f2d4021bb8', 'user_domain_id': 'default', 'system_scope': 'all', 'project_id': None, 'project_domain_id': None, 'roles': ['admin', 'member', 'reader'], 'is_admin_project': True, 'service_user_id': None, 'service_user_domain_id': None, 'service_project_id': None, 'service_project_domain_id': None, 'service_roles': []} {{(pid=42428) fill_context /opt/stack/keystone/keystone/server/flask/request_processing/middleware/auth_context.py:480}}
Jul 27 16:24:54 user devstack@keystone.service[42428]: DEBUG keystone.server.flask.request_processing.req_logging [None req-d9eea0ee-7eec-4e41-96fe-beaec33a63a8 None admin] REQUEST_METHOD: `GET` {{(pid=42428) log_request_info /opt/stack/keystone/keystone/server/flask/request_processing/req_logging.py:27}}
Jul 27 16:24:54 user devstack@keystone.service[42428]: DEBUG keystone.server.flask.request_processing.req_logging [None req-d9eea0ee-7eec-4e41-96fe-beaec33a63a8 None admin] SCRIPT_NAME: `/identity` {{(pid=42428) log_request_info /opt/stack/keystone/keystone/server/flask/request_processing/req_logging.py:28}}
Jul 27 16:24:54 user devstack@keystone.service[42428]: DEBUG keystone.server.flask.request_processing.req_logging [None req-d9eea0ee-7eec-4e41-96fe-beaec33a63a8 None admin] PATH_INFO: `/v3/groups/4aef2e7f0b3c4fe6bf5eb9dce841329c` {{(pid=42428) log_request_info /opt/stack/keystone/keystone/server/flask/request_processing/req_logging.py:29}}
Jul 27 16:24:54 user devstack@keystone.service[42428]: DEBUG keystone.common.rbac_enforcer.enforcer [None req-d9eea0ee-7eec-4e41-96fe-beaec33a63a8 None admin] RBAC: Authorizing `identity:get_group(group_id=4aef2e7f0b3c4fe6bf5eb9dce841329c)` {{(pid=42428) enforce_call /opt/stack/keystone/keystone/common/rbac_enforcer/enforcer.py:449}}
Jul 27 16:24:54 user devstack@keystone.service[42428]: DEBUG keystone.common.rbac_enforcer.enforcer [None req-d9eea0ee-7eec-4e41-96fe-beaec33a63a8 None admin] RBAC: Authorization granted {{(pid=42428) enforce_call /opt/stack/keystone/keystone/common/rbac_enforcer/enforcer.py:457}}
Jul 27 16:24:54 user devstack@keystone.service[42428]: [pid: 42428|app: 0|req: 114/335] 10.0.0.210 () {56 vars in 1175 bytes} [Thu Jul 27 16:24:54 2023] GET /identity/v3/groups/4aef2e7f0b3c4fe6bf5eb9dce841329c => generated 228 bytes in 166 msecs (HTTP/1.1 200) 5 headers in 177 bytes (1 switches on core 0)
Jul 27 16:24:54 user devstack@keystone.service[42427]: DEBUG keystone.server.flask.request_processing.middleware.auth_context [None req-3528708d-154c-4203-8899-278ce97e2558 None admin] Authenticating user token {{(pid=42427) process_request /usr/local/lib/python3.10/dist-packages/keystonemiddleware/auth_token/__init__.py:406}}
Jul 27 16:24:54 user devstack@keystone.service[42427]: DEBUG dbcounter [-] [42427] Writing DB stats keystone:SELECT=100 {{(pid=42427) stat_writer /usr/local/lib/python3.10/dist-packages/dbcounter.py:117}}
Jul 27 16:24:54 user devstack@keystone.service[42427]: DEBUG keystone.server.flask.request_processing.middleware.auth_context [None req-3528708d-154c-4203-8899-278ce97e2558 None admin] Validating token access rules against request {{(pid=42427) validate_allowed_request /usr/local/lib/python3.10/dist-packages/keystonemiddleware/auth_token/__init__.py:544}}
Jul 27 16:24:54 user devstack@keystone.service[42427]: DEBUG keystone.server.flask.request_processing.middleware.auth_context [None req-b5dd723e-ceb7-4a49-a80f-f3081a883dab None admin] RBAC: auth_context: {'token': , 'domain_id': None, 'trust_id': None, 'trustor_id': None, 'trustee_id': None, 'domain_name': None, 'group_ids': [], 'user_id': '04bdb422de6540df836015f2d4021bb8', 'user_domain_id': 'default', 'system_scope': 'all', 'project_id': None, 'project_domain_id': None, 'roles': ['admin', 'member', 'reader'], 'is_admin_project': True, 'service_user_id': None, 'service_user_domain_id': None, 'service_project_id': None, 'service_project_domain_id': None, 'service_roles': []} {{(pid=42427) fill_context /opt/stack/keystone/keystone/server/flask/request_processing/middleware/auth_context.py:480}}
Jul 27 16:24:54 user devstack@keystone.service[42427]: DEBUG keystone.server.flask.request_processing.req_logging [None req-b5dd723e-ceb7-4a49-a80f-f3081a883dab None admin] REQUEST_METHOD: `GET` {{(pid=42427) log_request_info /opt/stack/keystone/keystone/server/flask/request_processing/req_logging.py:27}}
Jul 27 16:24:54 user devstack@keystone.service[42427]: DEBUG keystone.server.flask.request_processing.req_logging [None req-b5dd723e-ceb7-4a49-a80f-f3081a883dab None admin] SCRIPT_NAME: `/identity` {{(pid=42427) log_request_info /opt/stack/keystone/keystone/server/flask/request_processing/req_logging.py:28}}
Jul 27 16:24:54 user devstack@keystone.service[42427]: DEBUG keystone.server.flask.request_processing.req_logging [None req-b5dd723e-ceb7-4a49-a80f-f3081a883dab None admin] PATH_INFO: `/v3/role_assignments` {{(pid=42427) log_request_info /opt/stack/keystone/keystone/server/flask/request_processing/req_logging.py:29}}
Jul 27 16:24:54 user devstack@keystone.service[42427]: DEBUG keystone.common.rbac_enforcer.enforcer [None req-b5dd723e-ceb7-4a49-a80f-f3081a883dab None admin] RBAC: Adding query filter params (group.id=4aef2e7f0b3c4fe6bf5eb9dce841329c, role.id=32d8a76222544b9aa9528838641b8828, scope.project.id=bac095afc19c41b6970d6408ce418577) {{(pid=42427) _extract_filter_values /opt/stack/keystone/keystone/common/rbac_enforcer/enforcer.py:167}}
Jul 27 16:24:54 user devstack@keystone.service[42427]: DEBUG keystone.common.rbac_enforcer.enforcer [None req-b5dd723e-ceb7-4a49-a80f-f3081a883dab None admin] RBAC: Authorizing `identity:list_role_assignments()` {{(pid=42427) enforce_call /opt/stack/keystone/keystone/common/rbac_enforcer/enforcer.py:449}}
Jul 27 16:24:54 user devstack@keystone.service[42427]: DEBUG keystone.common.rbac_enforcer.enforcer [None req-b5dd723e-ceb7-4a49-a80f-f3081a883dab None admin] RBAC: Authorization granted {{(pid=42427) enforce_call /opt/stack/keystone/keystone/common/rbac_enforcer/enforcer.py:457}}
Jul 27 16:24:54 user devstack@keystone.service[42427]: [pid: 42427|app: 0|req: 108/336] 10.0.0.210 () {56 vars in 1371 bytes} [Thu Jul 27 16:24:54 2023] GET /identity/v3/role_assignments?group.id=4aef2e7f0b3c4fe6bf5eb9dce841329c&scope.project.id=bac095afc19c41b6970d6408ce418577&role.id=32d8a76222544b9aa9528838641b8828 => generated 609 bytes in 124 msecs (HTTP/1.1 200) 5 headers in 177 bytes (1 switches on core 0)
Jul 27 16:24:57 user devstack@keystone.service[42426]: DEBUG keystone.server.flask.request_processing.req_logging [None req-a99390df-00b3-4867-91f2-933b4e6964ce None None] REQUEST_METHOD: `GET` {{(pid=42426) log_request_info /opt/stack/keystone/keystone/server/flask/request_processing/req_logging.py:27}}
Jul 27 16:24:57 user devstack@keystone.service[42426]: DEBUG keystone.server.flask.request_processing.req_logging [None req-a99390df-00b3-4867-91f2-933b4e6964ce None None] SCRIPT_NAME: `/identity` {{(pid=42426) log_request_info /opt/stack/keystone/keystone/server/flask/request_processing/req_logging.py:28}}
Jul 27 16:24:57 user devstack@keystone.service[42426]: DEBUG keystone.server.flask.request_processing.req_logging [None req-a99390df-00b3-4867-91f2-933b4e6964ce None None] PATH_INFO: `/` {{(pid=42426) log_request_info /opt/stack/keystone/keystone/server/flask/request_processing/req_logging.py:29}}
Jul 27 16:24:57 user devstack@keystone.service[42426]: [pid: 42426|app: 0|req: 115/337] 10.0.0.210 () {54 vars in 920 bytes} [Thu Jul 27 16:24:57 2023] GET /identity => generated 269 bytes in 5 msecs (HTTP/1.1 300) 6 headers in 233 bytes (1 switches on core 0)
Jul 27 16:24:57 user devstack@keystone.service[42428]: DEBUG keystone.server.flask.request_processing.req_logging [None req-8db56f7d-9d4f-4745-b823-418ce47f4f54 None None] REQUEST_METHOD: `POST` {{(pid=42428) log_request_info /opt/stack/keystone/keystone/server/flask/request_processing/req_logging.py:27}}
Jul 27 16:24:57 user devstack@keystone.service[42428]: DEBUG keystone.server.flask.request_processing.req_logging [None req-8db56f7d-9d4f-4745-b823-418ce47f4f54 None None] SCRIPT_NAME: `/identity` {{(pid=42428) log_request_info /opt/stack/keystone/keystone/server/flask/request_processing/req_logging.py:28}}
Jul 27 16:24:57 user devstack@keystone.service[42428]: DEBUG keystone.server.flask.request_processing.req_logging [None req-8db56f7d-9d4f-4745-b823-418ce47f4f54 None None] PATH_INFO: `/v3/auth/tokens` {{(pid=42428) log_request_info /opt/stack/keystone/keystone/server/flask/request_processing/req_logging.py:29}}
Jul 27 16:24:57 user devstack@keystone.service[42428]: WARNING keystone.common.password_hashing [None req-8db56f7d-9d4f-4745-b823-418ce47f4f54 None None] Truncating password to algorithm specific maximum length 54 characters.
Jul 27 16:24:57 user devstack@keystone.service[42428]: DEBUG keystone.auth.core [None req-8db56f7d-9d4f-4745-b823-418ce47f4f54 None None] MFA Rules not processed for user `04bdb422de6540df836015f2d4021bb8`. Rule list: `[]` (Enabled: `True`). {{(pid=42428) check_auth_methods_against_rules /opt/stack/keystone/keystone/auth/core.py:438}}
Jul 27 16:24:57 user devstack@keystone.service[42428]: DEBUG keystone.common.fernet_utils [None req-8db56f7d-9d4f-4745-b823-418ce47f4f54 None None] Loaded 2 Fernet keys from /etc/keystone/fernet-keys/, but `[fernet_tokens] max_active_keys = 3`; perhaps there have not been enough key rotations to reach `max_active_keys` yet? {{(pid=42428) load_keys /opt/stack/keystone/keystone/common/fernet_utils.py:286}}
Jul 27 16:24:57 user devstack@keystone.service[42428]: DEBUG dbcounter [-] [42428] Writing DB stats keystone:SELECT=100 {{(pid=42428) stat_writer /usr/local/lib/python3.10/dist-packages/dbcounter.py:117}}
Jul 27 16:24:57 user devstack@keystone.service[42428]: [pid: 42428|app: 0|req: 115/338] 10.0.0.210 () {58 vars in 1017 bytes} [Thu Jul 27 16:24:57 2023] POST /identity/v3/auth/tokens => generated 798 bytes in 83 msecs (HTTP/1.1 201) 6 headers in 363 bytes (1 switches on core 0)
Jul 27 16:24:57 user devstack@keystone.service[42427]: DEBUG keystone.server.flask.request_processing.middleware.auth_context [None req-b5dd723e-ceb7-4a49-a80f-f3081a883dab None admin] Authenticating user token {{(pid=42427) process_request /usr/local/lib/python3.10/dist-packages/keystonemiddleware/auth_token/__init__.py:406}}
Jul 27 16:24:57 user devstack@keystone.service[42426]: DEBUG keystone.server.flask.request_processing.req_logging [None req-3f363a3e-38f2-4a49-896f-c55508bc4b43 None None] REQUEST_METHOD: `GET` {{(pid=42426) log_request_info /opt/stack/keystone/keystone/server/flask/request_processing/req_logging.py:27}}
Jul 27 16:24:57 user devstack@keystone.service[42426]: DEBUG keystone.server.flask.request_processing.req_logging [None req-3f363a3e-38f2-4a49-896f-c55508bc4b43 None None] SCRIPT_NAME: `/identity` {{(pid=42426) log_request_info /opt/stack/keystone/keystone/server/flask/request_processing/req_logging.py:28}}
Jul 27 16:24:57 user devstack@keystone.service[42426]: DEBUG keystone.server.flask.request_processing.req_logging [None req-3f363a3e-38f2-4a49-896f-c55508bc4b43 None None] PATH_INFO: `/` {{(pid=42426) log_request_info /opt/stack/keystone/keystone/server/flask/request_processing/req_logging.py:29}}
Jul 27 16:24:57 user devstack@keystone.service[42426]: [pid: 42426|app: 0|req: 116/339] 10.0.0.210 () {54 vars in 920 bytes} [Thu Jul 27 16:24:57 2023] GET /identity => generated 269 bytes in 4 msecs (HTTP/1.1 300) 6 headers in 233 bytes (1 switches on core 0)
Jul 27 16:24:57 user devstack@keystone.service[42428]: DEBUG keystone.server.flask.request_processing.req_logging [None req-c2600471-fc4b-4fca-8b44-57ea07bb8c5a None None] REQUEST_METHOD: `POST` {{(pid=42428) log_request_info /opt/stack/keystone/keystone/server/flask/request_processing/req_logging.py:27}}
Jul 27 16:24:57 user devstack@keystone.service[42428]: DEBUG keystone.server.flask.request_processing.req_logging [None req-c2600471-fc4b-4fca-8b44-57ea07bb8c5a None None] SCRIPT_NAME: `/identity` {{(pid=42428) log_request_info /opt/stack/keystone/keystone/server/flask/request_processing/req_logging.py:28}}
Jul 27 16:24:57 user devstack@keystone.service[42428]: DEBUG keystone.server.flask.request_processing.req_logging [None req-c2600471-fc4b-4fca-8b44-57ea07bb8c5a None None] PATH_INFO: `/v3/auth/tokens` {{(pid=42428) log_request_info /opt/stack/keystone/keystone/server/flask/request_processing/req_logging.py:29}}
Jul 27 16:24:57 user devstack@keystone.service[42428]: WARNING keystone.common.password_hashing [None req-c2600471-fc4b-4fca-8b44-57ea07bb8c5a None None] Truncating password to algorithm specific maximum length 54 characters.
Jul 27 16:24:57 user devstack@keystone.service[42428]: DEBUG keystone.auth.core [None req-c2600471-fc4b-4fca-8b44-57ea07bb8c5a None None] MFA Rules not processed for user `04bdb422de6540df836015f2d4021bb8`. Rule list: `[]` (Enabled: `True`). {{(pid=42428) check_auth_methods_against_rules /opt/stack/keystone/keystone/auth/core.py:438}}
Jul 27 16:24:57 user devstack@keystone.service[42428]: DEBUG keystone.common.fernet_utils [None req-c2600471-fc4b-4fca-8b44-57ea07bb8c5a None None] Loaded 2 Fernet keys from /etc/keystone/fernet-keys/, but `[fernet_tokens] max_active_keys = 3`; perhaps there have not been enough key rotations to reach `max_active_keys` yet? {{(pid=42428) load_keys /opt/stack/keystone/keystone/common/fernet_utils.py:286}}
Jul 27 16:24:57 user devstack@keystone.service[42427]: DEBUG keystone.server.flask.request_processing.middleware.auth_context [None req-b5dd723e-ceb7-4a49-a80f-f3081a883dab None admin] Validating token access rules against request {{(pid=42427) validate_allowed_request /usr/local/lib/python3.10/dist-packages/keystonemiddleware/auth_token/__init__.py:544}}
Jul 27 16:24:57 user devstack@keystone.service[42427]: DEBUG keystone.server.flask.request_processing.middleware.auth_context [None req-e29c0601-8615-4d50-bc63-e4a3e8d2e572 None admin] RBAC: auth_context: {'token': , 'domain_id': None, 'trust_id': None, 'trustor_id': None, 'trustee_id': None, 'domain_name': None, 'group_ids': [], 'user_id': '04bdb422de6540df836015f2d4021bb8', 'user_domain_id': 'default', 'system_scope': 'all', 'project_id': None, 'project_domain_id': None, 'roles': ['admin', 'member', 'reader'], 'is_admin_project': True, 'service_user_id': None, 'service_user_domain_id': None, 'service_project_id': None, 'service_project_domain_id': None, 'service_roles': []} {{(pid=42427) fill_context /opt/stack/keystone/keystone/server/flask/request_processing/middleware/auth_context.py:480}}
Jul 27 16:24:57 user devstack@keystone.service[42427]: DEBUG keystone.server.flask.request_processing.req_logging [None req-e29c0601-8615-4d50-bc63-e4a3e8d2e572 None admin] REQUEST_METHOD: `GET` {{(pid=42427) log_request_info /opt/stack/keystone/keystone/server/flask/request_processing/req_logging.py:27}}
Jul 27 16:24:57 user devstack@keystone.service[42427]: DEBUG keystone.server.flask.request_processing.req_logging [None req-e29c0601-8615-4d50-bc63-e4a3e8d2e572 None admin] SCRIPT_NAME: `/identity` {{(pid=42427) log_request_info /opt/stack/keystone/keystone/server/flask/request_processing/req_logging.py:28}}
Jul 27 16:24:57 user devstack@keystone.service[42427]: DEBUG keystone.server.flask.request_processing.req_logging [None req-e29c0601-8615-4d50-bc63-e4a3e8d2e572 None admin] PATH_INFO: `/v3/domains/Default` {{(pid=42427) log_request_info /opt/stack/keystone/keystone/server/flask/request_processing/req_logging.py:29}}
Jul 27 16:24:57 user devstack@keystone.service[42428]: [pid: 42428|app: 0|req: 116/340] 10.0.0.210 () {58 vars in 1017 bytes} [Thu Jul 27 16:24:57 2023] POST /identity/v3/auth/tokens => generated 798 bytes in 84 msecs (HTTP/1.1 201) 6 headers in 363 bytes (1 switches on core 0)
Jul 27 16:24:57 user devstack@keystone.service[42427]: DEBUG keystone.common.rbac_enforcer.enforcer [None req-e29c0601-8615-4d50-bc63-e4a3e8d2e572 None admin] RBAC: Authorizing `identity:get_domain(domain_id=Default)` {{(pid=42427) enforce_call /opt/stack/keystone/keystone/common/rbac_enforcer/enforcer.py:449}}
Jul 27 16:24:57 user devstack@keystone.service[42427]: DEBUG keystone.common.rbac_enforcer.enforcer [None req-e29c0601-8615-4d50-bc63-e4a3e8d2e572 None admin] RBAC: Authorization granted {{(pid=42427) enforce_call /opt/stack/keystone/keystone/common/rbac_enforcer/enforcer.py:457}}
Jul 27 16:24:57 user devstack@keystone.service[42427]: ERROR keystone.server.flask.application [None req-e29c0601-8615-4d50-bc63-e4a3e8d2e572 None admin] Could not find domain: Default.: keystone.exception.DomainNotFound: Could not find domain: Default.
Jul 27 16:24:57 user devstack@keystone.service[42427]: ERROR keystone.server.flask.application
Traceback (most recent call last):
Jul 27 16:24:57 user devstack@keystone.service[42427]: ERROR keystone.server.flask.application
File "/usr/local/lib/python3.10/dist-packages/flask/app.py", line 1823, in full_dispatch_request
Jul 27 16:24:57 user devstack@keystone.service[42427]: ERROR keystone.server.flask.application rv = self.dispatch_request()
Jul 27 16:24:57 user devstack@keystone.service[42427]: ERROR keystone.server.flask.application
File "/usr/local/lib/python3.10/dist-packages/flask/app.py", line 1799, in dispatch_request
Jul 27 16:24:57 user devstack@keystone.service[42427]: ERROR keystone.server.flask.application return self.ensure_sync(self.view_functions[rule.endpoint])(**view_args)
Jul 27 16:24:57 user devstack@keystone.service[42427]: ERROR keystone.server.flask.application
File "/usr/local/lib/python3.10/dist-packages/flask_restful/__init__.py", line 467, in wrapper
Jul 27 16:24:57 user devstack@keystone.service[42427]: ERROR keystone.server.flask.application resp = resource(*args, **kwargs)
Jul 27 16:24:57 user devstack@keystone.service[42427]: ERROR keystone.server.flask.application
File "/usr/local/lib/python3.10/dist-packages/flask/views.py", line 107, in view
Jul 27 16:24:57 user devstack@keystone.service[42427]: ERROR keystone.server.flask.application return current_app.ensure_sync(self.dispatch_request)(**kwargs)
Jul 27 16:24:57 user devstack@keystone.service[42427]: ERROR keystone.server.flask.application
File "/usr/local/lib/python3.10/dist-packages/flask_restful/__init__.py", line 582, in dispatch_request
Jul 27 16:24:57 user devstack@keystone.service[42427]: ERROR keystone.server.flask.application resp = meth(*args, **kwargs)
Jul 27 16:24:57 user devstack@keystone.service[42427]: ERROR keystone.server.flask.application
File "/opt/stack/keystone/keystone/api/domains.py", line 89, in get
Jul 27 16:24:57 user devstack@keystone.service[42427]: ERROR keystone.server.flask.application return self._get_domain(domain_id)
Jul 27 16:24:57 user devstack@keystone.service[42427]: ERROR keystone.server.flask.application
File "/opt/stack/keystone/keystone/api/domains.py", line 97, in _get_domain
Jul 27 16:24:57 user devstack@keystone.service[42427]: ERROR keystone.server.flask.application domain = PROVIDERS.resource_api.get_domain(domain_id)
Jul 27 16:24:57 user devstack@keystone.service[42427]: ERROR keystone.server.flask.application
File "/opt/stack/keystone/keystone/common/manager.py", line 115, in wrapped
Jul 27 16:24:57 user devstack@keystone.service[42427]: ERROR keystone.server.flask.application __ret_val = __f(*args, **kwargs)
Jul 27 16:24:57 user devstack@keystone.service[42427]: ERROR keystone.server.flask.application
File "/usr/local/lib/python3.10/dist-packages/decorator.py", line 232, in fun
Jul 27 16:24:57 user devstack@keystone.service[42427]: ERROR keystone.server.flask.application return caller(func, *(extras + args), **kw)
Jul 27 16:24:57 user devstack@keystone.service[42427]: ERROR keystone.server.flask.application
File "/usr/local/lib/python3.10/dist-packages/dogpile/cache/region.py", line 1577, in get_or_create_for_user_func
Jul 27 16:24:57 user devstack@keystone.service[42427]: ERROR keystone.server.flask.application return self.get_or_create(
Jul 27 16:24:57 user devstack@keystone.service[42427]: ERROR keystone.server.flask.application
File "/usr/local/lib/python3.10/dist-packages/dogpile/cache/region.py", line 1042, in get_or_create
Jul 27 16:24:57 user devstack@keystone.service[42427]: ERROR keystone.server.flask.application with Lock(
Jul 27 16:24:57 user devstack@keystone.service[42427]: ERROR keystone.server.flask.application
File "/usr/local/lib/python3.10/dist-packages/dogpile/lock.py", line 185, in __enter__
Jul 27 16:24:57 user devstack@keystone.service[42427]: ERROR keystone.server.flask.application return self._enter()
Jul 27 16:24:57 user devstack@keystone.service[42427]: ERROR keystone.server.flask.application
File "/usr/local/lib/python3.10/dist-packages/dogpile/lock.py", line 94, in _enter
Jul 27 16:24:57 user devstack@keystone.service[42427]: ERROR keystone.server.flask.application generated = self._enter_create(value, createdtime)
Jul 27 16:24:57 user devstack@keystone.service[42427]: ERROR keystone.server.flask.application
File "/usr/local/lib/python3.10/dist-packages/dogpile/lock.py", line 178, in _enter_create
Jul 27 16:24:57 user devstack@keystone.service[42427]: ERROR keystone.server.flask.application return self.creator()
Jul 27 16:24:57 user devstack@keystone.service[42427]: ERROR keystone.server.flask.application
File "/usr/local/lib/python3.10/dist-packages/dogpile/cache/region.py", line 995, in gen_value
Jul 27 16:24:57 user devstack@keystone.service[42427]: ERROR keystone.server.flask.application created_value = creator(
Jul 27 16:24:57 user devstack@keystone.service[42427]: ERROR keystone.server.flask.application
File "/opt/stack/keystone/keystone/resource/core.py", line 716, in get_domain
Jul 27 16:24:57 user devstack@keystone.service[42427]: ERROR keystone.server.flask.application raise exception.DomainNotFound(domain_id=domain_id)
Jul 27 16:24:57 user devstack@keystone.service[42427]: ERROR keystone.server.flask.application keystone.exception.DomainNotFound: Could not find domain: Default.
Jul 27 16:24:57 user devstack@keystone.service[42427]: ERROR keystone.server.flask.application
Jul 27 16:24:57 user devstack@keystone.service[42427]: [pid: 42427|app: 0|req: 109/341] 10.0.0.210 () {56 vars in 1103 bytes} [Thu Jul 27 16:24:57 2023] GET /identity/v3/domains/Default => generated 87 bytes in 176 msecs (HTTP/1.1 404) 5 headers in 183 bytes (1 switches on core 0)
Jul 27 16:24:57 user devstack@keystone.service[42426]: DEBUG keystone.server.flask.request_processing.middleware.auth_context [None req-3f363a3e-38f2-4a49-896f-c55508bc4b43 None None] Authenticating user token {{(pid=42426) process_request /usr/local/lib/python3.10/dist-packages/keystonemiddleware/auth_token/__init__.py:406}}
Jul 27 16:24:57 user devstack@keystone.service[42426]: DEBUG dbcounter [-] [42426] Writing DB stats keystone:SELECT=100 {{(pid=42426) stat_writer /usr/local/lib/python3.10/dist-packages/dbcounter.py:117}}
Jul 27 16:24:57 user devstack@keystone.service[42428]: DEBUG keystone.server.flask.request_processing.req_logging [None req-22439eb1-64a2-4de0-a9b6-84114c189245 None None] REQUEST_METHOD: `GET` {{(pid=42428) log_request_info /opt/stack/keystone/keystone/server/flask/request_processing/req_logging.py:27}}
Jul 27 16:24:57 user devstack@keystone.service[42428]: DEBUG keystone.server.flask.request_processing.req_logging [None req-22439eb1-64a2-4de0-a9b6-84114c189245 None None] SCRIPT_NAME: `/identity` {{(pid=42428) log_request_info /opt/stack/keystone/keystone/server/flask/request_processing/req_logging.py:28}}
Jul 27 16:24:57 user devstack@keystone.service[42428]: DEBUG keystone.server.flask.request_processing.req_logging [None req-22439eb1-64a2-4de0-a9b6-84114c189245 None None] PATH_INFO: `/` {{(pid=42428) log_request_info /opt/stack/keystone/keystone/server/flask/request_processing/req_logging.py:29}}
Jul 27 16:24:57 user devstack@keystone.service[42428]: [pid: 42428|app: 0|req: 117/342] 10.0.0.210 () {54 vars in 920 bytes} [Thu Jul 27 16:24:57 2023] GET /identity => generated 269 bytes in 3 msecs (HTTP/1.1 300) 6 headers in 233 bytes (1 switches on core 0)
Jul 27 16:24:57 user devstack@keystone.service[42427]: DEBUG keystone.server.flask.request_processing.req_logging [None req-9ba47f30-6477-4e81-9a11-a8becf870884 None None] REQUEST_METHOD: `POST` {{(pid=42427) log_request_info /opt/stack/keystone/keystone/server/flask/request_processing/req_logging.py:27}}
Jul 27 16:24:57 user devstack@keystone.service[42427]: DEBUG keystone.server.flask.request_processing.req_logging [None req-9ba47f30-6477-4e81-9a11-a8becf870884 None None] SCRIPT_NAME: `/identity` {{(pid=42427) log_request_info /opt/stack/keystone/keystone/server/flask/request_processing/req_logging.py:28}}
