Apr 23 03:36:29 user devstack@keystone.service[42666]: DEBUG keystone.server.flask.request_processing.middleware.auth_context [None req-ccb8a4a9-aae2-47d7-9ba0-f3a743282736 None admin] Authenticating user token {{(pid=42666) process_request /usr/local/lib/python3.10/dist-packages/keystonemiddleware/auth_token/__init__.py:406}}
Apr 23 03:36:29 user devstack@keystone.service[42664]: DEBUG keystone.server.flask.request_processing.middleware.auth_context [None req-974c7dec-f476-4ce6-9234-8f3f91380ccc None admin] RBAC: auth_context: {'token': , 'domain_id': None, 'trust_id': None, 'trustor_id': None, 'trustee_id': None, 'domain_name': None, 'group_ids': [], 'user_id': 'cfe8aa0267f04245a566297b169870c6', 'user_domain_id': 'default', 'system_scope': 'all', 'project_id': None, 'project_domain_id': None, 'roles': ['admin', 'member', 'reader'], 'is_admin_project': True, 'service_user_id': None, 'service_user_domain_id': None, 'service_project_id': None, 'service_project_domain_id': None, 'service_roles': []} {{(pid=42664) fill_context /opt/stack/keystone/keystone/server/flask/request_processing/middleware/auth_context.py:478}}
Apr 23 03:36:29 user devstack@keystone.service[42664]: DEBUG keystone.server.flask.request_processing.req_logging [None req-974c7dec-f476-4ce6-9234-8f3f91380ccc None admin] REQUEST_METHOD: `GET` {{(pid=42664) log_request_info /opt/stack/keystone/keystone/server/flask/request_processing/req_logging.py:27}}
Apr 23 03:36:29 user devstack@keystone.service[42664]: DEBUG keystone.server.flask.request_processing.req_logging [None req-974c7dec-f476-4ce6-9234-8f3f91380ccc None admin] SCRIPT_NAME: `/identity` {{(pid=42664) log_request_info /opt/stack/keystone/keystone/server/flask/request_processing/req_logging.py:28}}
Apr 23 03:36:29 user devstack@keystone.service[42664]: DEBUG keystone.server.flask.request_processing.req_logging [None req-974c7dec-f476-4ce6-9234-8f3f91380ccc None admin] PATH_INFO: `/v3/projects/d496a26e2fd24554a8162e29db7d5cc2` {{(pid=42664) log_request_info /opt/stack/keystone/keystone/server/flask/request_processing/req_logging.py:29}}
Apr 23 03:36:29 user devstack@keystone.service[42664]: DEBUG keystone.common.rbac_enforcer.enforcer [None req-974c7dec-f476-4ce6-9234-8f3f91380ccc None admin] RBAC: Authorizing `identity:get_project(project_id=d496a26e2fd24554a8162e29db7d5cc2)` {{(pid=42664) enforce_call /opt/stack/keystone/keystone/common/rbac_enforcer/enforcer.py:449}}
Apr 23 03:36:29 user devstack@keystone.service[42664]: DEBUG keystone.common.rbac_enforcer.enforcer [None req-974c7dec-f476-4ce6-9234-8f3f91380ccc None admin] RBAC: Authorization granted {{(pid=42664) enforce_call /opt/stack/keystone/keystone/common/rbac_enforcer/enforcer.py:457}}
Apr 23 03:36:29 user devstack@keystone.service[42664]: [pid: 42664|app: 0|req: 43/121] 10.0.0.210 () {56 vars in 1181 bytes} [Sun Apr 23 03:36:29 2023] GET /identity/v3/projects/d496a26e2fd24554a8162e29db7d5cc2 => generated 297 bytes in 163 msecs (HTTP/1.1 200) 5 headers in 177 bytes (1 switches on core 0)
Apr 23 03:36:29 user devstack@keystone.service[42664]: DEBUG keystone.server.flask.request_processing.middleware.auth_context [None req-974c7dec-f476-4ce6-9234-8f3f91380ccc None admin] Authenticating user token {{(pid=42664) process_request /usr/local/lib/python3.10/dist-packages/keystonemiddleware/auth_token/__init__.py:406}}
Apr 23 03:36:29 user devstack@keystone.service[42665]: DEBUG dbcounter [-] [42665] Writing DB stats keystone:SELECT=100 {{(pid=42665) stat_writer /usr/local/lib/python3.10/dist-packages/dbcounter.py:117}}
Apr 23 03:36:29 user devstack@keystone.service[42666]: DEBUG dbcounter [-] [42666] Writing DB stats keystone:SELECT=100 {{(pid=42666) stat_writer /usr/local/lib/python3.10/dist-packages/dbcounter.py:117}}
Apr 23 03:36:29 user devstack@keystone.service[42665]: [pid: 42665|app: 0|req: 40/122] 10.0.0.210 () {58 vars in 1277 bytes} [Sun Apr 23 03:36:29 2023] GET /identity/v3/auth/tokens => generated 798 bytes in 290 msecs (HTTP/1.1 200) 6 headers in 358 bytes (1 switches on core 0)
Apr 23 03:36:29 user devstack@keystone.service[42665]: DEBUG keystone.server.flask.request_processing.middleware.auth_context [None req-d7818505-6fe3-49d0-8c2f-93854fd815a8 None admin] Authenticating user token {{(pid=42665) process_request /usr/local/lib/python3.10/dist-packages/keystonemiddleware/auth_token/__init__.py:406}}
Apr 23 03:36:29 user devstack@keystone.service[42664]: DEBUG keystone.server.flask.request_processing.middleware.auth_context [None req-974c7dec-f476-4ce6-9234-8f3f91380ccc None admin] Validating token access rules against request {{(pid=42664) validate_allowed_request /usr/local/lib/python3.10/dist-packages/keystonemiddleware/auth_token/__init__.py:544}}
Apr 23 03:36:29 user devstack@keystone.service[42666]: DEBUG keystone.server.flask.request_processing.middleware.auth_context [None req-ccb8a4a9-aae2-47d7-9ba0-f3a743282736 None admin] Validating token access rules against request {{(pid=42666) validate_allowed_request /usr/local/lib/python3.10/dist-packages/keystonemiddleware/auth_token/__init__.py:544}}
Apr 23 03:36:29 user devstack@keystone.service[42664]: DEBUG dbcounter [-] [42664] Writing DB stats keystone:SELECT=100 {{(pid=42664) stat_writer /usr/local/lib/python3.10/dist-packages/dbcounter.py:117}}
Apr 23 03:36:29 user devstack@keystone.service[42664]: DEBUG keystone.server.flask.request_processing.middleware.auth_context [None req-401da5c6-7de9-4d90-86ab-816b4259450b None admin] RBAC: auth_context: {'token': , 'domain_id': None, 'trust_id': None, 'trustor_id': None, 'trustee_id': None, 'domain_name': None, 'group_ids': [], 'user_id': 'cfe8aa0267f04245a566297b169870c6', 'user_domain_id': 'default', 'system_scope': 'all', 'project_id': None, 'project_domain_id': None, 'roles': ['admin', 'member', 'reader'], 'is_admin_project': True, 'service_user_id': None, 'service_user_domain_id': None, 'service_project_id': None, 'service_project_domain_id': None, 'service_roles': []} {{(pid=42664) fill_context /opt/stack/keystone/keystone/server/flask/request_processing/middleware/auth_context.py:478}}
Apr 23 03:36:29 user devstack@keystone.service[42664]: DEBUG keystone.server.flask.request_processing.req_logging [None req-401da5c6-7de9-4d90-86ab-816b4259450b None admin] REQUEST_METHOD: `GET` {{(pid=42664) log_request_info /opt/stack/keystone/keystone/server/flask/request_processing/req_logging.py:27}}
Apr 23 03:36:29 user devstack@keystone.service[42664]: DEBUG keystone.server.flask.request_processing.req_logging [None req-401da5c6-7de9-4d90-86ab-816b4259450b None admin] SCRIPT_NAME: `/identity` {{(pid=42664) log_request_info /opt/stack/keystone/keystone/server/flask/request_processing/req_logging.py:28}}
Apr 23 03:36:29 user devstack@keystone.service[42664]: DEBUG keystone.server.flask.request_processing.req_logging [None req-401da5c6-7de9-4d90-86ab-816b4259450b None admin] PATH_INFO: `/v3/auth/tokens` {{(pid=42664) log_request_info /opt/stack/keystone/keystone/server/flask/request_processing/req_logging.py:29}}
Apr 23 03:36:29 user devstack@keystone.service[42666]: DEBUG keystone.server.flask.request_processing.middleware.auth_context [None req-0f91ea54-c17d-4faf-9b51-af611c4653bb None admin] RBAC: auth_context: {'token': , 'domain_id': None, 'trust_id': None, 'trustor_id': None, 'trustee_id': None, 'domain_name': None, 'group_ids': [], 'user_id': 'cfe8aa0267f04245a566297b169870c6', 'user_domain_id': 'default', 'system_scope': 'all', 'project_id': None, 'project_domain_id': None, 'roles': ['admin', 'member', 'reader'], 'is_admin_project': True, 'service_user_id': None, 'service_user_domain_id': None, 'service_project_id': None, 'service_project_domain_id': None, 'service_roles': []} {{(pid=42666) fill_context /opt/stack/keystone/keystone/server/flask/request_processing/middleware/auth_context.py:478}}
Apr 23 03:36:29 user devstack@keystone.service[42666]: DEBUG keystone.server.flask.request_processing.req_logging [None req-0f91ea54-c17d-4faf-9b51-af611c4653bb None admin] REQUEST_METHOD: `GET` {{(pid=42666) log_request_info /opt/stack/keystone/keystone/server/flask/request_processing/req_logging.py:27}}
Apr 23 03:36:29 user devstack@keystone.service[42666]: DEBUG keystone.server.flask.request_processing.req_logging [None req-0f91ea54-c17d-4faf-9b51-af611c4653bb None admin] SCRIPT_NAME: `/identity` {{(pid=42666) log_request_info /opt/stack/keystone/keystone/server/flask/request_processing/req_logging.py:28}}
Apr 23 03:36:29 user devstack@keystone.service[42666]: DEBUG keystone.server.flask.request_processing.req_logging [None req-0f91ea54-c17d-4faf-9b51-af611c4653bb None admin] PATH_INFO: `/v3/role_assignments` {{(pid=42666) log_request_info /opt/stack/keystone/keystone/server/flask/request_processing/req_logging.py:29}}
Apr 23 03:36:29 user devstack@keystone.service[42666]: DEBUG keystone.common.rbac_enforcer.enforcer [None req-0f91ea54-c17d-4faf-9b51-af611c4653bb None admin] RBAC: Adding query filter params (role.id=abec9208b7494bc9aeb7e508f36e45b4, scope.project.id=d496a26e2fd24554a8162e29db7d5cc2, user.id=cfe8aa0267f04245a566297b169870c6) {{(pid=42666) _extract_filter_values /opt/stack/keystone/keystone/common/rbac_enforcer/enforcer.py:167}}
Apr 23 03:36:29 user devstack@keystone.service[42666]: DEBUG keystone.common.rbac_enforcer.enforcer [None req-0f91ea54-c17d-4faf-9b51-af611c4653bb None admin] RBAC: Authorizing `identity:list_role_assignments()` {{(pid=42666) enforce_call /opt/stack/keystone/keystone/common/rbac_enforcer/enforcer.py:449}}
Apr 23 03:36:29 user devstack@keystone.service[42666]: DEBUG keystone.common.rbac_enforcer.enforcer [None req-0f91ea54-c17d-4faf-9b51-af611c4653bb None admin] RBAC: Authorization granted {{(pid=42666) enforce_call /opt/stack/keystone/keystone/common/rbac_enforcer/enforcer.py:457}}
Apr 23 03:36:29 user devstack@keystone.service[42666]: [pid: 42666|app: 0|req: 40/123] 10.0.0.210 () {56 vars in 1369 bytes} [Sun Apr 23 03:36:29 2023] GET /identity/v3/role_assignments?user.id=cfe8aa0267f04245a566297b169870c6&scope.project.id=d496a26e2fd24554a8162e29db7d5cc2&role.id=abec9208b7494bc9aeb7e508f36e45b4 => generated 606 bytes in 144 msecs (HTTP/1.1 200) 5 headers in 177 bytes (1 switches on core 0)
Apr 23 03:36:29 user devstack@keystone.service[42666]: DEBUG keystone.server.flask.request_processing.middleware.auth_context [None req-0f91ea54-c17d-4faf-9b51-af611c4653bb None admin] Authenticating user token {{(pid=42666) process_request /usr/local/lib/python3.10/dist-packages/keystonemiddleware/auth_token/__init__.py:406}}
Apr 23 03:36:29 user devstack@keystone.service[42665]: DEBUG keystone.server.flask.request_processing.middleware.auth_context [None req-d7818505-6fe3-49d0-8c2f-93854fd815a8 None admin] Validating token access rules against request {{(pid=42665) validate_allowed_request /usr/local/lib/python3.10/dist-packages/keystonemiddleware/auth_token/__init__.py:544}}
Apr 23 03:36:29 user devstack@keystone.service[42665]: DEBUG keystone.server.flask.request_processing.middleware.auth_context [None req-d742448a-3953-43c9-ae1b-3dba0a3fb5a6 None admin] RBAC: auth_context: {'token': , 'domain_id': None, 'trust_id': None, 'trustor_id': None, 'trustee_id': None, 'domain_name': None, 'group_ids': [], 'user_id': 'cfe8aa0267f04245a566297b169870c6', 'user_domain_id': 'default', 'system_scope': 'all', 'project_id': None, 'project_domain_id': None, 'roles': ['admin', 'member', 'reader'], 'is_admin_project': True, 'service_user_id': None, 'service_user_domain_id': None, 'service_project_id': None, 'service_project_domain_id': None, 'service_roles': []} {{(pid=42665) fill_context /opt/stack/keystone/keystone/server/flask/request_processing/middleware/auth_context.py:478}}
Apr 23 03:36:29 user devstack@keystone.service[42665]: DEBUG keystone.server.flask.request_processing.req_logging [None req-d742448a-3953-43c9-ae1b-3dba0a3fb5a6 None admin] REQUEST_METHOD: `PUT` {{(pid=42665) log_request_info /opt/stack/keystone/keystone/server/flask/request_processing/req_logging.py:27}}
Apr 23 03:36:29 user devstack@keystone.service[42665]: DEBUG keystone.server.flask.request_processing.req_logging [None req-d742448a-3953-43c9-ae1b-3dba0a3fb5a6 None admin] SCRIPT_NAME: `/identity` {{(pid=42665) log_request_info /opt/stack/keystone/keystone/server/flask/request_processing/req_logging.py:28}}
Apr 23 03:36:29 user devstack@keystone.service[42665]: DEBUG keystone.server.flask.request_processing.req_logging [None req-d742448a-3953-43c9-ae1b-3dba0a3fb5a6 None admin] PATH_INFO: `/v3/projects/d496a26e2fd24554a8162e29db7d5cc2/users/225aa98355904c07a695f188502cec19/roles/75d44ca12d534c5c87cf679d7636265c` {{(pid=42665) log_request_info /opt/stack/keystone/keystone/server/flask/request_processing/req_logging.py:29}}
Apr 23 03:36:29 user devstack@keystone.service[42664]: DEBUG keystone.common.rbac_enforcer.enforcer [None req-401da5c6-7de9-4d90-86ab-816b4259450b None admin] RBAC: Authorizing `identity:validate_token()` {{(pid=42664) enforce_call /opt/stack/keystone/keystone/common/rbac_enforcer/enforcer.py:449}}
Apr 23 03:36:29 user devstack@keystone.service[42664]: DEBUG keystone.common.rbac_enforcer.enforcer [None req-401da5c6-7de9-4d90-86ab-816b4259450b None admin] RBAC: Authorization granted {{(pid=42664) enforce_call /opt/stack/keystone/keystone/common/rbac_enforcer/enforcer.py:457}}
Apr 23 03:36:29 user devstack@keystone.service[42665]: DEBUG keystone.common.rbac_enforcer.enforcer [None req-d742448a-3953-43c9-ae1b-3dba0a3fb5a6 None admin] RBAC: Authorizing `identity:create_grant(project_id=d496a26e2fd24554a8162e29db7d5cc2, user_id=225aa98355904c07a695f188502cec19, role_id=75d44ca12d534c5c87cf679d7636265c)` {{(pid=42665) enforce_call /opt/stack/keystone/keystone/common/rbac_enforcer/enforcer.py:449}}
Apr 23 03:36:29 user devstack@keystone.service[42665]: DEBUG keystone.common.rbac_enforcer.enforcer [None req-d742448a-3953-43c9-ae1b-3dba0a3fb5a6 None admin] RBAC: Authorization granted {{(pid=42665) enforce_call /opt/stack/keystone/keystone/common/rbac_enforcer/enforcer.py:457}}
Apr 23 03:36:29 user devstack@keystone.service[42665]: [pid: 42665|app: 0|req: 41/124] 10.0.0.210 () {58 vars in 1434 bytes} [Sun Apr 23 03:36:29 2023] PUT /identity/v3/projects/d496a26e2fd24554a8162e29db7d5cc2/users/225aa98355904c07a695f188502cec19/roles/75d44ca12d534c5c87cf679d7636265c => generated 0 bytes in 146 msecs (HTTP/1.1 204) 3 headers in 132 bytes (0 switches on core 0)
Apr 23 03:36:29 user devstack@keystone.service[42666]: DEBUG dbcounter [-] [42666] Writing DB stats keystone:SELECT=100 {{(pid=42666) stat_writer /usr/local/lib/python3.10/dist-packages/dbcounter.py:117}}
Apr 23 03:36:29 user devstack@keystone.service[42666]: DEBUG keystone.server.flask.request_processing.middleware.auth_context [None req-0f91ea54-c17d-4faf-9b51-af611c4653bb None admin] Validating token access rules against request {{(pid=42666) validate_allowed_request /usr/local/lib/python3.10/dist-packages/keystonemiddleware/auth_token/__init__.py:544}}
Apr 23 03:36:29 user devstack@keystone.service[42666]: DEBUG keystone.server.flask.request_processing.middleware.auth_context [None req-e58566c8-8607-4378-bc2c-f221a8a2a701 None admin] RBAC: auth_context: {'token': , 'domain_id': None, 'trust_id': None, 'trustor_id': None, 'trustee_id': None, 'domain_name': None, 'group_ids': [], 'user_id': 'cfe8aa0267f04245a566297b169870c6', 'user_domain_id': 'default', 'system_scope': 'all', 'project_id': None, 'project_domain_id': None, 'roles': ['admin', 'member', 'reader'], 'is_admin_project': True, 'service_user_id': None, 'service_user_domain_id': None, 'service_project_id': None, 'service_project_domain_id': None, 'service_roles': []} {{(pid=42666) fill_context /opt/stack/keystone/keystone/server/flask/request_processing/middleware/auth_context.py:478}}
Apr 23 03:36:29 user devstack@keystone.service[42666]: DEBUG keystone.server.flask.request_processing.req_logging [None req-e58566c8-8607-4378-bc2c-f221a8a2a701 None admin] REQUEST_METHOD: `GET` {{(pid=42666) log_request_info /opt/stack/keystone/keystone/server/flask/request_processing/req_logging.py:27}}
Apr 23 03:36:29 user devstack@keystone.service[42666]: DEBUG keystone.server.flask.request_processing.req_logging [None req-e58566c8-8607-4378-bc2c-f221a8a2a701 None admin] SCRIPT_NAME: `/identity` {{(pid=42666) log_request_info /opt/stack/keystone/keystone/server/flask/request_processing/req_logging.py:28}}
Apr 23 03:36:29 user devstack@keystone.service[42666]: DEBUG keystone.server.flask.request_processing.req_logging [None req-e58566c8-8607-4378-bc2c-f221a8a2a701 None admin] PATH_INFO: `/v3/projects/e4d21868f4814ad5a95ca87af0ab4628` {{(pid=42666) log_request_info /opt/stack/keystone/keystone/server/flask/request_processing/req_logging.py:29}}
Apr 23 03:36:29 user devstack@keystone.service[42666]: DEBUG keystone.common.rbac_enforcer.enforcer [None req-e58566c8-8607-4378-bc2c-f221a8a2a701 None admin] RBAC: Authorizing `identity:get_project(project_id=e4d21868f4814ad5a95ca87af0ab4628)` {{(pid=42666) enforce_call /opt/stack/keystone/keystone/common/rbac_enforcer/enforcer.py:449}}
Apr 23 03:36:29 user devstack@keystone.service[42666]: DEBUG keystone.common.rbac_enforcer.enforcer [None req-e58566c8-8607-4378-bc2c-f221a8a2a701 None admin] RBAC: Authorization granted {{(pid=42666) enforce_call /opt/stack/keystone/keystone/common/rbac_enforcer/enforcer.py:457}}
Apr 23 03:36:29 user devstack@keystone.service[42666]: [pid: 42666|app: 0|req: 41/125] 10.0.0.210 () {56 vars in 1181 bytes} [Sun Apr 23 03:36:29 2023] GET /identity/v3/projects/e4d21868f4814ad5a95ca87af0ab4628 => generated 311 bytes in 124 msecs (HTTP/1.1 200) 5 headers in 177 bytes (1 switches on core 0)
Apr 23 03:36:29 user devstack@keystone.service[42665]: DEBUG keystone.server.flask.request_processing.middleware.auth_context [None req-d742448a-3953-43c9-ae1b-3dba0a3fb5a6 None admin] Authenticating user token {{(pid=42665) process_request /usr/local/lib/python3.10/dist-packages/keystonemiddleware/auth_token/__init__.py:406}}
Apr 23 03:36:29 user devstack@keystone.service[42664]: [pid: 42664|app: 0|req: 44/126] 10.0.0.210 () {58 vars in 1277 bytes} [Sun Apr 23 03:36:29 2023] GET /identity/v3/auth/tokens => generated 798 bytes in 273 msecs (HTTP/1.1 200) 6 headers in 358 bytes (1 switches on core 0)
Apr 23 03:36:29 user devstack@keystone.service[42666]: DEBUG keystone.server.flask.request_processing.middleware.auth_context [None req-e58566c8-8607-4378-bc2c-f221a8a2a701 None admin] Authenticating user token {{(pid=42666) process_request /usr/local/lib/python3.10/dist-packages/keystonemiddleware/auth_token/__init__.py:406}}
Apr 23 03:36:29 user devstack@keystone.service[42665]: DEBUG dbcounter [-] [42665] Writing DB stats keystone:SELECT=99,keystone:INSERT=1 {{(pid=42665) stat_writer /usr/local/lib/python3.10/dist-packages/dbcounter.py:117}}
Apr 23 03:36:29 user devstack@keystone.service[42665]: DEBUG keystone.server.flask.request_processing.middleware.auth_context [None req-d742448a-3953-43c9-ae1b-3dba0a3fb5a6 None admin] Validating token access rules against request {{(pid=42665) validate_allowed_request /usr/local/lib/python3.10/dist-packages/keystonemiddleware/auth_token/__init__.py:544}}
Apr 23 03:36:29 user devstack@keystone.service[42666]: DEBUG keystone.server.flask.request_processing.middleware.auth_context [None req-e58566c8-8607-4378-bc2c-f221a8a2a701 None admin] Validating token access rules against request {{(pid=42666) validate_allowed_request /usr/local/lib/python3.10/dist-packages/keystonemiddleware/auth_token/__init__.py:544}}
Apr 23 03:36:29 user devstack@keystone.service[42665]: DEBUG keystone.server.flask.request_processing.middleware.auth_context [None req-6648b1c6-bf68-464b-9b82-dcafeb9769de None admin] RBAC: auth_context: {'token': , 'domain_id': None, 'trust_id': None, 'trustor_id': None, 'trustee_id': None, 'domain_name': None, 'group_ids': [], 'user_id': 'cfe8aa0267f04245a566297b169870c6', 'user_domain_id': 'default', 'system_scope': 'all', 'project_id': None, 'project_domain_id': None, 'roles': ['admin', 'member', 'reader'], 'is_admin_project': True, 'service_user_id': None, 'service_user_domain_id': None, 'service_project_id': None, 'service_project_domain_id': None, 'service_roles': []} {{(pid=42665) fill_context /opt/stack/keystone/keystone/server/flask/request_processing/middleware/auth_context.py:478}}
Apr 23 03:36:29 user devstack@keystone.service[42665]: DEBUG keystone.server.flask.request_processing.req_logging [None req-6648b1c6-bf68-464b-9b82-dcafeb9769de None admin] REQUEST_METHOD: `GET` {{(pid=42665) log_request_info /opt/stack/keystone/keystone/server/flask/request_processing/req_logging.py:27}}
Apr 23 03:36:29 user devstack@keystone.service[42665]: DEBUG keystone.server.flask.request_processing.req_logging [None req-6648b1c6-bf68-464b-9b82-dcafeb9769de None admin] SCRIPT_NAME: `/identity` {{(pid=42665) log_request_info /opt/stack/keystone/keystone/server/flask/request_processing/req_logging.py:28}}
Apr 23 03:36:29 user devstack@keystone.service[42665]: DEBUG keystone.server.flask.request_processing.req_logging [None req-6648b1c6-bf68-464b-9b82-dcafeb9769de None admin] PATH_INFO: `/v3/role_assignments` {{(pid=42665) log_request_info /opt/stack/keystone/keystone/server/flask/request_processing/req_logging.py:29}}
Apr 23 03:36:29 user devstack@keystone.service[42665]: DEBUG keystone.common.rbac_enforcer.enforcer [None req-6648b1c6-bf68-464b-9b82-dcafeb9769de None admin] RBAC: Adding query filter params (role.id=944b2e0f8b8d439ab1aa55bc67b2fa35, scope.project.id=e4d21868f4814ad5a95ca87af0ab4628, user.id=0103f2d01c25462abd0dc508cd1fe114) {{(pid=42665) _extract_filter_values /opt/stack/keystone/keystone/common/rbac_enforcer/enforcer.py:167}}
Apr 23 03:36:29 user devstack@keystone.service[42665]: DEBUG keystone.common.rbac_enforcer.enforcer [None req-6648b1c6-bf68-464b-9b82-dcafeb9769de None admin] RBAC: Authorizing `identity:list_role_assignments()` {{(pid=42665) enforce_call /opt/stack/keystone/keystone/common/rbac_enforcer/enforcer.py:449}}
Apr 23 03:36:29 user devstack@keystone.service[42665]: DEBUG keystone.common.rbac_enforcer.enforcer [None req-6648b1c6-bf68-464b-9b82-dcafeb9769de None admin] RBAC: Authorization granted {{(pid=42665) enforce_call /opt/stack/keystone/keystone/common/rbac_enforcer/enforcer.py:457}}
Apr 23 03:36:29 user devstack@keystone.service[42665]: [pid: 42665|app: 0|req: 42/127] 10.0.0.210 () {56 vars in 1369 bytes} [Sun Apr 23 03:36:29 2023] GET /identity/v3/role_assignments?user.id=0103f2d01c25462abd0dc508cd1fe114&scope.project.id=e4d21868f4814ad5a95ca87af0ab4628&role.id=944b2e0f8b8d439ab1aa55bc67b2fa35 => generated 606 bytes in 130 msecs (HTTP/1.1 200) 5 headers in 177 bytes (1 switches on core 0)
Apr 23 03:36:29 user devstack@keystone.service[42666]: DEBUG keystone.server.flask.request_processing.middleware.auth_context [None req-2a7884cc-6c98-4a2f-9fa5-8426b08c6e75 None admin] RBAC: auth_context: {'token': , 'domain_id': None, 'trust_id': None, 'trustor_id': None, 'trustee_id': None, 'domain_name': None, 'group_ids': [], 'user_id': 'cfe8aa0267f04245a566297b169870c6', 'user_domain_id': 'default', 'system_scope': 'all', 'project_id': None, 'project_domain_id': None, 'roles': ['admin', 'member', 'reader'], 'is_admin_project': True, 'service_user_id': None, 'service_user_domain_id': None, 'service_project_id': None, 'service_project_domain_id': None, 'service_roles': []} {{(pid=42666) fill_context /opt/stack/keystone/keystone/server/flask/request_processing/middleware/auth_context.py:478}}
Apr 23 03:36:29 user devstack@keystone.service[42666]: DEBUG keystone.server.flask.request_processing.req_logging [None req-2a7884cc-6c98-4a2f-9fa5-8426b08c6e75 None admin] REQUEST_METHOD: `GET` {{(pid=42666) log_request_info /opt/stack/keystone/keystone/server/flask/request_processing/req_logging.py:27}}
Apr 23 03:36:29 user devstack@keystone.service[42666]: DEBUG keystone.server.flask.request_processing.req_logging [None req-2a7884cc-6c98-4a2f-9fa5-8426b08c6e75 None admin] SCRIPT_NAME: `/identity` {{(pid=42666) log_request_info /opt/stack/keystone/keystone/server/flask/request_processing/req_logging.py:28}}
Apr 23 03:36:29 user devstack@keystone.service[42666]: DEBUG keystone.server.flask.request_processing.req_logging [None req-2a7884cc-6c98-4a2f-9fa5-8426b08c6e75 None admin] PATH_INFO: `/v3/projects/d496a26e2fd24554a8162e29db7d5cc2` {{(pid=42666) log_request_info /opt/stack/keystone/keystone/server/flask/request_processing/req_logging.py:29}}
Apr 23 03:36:29 user devstack@keystone.service[42666]: DEBUG keystone.common.rbac_enforcer.enforcer [None req-2a7884cc-6c98-4a2f-9fa5-8426b08c6e75 None admin] RBAC: Authorizing `identity:get_project(project_id=d496a26e2fd24554a8162e29db7d5cc2)` {{(pid=42666) enforce_call /opt/stack/keystone/keystone/common/rbac_enforcer/enforcer.py:449}}
Apr 23 03:36:29 user devstack@keystone.service[42666]: DEBUG keystone.common.rbac_enforcer.enforcer [None req-2a7884cc-6c98-4a2f-9fa5-8426b08c6e75 None admin] RBAC: Authorization granted {{(pid=42666) enforce_call /opt/stack/keystone/keystone/common/rbac_enforcer/enforcer.py:457}}
Apr 23 03:36:29 user devstack@keystone.service[42666]: [pid: 42666|app: 0|req: 42/128] 10.0.0.210 () {56 vars in 1181 bytes} [Sun Apr 23 03:36:29 2023] GET /identity/v3/projects/d496a26e2fd24554a8162e29db7d5cc2 => generated 297 bytes in 141 msecs (HTTP/1.1 200) 5 headers in 177 bytes (1 switches on core 0)
Apr 23 03:36:29 user devstack@keystone.service[42664]: DEBUG keystone.server.flask.request_processing.middleware.auth_context [None req-401da5c6-7de9-4d90-86ab-816b4259450b None admin] Authenticating user token {{(pid=42664) process_request /usr/local/lib/python3.10/dist-packages/keystonemiddleware/auth_token/__init__.py:406}}
Apr 23 03:36:29 user devstack@keystone.service[42664]: DEBUG dbcounter [-] [42664] Writing DB stats keystone:SELECT=100 {{(pid=42664) stat_writer /usr/local/lib/python3.10/dist-packages/dbcounter.py:117}}
Apr 23 03:36:29 user devstack@keystone.service[42664]: DEBUG keystone.server.flask.request_processing.middleware.auth_context [None req-401da5c6-7de9-4d90-86ab-816b4259450b None admin] Validating token access rules against request {{(pid=42664) validate_allowed_request /usr/local/lib/python3.10/dist-packages/keystonemiddleware/auth_token/__init__.py:544}}
Apr 23 03:36:29 user devstack@keystone.service[42664]: DEBUG keystone.server.flask.request_processing.middleware.auth_context [None req-18ba0c9c-2c82-4293-93d0-c68e3f1e9e04 None admin] RBAC: auth_context: {'token': , 'domain_id': None, 'trust_id': None, 'trustor_id': None, 'trustee_id': None, 'domain_name': None, 'group_ids': [], 'user_id': 'cfe8aa0267f04245a566297b169870c6', 'user_domain_id': 'default', 'system_scope': 'all', 'project_id': None, 'project_domain_id': None, 'roles': ['admin', 'member', 'reader'], 'is_admin_project': True, 'service_user_id': None, 'service_user_domain_id': None, 'service_project_id': None, 'service_project_domain_id': None, 'service_roles': []} {{(pid=42664) fill_context /opt/stack/keystone/keystone/server/flask/request_processing/middleware/auth_context.py:478}}
Apr 23 03:36:29 user devstack@keystone.service[42664]: DEBUG keystone.server.flask.request_processing.req_logging [None req-18ba0c9c-2c82-4293-93d0-c68e3f1e9e04 None admin] REQUEST_METHOD: `GET` {{(pid=42664) log_request_info /opt/stack/keystone/keystone/server/flask/request_processing/req_logging.py:27}}
Apr 23 03:36:29 user devstack@keystone.service[42664]: DEBUG keystone.server.flask.request_processing.req_logging [None req-18ba0c9c-2c82-4293-93d0-c68e3f1e9e04 None admin] SCRIPT_NAME: `/identity` {{(pid=42664) log_request_info /opt/stack/keystone/keystone/server/flask/request_processing/req_logging.py:28}}
Apr 23 03:36:29 user devstack@keystone.service[42664]: DEBUG keystone.server.flask.request_processing.req_logging [None req-18ba0c9c-2c82-4293-93d0-c68e3f1e9e04 None admin] PATH_INFO: `/v3/role_assignments` {{(pid=42664) log_request_info /opt/stack/keystone/keystone/server/flask/request_processing/req_logging.py:29}}
Apr 23 03:36:29 user devstack@keystone.service[42664]: DEBUG keystone.common.rbac_enforcer.enforcer [None req-18ba0c9c-2c82-4293-93d0-c68e3f1e9e04 None admin] RBAC: Adding query filter params (role.id=6d0f4fe61dc445619889bc31a3c3d677, scope.project.id=d496a26e2fd24554a8162e29db7d5cc2, user.id=0103f2d01c25462abd0dc508cd1fe114) {{(pid=42664) _extract_filter_values /opt/stack/keystone/keystone/common/rbac_enforcer/enforcer.py:167}}
Apr 23 03:36:29 user devstack@keystone.service[42664]: DEBUG keystone.common.rbac_enforcer.enforcer [None req-18ba0c9c-2c82-4293-93d0-c68e3f1e9e04 None admin] RBAC: Authorizing `identity:list_role_assignments()` {{(pid=42664) enforce_call /opt/stack/keystone/keystone/common/rbac_enforcer/enforcer.py:449}}
Apr 23 03:36:29 user devstack@keystone.service[42664]: DEBUG keystone.common.rbac_enforcer.enforcer [None req-18ba0c9c-2c82-4293-93d0-c68e3f1e9e04 None admin] RBAC: Authorization granted {{(pid=42664) enforce_call /opt/stack/keystone/keystone/common/rbac_enforcer/enforcer.py:457}}
Apr 23 03:36:29 user devstack@keystone.service[42664]: [pid: 42664|app: 0|req: 45/129] 10.0.0.210 () {56 vars in 1369 bytes} [Sun Apr 23 03:36:29 2023] GET /identity/v3/role_assignments?user.id=0103f2d01c25462abd0dc508cd1fe114&scope.project.id=d496a26e2fd24554a8162e29db7d5cc2&role.id=6d0f4fe61dc445619889bc31a3c3d677 => generated 606 bytes in 127 msecs (HTTP/1.1 200) 5 headers in 177 bytes (1 switches on core 0)
Apr 23 03:36:31 user devstack@keystone.service[42665]: DEBUG keystone.server.flask.request_processing.req_logging [None req-de510caa-2a8d-4316-a3b5-f0bc993a923f None None] REQUEST_METHOD: `GET` {{(pid=42665) log_request_info /opt/stack/keystone/keystone/server/flask/request_processing/req_logging.py:27}}
Apr 23 03:36:31 user devstack@keystone.service[42665]: DEBUG keystone.server.flask.request_processing.req_logging [None req-de510caa-2a8d-4316-a3b5-f0bc993a923f None None] SCRIPT_NAME: `/identity` {{(pid=42665) log_request_info /opt/stack/keystone/keystone/server/flask/request_processing/req_logging.py:28}}
Apr 23 03:36:31 user devstack@keystone.service[42665]: DEBUG keystone.server.flask.request_processing.req_logging [None req-de510caa-2a8d-4316-a3b5-f0bc993a923f None None] PATH_INFO: `/` {{(pid=42665) log_request_info /opt/stack/keystone/keystone/server/flask/request_processing/req_logging.py:29}}
Apr 23 03:36:31 user devstack@keystone.service[42665]: [pid: 42665|app: 0|req: 43/130] 10.0.0.210 () {54 vars in 920 bytes} [Sun Apr 23 03:36:31 2023] GET /identity => generated 269 bytes in 3 msecs (HTTP/1.1 300) 6 headers in 233 bytes (1 switches on core 0)
Apr 23 03:36:31 user devstack@keystone.service[42666]: DEBUG keystone.server.flask.request_processing.req_logging [None req-4e473659-9c93-4a5d-b364-66f1999f69f2 None None] REQUEST_METHOD: `POST` {{(pid=42666) log_request_info /opt/stack/keystone/keystone/server/flask/request_processing/req_logging.py:27}}
Apr 23 03:36:31 user devstack@keystone.service[42666]: DEBUG keystone.server.flask.request_processing.req_logging [None req-4e473659-9c93-4a5d-b364-66f1999f69f2 None None] SCRIPT_NAME: `/identity` {{(pid=42666) log_request_info /opt/stack/keystone/keystone/server/flask/request_processing/req_logging.py:28}}
Apr 23 03:36:31 user devstack@keystone.service[42666]: DEBUG keystone.server.flask.request_processing.req_logging [None req-4e473659-9c93-4a5d-b364-66f1999f69f2 None None] PATH_INFO: `/v3/auth/tokens` {{(pid=42666) log_request_info /opt/stack/keystone/keystone/server/flask/request_processing/req_logging.py:29}}
Apr 23 03:36:31 user devstack@keystone.service[42666]: WARNING keystone.common.password_hashing [None req-4e473659-9c93-4a5d-b364-66f1999f69f2 None None] Truncating password to algorithm specific maximum length 54 characters.
Apr 23 03:36:31 user devstack@keystone.service[42666]: DEBUG keystone.auth.core [None req-4e473659-9c93-4a5d-b364-66f1999f69f2 None None] MFA Rules not processed for user `cfe8aa0267f04245a566297b169870c6`. Rule list: `[]` (Enabled: `True`). {{(pid=42666) check_auth_methods_against_rules /opt/stack/keystone/keystone/auth/core.py:438}}
Apr 23 03:36:31 user devstack@keystone.service[42666]: DEBUG keystone.common.fernet_utils [None req-4e473659-9c93-4a5d-b364-66f1999f69f2 None None] Loaded 2 Fernet keys from /etc/keystone/fernet-keys/, but `[fernet_tokens] max_active_keys = 3`; perhaps there have not been enough key rotations to reach `max_active_keys` yet? {{(pid=42666) load_keys /opt/stack/keystone/keystone/common/fernet_utils.py:286}}
Apr 23 03:36:31 user devstack@keystone.service[42664]: DEBUG keystone.server.flask.request_processing.req_logging [None req-fb90efd0-a27c-4806-878b-105fb131d307 None None] REQUEST_METHOD: `GET` {{(pid=42664) log_request_info /opt/stack/keystone/keystone/server/flask/request_processing/req_logging.py:27}}
Apr 23 03:36:31 user devstack@keystone.service[42664]: DEBUG keystone.server.flask.request_processing.req_logging [None req-fb90efd0-a27c-4806-878b-105fb131d307 None None] SCRIPT_NAME: `/identity` {{(pid=42664) log_request_info /opt/stack/keystone/keystone/server/flask/request_processing/req_logging.py:28}}
Apr 23 03:36:31 user devstack@keystone.service[42664]: DEBUG keystone.server.flask.request_processing.req_logging [None req-fb90efd0-a27c-4806-878b-105fb131d307 None None] PATH_INFO: `/` {{(pid=42664) log_request_info /opt/stack/keystone/keystone/server/flask/request_processing/req_logging.py:29}}
Apr 23 03:36:31 user devstack@keystone.service[42664]: [pid: 42664|app: 0|req: 46/131] 10.0.0.210 () {54 vars in 920 bytes} [Sun Apr 23 03:36:31 2023] GET /identity => generated 269 bytes in 3 msecs (HTTP/1.1 300) 6 headers in 233 bytes (1 switches on core 0)
Apr 23 03:36:31 user devstack@keystone.service[42665]: DEBUG keystone.server.flask.request_processing.req_logging [None req-606598b7-d8a6-4dc0-b95a-bdce769f5978 None None] REQUEST_METHOD: `POST` {{(pid=42665) log_request_info /opt/stack/keystone/keystone/server/flask/request_processing/req_logging.py:27}}
Apr 23 03:36:31 user devstack@keystone.service[42665]: DEBUG keystone.server.flask.request_processing.req_logging [None req-606598b7-d8a6-4dc0-b95a-bdce769f5978 None None] SCRIPT_NAME: `/identity` {{(pid=42665) log_request_info /opt/stack/keystone/keystone/server/flask/request_processing/req_logging.py:28}}
Apr 23 03:36:31 user devstack@keystone.service[42665]: DEBUG keystone.server.flask.request_processing.req_logging [None req-606598b7-d8a6-4dc0-b95a-bdce769f5978 None None] PATH_INFO: `/v3/auth/tokens` {{(pid=42665) log_request_info /opt/stack/keystone/keystone/server/flask/request_processing/req_logging.py:29}}
Apr 23 03:36:31 user devstack@keystone.service[42666]: DEBUG dbcounter [-] [42666] Writing DB stats keystone:SELECT=100 {{(pid=42666) stat_writer /usr/local/lib/python3.10/dist-packages/dbcounter.py:117}}
Apr 23 03:36:31 user devstack@keystone.service[42665]: WARNING keystone.common.password_hashing [None req-606598b7-d8a6-4dc0-b95a-bdce769f5978 None None] Truncating password to algorithm specific maximum length 54 characters.
Apr 23 03:36:31 user devstack@keystone.service[42665]: DEBUG keystone.auth.core [None req-606598b7-d8a6-4dc0-b95a-bdce769f5978 None None] MFA Rules not processed for user `cfe8aa0267f04245a566297b169870c6`. Rule list: `[]` (Enabled: `True`). {{(pid=42665) check_auth_methods_against_rules /opt/stack/keystone/keystone/auth/core.py:438}}
Apr 23 03:36:31 user devstack@keystone.service[42665]: DEBUG keystone.common.fernet_utils [None req-606598b7-d8a6-4dc0-b95a-bdce769f5978 None None] Loaded 2 Fernet keys from /etc/keystone/fernet-keys/, but `[fernet_tokens] max_active_keys = 3`; perhaps there have not been enough key rotations to reach `max_active_keys` yet? {{(pid=42665) load_keys /opt/stack/keystone/keystone/common/fernet_utils.py:286}}
Apr 23 03:36:31 user devstack@keystone.service[42666]: [pid: 42666|app: 0|req: 43/132] 10.0.0.210 () {58 vars in 1017 bytes} [Sun Apr 23 03:36:31 2023] POST /identity/v3/auth/tokens => generated 798 bytes in 81 msecs (HTTP/1.1 201) 6 headers in 363 bytes (1 switches on core 0)
Apr 23 03:36:31 user devstack@keystone.service[42665]: [pid: 42665|app: 0|req: 44/133] 10.0.0.210 () {58 vars in 1017 bytes} [Sun Apr 23 03:36:31 2023] POST /identity/v3/auth/tokens => generated 798 bytes in 76 msecs (HTTP/1.1 201) 6 headers in 363 bytes (1 switches on core 0)
Apr 23 03:36:31 user devstack@keystone.service[42664]: DEBUG keystone.server.flask.request_processing.middleware.auth_context [None req-fb90efd0-a27c-4806-878b-105fb131d307 None None] Authenticating user token {{(pid=42664) process_request /usr/local/lib/python3.10/dist-packages/keystonemiddleware/auth_token/__init__.py:406}}
Apr 23 03:36:31 user devstack@keystone.service[42666]: DEBUG keystone.server.flask.request_processing.middleware.auth_context [None req-4e473659-9c93-4a5d-b364-66f1999f69f2 None None] Authenticating user token {{(pid=42666) process_request /usr/local/lib/python3.10/dist-packages/keystonemiddleware/auth_token/__init__.py:406}}
Apr 23 03:36:31 user devstack@keystone.service[42664]: DEBUG dbcounter [-] [42664] Writing DB stats keystone:SELECT=100 {{(pid=42664) stat_writer /usr/local/lib/python3.10/dist-packages/dbcounter.py:117}}
Apr 23 03:36:31 user devstack@keystone.service[42664]: DEBUG keystone.server.flask.request_processing.middleware.auth_context [None req-fb90efd0-a27c-4806-878b-105fb131d307 None None] Validating token access rules against request {{(pid=42664) validate_allowed_request /usr/local/lib/python3.10/dist-packages/keystonemiddleware/auth_token/__init__.py:544}}
Apr 23 03:36:31 user devstack@keystone.service[42666]: DEBUG keystone.server.flask.request_processing.middleware.auth_context [None req-4e473659-9c93-4a5d-b364-66f1999f69f2 None None] Validating token access rules against request {{(pid=42666) validate_allowed_request /usr/local/lib/python3.10/dist-packages/keystonemiddleware/auth_token/__init__.py:544}}
Apr 23 03:36:31 user devstack@keystone.service[42664]: DEBUG keystone.server.flask.request_processing.middleware.auth_context [None req-10acd59f-4170-443c-b88b-443da832001d None admin] RBAC: auth_context: {'token': , 'domain_id': None, 'trust_id': None, 'trustor_id': None, 'trustee_id': None, 'domain_name': None, 'group_ids': [], 'user_id': 'cfe8aa0267f04245a566297b169870c6', 'user_domain_id': 'default', 'system_scope': 'all', 'project_id': None, 'project_domain_id': None, 'roles': ['admin', 'member', 'reader'], 'is_admin_project': True, 'service_user_id': None, 'service_user_domain_id': None, 'service_project_id': None, 'service_project_domain_id': None, 'service_roles': []} {{(pid=42664) fill_context /opt/stack/keystone/keystone/server/flask/request_processing/middleware/auth_context.py:478}}
Apr 23 03:36:31 user devstack@keystone.service[42664]: DEBUG keystone.server.flask.request_processing.req_logging [None req-10acd59f-4170-443c-b88b-443da832001d None admin] REQUEST_METHOD: `GET` {{(pid=42664) log_request_info /opt/stack/keystone/keystone/server/flask/request_processing/req_logging.py:27}}
Apr 23 03:36:31 user devstack@keystone.service[42664]: DEBUG keystone.server.flask.request_processing.req_logging [None req-10acd59f-4170-443c-b88b-443da832001d None admin] SCRIPT_NAME: `/identity` {{(pid=42664) log_request_info /opt/stack/keystone/keystone/server/flask/request_processing/req_logging.py:28}}
Apr 23 03:36:31 user devstack@keystone.service[42664]: DEBUG keystone.server.flask.request_processing.req_logging [None req-10acd59f-4170-443c-b88b-443da832001d None admin] PATH_INFO: `/v3/domains/default` {{(pid=42664) log_request_info /opt/stack/keystone/keystone/server/flask/request_processing/req_logging.py:29}}
Apr 23 03:36:31 user devstack@keystone.service[42666]: DEBUG keystone.server.flask.request_processing.middleware.auth_context [None req-3a2276dc-aed9-44f7-a9ef-14483bf6010d None admin] RBAC: auth_context: {'token': , 'domain_id': None, 'trust_id': None, 'trustor_id': None, 'trustee_id': None, 'domain_name': None, 'group_ids': [], 'user_id': 'cfe8aa0267f04245a566297b169870c6', 'user_domain_id': 'default', 'system_scope': 'all', 'project_id': None, 'project_domain_id': None, 'roles': ['admin', 'member', 'reader'], 'is_admin_project': True, 'service_user_id': None, 'service_user_domain_id': None, 'service_project_id': None, 'service_project_domain_id': None, 'service_roles': []} {{(pid=42666) fill_context /opt/stack/keystone/keystone/server/flask/request_processing/middleware/auth_context.py:478}}
Apr 23 03:36:31 user devstack@keystone.service[42664]: DEBUG keystone.common.rbac_enforcer.enforcer [None req-10acd59f-4170-443c-b88b-443da832001d None admin] RBAC: Authorizing `identity:get_domain(domain_id=default)` {{(pid=42664) enforce_call /opt/stack/keystone/keystone/common/rbac_enforcer/enforcer.py:449}}
Apr 23 03:36:31 user devstack@keystone.service[42666]: DEBUG keystone.server.flask.request_processing.req_logging [None req-3a2276dc-aed9-44f7-a9ef-14483bf6010d None admin] REQUEST_METHOD: `GET` {{(pid=42666) log_request_info /opt/stack/keystone/keystone/server/flask/request_processing/req_logging.py:27}}
Apr 23 03:36:31 user devstack@keystone.service[42666]: DEBUG keystone.server.flask.request_processing.req_logging [None req-3a2276dc-aed9-44f7-a9ef-14483bf6010d None admin] SCRIPT_NAME: `/identity` {{(pid=42666) log_request_info /opt/stack/keystone/keystone/server/flask/request_processing/req_logging.py:28}}
Apr 23 03:36:31 user devstack@keystone.service[42666]: DEBUG keystone.server.flask.request_processing.req_logging [None req-3a2276dc-aed9-44f7-a9ef-14483bf6010d None admin] PATH_INFO: `/v3/roles/reader` {{(pid=42666) log_request_info /opt/stack/keystone/keystone/server/flask/request_processing/req_logging.py:29}}
Apr 23 03:36:31 user devstack@keystone.service[42664]: DEBUG keystone.common.rbac_enforcer.enforcer [None req-10acd59f-4170-443c-b88b-443da832001d None admin] RBAC: Authorization granted {{(pid=42664) enforce_call /opt/stack/keystone/keystone/common/rbac_enforcer/enforcer.py:457}}
Apr 23 03:36:31 user devstack@keystone.service[42664]: [pid: 42664|app: 0|req: 47/134] 10.0.0.210 () {56 vars in 1103 bytes} [Sun Apr 23 03:36:31 2023] GET /identity/v3/domains/default => generated 198 bytes in 146 msecs (HTTP/1.1 200) 5 headers in 177 bytes (1 switches on core 0)
Apr 23 03:36:31 user devstack@keystone.service[42666]: DEBUG keystone.common.rbac_enforcer.enforcer [None req-3a2276dc-aed9-44f7-a9ef-14483bf6010d None admin] Extracting inferred target data resulted in "NOT FOUND (404)". {{(pid=42666) enforce_call /opt/stack/keystone/keystone/common/rbac_enforcer/enforcer.py:409}}
Apr 23 03:36:31 user devstack@keystone.service[42665]: DEBUG keystone.server.flask.request_processing.middleware.auth_context [None req-606598b7-d8a6-4dc0-b95a-bdce769f5978 None None] Authenticating user token {{(pid=42665) process_request /usr/local/lib/python3.10/dist-packages/keystonemiddleware/auth_token/__init__.py:406}}
Apr 23 03:36:31 user devstack@keystone.service[42666]: ERROR keystone.server.flask.application [None req-3a2276dc-aed9-44f7-a9ef-14483bf6010d None admin] Could not find role: reader.: keystone.exception.RoleNotFound: Could not find role: reader.
Apr 23 03:36:31 user devstack@keystone.service[42666]: ERROR keystone.server.flask.application
Traceback (most recent call last):
Apr 23 03:36:31 user devstack@keystone.service[42666]: ERROR keystone.server.flask.application
File "/usr/local/lib/python3.10/dist-packages/flask/app.py", line 1823, in full_dispatch_request
Apr 23 03:36:31 user devstack@keystone.service[42666]: ERROR keystone.server.flask.application rv = self.dispatch_request()
Apr 23 03:36:31 user devstack@keystone.service[42666]: ERROR keystone.server.flask.application
File "/usr/local/lib/python3.10/dist-packages/flask/app.py", line 1799, in dispatch_request
Apr 23 03:36:31 user devstack@keystone.service[42666]: ERROR keystone.server.flask.application return self.ensure_sync(self.view_functions[rule.endpoint])(**view_args)
Apr 23 03:36:31 user devstack@keystone.service[42666]: ERROR keystone.server.flask.application
File "/usr/local/lib/python3.10/dist-packages/flask_restful/__init__.py", line 467, in wrapper
Apr 23 03:36:31 user devstack@keystone.service[42666]: ERROR keystone.server.flask.application resp = resource(*args, **kwargs)
Apr 23 03:36:31 user devstack@keystone.service[42666]: ERROR keystone.server.flask.application
File "/usr/local/lib/python3.10/dist-packages/flask/views.py", line 107, in view
Apr 23 03:36:31 user devstack@keystone.service[42666]: ERROR keystone.server.flask.application return current_app.ensure_sync(self.dispatch_request)(**kwargs)
Apr 23 03:36:31 user devstack@keystone.service[42666]: ERROR keystone.server.flask.application
File "/usr/local/lib/python3.10/dist-packages/flask_restful/__init__.py", line 582, in dispatch_request
Apr 23 03:36:31 user devstack@keystone.service[42666]: ERROR keystone.server.flask.application resp = meth(*args, **kwargs)
Apr 23 03:36:31 user devstack@keystone.service[42666]: ERROR keystone.server.flask.application
File "/opt/stack/keystone/keystone/api/roles.py", line 50, in get
Apr 23 03:36:31 user devstack@keystone.service[42666]: ERROR keystone.server.flask.application return self._get_role(role_id)
Apr 23 03:36:31 user devstack@keystone.service[42666]: ERROR keystone.server.flask.application
File "/opt/stack/keystone/keystone/api/roles.py", line 70, in _get_role
Apr 23 03:36:31 user devstack@keystone.service[42666]: ERROR keystone.server.flask.application ENFORCER.enforce_call(action='identity:get_role')
Apr 23 03:36:31 user devstack@keystone.service[42666]: ERROR keystone.server.flask.application
File "/opt/stack/keystone/keystone/common/rbac_enforcer/enforcer.py", line 402, in enforce_call
Apr 23 03:36:31 user devstack@keystone.service[42666]: ERROR keystone.server.flask.application policy_dict.update(cls._extract_member_target_data(
Apr 23 03:36:31 user devstack@keystone.service[42666]: ERROR keystone.server.flask.application
File "/opt/stack/keystone/keystone/common/rbac_enforcer/enforcer.py", line 234, in _extract_member_target_data
Apr 23 03:36:31 user devstack@keystone.service[42666]: ERROR keystone.server.flask.application member_name: func(flask.request.view_args[key])
Apr 23 03:36:31 user devstack@keystone.service[42666]: ERROR keystone.server.flask.application
File "/opt/stack/keystone/keystone/common/manager.py", line 115, in wrapped
Apr 23 03:36:31 user devstack@keystone.service[42666]: ERROR keystone.server.flask.application __ret_val = __f(*args, **kwargs)
Apr 23 03:36:31 user devstack@keystone.service[42666]: ERROR keystone.server.flask.application
File "/usr/local/lib/python3.10/dist-packages/decorator.py", line 232, in fun
Apr 23 03:36:31 user devstack@keystone.service[42666]: ERROR keystone.server.flask.application return caller(func, *(extras + args), **kw)
Apr 23 03:36:31 user devstack@keystone.service[42666]: ERROR keystone.server.flask.application
File "/usr/local/lib/python3.10/dist-packages/dogpile/cache/region.py", line 1577, in get_or_create_for_user_func
Apr 23 03:36:31 user devstack@keystone.service[42666]: ERROR keystone.server.flask.application return self.get_or_create(
Apr 23 03:36:31 user devstack@keystone.service[42666]: ERROR keystone.server.flask.application
File "/usr/local/lib/python3.10/dist-packages/dogpile/cache/region.py", line 1042, in get_or_create
Apr 23 03:36:31 user devstack@keystone.service[42666]: ERROR keystone.server.flask.application with Lock(
Apr 23 03:36:31 user devstack@keystone.service[42666]: ERROR keystone.server.flask.application
File "/usr/local/lib/python3.10/dist-packages/dogpile/lock.py", line 185, in __enter__
Apr 23 03:36:31 user devstack@keystone.service[42666]: ERROR keystone.server.flask.application return self._enter()
Apr 23 03:36:31 user devstack@keystone.service[42666]: ERROR keystone.server.flask.application
File "/usr/local/lib/python3.10/dist-packages/dogpile/lock.py", line 94, in _enter
Apr 23 03:36:31 user devstack@keystone.service[42666]: ERROR keystone.server.flask.application generated = self._enter_create(value, createdtime)
Apr 23 03:36:31 user devstack@keystone.service[42666]: ERROR keystone.server.flask.application
File "/usr/local/lib/python3.10/dist-packages/dogpile/lock.py", line 178, in _enter_create
Apr 23 03:36:31 user devstack@keystone.service[42666]: ERROR keystone.server.flask.application return self.creator()
Apr 23 03:36:31 user devstack@keystone.service[42666]: ERROR keystone.server.flask.application
File "/usr/local/lib/python3.10/dist-packages/dogpile/cache/region.py", line 995, in gen_value
Apr 23 03:36:31 user devstack@keystone.service[42666]: ERROR keystone.server.flask.application created_value = creator(
Apr 23 03:36:31 user devstack@keystone.service[42666]: ERROR keystone.server.flask.application
File "/opt/stack/keystone/keystone/assignment/core.py", line 1276, in get_role
Apr 23 03:36:31 user devstack@keystone.service[42666]: ERROR keystone.server.flask.application return self.driver.get_role(role_id)
Apr 23 03:36:31 user devstack@keystone.service[42666]: ERROR keystone.server.flask.application
File "/opt/stack/keystone/keystone/assignment/role_backends/sql.py", line 70, in get_role
Apr 23 03:36:31 user devstack@keystone.service[42666]: ERROR keystone.server.flask.application return self._get_role(session, role_id).to_dict()
Apr 23 03:36:31 user devstack@keystone.service[42666]: ERROR keystone.server.flask.application
File "/opt/stack/keystone/keystone/assignment/role_backends/sql.py", line 65, in _get_role
Apr 23 03:36:31 user devstack@keystone.service[42666]: ERROR keystone.server.flask.application raise exception.RoleNotFound(role_id=role_id)
Apr 23 03:36:31 user devstack@keystone.service[42666]: ERROR keystone.server.flask.application keystone.exception.RoleNotFound: Could not find role: reader.
Apr 23 03:36:31 user devstack@keystone.service[42666]: ERROR keystone.server.flask.application
