Aug 02 23:30:58 user devstack@c-api.service[73291]: [pid: 73291|app: 0|req: 60/194] 10.0.0.210 () {62 vars in 1408 bytes} [Wed Aug 2 23:30:57 2023] GET /volume/v3/9d5a5b837b80476bb246a3be23415dc1/qos-specs/d53fbd13-6cd5-402f-92b4-a48dbb437ec3 => generated 456 bytes in 38 msecs (HTTP/1.1 200) 7 headers in 285 bytes (1 switches on core 0)
Aug 02 23:30:58 user devstack@c-api.service[73292]: DEBUG cinder.api.middleware.request_id [None req-3cf7f87b-ede0-4efa-bc3b-f8459bd8c7ee None None] RequestId filter calling following filter/app {{(pid=73292) _context_setter /opt/stack/cinder/cinder/api/middleware/request_id.py:62}}
Aug 02 23:30:58 user devstack@c-api.service[73292]: INFO cinder.api.openstack.wsgi [None req-3cf7f87b-ede0-4efa-bc3b-f8459bd8c7ee tempest-QosSpecsTestJSON-443782289 tempest-QosSpecsTestJSON-443782289-project-admin] GET http://10.0.0.210/volume/v3/9d5a5b837b80476bb246a3be23415dc1/qos-specs
Aug 02 23:30:58 user devstack@c-api.service[73292]: DEBUG cinder.api.openstack.wsgi [None req-3cf7f87b-ede0-4efa-bc3b-f8459bd8c7ee tempest-QosSpecsTestJSON-443782289 tempest-QosSpecsTestJSON-443782289-project-admin] Empty body provided in request {{(pid=73292) get_body /opt/stack/cinder/cinder/api/openstack/wsgi.py:715}}
Aug 02 23:30:58 user devstack@c-api.service[73292]: DEBUG cinder.api.openstack.wsgi [None req-3cf7f87b-ede0-4efa-bc3b-f8459bd8c7ee tempest-QosSpecsTestJSON-443782289 tempest-QosSpecsTestJSON-443782289-project-admin] Calling method 'index' {{(pid=73292) _process_stack /opt/stack/cinder/cinder/api/openstack/wsgi.py:868}}
Aug 02 23:30:58 user devstack@c-api.service[73292]: INFO cinder.api.openstack.wsgi [None req-3cf7f87b-ede0-4efa-bc3b-f8459bd8c7ee tempest-QosSpecsTestJSON-443782289 tempest-QosSpecsTestJSON-443782289-project-admin] http://10.0.0.210/volume/v3/9d5a5b837b80476bb246a3be23415dc1/qos-specs returned with HTTP 200
Aug 02 23:30:58 user devstack@c-api.service[73292]: [pid: 73292|app: 0|req: 69/195] 10.0.0.210 () {62 vars in 1297 bytes} [Wed Aug 2 23:30:58 2023] GET /volume/v3/9d5a5b837b80476bb246a3be23415dc1/qos-specs => generated 174 bytes in 34 msecs (HTTP/1.1 200) 7 headers in 285 bytes (1 switches on core 0)
Aug 02 23:30:58 user devstack@c-api.service[73293]: DEBUG cinder.api.middleware.request_id [None req-e2e2c144-a5bc-4120-a72f-36a998a6c1b8 None None] RequestId filter calling following filter/app {{(pid=73293) _context_setter /opt/stack/cinder/cinder/api/middleware/request_id.py:62}}
Aug 02 23:30:58 user devstack@c-api.service[73293]: INFO cinder.api.openstack.wsgi [None req-e2e2c144-a5bc-4120-a72f-36a998a6c1b8 tempest-QosSpecsTestJSON-443782289 tempest-QosSpecsTestJSON-443782289-project-admin] PUT http://10.0.0.210/volume/v3/9d5a5b837b80476bb246a3be23415dc1/qos-specs/d53fbd13-6cd5-402f-92b4-a48dbb437ec3
Aug 02 23:30:58 user devstack@c-api.service[73293]: DEBUG cinder.api.openstack.wsgi [None req-e2e2c144-a5bc-4120-a72f-36a998a6c1b8 tempest-QosSpecsTestJSON-443782289 tempest-QosSpecsTestJSON-443782289-project-admin] Action: 'update', calling method: update, body: {"qos_specs": {"iops_bytes": "500"}} {{(pid=73293) _process_stack /opt/stack/cinder/cinder/api/openstack/wsgi.py:866}}
Aug 02 23:30:58 user devstack@c-api.service[73293]: DEBUG cinder.volume.qos_specs [None req-e2e2c144-a5bc-4120-a72f-36a998a6c1b8 tempest-QosSpecsTestJSON-443782289 tempest-QosSpecsTestJSON-443782289-project-admin] qos_specs.update(): specs {'iops_bytes': '500'} {{(pid=73293) update /opt/stack/cinder/cinder/volume/qos_specs.py:79}}
Aug 02 23:30:58 user devstack@c-api.service[73293]: DEBUG cinder.db.sqlalchemy.api [None req-e2e2c144-a5bc-4120-a72f-36a998a6c1b8 tempest-QosSpecsTestJSON-443782289 tempest-QosSpecsTestJSON-443782289-project-admin] qos_specs_update() value: {'id': '8f24b5c6-2d1e-4b5c-a01d-eeda8e036878', 'key': 'iops_bytes', 'value': '500', 'specs_id': 'd53fbd13-6cd5-402f-92b4-a48dbb437ec3', 'deleted': False} {{(pid=73293) qos_specs_update /opt/stack/cinder/cinder/db/sqlalchemy/api.py:6005}}
Aug 02 23:30:58 user devstack@c-api.service[73293]: INFO cinder.api.openstack.wsgi [None req-e2e2c144-a5bc-4120-a72f-36a998a6c1b8 tempest-QosSpecsTestJSON-443782289 tempest-QosSpecsTestJSON-443782289-project-admin] http://10.0.0.210/volume/v3/9d5a5b837b80476bb246a3be23415dc1/qos-specs/d53fbd13-6cd5-402f-92b4-a48dbb437ec3 returned with HTTP 200
Aug 02 23:30:58 user devstack@c-api.service[73293]: [pid: 73293|app: 0|req: 67/196] 10.0.0.210 () {64 vars in 1428 bytes} [Wed Aug 2 23:30:58 2023] PUT /volume/v3/9d5a5b837b80476bb246a3be23415dc1/qos-specs/d53fbd13-6cd5-402f-92b4-a48dbb437ec3 => generated 36 bytes in 66 msecs (HTTP/1.1 200) 7 headers in 284 bytes (1 switches on core 0)
Aug 02 23:30:58 user devstack@c-api.service[73291]: DEBUG cinder.api.middleware.request_id [None req-f5f6ecba-0874-42f2-957b-3c361c987395 None None] RequestId filter calling following filter/app {{(pid=73291) _context_setter /opt/stack/cinder/cinder/api/middleware/request_id.py:62}}
Aug 02 23:30:58 user devstack@c-api.service[73291]: INFO cinder.api.openstack.wsgi [None req-f5f6ecba-0874-42f2-957b-3c361c987395 tempest-QosSpecsTestJSON-443782289 tempest-QosSpecsTestJSON-443782289-project-admin] GET http://10.0.0.210/volume/v3/9d5a5b837b80476bb246a3be23415dc1/qos-specs/d53fbd13-6cd5-402f-92b4-a48dbb437ec3
Aug 02 23:30:58 user devstack@c-api.service[73291]: DEBUG cinder.api.openstack.wsgi [None req-f5f6ecba-0874-42f2-957b-3c361c987395 tempest-QosSpecsTestJSON-443782289 tempest-QosSpecsTestJSON-443782289-project-admin] Empty body provided in request {{(pid=73291) get_body /opt/stack/cinder/cinder/api/openstack/wsgi.py:715}}
Aug 02 23:30:58 user devstack@c-api.service[73291]: DEBUG cinder.api.openstack.wsgi [None req-f5f6ecba-0874-42f2-957b-3c361c987395 tempest-QosSpecsTestJSON-443782289 tempest-QosSpecsTestJSON-443782289-project-admin] Calling method 'show' {{(pid=73291) _process_stack /opt/stack/cinder/cinder/api/openstack/wsgi.py:868}}
Aug 02 23:30:58 user devstack@c-api.service[73291]: /usr/local/lib/python3.10/dist-packages/oslo_context/context.py:100: DeprecationWarning: Policy enforcement is depending on the value of is_admin. This key is deprecated. Please update your policy file to use the standard policy values.
Aug 02 23:30:58 user devstack@c-api.service[73291]: warnings.warn('Policy enforcement is depending on the value of '
Aug 02 23:30:58 user devstack@c-api.service[73291]: INFO cinder.api.openstack.wsgi [None req-f5f6ecba-0874-42f2-957b-3c361c987395 tempest-QosSpecsTestJSON-443782289 tempest-QosSpecsTestJSON-443782289-project-admin] http://10.0.0.210/volume/v3/9d5a5b837b80476bb246a3be23415dc1/qos-specs/d53fbd13-6cd5-402f-92b4-a48dbb437ec3 returned with HTTP 200
Aug 02 23:30:58 user devstack@c-api.service[73291]: [pid: 73291|app: 0|req: 61/197] 10.0.0.210 () {62 vars in 1408 bytes} [Wed Aug 2 23:30:58 2023] GET /volume/v3/9d5a5b837b80476bb246a3be23415dc1/qos-specs/d53fbd13-6cd5-402f-92b4-a48dbb437ec3 => generated 477 bytes in 37 msecs (HTTP/1.1 200) 7 headers in 285 bytes (1 switches on core 0)
Aug 02 23:30:58 user devstack@c-api.service[73292]: DEBUG cinder.api.middleware.request_id [None req-3dc946c2-53e2-4000-902f-fea99a348640 None None] RequestId filter calling following filter/app {{(pid=73292) _context_setter /opt/stack/cinder/cinder/api/middleware/request_id.py:62}}
Aug 02 23:30:58 user devstack@c-api.service[73292]: INFO cinder.api.openstack.wsgi [None req-3dc946c2-53e2-4000-902f-fea99a348640 tempest-QosSpecsTestJSON-443782289 tempest-QosSpecsTestJSON-443782289-project-admin] PUT http://10.0.0.210/volume/v3/9d5a5b837b80476bb246a3be23415dc1/qos-specs/d53fbd13-6cd5-402f-92b4-a48dbb437ec3/delete_keys
Aug 02 23:30:58 user devstack@c-api.service[73292]: DEBUG cinder.api.openstack.wsgi [None req-3dc946c2-53e2-4000-902f-fea99a348640 tempest-QosSpecsTestJSON-443782289 tempest-QosSpecsTestJSON-443782289-project-admin] Action: 'delete_keys', calling method: delete_keys, body: {"keys": ["iops_bytes"]} {{(pid=73292) _process_stack /opt/stack/cinder/cinder/api/openstack/wsgi.py:866}}
Aug 02 23:30:58 user devstack@c-api.service[73292]: /usr/local/lib/python3.10/dist-packages/oslo_context/context.py:100: DeprecationWarning: Policy enforcement is depending on the value of is_admin. This key is deprecated. Please update your policy file to use the standard policy values.
Aug 02 23:30:58 user devstack@c-api.service[73292]: warnings.warn('Policy enforcement is depending on the value of '
Aug 02 23:30:58 user devstack@c-api.service[73292]: DEBUG cinder.api.contrib.qos_specs_manage [None req-3dc946c2-53e2-4000-902f-fea99a348640 tempest-QosSpecsTestJSON-443782289 tempest-QosSpecsTestJSON-443782289-project-admin] Delete_key spec: d53fbd13-6cd5-402f-92b4-a48dbb437ec3, keys: ['iops_bytes'] {{(pid=73292) delete_keys /opt/stack/cinder/cinder/api/contrib/qos_specs_manage.py:207}}
Aug 02 23:30:58 user devstack@c-api.service[73292]: INFO cinder.api.openstack.wsgi [None req-3dc946c2-53e2-4000-902f-fea99a348640 tempest-QosSpecsTestJSON-443782289 tempest-QosSpecsTestJSON-443782289-project-admin] http://10.0.0.210/volume/v3/9d5a5b837b80476bb246a3be23415dc1/qos-specs/d53fbd13-6cd5-402f-92b4-a48dbb437ec3/delete_keys returned with HTTP 202
Aug 02 23:30:58 user devstack@c-api.service[73292]: [pid: 73292|app: 0|req: 70/198] 10.0.0.210 () {64 vars in 1464 bytes} [Wed Aug 2 23:30:58 2023] PUT /volume/v3/9d5a5b837b80476bb246a3be23415dc1/qos-specs/d53fbd13-6cd5-402f-92b4-a48dbb437ec3/delete_keys => generated 0 bytes in 98 msecs (HTTP/1.1 202) 6 headers in 233 bytes (1 switches on core 0)
Aug 02 23:30:58 user devstack@c-api.service[73293]: DEBUG cinder.api.middleware.request_id [None req-5b719e48-f7c9-4abf-ab03-e714e9eef822 None None] RequestId filter calling following filter/app {{(pid=73293) _context_setter /opt/stack/cinder/cinder/api/middleware/request_id.py:62}}
Aug 02 23:30:58 user devstack@c-api.service[73293]: INFO cinder.api.openstack.wsgi [None req-5b719e48-f7c9-4abf-ab03-e714e9eef822 tempest-QosSpecsTestJSON-443782289 tempest-QosSpecsTestJSON-443782289-project-admin] GET http://10.0.0.210/volume/v3/9d5a5b837b80476bb246a3be23415dc1/qos-specs/d53fbd13-6cd5-402f-92b4-a48dbb437ec3
Aug 02 23:30:58 user devstack@c-api.service[73293]: DEBUG cinder.api.openstack.wsgi [None req-5b719e48-f7c9-4abf-ab03-e714e9eef822 tempest-QosSpecsTestJSON-443782289 tempest-QosSpecsTestJSON-443782289-project-admin] Empty body provided in request {{(pid=73293) get_body /opt/stack/cinder/cinder/api/openstack/wsgi.py:715}}
Aug 02 23:30:58 user devstack@c-api.service[73293]: DEBUG cinder.api.openstack.wsgi [None req-5b719e48-f7c9-4abf-ab03-e714e9eef822 tempest-QosSpecsTestJSON-443782289 tempest-QosSpecsTestJSON-443782289-project-admin] Calling method 'show' {{(pid=73293) _process_stack /opt/stack/cinder/cinder/api/openstack/wsgi.py:868}}
Aug 02 23:30:58 user devstack@c-api.service[73293]: /usr/local/lib/python3.10/dist-packages/oslo_context/context.py:100: DeprecationWarning: Policy enforcement is depending on the value of is_admin. This key is deprecated. Please update your policy file to use the standard policy values.
Aug 02 23:30:58 user devstack@c-api.service[73293]: warnings.warn('Policy enforcement is depending on the value of '
Aug 02 23:30:58 user devstack@c-api.service[73293]: INFO cinder.api.openstack.wsgi [None req-5b719e48-f7c9-4abf-ab03-e714e9eef822 tempest-QosSpecsTestJSON-443782289 tempest-QosSpecsTestJSON-443782289-project-admin] http://10.0.0.210/volume/v3/9d5a5b837b80476bb246a3be23415dc1/qos-specs/d53fbd13-6cd5-402f-92b4-a48dbb437ec3 returned with HTTP 200
Aug 02 23:30:58 user devstack@c-api.service[73293]: [pid: 73293|app: 0|req: 68/199] 10.0.0.210 () {62 vars in 1408 bytes} [Wed Aug 2 23:30:58 2023] GET /volume/v3/9d5a5b837b80476bb246a3be23415dc1/qos-specs/d53fbd13-6cd5-402f-92b4-a48dbb437ec3 => generated 456 bytes in 21 msecs (HTTP/1.1 200) 7 headers in 285 bytes (2 switches on core 0)
Aug 02 23:30:58 user devstack@c-api.service[73291]: DEBUG cinder.api.middleware.request_id [None req-f8db43de-9cfd-4005-ba44-9d710ca3a396 None None] RequestId filter calling following filter/app {{(pid=73291) _context_setter /opt/stack/cinder/cinder/api/middleware/request_id.py:62}}
Aug 02 23:30:58 user devstack@c-api.service[73291]: INFO cinder.api.openstack.wsgi [None req-f8db43de-9cfd-4005-ba44-9d710ca3a396 tempest-QosSpecsTestJSON-443782289 tempest-QosSpecsTestJSON-443782289-project-admin] GET http://10.0.0.210/volume/v3/9d5a5b837b80476bb246a3be23415dc1/qos-specs/d53fbd13-6cd5-402f-92b4-a48dbb437ec3
Aug 02 23:30:58 user devstack@c-api.service[73291]: DEBUG cinder.api.openstack.wsgi [None req-f8db43de-9cfd-4005-ba44-9d710ca3a396 tempest-QosSpecsTestJSON-443782289 tempest-QosSpecsTestJSON-443782289-project-admin] Empty body provided in request {{(pid=73291) get_body /opt/stack/cinder/cinder/api/openstack/wsgi.py:715}}
Aug 02 23:30:58 user devstack@c-api.service[73291]: DEBUG cinder.api.openstack.wsgi [None req-f8db43de-9cfd-4005-ba44-9d710ca3a396 tempest-QosSpecsTestJSON-443782289 tempest-QosSpecsTestJSON-443782289-project-admin] Calling method 'show' {{(pid=73291) _process_stack /opt/stack/cinder/cinder/api/openstack/wsgi.py:868}}
Aug 02 23:30:58 user devstack@c-api.service[73291]: /usr/local/lib/python3.10/dist-packages/oslo_context/context.py:100: DeprecationWarning: Policy enforcement is depending on the value of is_admin. This key is deprecated. Please update your policy file to use the standard policy values.
Aug 02 23:30:58 user devstack@c-api.service[73291]: warnings.warn('Policy enforcement is depending on the value of '
Aug 02 23:30:58 user devstack@c-api.service[73291]: INFO cinder.api.openstack.wsgi [None req-f8db43de-9cfd-4005-ba44-9d710ca3a396 tempest-QosSpecsTestJSON-443782289 tempest-QosSpecsTestJSON-443782289-project-admin] http://10.0.0.210/volume/v3/9d5a5b837b80476bb246a3be23415dc1/qos-specs/d53fbd13-6cd5-402f-92b4-a48dbb437ec3 returned with HTTP 200
Aug 02 23:30:58 user devstack@c-api.service[73291]: [pid: 73291|app: 0|req: 62/200] 10.0.0.210 () {62 vars in 1408 bytes} [Wed Aug 2 23:30:58 2023] GET /volume/v3/9d5a5b837b80476bb246a3be23415dc1/qos-specs/d53fbd13-6cd5-402f-92b4-a48dbb437ec3 => generated 456 bytes in 27 msecs (HTTP/1.1 200) 7 headers in 285 bytes (1 switches on core 0)
Aug 02 23:30:58 user devstack@c-api.service[73292]: DEBUG cinder.api.middleware.request_id [None req-c1ece030-485e-466b-baae-df5b8ece6052 None None] RequestId filter calling following filter/app {{(pid=73292) _context_setter /opt/stack/cinder/cinder/api/middleware/request_id.py:62}}
Aug 02 23:30:58 user devstack@c-api.service[73293]: DEBUG cinder.api.middleware.request_id [None req-402bb7b3-6bb3-4c50-b8ac-f6ec0dc4c346 None None] RequestId filter calling following filter/app {{(pid=73293) _context_setter /opt/stack/cinder/cinder/api/middleware/request_id.py:62}}
Aug 02 23:30:58 user devstack@c-api.service[73292]: INFO cinder.api.openstack.wsgi [None req-c1ece030-485e-466b-baae-df5b8ece6052 tempest-GroupsV314Test-209495174 tempest-GroupsV314Test-209495174-project-member] GET http://10.0.0.210/volume/v3/340d53607d8d436089b7abd5e4a6cfc5/volumes/43797794-02a8-4b5d-b5c9-284d3972cbee
Aug 02 23:30:58 user devstack@c-api.service[73292]: DEBUG cinder.api.openstack.wsgi [None req-c1ece030-485e-466b-baae-df5b8ece6052 tempest-GroupsV314Test-209495174 tempest-GroupsV314Test-209495174-project-member] Empty body provided in request {{(pid=73292) get_body /opt/stack/cinder/cinder/api/openstack/wsgi.py:715}}
Aug 02 23:30:58 user devstack@c-api.service[73292]: DEBUG cinder.api.openstack.wsgi [None req-c1ece030-485e-466b-baae-df5b8ece6052 tempest-GroupsV314Test-209495174 tempest-GroupsV314Test-209495174-project-member] Calling method 'show' {{(pid=73292) _process_stack /opt/stack/cinder/cinder/api/openstack/wsgi.py:868}}
Aug 02 23:30:58 user devstack@c-api.service[73293]: INFO cinder.api.openstack.wsgi [None req-402bb7b3-6bb3-4c50-b8ac-f6ec0dc4c346 tempest-QosSpecsTestJSON-443782289 tempest-QosSpecsTestJSON-443782289-project-admin] DELETE http://10.0.0.210/volume/v3/9d5a5b837b80476bb246a3be23415dc1/qos-specs/d53fbd13-6cd5-402f-92b4-a48dbb437ec3?force=False
Aug 02 23:30:58 user devstack@c-api.service[73293]: DEBUG cinder.api.openstack.wsgi [None req-402bb7b3-6bb3-4c50-b8ac-f6ec0dc4c346 tempest-QosSpecsTestJSON-443782289 tempest-QosSpecsTestJSON-443782289-project-admin] Empty body provided in request {{(pid=73293) get_body /opt/stack/cinder/cinder/api/openstack/wsgi.py:715}}
Aug 02 23:30:58 user devstack@c-api.service[73293]: DEBUG cinder.api.openstack.wsgi [None req-402bb7b3-6bb3-4c50-b8ac-f6ec0dc4c346 tempest-QosSpecsTestJSON-443782289 tempest-QosSpecsTestJSON-443782289-project-admin] Calling method 'delete' {{(pid=73293) _process_stack /opt/stack/cinder/cinder/api/openstack/wsgi.py:868}}
Aug 02 23:30:58 user devstack@c-api.service[73293]: /usr/local/lib/python3.10/dist-packages/oslo_context/context.py:100: DeprecationWarning: Policy enforcement is depending on the value of is_admin. This key is deprecated. Please update your policy file to use the standard policy values.
Aug 02 23:30:58 user devstack@c-api.service[73293]: warnings.warn('Policy enforcement is depending on the value of '
Aug 02 23:30:58 user devstack@c-api.service[73293]: DEBUG cinder.api.contrib.qos_specs_manage [None req-402bb7b3-6bb3-4c50-b8ac-f6ec0dc4c346 tempest-QosSpecsTestJSON-443782289 tempest-QosSpecsTestJSON-443782289-project-admin] Delete qos_spec: d53fbd13-6cd5-402f-92b4-a48dbb437ec3, force: False {{(pid=73293) delete /opt/stack/cinder/cinder/api/contrib/qos_specs_manage.py:168}}
Aug 02 23:30:58 user devstack@c-api.service[73292]: /usr/local/lib/python3.10/dist-packages/oslo_context/context.py:100: DeprecationWarning: Policy enforcement is depending on the value of is_admin. This key is deprecated. Please update your policy file to use the standard policy values.
Aug 02 23:30:58 user devstack@c-api.service[73292]: warnings.warn('Policy enforcement is depending on the value of '
Aug 02 23:30:58 user devstack@c-api.service[73292]: INFO cinder.volume.api [None req-c1ece030-485e-466b-baae-df5b8ece6052 tempest-GroupsV314Test-209495174 tempest-GroupsV314Test-209495174-project-member] Volume info retrieved successfully.
Aug 02 23:30:58 user devstack@c-api.service[73292]: WARNING stevedore.named [None req-c1ece030-485e-466b-baae-df5b8ece6052 tempest-GroupsV314Test-209495174 tempest-GroupsV314Test-209495174-project-member] Could not load cinder.keymgr.conf_key_mgr.ConfKeyManager
Aug 02 23:30:58 user devstack@c-api.service[73292]: WARNING castellan.key_manager [None req-c1ece030-485e-466b-baae-df5b8ece6052 tempest-GroupsV314Test-209495174 tempest-GroupsV314Test-209495174-project-member] Deprecation Warning : cinder.keymgr.conf_key_mgr.ConfKeyManager is not a stevedore based driver, trying to load it as a class: stevedore.exception.NoMatches: No 'castellan.drivers' driver found, looking for 'cinder.keymgr.conf_key_mgr.ConfKeyManager'
Aug 02 23:30:58 user devstack@c-api.service[73292]: DEBUG oslo_db.sqlalchemy.engines [None req-c1ece030-485e-466b-baae-df5b8ece6052 tempest-GroupsV314Test-209495174 tempest-GroupsV314Test-209495174-project-member] MySQL server mode set to STRICT_TRANS_TABLES,STRICT_ALL_TABLES,NO_ZERO_IN_DATE,NO_ZERO_DATE,ERROR_FOR_DIVISION_BY_ZERO,TRADITIONAL,NO_ENGINE_SUBSTITUTION {{(pid=73292) _check_effective_sql_mode /usr/local/lib/python3.10/dist-packages/oslo_db/sqlalchemy/engines.py:335}}
Aug 02 23:30:58 user devstack@c-api.service[73292]: /usr/local/lib/python3.10/dist-packages/oslo_context/context.py:100: DeprecationWarning: Policy enforcement is depending on the value of is_admin. This key is deprecated. Please update your policy file to use the standard policy values.
Aug 02 23:30:58 user devstack@c-api.service[73292]: warnings.warn('Policy enforcement is depending on the value of '
Aug 02 23:30:58 user devstack@c-api.service[73292]: INFO cinder.api.openstack.wsgi [None req-c1ece030-485e-466b-baae-df5b8ece6052 tempest-GroupsV314Test-209495174 tempest-GroupsV314Test-209495174-project-member] http://10.0.0.210/volume/v3/340d53607d8d436089b7abd5e4a6cfc5/volumes/43797794-02a8-4b5d-b5c9-284d3972cbee returned with HTTP 200
Aug 02 23:30:58 user devstack@c-api.service[73292]: [pid: 73292|app: 0|req: 71/201] 10.0.0.210 () {64 vars in 1443 bytes} [Wed Aug 2 23:30:58 2023] GET /volume/v3/340d53607d8d436089b7abd5e4a6cfc5/volumes/43797794-02a8-4b5d-b5c9-284d3972cbee => generated 972 bytes in 75 msecs (HTTP/1.1 200) 7 headers in 286 bytes (1 switches on core 0)
Aug 02 23:30:58 user devstack@c-api.service[73293]: INFO cinder.api.openstack.wsgi [None req-402bb7b3-6bb3-4c50-b8ac-f6ec0dc4c346 tempest-QosSpecsTestJSON-443782289 tempest-QosSpecsTestJSON-443782289-project-admin] http://10.0.0.210/volume/v3/9d5a5b837b80476bb246a3be23415dc1/qos-specs/d53fbd13-6cd5-402f-92b4-a48dbb437ec3?force=False returned with HTTP 202
Aug 02 23:30:58 user devstack@c-api.service[73293]: [pid: 73293|app: 0|req: 69/202] 10.0.0.210 () {62 vars in 1434 bytes} [Wed Aug 2 23:30:58 2023] DELETE /volume/v3/9d5a5b837b80476bb246a3be23415dc1/qos-specs/d53fbd13-6cd5-402f-92b4-a48dbb437ec3?force=False => generated 0 bytes in 85 msecs (HTTP/1.1 202) 6 headers in 233 bytes (2 switches on core 0)
Aug 02 23:30:58 user devstack@c-api.service[73291]: DEBUG cinder.api.middleware.request_id [None req-6b3e25b5-53c3-4c59-980b-c74caa2fc1d4 None None] RequestId filter calling following filter/app {{(pid=73291) _context_setter /opt/stack/cinder/cinder/api/middleware/request_id.py:62}}
Aug 02 23:30:58 user devstack@c-api.service[73291]: INFO cinder.api.openstack.wsgi [None req-6b3e25b5-53c3-4c59-980b-c74caa2fc1d4 tempest-QosSpecsTestJSON-443782289 tempest-QosSpecsTestJSON-443782289-project-admin] GET http://10.0.0.210/volume/v3/9d5a5b837b80476bb246a3be23415dc1/qos-specs/d53fbd13-6cd5-402f-92b4-a48dbb437ec3
Aug 02 23:30:58 user devstack@c-api.service[73291]: DEBUG cinder.api.openstack.wsgi [None req-6b3e25b5-53c3-4c59-980b-c74caa2fc1d4 tempest-QosSpecsTestJSON-443782289 tempest-QosSpecsTestJSON-443782289-project-admin] Empty body provided in request {{(pid=73291) get_body /opt/stack/cinder/cinder/api/openstack/wsgi.py:715}}
Aug 02 23:30:58 user devstack@c-api.service[73291]: DEBUG cinder.api.openstack.wsgi [None req-6b3e25b5-53c3-4c59-980b-c74caa2fc1d4 tempest-QosSpecsTestJSON-443782289 tempest-QosSpecsTestJSON-443782289-project-admin] Calling method 'show' {{(pid=73291) _process_stack /opt/stack/cinder/cinder/api/openstack/wsgi.py:868}}
Aug 02 23:30:58 user devstack@c-api.service[73291]: /usr/local/lib/python3.10/dist-packages/oslo_context/context.py:100: DeprecationWarning: Policy enforcement is depending on the value of is_admin. This key is deprecated. Please update your policy file to use the standard policy values.
Aug 02 23:30:58 user devstack@c-api.service[73291]: warnings.warn('Policy enforcement is depending on the value of '
Aug 02 23:30:58 user devstack@c-api.service[73291]: INFO cinder.api.openstack.wsgi [None req-6b3e25b5-53c3-4c59-980b-c74caa2fc1d4 tempest-QosSpecsTestJSON-443782289 tempest-QosSpecsTestJSON-443782289-project-admin] http://10.0.0.210/volume/v3/9d5a5b837b80476bb246a3be23415dc1/qos-specs/d53fbd13-6cd5-402f-92b4-a48dbb437ec3 returned with HTTP 404
Aug 02 23:30:58 user devstack@c-api.service[73291]: [pid: 73291|app: 0|req: 63/203] 10.0.0.210 () {62 vars in 1408 bytes} [Wed Aug 2 23:30:58 2023] GET /volume/v3/9d5a5b837b80476bb246a3be23415dc1/qos-specs/d53fbd13-6cd5-402f-92b4-a48dbb437ec3 => generated 100 bytes in 23 msecs (HTTP/1.1 404) 7 headers in 292 bytes (2 switches on core 0)
Aug 02 23:30:58 user devstack@c-api.service[73292]: DEBUG cinder.api.middleware.request_id [None req-bbeda4e2-f61b-4af1-b1b9-12cdb86538b3 None None] RequestId filter calling following filter/app {{(pid=73292) _context_setter /opt/stack/cinder/cinder/api/middleware/request_id.py:62}}
Aug 02 23:30:58 user devstack@c-api.service[73292]: INFO cinder.api.openstack.wsgi [None req-bbeda4e2-f61b-4af1-b1b9-12cdb86538b3 tempest-VolumesListAdminTestJSON-1504394083 tempest-VolumesListAdminTestJSON-1504394083-project-member] GET http://10.0.0.210/volume/v3/5e5f6bbac0074672b7c1be4f45baa6c1/volumes/07a3078c-2366-4229-b488-2d66296478df
Aug 02 23:30:58 user devstack@c-api.service[73292]: DEBUG cinder.api.openstack.wsgi [None req-bbeda4e2-f61b-4af1-b1b9-12cdb86538b3 tempest-VolumesListAdminTestJSON-1504394083 tempest-VolumesListAdminTestJSON-1504394083-project-member] Empty body provided in request {{(pid=73292) get_body /opt/stack/cinder/cinder/api/openstack/wsgi.py:715}}
Aug 02 23:30:58 user devstack@c-api.service[73292]: DEBUG cinder.api.openstack.wsgi [None req-bbeda4e2-f61b-4af1-b1b9-12cdb86538b3 tempest-VolumesListAdminTestJSON-1504394083 tempest-VolumesListAdminTestJSON-1504394083-project-member] Calling method 'show' {{(pid=73292) _process_stack /opt/stack/cinder/cinder/api/openstack/wsgi.py:868}}
Aug 02 23:30:58 user devstack@c-api.service[73292]: /usr/local/lib/python3.10/dist-packages/oslo_context/context.py:100: DeprecationWarning: Policy enforcement is depending on the value of is_admin. This key is deprecated. Please update your policy file to use the standard policy values.
Aug 02 23:30:58 user devstack@c-api.service[73292]: warnings.warn('Policy enforcement is depending on the value of '
Aug 02 23:30:58 user devstack@c-api.service[73292]: INFO cinder.volume.api [None req-bbeda4e2-f61b-4af1-b1b9-12cdb86538b3 tempest-VolumesListAdminTestJSON-1504394083 tempest-VolumesListAdminTestJSON-1504394083-project-member] Volume info retrieved successfully.
Aug 02 23:30:58 user devstack@c-api.service[73292]: INFO cinder.api.openstack.wsgi [None req-bbeda4e2-f61b-4af1-b1b9-12cdb86538b3 tempest-VolumesListAdminTestJSON-1504394083 tempest-VolumesListAdminTestJSON-1504394083-project-member] http://10.0.0.210/volume/v3/5e5f6bbac0074672b7c1be4f45baa6c1/volumes/07a3078c-2366-4229-b488-2d66296478df returned with HTTP 200
Aug 02 23:30:58 user devstack@c-api.service[73292]: [pid: 73292|app: 0|req: 72/204] 10.0.0.210 () {62 vars in 1402 bytes} [Wed Aug 2 23:30:58 2023] GET /volume/v3/5e5f6bbac0074672b7c1be4f45baa6c1/volumes/07a3078c-2366-4229-b488-2d66296478df => generated 915 bytes in 37 msecs (HTTP/1.1 200) 7 headers in 285 bytes (1 switches on core 0)
Aug 02 23:30:58 user devstack@c-api.service[73293]: DEBUG cinder.api.middleware.request_id [None req-cb6996b6-f199-4c04-a12a-1c6abd957587 None None] RequestId filter calling following filter/app {{(pid=73293) _context_setter /opt/stack/cinder/cinder/api/middleware/request_id.py:62}}
Aug 02 23:30:58 user devstack@c-api.service[73293]: INFO cinder.api.openstack.wsgi [None req-cb6996b6-f199-4c04-a12a-1c6abd957587 tempest-VolumesListAdminTestJSON-1504394083 tempest-VolumesListAdminTestJSON-1504394083-project-member] GET http://10.0.0.210/volume/v3/5e5f6bbac0074672b7c1be4f45baa6c1/volumes/07a3078c-2366-4229-b488-2d66296478df
Aug 02 23:30:58 user devstack@c-api.service[73293]: DEBUG cinder.api.openstack.wsgi [None req-cb6996b6-f199-4c04-a12a-1c6abd957587 tempest-VolumesListAdminTestJSON-1504394083 tempest-VolumesListAdminTestJSON-1504394083-project-member] Empty body provided in request {{(pid=73293) get_body /opt/stack/cinder/cinder/api/openstack/wsgi.py:715}}
Aug 02 23:30:58 user devstack@c-api.service[73293]: DEBUG cinder.api.openstack.wsgi [None req-cb6996b6-f199-4c04-a12a-1c6abd957587 tempest-VolumesListAdminTestJSON-1504394083 tempest-VolumesListAdminTestJSON-1504394083-project-member] Calling method 'show' {{(pid=73293) _process_stack /opt/stack/cinder/cinder/api/openstack/wsgi.py:868}}
Aug 02 23:30:58 user devstack@c-api.service[73293]: /usr/local/lib/python3.10/dist-packages/oslo_context/context.py:100: DeprecationWarning: Policy enforcement is depending on the value of is_admin. This key is deprecated. Please update your policy file to use the standard policy values.
Aug 02 23:30:58 user devstack@c-api.service[73293]: warnings.warn('Policy enforcement is depending on the value of '
Aug 02 23:30:58 user devstack@c-api.service[73291]: DEBUG cinder.api.middleware.request_id [None req-6dab43aa-dc09-4b92-a86c-419c6ed28f3d None None] RequestId filter calling following filter/app {{(pid=73291) _context_setter /opt/stack/cinder/cinder/api/middleware/request_id.py:62}}
Aug 02 23:30:58 user devstack@c-api.service[73291]: INFO cinder.api.openstack.wsgi [None req-6dab43aa-dc09-4b92-a86c-419c6ed28f3d tempest-TaggedBootDevicesTest-684754732 tempest-TaggedBootDevicesTest-684754732-project-member] GET http://10.0.0.210/volume/v3/4859fb53c10e4bb0a81d1bf982c0ab19/volumes/0ab4c557-ed85-433e-86ec-673dd7c2842e
Aug 02 23:30:58 user devstack@c-api.service[73291]: DEBUG cinder.api.openstack.wsgi [None req-6dab43aa-dc09-4b92-a86c-419c6ed28f3d tempest-TaggedBootDevicesTest-684754732 tempest-TaggedBootDevicesTest-684754732-project-member] Empty body provided in request {{(pid=73291) get_body /opt/stack/cinder/cinder/api/openstack/wsgi.py:715}}
Aug 02 23:30:58 user devstack@c-api.service[73293]: INFO cinder.volume.api [None req-cb6996b6-f199-4c04-a12a-1c6abd957587 tempest-VolumesListAdminTestJSON-1504394083 tempest-VolumesListAdminTestJSON-1504394083-project-member] Volume info retrieved successfully.
Aug 02 23:30:58 user devstack@c-api.service[73291]: DEBUG cinder.api.openstack.wsgi [None req-6dab43aa-dc09-4b92-a86c-419c6ed28f3d tempest-TaggedBootDevicesTest-684754732 tempest-TaggedBootDevicesTest-684754732-project-member] Calling method 'show' {{(pid=73291) _process_stack /opt/stack/cinder/cinder/api/openstack/wsgi.py:868}}
Aug 02 23:30:59 user devstack@c-api.service[73292]: DEBUG cinder.api.middleware.request_id [None req-084792c5-bea0-4f0a-8144-f6e70b8c4100 None None] RequestId filter calling following filter/app {{(pid=73292) _context_setter /opt/stack/cinder/cinder/api/middleware/request_id.py:62}}
Aug 02 23:30:59 user devstack@c-api.service[73292]: INFO cinder.api.openstack.wsgi [None req-084792c5-bea0-4f0a-8144-f6e70b8c4100 tempest-VolumesTestJSON-911095816 tempest-VolumesTestJSON-911095816-project-member] GET http://10.0.0.210/volume/v3/d112ce0cc00148d1bdec02f1b3fee2c0/volumes/58c3663a-26d4-4117-ab34-8174c2adf938
Aug 02 23:30:59 user devstack@c-api.service[73293]: INFO cinder.api.openstack.wsgi [None req-cb6996b6-f199-4c04-a12a-1c6abd957587 tempest-VolumesListAdminTestJSON-1504394083 tempest-VolumesListAdminTestJSON-1504394083-project-member] http://10.0.0.210/volume/v3/5e5f6bbac0074672b7c1be4f45baa6c1/volumes/07a3078c-2366-4229-b488-2d66296478df returned with HTTP 200
Aug 02 23:30:59 user devstack@c-api.service[73292]: DEBUG cinder.api.openstack.wsgi [None req-084792c5-bea0-4f0a-8144-f6e70b8c4100 tempest-VolumesTestJSON-911095816 tempest-VolumesTestJSON-911095816-project-member] Empty body provided in request {{(pid=73292) get_body /opt/stack/cinder/cinder/api/openstack/wsgi.py:715}}
Aug 02 23:30:59 user devstack@c-api.service[73292]: DEBUG cinder.api.openstack.wsgi [None req-084792c5-bea0-4f0a-8144-f6e70b8c4100 tempest-VolumesTestJSON-911095816 tempest-VolumesTestJSON-911095816-project-member] Calling method 'show' {{(pid=73292) _process_stack /opt/stack/cinder/cinder/api/openstack/wsgi.py:868}}
Aug 02 23:30:59 user devstack@c-api.service[73293]: [pid: 73293|app: 0|req: 70/205] 10.0.0.210 () {62 vars in 1402 bytes} [Wed Aug 2 23:30:58 2023] GET /volume/v3/5e5f6bbac0074672b7c1be4f45baa6c1/volumes/07a3078c-2366-4229-b488-2d66296478df => generated 915 bytes in 46 msecs (HTTP/1.1 200) 7 headers in 285 bytes (1 switches on core 0)
Aug 02 23:30:59 user devstack@c-api.service[73291]: /usr/local/lib/python3.10/dist-packages/oslo_context/context.py:100: DeprecationWarning: Policy enforcement is depending on the value of is_admin. This key is deprecated. Please update your policy file to use the standard policy values.
Aug 02 23:30:59 user devstack@c-api.service[73291]: warnings.warn('Policy enforcement is depending on the value of '
Aug 02 23:30:59 user devstack@c-api.service[73291]: INFO cinder.volume.api [None req-6dab43aa-dc09-4b92-a86c-419c6ed28f3d tempest-TaggedBootDevicesTest-684754732 tempest-TaggedBootDevicesTest-684754732-project-member] Volume info retrieved successfully.
Aug 02 23:30:59 user devstack@c-api.service[73293]: DEBUG cinder.api.middleware.request_id [None req-0040c9f0-61a5-4138-9c99-ae23f929d255 None None] RequestId filter calling following filter/app {{(pid=73293) _context_setter /opt/stack/cinder/cinder/api/middleware/request_id.py:62}}
Aug 02 23:30:59 user devstack@c-api.service[73293]: INFO cinder.api.openstack.wsgi [None req-0040c9f0-61a5-4138-9c99-ae23f929d255 tempest-VolumesListAdminTestJSON-1504394083 tempest-VolumesListAdminTestJSON-1504394083-project-member] POST http://10.0.0.210/volume/v3/5e5f6bbac0074672b7c1be4f45baa6c1/volumes
Aug 02 23:30:59 user devstack@c-api.service[73293]: DEBUG cinder.api.openstack.wsgi [None req-0040c9f0-61a5-4138-9c99-ae23f929d255 tempest-VolumesListAdminTestJSON-1504394083 tempest-VolumesListAdminTestJSON-1504394083-project-member] Action: 'create', calling method: create, body: {"volume": {"size": 1, "name": "tempest-VolumesListAdminTestJSON-Volume-1046551519"}} {{(pid=73293) _process_stack /opt/stack/cinder/cinder/api/openstack/wsgi.py:866}}
Aug 02 23:30:59 user devstack@c-api.service[73293]: DEBUG cinder.api.v3.volumes [None req-0040c9f0-61a5-4138-9c99-ae23f929d255 tempest-VolumesListAdminTestJSON-1504394083 tempest-VolumesListAdminTestJSON-1504394083-project-member] Create volume request body: {'volume': {'size': 1, 'name': 'tempest-VolumesListAdminTestJSON-Volume-1046551519'}} {{(pid=73293) create /opt/stack/cinder/cinder/api/v3/volumes.py:297}}
Aug 02 23:30:59 user devstack@c-api.service[73291]: INFO cinder.api.openstack.wsgi [None req-6dab43aa-dc09-4b92-a86c-419c6ed28f3d tempest-TaggedBootDevicesTest-684754732 tempest-TaggedBootDevicesTest-684754732-project-member] http://10.0.0.210/volume/v3/4859fb53c10e4bb0a81d1bf982c0ab19/volumes/0ab4c557-ed85-433e-86ec-673dd7c2842e returned with HTTP 200
Aug 02 23:30:59 user devstack@c-api.service[73293]: INFO cinder.api.v3.volumes [None req-0040c9f0-61a5-4138-9c99-ae23f929d255 tempest-VolumesListAdminTestJSON-1504394083 tempest-VolumesListAdminTestJSON-1504394083-project-member] Create volume of 1 GB
Aug 02 23:30:59 user devstack@c-api.service[73291]: [pid: 73291|app: 0|req: 64/206] 10.0.0.210 () {62 vars in 1402 bytes} [Wed Aug 2 23:30:58 2023] GET /volume/v3/4859fb53c10e4bb0a81d1bf982c0ab19/volumes/0ab4c557-ed85-433e-86ec-673dd7c2842e => generated 910 bytes in 44 msecs (HTTP/1.1 200) 7 headers in 285 bytes (2 switches on core 0)
Aug 02 23:30:59 user devstack@c-api.service[73293]: INFO cinder.volume.api [None req-0040c9f0-61a5-4138-9c99-ae23f929d255 tempest-VolumesListAdminTestJSON-1504394083 tempest-VolumesListAdminTestJSON-1504394083-project-member] Availability Zones retrieved successfully.
Aug 02 23:30:59 user devstack@c-api.service[73292]: /usr/local/lib/python3.10/dist-packages/oslo_context/context.py:100: DeprecationWarning: Policy enforcement is depending on the value of is_admin. This key is deprecated. Please update your policy file to use the standard policy values.
Aug 02 23:30:59 user devstack@c-api.service[73292]: warnings.warn('Policy enforcement is depending on the value of '
Aug 02 23:30:59 user devstack@c-api.service[73293]: DEBUG cinder.volume.api [None req-0040c9f0-61a5-4138-9c99-ae23f929d255 tempest-VolumesListAdminTestJSON-1504394083 tempest-VolumesListAdminTestJSON-1504394083-project-member] Flow 'volume_create_api' (94bfe51c-6718-4bed-8ca5-9ee8c02a2c5d) transitioned into state 'RUNNING' from state 'PENDING' {{(pid=73293) _flow_receiver /usr/local/lib/python3.10/dist-packages/taskflow/listeners/logging.py:141}}
Aug 02 23:30:59 user devstack@c-api.service[73293]: DEBUG cinder.volume.api [None req-0040c9f0-61a5-4138-9c99-ae23f929d255 tempest-VolumesListAdminTestJSON-1504394083 tempest-VolumesListAdminTestJSON-1504394083-project-member] Task 'cinder.volume.flows.api.create_volume.ExtractVolumeRequestTask;volume:create' (77c2fa1c-93d9-4002-aecb-5be9da8ecdaa) transitioned into state 'RUNNING' from state 'PENDING' {{(pid=73293) _task_receiver /usr/local/lib/python3.10/dist-packages/taskflow/listeners/logging.py:190}}
Aug 02 23:30:59 user devstack@c-api.service[73293]: DEBUG cinder.volume.flows.api.create_volume [None req-0040c9f0-61a5-4138-9c99-ae23f929d255 tempest-VolumesListAdminTestJSON-1504394083 tempest-VolumesListAdminTestJSON-1504394083-project-member] Validating volume size '1' using validate_int {{(pid=73293) _extract_size /opt/stack/cinder/cinder/volume/flows/api/create_volume.py:228}}
Aug 02 23:30:59 user devstack@c-api.service[73292]: INFO cinder.volume.api [None req-084792c5-bea0-4f0a-8144-f6e70b8c4100 tempest-VolumesTestJSON-911095816 tempest-VolumesTestJSON-911095816-project-member] Volume info retrieved successfully.
Aug 02 23:30:59 user devstack@c-api.service[73292]: INFO cinder.api.openstack.wsgi [None req-084792c5-bea0-4f0a-8144-f6e70b8c4100 tempest-VolumesTestJSON-911095816 tempest-VolumesTestJSON-911095816-project-member] http://10.0.0.210/volume/v3/d112ce0cc00148d1bdec02f1b3fee2c0/volumes/58c3663a-26d4-4117-ab34-8174c2adf938 returned with HTTP 200
Aug 02 23:30:59 user devstack@c-api.service[73292]: [pid: 73292|app: 0|req: 73/207] 10.0.0.210 () {62 vars in 1402 bytes} [Wed Aug 2 23:30:59 2023] GET /volume/v3/d112ce0cc00148d1bdec02f1b3fee2c0/volumes/58c3663a-26d4-4117-ab34-8174c2adf938 => generated 919 bytes in 77 msecs (HTTP/1.1 200) 7 headers in 285 bytes (1 switches on core 0)
Aug 02 23:30:59 user devstack@c-api.service[73293]: DEBUG cinder.volume.api [None req-0040c9f0-61a5-4138-9c99-ae23f929d255 tempest-VolumesListAdminTestJSON-1504394083 tempest-VolumesListAdminTestJSON-1504394083-project-member] Task 'cinder.volume.flows.api.create_volume.ExtractVolumeRequestTask;volume:create' (77c2fa1c-93d9-4002-aecb-5be9da8ecdaa) transitioned into state 'SUCCESS' from state 'RUNNING' with result '{'size': 1, 'snapshot_id': None, 'source_volid': None, 'volume_type': VolumeType(created_at=2023-08-02T23:26:51Z,deleted=False,deleted_at=None,description=None,extra_specs={volume_backend_name='joviandss-2'},id=546fee1a-a12a-4cd7-9459-c272dd230479,is_public=True,name='joviandss-2',projects=[],qos_specs=,qos_specs_id=None,updated_at=None), 'volume_type_id': '546fee1a-a12a-4cd7-9459-c272dd230479', 'encryption_key_id': None, 'qos_specs': None, 'consistencygroup_id': None, 'cgsnapshot_id': None, 'group_id': None, 'replication_status': 'disabled', 'refresh_az': False, 'backup_id': None, 'multiattach': False, 'availability_zones': ['nova']}' {{(pid=73293) _task_receiver /usr/local/lib/python3.10/dist-packages/taskflow/listeners/logging.py:178}}
Aug 02 23:30:59 user devstack@c-api.service[73293]: DEBUG cinder.volume.api [None req-0040c9f0-61a5-4138-9c99-ae23f929d255 tempest-VolumesListAdminTestJSON-1504394083 tempest-VolumesListAdminTestJSON-1504394083-project-member] Task 'cinder.volume.flows.api.create_volume.QuotaReserveTask;volume:create' (e9b8532a-bc42-4442-9182-fc5d26722992) transitioned into state 'RUNNING' from state 'PENDING' {{(pid=73293) _task_receiver /usr/local/lib/python3.10/dist-packages/taskflow/listeners/logging.py:190}}
Aug 02 23:30:59 user devstack@c-api.service[73293]: DEBUG cinder.quota [None req-0040c9f0-61a5-4138-9c99-ae23f929d255 tempest-VolumesListAdminTestJSON-1504394083 tempest-VolumesListAdminTestJSON-1504394083-project-member] Created reservations ['6b0931f2-771e-41d4-b22e-a0579407aed8', '19cb25ca-5ddd-4a06-b4b2-a9cfb98b7271', '34836497-d0b4-48c5-ad33-25e4691f037a', '33808a4c-1fe6-45b3-84e3-41b1b4d355ce'] {{(pid=73293) reserve /opt/stack/cinder/cinder/quota.py:755}}
Aug 02 23:30:59 user devstack@c-api.service[73293]: DEBUG cinder.volume.api [None req-0040c9f0-61a5-4138-9c99-ae23f929d255 tempest-VolumesListAdminTestJSON-1504394083 tempest-VolumesListAdminTestJSON-1504394083-project-member] Task 'cinder.volume.flows.api.create_volume.QuotaReserveTask;volume:create' (e9b8532a-bc42-4442-9182-fc5d26722992) transitioned into state 'SUCCESS' from state 'RUNNING' with result '{'reservations': ['6b0931f2-771e-41d4-b22e-a0579407aed8', '19cb25ca-5ddd-4a06-b4b2-a9cfb98b7271', '34836497-d0b4-48c5-ad33-25e4691f037a', '33808a4c-1fe6-45b3-84e3-41b1b4d355ce']}' {{(pid=73293) _task_receiver /usr/local/lib/python3.10/dist-packages/taskflow/listeners/logging.py:178}}
Aug 02 23:30:59 user devstack@c-api.service[73293]: DEBUG cinder.volume.api [None req-0040c9f0-61a5-4138-9c99-ae23f929d255 tempest-VolumesListAdminTestJSON-1504394083 tempest-VolumesListAdminTestJSON-1504394083-project-member] Task 'cinder.volume.flows.api.create_volume.EntryCreateTask;volume:create' (d2226b81-ace3-431c-a5ca-53f4a093bd4a) transitioned into state 'RUNNING' from state 'PENDING' {{(pid=73293) _task_receiver /usr/local/lib/python3.10/dist-packages/taskflow/listeners/logging.py:190}}
Aug 02 23:30:59 user devstack@c-api.service[73293]: DEBUG cinder.volume.api [None req-0040c9f0-61a5-4138-9c99-ae23f929d255 tempest-VolumesListAdminTestJSON-1504394083 tempest-VolumesListAdminTestJSON-1504394083-project-member] Task 'cinder.volume.flows.api.create_volume.EntryCreateTask;volume:create' (d2226b81-ace3-431c-a5ca-53f4a093bd4a) transitioned into state 'SUCCESS' from state 'RUNNING' with result '{'volume_id': '45f54bc6-255e-4b45-b426-606f4637e03b', 'volume_properties': VolumeProperties(attach_status='detached',availability_zone='nova',cgsnapshot_id=None,consistencygroup_id=None,display_description=None,display_name='tempest-VolumesListAdminTestJSON-Volume-1046551519',encryption_key_id=None,group_id=None,group_type_id=,metadata={},multiattach=False,project_id='5e5f6bbac0074672b7c1be4f45baa6c1',qos_specs=None,replication_status=,reservations=['6b0931f2-771e-41d4-b22e-a0579407aed8','19cb25ca-5ddd-4a06-b4b2-a9cfb98b7271','34836497-d0b4-48c5-ad33-25e4691f037a','33808a4c-1fe6-45b3-84e3-41b1b4d355ce'],size=1,snapshot_id=None,source_replicaid=,source_volid=None,status='creating',user_id='5e4032d2acba423ea15991433dab0a11',volume_type_id=546fee1a-a12a-4cd7-9459-c272dd230479), 'volume': Volume(_name_id=None,admin_metadata=,attach_status='detached',availability_zone='nova',bootable=False,cluster=,cluster_name=None,consistencygroup=,consistencygroup_id=None,created_at=2023-08-02T23:30:59Z,deleted=False,deleted_at=None,display_description=None,display_name='tempest-VolumesListAdminTestJSON-Volume-1046551519',ec2_id=None,encryption_key_id=None,glance_metadata=,group=,group_id=None,host=None,id=45f54bc6-255e-4b45-b426-606f4637e03b,launched_at=None,metadata={},migration_status=None,multiattach=False,previous_status=None,project_id='5e5f6bbac0074672b7c1be4f45baa6c1',provider_auth=None,provider_geometry=None,provider_id=None,provider_location=None,replication_driver_data=None,replication_extended_status=None,replication_status=None,scheduled_at=None,service_uuid=None,shared_targets=True,size=1,snapshot_id=None,snapshots=,source_volid=None,status='creating',terminated_at=None,updated_at=None,use_quota=True,user_id='5e4032d2acba423ea15991433dab0a11',volume_attachment=VolumeAttachmentList,volume_type=VolumeType(546fee1a-a12a-4cd7-9459-c272dd230479),volume_type_id=546fee1a-a12a-4cd7-9459-c272dd230479)}' {{(pid=73293) _task_receiver /usr/local/lib/python3.10/dist-packages/taskflow/listeners/logging.py:178}}
Aug 02 23:30:59 user devstack@c-api.service[73293]: DEBUG cinder.volume.api [None req-0040c9f0-61a5-4138-9c99-ae23f929d255 tempest-VolumesListAdminTestJSON-1504394083 tempest-VolumesListAdminTestJSON-1504394083-project-member] Task 'cinder.volume.flows.api.create_volume.QuotaCommitTask;volume:create' (4ae27003-c431-478c-ba76-2fa063666041) transitioned into state 'RUNNING' from state 'PENDING' {{(pid=73293) _task_receiver /usr/local/lib/python3.10/dist-packages/taskflow/listeners/logging.py:190}}
Aug 02 23:30:59 user devstack@c-api.service[73293]: DEBUG cinder.volume.api [None req-0040c9f0-61a5-4138-9c99-ae23f929d255 tempest-VolumesListAdminTestJSON-1504394083 tempest-VolumesListAdminTestJSON-1504394083-project-member] Task 'cinder.volume.flows.api.create_volume.QuotaCommitTask;volume:create' (4ae27003-c431-478c-ba76-2fa063666041) transitioned into state 'SUCCESS' from state 'RUNNING' with result '{'volume_properties': VolumeProperties(attach_status='detached',availability_zone='nova',cgsnapshot_id=None,consistencygroup_id=None,display_description=None,display_name='tempest-VolumesListAdminTestJSON-Volume-1046551519',encryption_key_id=None,group_id=None,group_type_id=,metadata={},multiattach=False,project_id='5e5f6bbac0074672b7c1be4f45baa6c1',qos_specs=None,replication_status=,reservations=['6b0931f2-771e-41d4-b22e-a0579407aed8','19cb25ca-5ddd-4a06-b4b2-a9cfb98b7271','34836497-d0b4-48c5-ad33-25e4691f037a','33808a4c-1fe6-45b3-84e3-41b1b4d355ce'],size=1,snapshot_id=None,source_replicaid=,source_volid=None,status='creating',user_id='5e4032d2acba423ea15991433dab0a11',volume_type_id=546fee1a-a12a-4cd7-9459-c272dd230479)}' {{(pid=73293) _task_receiver /usr/local/lib/python3.10/dist-packages/taskflow/listeners/logging.py:178}}
Aug 02 23:30:59 user devstack@c-api.service[73293]: DEBUG cinder.volume.api [None req-0040c9f0-61a5-4138-9c99-ae23f929d255 tempest-VolumesListAdminTestJSON-1504394083 tempest-VolumesListAdminTestJSON-1504394083-project-member] Task 'cinder.volume.flows.api.create_volume.VolumeCastTask;volume:create' (9bd91cc1-8b2a-4912-98e0-470a364959ad) transitioned into state 'RUNNING' from state 'PENDING' {{(pid=73293) _task_receiver /usr/local/lib/python3.10/dist-packages/taskflow/listeners/logging.py:190}}
Aug 02 23:30:59 user devstack@c-api.service[73293]: DEBUG cinder.volume.api [None req-0040c9f0-61a5-4138-9c99-ae23f929d255 tempest-VolumesListAdminTestJSON-1504394083 tempest-VolumesListAdminTestJSON-1504394083-project-member] Task 'cinder.volume.flows.api.create_volume.VolumeCastTask;volume:create' (9bd91cc1-8b2a-4912-98e0-470a364959ad) transitioned into state 'SUCCESS' from state 'RUNNING' with result 'None' {{(pid=73293) _task_receiver /usr/local/lib/python3.10/dist-packages/taskflow/listeners/logging.py:178}}
Aug 02 23:30:59 user devstack@c-api.service[73293]: DEBUG cinder.volume.api [None req-0040c9f0-61a5-4138-9c99-ae23f929d255 tempest-VolumesListAdminTestJSON-1504394083 tempest-VolumesListAdminTestJSON-1504394083-project-member] Flow 'volume_create_api' (94bfe51c-6718-4bed-8ca5-9ee8c02a2c5d) transitioned into state 'SUCCESS' from state 'RUNNING' {{(pid=73293) _flow_receiver /usr/local/lib/python3.10/dist-packages/taskflow/listeners/logging.py:141}}
Aug 02 23:30:59 user devstack@c-api.service[73293]: INFO cinder.volume.api [None req-0040c9f0-61a5-4138-9c99-ae23f929d255 tempest-VolumesListAdminTestJSON-1504394083 tempest-VolumesListAdminTestJSON-1504394083-project-member] Create volume request issued successfully.
Aug 02 23:30:59 user devstack@c-api.service[73293]: INFO cinder.api.openstack.wsgi [None req-0040c9f0-61a5-4138-9c99-ae23f929d255 tempest-VolumesListAdminTestJSON-1504394083 tempest-VolumesListAdminTestJSON-1504394083-project-member] http://10.0.0.210/volume/v3/5e5f6bbac0074672b7c1be4f45baa6c1/volumes returned with HTTP 202
Aug 02 23:30:59 user devstack@c-api.service[73293]: [pid: 73293|app: 0|req: 71/208] 10.0.0.210 () {64 vars in 1312 bytes} [Wed Aug 2 23:30:59 2023] POST /volume/v3/5e5f6bbac0074672b7c1be4f45baa6c1/volumes => generated 822 bytes in 226 msecs (HTTP/1.1 202) 7 headers in 291 bytes (1 switches on core 0)
Aug 02 23:30:59 user devstack@c-api.service[73291]: DEBUG cinder.api.middleware.request_id [None req-24b73a78-1880-4dd8-a4f4-8994454aab49 None None] RequestId filter calling following filter/app {{(pid=73291) _context_setter /opt/stack/cinder/cinder/api/middleware/request_id.py:62}}
Aug 02 23:30:59 user devstack@c-api.service[73291]: INFO cinder.api.openstack.wsgi [None req-24b73a78-1880-4dd8-a4f4-8994454aab49 tempest-VolumesListAdminTestJSON-1504394083 tempest-VolumesListAdminTestJSON-1504394083-project-member] GET http://10.0.0.210/volume/v3/5e5f6bbac0074672b7c1be4f45baa6c1/volumes/45f54bc6-255e-4b45-b426-606f4637e03b
Aug 02 23:30:59 user devstack@c-api.service[73291]: DEBUG cinder.api.openstack.wsgi [None req-24b73a78-1880-4dd8-a4f4-8994454aab49 tempest-VolumesListAdminTestJSON-1504394083 tempest-VolumesListAdminTestJSON-1504394083-project-member] Empty body provided in request {{(pid=73291) get_body /opt/stack/cinder/cinder/api/openstack/wsgi.py:715}}
Aug 02 23:30:59 user devstack@c-api.service[73291]: DEBUG cinder.api.openstack.wsgi [None req-24b73a78-1880-4dd8-a4f4-8994454aab49 tempest-VolumesListAdminTestJSON-1504394083 tempest-VolumesListAdminTestJSON-1504394083-project-member] Calling method 'show' {{(pid=73291) _process_stack /opt/stack/cinder/cinder/api/openstack/wsgi.py:868}}
Aug 02 23:30:59 user devstack@c-api.service[73291]: /usr/local/lib/python3.10/dist-packages/oslo_context/context.py:100: DeprecationWarning: Policy enforcement is depending on the value of is_admin. This key is deprecated. Please update your policy file to use the standard policy values.
Aug 02 23:30:59 user devstack@c-api.service[73291]: warnings.warn('Policy enforcement is depending on the value of '
Aug 02 23:30:59 user devstack@c-api.service[73291]: INFO cinder.volume.api [None req-24b73a78-1880-4dd8-a4f4-8994454aab49 tempest-VolumesListAdminTestJSON-1504394083 tempest-VolumesListAdminTestJSON-1504394083-project-member] Volume info retrieved successfully.
Aug 02 23:30:59 user devstack@c-api.service[73291]: INFO cinder.api.openstack.wsgi [None req-24b73a78-1880-4dd8-a4f4-8994454aab49 tempest-VolumesListAdminTestJSON-1504394083 tempest-VolumesListAdminTestJSON-1504394083-project-member] http://10.0.0.210/volume/v3/5e5f6bbac0074672b7c1be4f45baa6c1/volumes/45f54bc6-255e-4b45-b426-606f4637e03b returned with HTTP 200
Aug 02 23:30:59 user devstack@c-api.service[73291]: [pid: 73291|app: 0|req: 65/209] 10.0.0.210 () {62 vars in 1402 bytes} [Wed Aug 2 23:30:59 2023] GET /volume/v3/5e5f6bbac0074672b7c1be4f45baa6c1/volumes/45f54bc6-255e-4b45-b426-606f4637e03b => generated 890 bytes in 45 msecs (HTTP/1.1 200) 7 headers in 285 bytes (1 switches on core 0)
