Aug 02 23:26:41 user devstack@n-api.service[62473]: [pid: 62473|app: 0|req: 2/6] 10.0.0.210 () {64 vars in 1330 bytes} [Wed Aug 2 23:26:41 2023] POST /compute/v2.1/flavors/c1/os-extra_specs => generated 43 bytes in 45 msecs (HTTP/1.1 200) 9 headers in 358 bytes (1 switches on core 0)
Aug 02 23:26:43 user devstack@n-api.service[62472]: DEBUG nova.api.openstack.wsgi [None req-014d618d-2686-4009-802c-effc967e418d None None] Calling method '>' {{(pid=62472) _process_stack /opt/stack/nova/nova/api/openstack/wsgi.py:513}}
Aug 02 23:26:43 user devstack@n-api.service[62472]: INFO nova.api.openstack.requestlog [None req-014d618d-2686-4009-802c-effc967e418d None None] 10.0.0.210 "GET /compute/v2.1" status: 200 len: 387 microversion: 2.1 time: 0.001265
Aug 02 23:26:43 user devstack@n-api.service[62472]: [pid: 62472|app: 0|req: 2/7] 10.0.0.210 () {54 vars in 925 bytes} [Wed Aug 2 23:26:43 2023] GET /compute/v2.1 => generated 387 bytes in 2 msecs (HTTP/1.1 200) 9 headers in 357 bytes (1 switches on core 0)
Aug 02 23:26:43 user devstack@n-api.service[62471]: DEBUG nova.api.openstack.wsgi [None req-deaca15a-5122-46f6-9005-63e57ed82afd admin admin] Action: 'create', calling method: >, body: {"flavor": {"ram": 512, "rxtx_factor": 1.0, "swap": 0, "os-flavor-access:is_public": true, "disk": 5, "name": "ds512M", "id": "d1", "vcpus": 1, "OS-FLV-EXT-DATA:ephemeral": 0}} {{(pid=62471) _process_stack /opt/stack/nova/nova/api/openstack/wsgi.py:511}}
Aug 02 23:26:43 user devstack@n-api.service[62471]: INFO nova.api.openstack.requestlog [None req-deaca15a-5122-46f6-9005-63e57ed82afd admin admin] 10.0.0.210 "POST /compute/v2.1/flavors" status: 200 len: 402 microversion: 2.61 time: 0.070992
Aug 02 23:26:43 user devstack@n-api.service[62471]: [pid: 62471|app: 0|req: 4/8] 10.0.0.210 () {64 vars in 1277 bytes} [Wed Aug 2 23:26:43 2023] POST /compute/v2.1/flavors => generated 402 bytes in 72 msecs (HTTP/1.1 200) 9 headers in 359 bytes (1 switches on core 0)
Aug 02 23:26:43 user devstack@n-api.service[62473]: DEBUG nova.api.openstack.wsgi [None req-677888cb-f4d3-4b9c-9fa8-40d148ce39e8 admin admin] Action: 'create', calling method: >, body: {"extra_specs": {"hw_rng:allowed": "True"}} {{(pid=62473) _process_stack /opt/stack/nova/nova/api/openstack/wsgi.py:511}}
Aug 02 23:26:43 user devstack@n-api.service[62473]: INFO nova.api.openstack.requestlog [None req-677888cb-f4d3-4b9c-9fa8-40d148ce39e8 admin admin] 10.0.0.210 "POST /compute/v2.1/flavors/d1/os-extra_specs" status: 200 len: 43 microversion: 2.61 time: 0.053306
Aug 02 23:26:43 user devstack@n-api.service[62473]: [pid: 62473|app: 0|req: 3/9] 10.0.0.210 () {64 vars in 1330 bytes} [Wed Aug 2 23:26:43 2023] POST /compute/v2.1/flavors/d1/os-extra_specs => generated 43 bytes in 55 msecs (HTTP/1.1 200) 9 headers in 358 bytes (1 switches on core 0)
Aug 02 23:26:45 user devstack@n-api.service[62472]: DEBUG nova.api.openstack.wsgi [None req-014d618d-2686-4009-802c-effc967e418d None None] Calling method '>' {{(pid=62472) _process_stack /opt/stack/nova/nova/api/openstack/wsgi.py:513}}
Aug 02 23:26:45 user devstack@n-api.service[62472]: INFO nova.api.openstack.requestlog [None req-014d618d-2686-4009-802c-effc967e418d None None] 10.0.0.210 "GET /compute/v2.1" status: 200 len: 387 microversion: 2.1 time: 0.001650
Aug 02 23:26:45 user devstack@n-api.service[62472]: [pid: 62472|app: 0|req: 3/10] 10.0.0.210 () {54 vars in 925 bytes} [Wed Aug 2 23:26:45 2023] GET /compute/v2.1 => generated 387 bytes in 3 msecs (HTTP/1.1 200) 9 headers in 357 bytes (1 switches on core 0)
Aug 02 23:26:45 user devstack@n-api.service[62471]: DEBUG nova.api.openstack.wsgi [None req-10492a8f-4aa9-4a12-ac53-d9dea7c1ebe9 admin admin] Action: 'create', calling method: >, body: {"flavor": {"OS-FLV-EXT-DATA:ephemeral": 0, "name": "ds1G", "rxtx_factor": 1.0, "os-flavor-access:is_public": true, "swap": 0, "id": "d2", "vcpus": 1, "disk": 10, "ram": 1024}} {{(pid=62471) _process_stack /opt/stack/nova/nova/api/openstack/wsgi.py:511}}
Aug 02 23:26:45 user devstack@n-api.service[62471]: INFO nova.api.openstack.requestlog [None req-10492a8f-4aa9-4a12-ac53-d9dea7c1ebe9 admin admin] 10.0.0.210 "POST /compute/v2.1/flavors" status: 200 len: 402 microversion: 2.61 time: 0.060430
Aug 02 23:26:45 user devstack@n-api.service[62471]: [pid: 62471|app: 0|req: 5/11] 10.0.0.210 () {64 vars in 1277 bytes} [Wed Aug 2 23:26:45 2023] POST /compute/v2.1/flavors => generated 402 bytes in 62 msecs (HTTP/1.1 200) 9 headers in 359 bytes (1 switches on core 0)
Aug 02 23:26:45 user devstack@n-api.service[62473]: DEBUG nova.api.openstack.wsgi [None req-2810e476-8a59-4f4d-bb2a-511f255d12b8 admin admin] Action: 'create', calling method: >, body: {"extra_specs": {"hw_rng:allowed": "True"}} {{(pid=62473) _process_stack /opt/stack/nova/nova/api/openstack/wsgi.py:511}}
Aug 02 23:26:45 user devstack@n-api.service[62473]: INFO nova.api.openstack.requestlog [None req-2810e476-8a59-4f4d-bb2a-511f255d12b8 admin admin] 10.0.0.210 "POST /compute/v2.1/flavors/d2/os-extra_specs" status: 200 len: 43 microversion: 2.61 time: 0.024626
Aug 02 23:26:45 user devstack@n-api.service[62473]: [pid: 62473|app: 0|req: 4/12] 10.0.0.210 () {64 vars in 1330 bytes} [Wed Aug 2 23:26:45 2023] POST /compute/v2.1/flavors/d2/os-extra_specs => generated 43 bytes in 27 msecs (HTTP/1.1 200) 9 headers in 358 bytes (1 switches on core 0)
Aug 02 23:26:47 user devstack@n-api.service[62472]: DEBUG nova.api.openstack.wsgi [None req-014d618d-2686-4009-802c-effc967e418d None None] Calling method '>' {{(pid=62472) _process_stack /opt/stack/nova/nova/api/openstack/wsgi.py:513}}
Aug 02 23:26:47 user devstack@n-api.service[62472]: INFO nova.api.openstack.requestlog [None req-014d618d-2686-4009-802c-effc967e418d None None] 10.0.0.210 "GET /compute/v2.1" status: 200 len: 387 microversion: 2.1 time: 0.001447
Aug 02 23:26:47 user devstack@n-api.service[62472]: [pid: 62472|app: 0|req: 4/13] 10.0.0.210 () {54 vars in 925 bytes} [Wed Aug 2 23:26:47 2023] GET /compute/v2.1 => generated 387 bytes in 2 msecs (HTTP/1.1 200) 9 headers in 357 bytes (1 switches on core 0)
Aug 02 23:26:47 user devstack@n-api.service[62471]: DEBUG nova.api.openstack.wsgi [None req-9ca62e4b-3497-458c-9cf1-edf81e27c447 admin admin] Action: 'create', calling method: >, body: {"flavor": {"vcpus": 2, "rxtx_factor": 1.0, "OS-FLV-EXT-DATA:ephemeral": 0, "disk": 10, "id": "d3", "ram": 2048, "os-flavor-access:is_public": true, "swap": 0, "name": "ds2G"}} {{(pid=62471) _process_stack /opt/stack/nova/nova/api/openstack/wsgi.py:511}}
Aug 02 23:26:47 user devstack@n-api.service[62471]: INFO nova.api.openstack.requestlog [None req-9ca62e4b-3497-458c-9cf1-edf81e27c447 admin admin] 10.0.0.210 "POST /compute/v2.1/flavors" status: 200 len: 402 microversion: 2.61 time: 0.059697
Aug 02 23:26:47 user devstack@n-api.service[62471]: [pid: 62471|app: 0|req: 6/14] 10.0.0.210 () {64 vars in 1277 bytes} [Wed Aug 2 23:26:47 2023] POST /compute/v2.1/flavors => generated 402 bytes in 61 msecs (HTTP/1.1 200) 9 headers in 359 bytes (1 switches on core 0)
Aug 02 23:26:47 user devstack@n-api.service[62473]: DEBUG nova.api.openstack.wsgi [None req-39efe543-521a-4b48-bba4-a47422fbb93e admin admin] Action: 'create', calling method: >, body: {"extra_specs": {"hw_rng:allowed": "True"}} {{(pid=62473) _process_stack /opt/stack/nova/nova/api/openstack/wsgi.py:511}}
Aug 02 23:26:47 user devstack@n-api.service[62473]: INFO nova.api.openstack.requestlog [None req-39efe543-521a-4b48-bba4-a47422fbb93e admin admin] 10.0.0.210 "POST /compute/v2.1/flavors/d3/os-extra_specs" status: 200 len: 43 microversion: 2.61 time: 0.023520
Aug 02 23:26:47 user devstack@n-api.service[62473]: [pid: 62473|app: 0|req: 5/15] 10.0.0.210 () {64 vars in 1330 bytes} [Wed Aug 2 23:26:47 2023] POST /compute/v2.1/flavors/d3/os-extra_specs => generated 43 bytes in 25 msecs (HTTP/1.1 200) 9 headers in 358 bytes (1 switches on core 0)
Aug 02 23:26:49 user devstack@n-api.service[62472]: DEBUG nova.api.openstack.wsgi [None req-014d618d-2686-4009-802c-effc967e418d None None] Calling method '>' {{(pid=62472) _process_stack /opt/stack/nova/nova/api/openstack/wsgi.py:513}}
Aug 02 23:26:49 user devstack@n-api.service[62472]: INFO nova.api.openstack.requestlog [None req-014d618d-2686-4009-802c-effc967e418d None None] 10.0.0.210 "GET /compute/v2.1" status: 200 len: 387 microversion: 2.1 time: 0.001317
Aug 02 23:26:49 user devstack@n-api.service[62472]: [pid: 62472|app: 0|req: 5/16] 10.0.0.210 () {54 vars in 925 bytes} [Wed Aug 2 23:26:49 2023] GET /compute/v2.1 => generated 387 bytes in 2 msecs (HTTP/1.1 200) 9 headers in 357 bytes (1 switches on core 0)
Aug 02 23:26:49 user devstack@n-api.service[62471]: DEBUG nova.api.openstack.wsgi [None req-45190db9-fdb3-46e8-842b-d71b256e834e admin admin] Action: 'create', calling method: >, body: {"flavor": {"ram": 4096, "vcpus": 4, "OS-FLV-EXT-DATA:ephemeral": 0, "name": "ds4G", "id": "d4", "disk": 20, "swap": 0, "rxtx_factor": 1.0, "os-flavor-access:is_public": true}} {{(pid=62471) _process_stack /opt/stack/nova/nova/api/openstack/wsgi.py:511}}
Aug 02 23:26:49 user devstack@n-api.service[62471]: INFO nova.api.openstack.requestlog [None req-45190db9-fdb3-46e8-842b-d71b256e834e admin admin] 10.0.0.210 "POST /compute/v2.1/flavors" status: 200 len: 402 microversion: 2.61 time: 0.203693
Aug 02 23:26:49 user devstack@n-api.service[62471]: [pid: 62471|app: 0|req: 7/17] 10.0.0.210 () {64 vars in 1277 bytes} [Wed Aug 2 23:26:49 2023] POST /compute/v2.1/flavors => generated 402 bytes in 205 msecs (HTTP/1.1 200) 9 headers in 359 bytes (1 switches on core 0)
Aug 02 23:26:49 user devstack@n-api.service[62473]: DEBUG nova.api.openstack.wsgi [None req-c2e6472d-f271-4537-a663-d1fa3c097de7 admin admin] Action: 'create', calling method: >, body: {"extra_specs": {"hw_rng:allowed": "True"}} {{(pid=62473) _process_stack /opt/stack/nova/nova/api/openstack/wsgi.py:511}}
Aug 02 23:26:49 user devstack@n-api.service[62473]: INFO nova.api.openstack.requestlog [None req-c2e6472d-f271-4537-a663-d1fa3c097de7 admin admin] 10.0.0.210 "POST /compute/v2.1/flavors/d4/os-extra_specs" status: 200 len: 43 microversion: 2.61 time: 0.023789
Aug 02 23:26:49 user devstack@n-api.service[62473]: [pid: 62473|app: 0|req: 6/18] 10.0.0.210 () {64 vars in 1330 bytes} [Wed Aug 2 23:26:49 2023] POST /compute/v2.1/flavors/d4/os-extra_specs => generated 43 bytes in 25 msecs (HTTP/1.1 200) 9 headers in 358 bytes (1 switches on core 0)
Aug 02 23:26:51 user devstack@n-api.service[62472]: DEBUG nova.api.openstack.wsgi [None req-014d618d-2686-4009-802c-effc967e418d None None] Calling method '>' {{(pid=62472) _process_stack /opt/stack/nova/nova/api/openstack/wsgi.py:513}}
Aug 02 23:26:51 user devstack@n-api.service[62472]: INFO nova.api.openstack.requestlog [None req-014d618d-2686-4009-802c-effc967e418d None None] 10.0.0.210 "GET /compute/v2.1" status: 200 len: 387 microversion: 2.1 time: 0.001302
Aug 02 23:26:51 user devstack@n-api.service[62472]: [pid: 62472|app: 0|req: 6/19] 10.0.0.210 () {54 vars in 925 bytes} [Wed Aug 2 23:26:51 2023] GET /compute/v2.1 => generated 387 bytes in 2 msecs (HTTP/1.1 200) 9 headers in 357 bytes (1 switches on core 0)
Aug 02 23:26:51 user devstack@n-api.service[62471]: DEBUG nova.api.openstack.wsgi [None req-5f33fd4d-43f6-418e-bf0e-b3eb2c428547 admin admin] Calling method '>' {{(pid=62471) _process_stack /opt/stack/nova/nova/api/openstack/wsgi.py:513}}
Aug 02 23:26:51 user devstack@n-api.service[62471]: INFO nova.api.openstack.requestlog [None req-5f33fd4d-43f6-418e-bf0e-b3eb2c428547 admin admin] 10.0.0.210 "GET /compute/v2.1/flavors/detail?is_public=True" status: 200 len: 2096 microversion: 2.61 time: 0.068623
Aug 02 23:26:51 user devstack@n-api.service[62471]: [pid: 62471|app: 0|req: 8/20] 10.0.0.210 () {60 vars in 1286 bytes} [Wed Aug 2 23:26:51 2023] GET /compute/v2.1/flavors/detail?is_public=True => generated 2096 bytes in 70 msecs (HTTP/1.1 200) 9 headers in 360 bytes (2 switches on core 0)
Aug 02 23:26:53 user devstack@n-api.service[62473]: DEBUG nova.api.openstack.wsgi [None req-c2e6472d-f271-4537-a663-d1fa3c097de7 admin admin] Calling method '>' {{(pid=62473) _process_stack /opt/stack/nova/nova/api/openstack/wsgi.py:513}}
Aug 02 23:26:53 user devstack@n-api.service[62473]: INFO nova.api.openstack.requestlog [None req-c2e6472d-f271-4537-a663-d1fa3c097de7 admin admin] 10.0.0.210 "GET /compute/v2.1" status: 200 len: 387 microversion: 2.1 time: 0.001476
Aug 02 23:26:53 user devstack@n-api.service[62473]: [pid: 62473|app: 0|req: 7/21] 10.0.0.210 () {54 vars in 925 bytes} [Wed Aug 2 23:26:53 2023] GET /compute/v2.1 => generated 387 bytes in 2 msecs (HTTP/1.1 200) 9 headers in 357 bytes (1 switches on core 0)
Aug 02 23:26:53 user devstack@n-api.service[62472]: DEBUG dbcounter [-] [62472] Writing DB stats nova_api:SELECT=3 {{(pid=62472) stat_writer /usr/local/lib/python3.10/dist-packages/dbcounter.py:115}}
Aug 02 23:26:53 user devstack@n-api.service[62472]: DEBUG dbcounter [-] [62472] Writing DB stats nova_cell0:SELECT=3 {{(pid=62472) stat_writer /usr/local/lib/python3.10/dist-packages/dbcounter.py:115}}
Aug 02 23:26:53 user devstack@n-api.service[62472]: DEBUG dbcounter [-] [62472] Writing DB stats nova_cell1:SELECT=3 {{(pid=62472) stat_writer /usr/local/lib/python3.10/dist-packages/dbcounter.py:115}}
Aug 02 23:26:53 user devstack@n-api.service[62472]: DEBUG dbcounter [-] [62472] Writing DB stats nova_cell0:SELECT=6,nova_cell0:INSERT=1 {{(pid=62472) stat_writer /usr/local/lib/python3.10/dist-packages/dbcounter.py:115}}
Aug 02 23:26:54 user devstack@n-api.service[62472]: DEBUG nova.api.openstack.wsgi [None req-ceb17cc6-2922-48c2-9af9-22f43ce594fe admin admin] Action: 'create', calling method: >, body: {"flavor": {"disk": 1, "vcpus": 1, "OS-FLV-EXT-DATA:ephemeral": 0, "rxtx_factor": 1.0, "swap": 0, "ram": 512, "id": "1", "os-flavor-access:is_public": true, "name": "m1.tiny"}} {{(pid=62472) _process_stack /opt/stack/nova/nova/api/openstack/wsgi.py:511}}
Aug 02 23:26:54 user devstack@n-api.service[62472]: INFO nova.api.openstack.requestlog [None req-ceb17cc6-2922-48c2-9af9-22f43ce594fe admin admin] 10.0.0.210 "POST /compute/v2.1/flavors" status: 200 len: 400 microversion: 2.61 time: 0.311341
Aug 02 23:26:54 user devstack@n-api.service[62472]: [pid: 62472|app: 0|req: 7/22] 10.0.0.210 () {64 vars in 1277 bytes} [Wed Aug 2 23:26:53 2023] POST /compute/v2.1/flavors => generated 400 bytes in 312 msecs (HTTP/1.1 200) 9 headers in 359 bytes (1 switches on core 0)
Aug 02 23:26:54 user devstack@n-api.service[62471]: DEBUG nova.api.openstack.wsgi [None req-252b41c1-be4d-4a93-8de8-12a5643da266 admin admin] Action: 'create', calling method: >, body: {"extra_specs": {"hw_rng:allowed": "True"}} {{(pid=62471) _process_stack /opt/stack/nova/nova/api/openstack/wsgi.py:511}}
Aug 02 23:26:54 user devstack@n-api.service[62471]: INFO nova.api.openstack.requestlog [None req-252b41c1-be4d-4a93-8de8-12a5643da266 admin admin] 10.0.0.210 "POST /compute/v2.1/flavors/1/os-extra_specs" status: 200 len: 43 microversion: 2.61 time: 0.037604
Aug 02 23:26:54 user devstack@n-api.service[62471]: [pid: 62471|app: 0|req: 9/23] 10.0.0.210 () {64 vars in 1327 bytes} [Wed Aug 2 23:26:54 2023] POST /compute/v2.1/flavors/1/os-extra_specs => generated 43 bytes in 39 msecs (HTTP/1.1 200) 9 headers in 358 bytes (1 switches on core 0)
Aug 02 23:26:56 user devstack@n-api.service[62473]: DEBUG nova.api.openstack.wsgi [None req-c2e6472d-f271-4537-a663-d1fa3c097de7 admin admin] Calling method '>' {{(pid=62473) _process_stack /opt/stack/nova/nova/api/openstack/wsgi.py:513}}
Aug 02 23:26:56 user devstack@n-api.service[62473]: INFO nova.api.openstack.requestlog [None req-c2e6472d-f271-4537-a663-d1fa3c097de7 admin admin] 10.0.0.210 "GET /compute/v2.1" status: 200 len: 387 microversion: 2.1 time: 0.001317
Aug 02 23:26:56 user devstack@n-api.service[62473]: [pid: 62473|app: 0|req: 8/24] 10.0.0.210 () {54 vars in 925 bytes} [Wed Aug 2 23:26:56 2023] GET /compute/v2.1 => generated 387 bytes in 2 msecs (HTTP/1.1 200) 9 headers in 357 bytes (1 switches on core 0)
Aug 02 23:26:56 user devstack@n-api.service[62472]: DEBUG nova.api.openstack.wsgi [None req-cf85d051-5dba-4f78-b7ea-c1bf93a4577c admin admin] Action: 'create', calling method: >, body: {"flavor": {"os-flavor-access:is_public": true, "swap": 0, "ram": 2048, "OS-FLV-EXT-DATA:ephemeral": 0, "vcpus": 1, "name": "m1.small", "id": "2", "disk": 20, "rxtx_factor": 1.0}} {{(pid=62472) _process_stack /opt/stack/nova/nova/api/openstack/wsgi.py:511}}
Aug 02 23:26:56 user devstack@n-api.service[62472]: INFO nova.api.openstack.requestlog [None req-cf85d051-5dba-4f78-b7ea-c1bf93a4577c admin admin] 10.0.0.210 "POST /compute/v2.1/flavors" status: 200 len: 403 microversion: 2.61 time: 0.058248
Aug 02 23:26:56 user devstack@n-api.service[62472]: [pid: 62472|app: 0|req: 8/25] 10.0.0.210 () {64 vars in 1277 bytes} [Wed Aug 2 23:26:56 2023] POST /compute/v2.1/flavors => generated 403 bytes in 59 msecs (HTTP/1.1 200) 9 headers in 359 bytes (1 switches on core 0)
Aug 02 23:26:56 user devstack@n-api.service[62471]: DEBUG nova.api.openstack.wsgi [None req-5d731980-9780-4b65-ab8a-b74f59c18d8f admin admin] Action: 'create', calling method: >, body: {"extra_specs": {"hw_rng:allowed": "True"}} {{(pid=62471) _process_stack /opt/stack/nova/nova/api/openstack/wsgi.py:511}}
Aug 02 23:26:56 user devstack@n-api.service[62471]: INFO nova.api.openstack.requestlog [None req-5d731980-9780-4b65-ab8a-b74f59c18d8f admin admin] 10.0.0.210 "POST /compute/v2.1/flavors/2/os-extra_specs" status: 200 len: 43 microversion: 2.61 time: 0.028095
Aug 02 23:26:56 user devstack@n-api.service[62471]: [pid: 62471|app: 0|req: 10/26] 10.0.0.210 () {64 vars in 1327 bytes} [Wed Aug 2 23:26:56 2023] POST /compute/v2.1/flavors/2/os-extra_specs => generated 43 bytes in 29 msecs (HTTP/1.1 200) 9 headers in 358 bytes (1 switches on core 0)
Aug 02 23:26:58 user devstack@n-api.service[62473]: DEBUG nova.api.openstack.wsgi [None req-c2e6472d-f271-4537-a663-d1fa3c097de7 admin admin] Calling method '>' {{(pid=62473) _process_stack /opt/stack/nova/nova/api/openstack/wsgi.py:513}}
Aug 02 23:26:58 user devstack@n-api.service[62473]: INFO nova.api.openstack.requestlog [None req-c2e6472d-f271-4537-a663-d1fa3c097de7 admin admin] 10.0.0.210 "GET /compute/v2.1" status: 200 len: 387 microversion: 2.1 time: 0.001394
Aug 02 23:26:58 user devstack@n-api.service[62473]: [pid: 62473|app: 0|req: 9/27] 10.0.0.210 () {54 vars in 925 bytes} [Wed Aug 2 23:26:58 2023] GET /compute/v2.1 => generated 387 bytes in 2 msecs (HTTP/1.1 200) 9 headers in 357 bytes (1 switches on core 0)
Aug 02 23:26:58 user devstack@n-api.service[62472]: DEBUG nova.api.openstack.wsgi [None req-a9290a79-8a8b-4fc9-a19d-622e5580aec8 admin admin] Action: 'create', calling method: >, body: {"flavor": {"id": "3", "rxtx_factor": 1.0, "disk": 40, "ram": 4096, "vcpus": 2, "swap": 0, "os-flavor-access:is_public": true, "name": "m1.medium", "OS-FLV-EXT-DATA:ephemeral": 0}} {{(pid=62472) _process_stack /opt/stack/nova/nova/api/openstack/wsgi.py:511}}
Aug 02 23:26:58 user devstack@n-api.service[62472]: INFO nova.api.openstack.requestlog [None req-a9290a79-8a8b-4fc9-a19d-622e5580aec8 admin admin] 10.0.0.210 "POST /compute/v2.1/flavors" status: 200 len: 404 microversion: 2.61 time: 0.061620
Aug 02 23:26:58 user devstack@n-api.service[62472]: [pid: 62472|app: 0|req: 9/28] 10.0.0.210 () {64 vars in 1277 bytes} [Wed Aug 2 23:26:58 2023] POST /compute/v2.1/flavors => generated 404 bytes in 63 msecs (HTTP/1.1 200) 9 headers in 359 bytes (1 switches on core 0)
Aug 02 23:26:58 user devstack@n-api.service[62471]: DEBUG nova.api.openstack.wsgi [None req-78d72bb7-3b3e-4e49-a21b-c374bd03e179 admin admin] Action: 'create', calling method: >, body: {"extra_specs": {"hw_rng:allowed": "True"}} {{(pid=62471) _process_stack /opt/stack/nova/nova/api/openstack/wsgi.py:511}}
Aug 02 23:26:58 user devstack@n-api.service[62471]: INFO nova.api.openstack.requestlog [None req-78d72bb7-3b3e-4e49-a21b-c374bd03e179 admin admin] 10.0.0.210 "POST /compute/v2.1/flavors/3/os-extra_specs" status: 200 len: 43 microversion: 2.61 time: 0.025224
Aug 02 23:26:58 user devstack@n-api.service[62471]: [pid: 62471|app: 0|req: 11/29] 10.0.0.210 () {64 vars in 1327 bytes} [Wed Aug 2 23:26:58 2023] POST /compute/v2.1/flavors/3/os-extra_specs => generated 43 bytes in 26 msecs (HTTP/1.1 200) 9 headers in 358 bytes (1 switches on core 0)
Aug 02 23:27:00 user devstack@n-api.service[62473]: DEBUG nova.api.openstack.wsgi [None req-c2e6472d-f271-4537-a663-d1fa3c097de7 admin admin] Calling method '>' {{(pid=62473) _process_stack /opt/stack/nova/nova/api/openstack/wsgi.py:513}}
Aug 02 23:27:00 user devstack@n-api.service[62473]: INFO nova.api.openstack.requestlog [None req-c2e6472d-f271-4537-a663-d1fa3c097de7 admin admin] 10.0.0.210 "GET /compute/v2.1" status: 200 len: 387 microversion: 2.1 time: 0.001369
Aug 02 23:27:00 user devstack@n-api.service[62473]: [pid: 62473|app: 0|req: 10/30] 10.0.0.210 () {54 vars in 925 bytes} [Wed Aug 2 23:27:00 2023] GET /compute/v2.1 => generated 387 bytes in 2 msecs (HTTP/1.1 200) 9 headers in 357 bytes (1 switches on core 0)
Aug 02 23:27:00 user devstack@n-api.service[62472]: DEBUG nova.api.openstack.wsgi [None req-87a35125-887e-4a78-8640-d60677c3f62d admin admin] Action: 'create', calling method: >, body: {"flavor": {"os-flavor-access:is_public": true, "disk": 80, "swap": 0, "name": "m1.large", "OS-FLV-EXT-DATA:ephemeral": 0, "id": "4", "rxtx_factor": 1.0, "vcpus": 4, "ram": 8192}} {{(pid=62472) _process_stack /opt/stack/nova/nova/api/openstack/wsgi.py:511}}
Aug 02 23:27:00 user devstack@n-api.service[62472]: INFO nova.api.openstack.requestlog [None req-87a35125-887e-4a78-8640-d60677c3f62d admin admin] 10.0.0.210 "POST /compute/v2.1/flavors" status: 200 len: 403 microversion: 2.61 time: 0.058633
Aug 02 23:27:00 user devstack@n-api.service[62472]: [pid: 62472|app: 0|req: 10/31] 10.0.0.210 () {64 vars in 1277 bytes} [Wed Aug 2 23:27:00 2023] POST /compute/v2.1/flavors => generated 403 bytes in 60 msecs (HTTP/1.1 200) 9 headers in 359 bytes (1 switches on core 0)
Aug 02 23:27:00 user devstack@n-api.service[62471]: DEBUG nova.api.openstack.wsgi [None req-ec912a9c-db2a-4cb1-9fc2-390c28d4410b admin admin] Action: 'create', calling method: >, body: {"extra_specs": {"hw_rng:allowed": "True"}} {{(pid=62471) _process_stack /opt/stack/nova/nova/api/openstack/wsgi.py:511}}
Aug 02 23:27:00 user devstack@n-api.service[62471]: INFO nova.api.openstack.requestlog [None req-ec912a9c-db2a-4cb1-9fc2-390c28d4410b admin admin] 10.0.0.210 "POST /compute/v2.1/flavors/4/os-extra_specs" status: 200 len: 43 microversion: 2.61 time: 0.025428
Aug 02 23:27:00 user devstack@n-api.service[62471]: [pid: 62471|app: 0|req: 12/32] 10.0.0.210 () {64 vars in 1327 bytes} [Wed Aug 2 23:27:00 2023] POST /compute/v2.1/flavors/4/os-extra_specs => generated 43 bytes in 26 msecs (HTTP/1.1 200) 9 headers in 358 bytes (1 switches on core 0)
Aug 02 23:27:02 user devstack@n-api.service[62473]: DEBUG nova.api.openstack.wsgi [None req-c2e6472d-f271-4537-a663-d1fa3c097de7 admin admin] Calling method '>' {{(pid=62473) _process_stack /opt/stack/nova/nova/api/openstack/wsgi.py:513}}
Aug 02 23:27:02 user devstack@n-api.service[62473]: INFO nova.api.openstack.requestlog [None req-c2e6472d-f271-4537-a663-d1fa3c097de7 admin admin] 10.0.0.210 "GET /compute/v2.1" status: 200 len: 387 microversion: 2.1 time: 0.001429
Aug 02 23:27:02 user devstack@n-api.service[62473]: [pid: 62473|app: 0|req: 11/33] 10.0.0.210 () {54 vars in 925 bytes} [Wed Aug 2 23:27:02 2023] GET /compute/v2.1 => generated 387 bytes in 2 msecs (HTTP/1.1 200) 9 headers in 357 bytes (1 switches on core 0)
Aug 02 23:27:02 user devstack@n-api.service[62472]: DEBUG nova.api.openstack.wsgi [None req-c1558d27-b3d1-4709-b1d1-2a2f8aabab47 admin admin] Action: 'create', calling method: >, body: {"flavor": {"os-flavor-access:is_public": true, "ram": 16384, "name": "m1.xlarge", "disk": 160, "OS-FLV-EXT-DATA:ephemeral": 0, "swap": 0, "vcpus": 8, "rxtx_factor": 1.0, "id": "5"}} {{(pid=62472) _process_stack /opt/stack/nova/nova/api/openstack/wsgi.py:511}}
Aug 02 23:27:02 user devstack@n-api.service[62472]: INFO nova.api.openstack.requestlog [None req-c1558d27-b3d1-4709-b1d1-2a2f8aabab47 admin admin] 10.0.0.210 "POST /compute/v2.1/flavors" status: 200 len: 406 microversion: 2.61 time: 0.056257
Aug 02 23:27:02 user devstack@n-api.service[62472]: [pid: 62472|app: 0|req: 11/34] 10.0.0.210 () {64 vars in 1277 bytes} [Wed Aug 2 23:27:02 2023] POST /compute/v2.1/flavors => generated 406 bytes in 57 msecs (HTTP/1.1 200) 9 headers in 359 bytes (1 switches on core 0)
Aug 02 23:27:02 user devstack@n-api.service[62471]: DEBUG nova.api.openstack.wsgi [None req-411c2f18-63c1-4cc0-bea6-8a8ab05c7904 admin admin] Action: 'create', calling method: >, body: {"extra_specs": {"hw_rng:allowed": "True"}} {{(pid=62471) _process_stack /opt/stack/nova/nova/api/openstack/wsgi.py:511}}
Aug 02 23:27:02 user devstack@n-api.service[62471]: INFO nova.api.openstack.requestlog [None req-411c2f18-63c1-4cc0-bea6-8a8ab05c7904 admin admin] 10.0.0.210 "POST /compute/v2.1/flavors/5/os-extra_specs" status: 200 len: 43 microversion: 2.61 time: 0.022586
Aug 02 23:27:02 user devstack@n-api.service[62471]: [pid: 62471|app: 0|req: 13/35] 10.0.0.210 () {64 vars in 1327 bytes} [Wed Aug 2 23:27:02 2023] POST /compute/v2.1/flavors/5/os-extra_specs => generated 43 bytes in 24 msecs (HTTP/1.1 200) 9 headers in 358 bytes (1 switches on core 0)
Aug 02 23:27:33 user devstack@n-api.service[62473]: DEBUG nova.api.openstack.wsgi [None req-c2e6472d-f271-4537-a663-d1fa3c097de7 admin admin] Calling method '>' {{(pid=62473) _process_stack /opt/stack/nova/nova/api/openstack/wsgi.py:513}}
Aug 02 23:27:33 user devstack@n-api.service[62473]: INFO nova.api.openstack.requestlog [None req-c2e6472d-f271-4537-a663-d1fa3c097de7 admin admin] 10.0.0.210 "GET /compute/v2.1" status: 200 len: 387 microversion: 2.1 time: 0.001353
Aug 02 23:27:33 user devstack@n-api.service[62473]: [pid: 62473|app: 0|req: 12/36] 10.0.0.210 () {58 vars in 1007 bytes} [Wed Aug 2 23:27:33 2023] GET /compute/v2.1 => generated 387 bytes in 2 msecs (HTTP/1.1 200) 9 headers in 357 bytes (1 switches on core 0)
Aug 02 23:27:33 user devstack@n-api.service[62472]: DEBUG dbcounter [-] [62472] Writing DB stats nova_api:SELECT=15,nova_api:INSERT=5 {{(pid=62472) stat_writer /usr/local/lib/python3.10/dist-packages/dbcounter.py:115}}
Aug 02 23:27:33 user devstack@n-api.service[62472]: DEBUG nova.api.openstack.wsgi [None req-2304bd49-2ed0-4819-9428-13626691cc15 admin admin] Calling method '>' {{(pid=62472) _process_stack /opt/stack/nova/nova/api/openstack/wsgi.py:513}}
Aug 02 23:27:33 user devstack@n-api.service[62472]: DEBUG oslo_concurrency.lockutils [None req-2304bd49-2ed0-4819-9428-13626691cc15 admin admin] Acquiring lock "00000000-0000-0000-0000-000000000000" by "nova.context.set_target_cell..get_or_set_cached_cell_and_set_connections" {{(pid=62472) inner /usr/local/lib/python3.10/dist-packages/oslo_concurrency/lockutils.py:404}}
Aug 02 23:27:33 user devstack@n-api.service[62472]: DEBUG oslo_concurrency.lockutils [None req-2304bd49-2ed0-4819-9428-13626691cc15 admin admin] Lock "00000000-0000-0000-0000-000000000000" acquired by "nova.context.set_target_cell..get_or_set_cached_cell_and_set_connections" :: waited 0.000s {{(pid=62472) inner /usr/local/lib/python3.10/dist-packages/oslo_concurrency/lockutils.py:409}}
Aug 02 23:27:33 user devstack@n-api.service[62472]: DEBUG oslo_concurrency.lockutils [None req-2304bd49-2ed0-4819-9428-13626691cc15 admin admin] Lock "00000000-0000-0000-0000-000000000000" "released" by "nova.context.set_target_cell..get_or_set_cached_cell_and_set_connections" :: held 0.000s {{(pid=62472) inner /usr/local/lib/python3.10/dist-packages/oslo_concurrency/lockutils.py:423}}
Aug 02 23:27:33 user devstack@n-api.service[62472]: DEBUG oslo_concurrency.lockutils [None req-2304bd49-2ed0-4819-9428-13626691cc15 admin admin] Acquiring lock "8a18b3c6-0b42-4c39-8e40-a6de782abba0" by "nova.context.set_target_cell..get_or_set_cached_cell_and_set_connections" {{(pid=62472) inner /usr/local/lib/python3.10/dist-packages/oslo_concurrency/lockutils.py:404}}
Aug 02 23:27:33 user devstack@n-api.service[62472]: DEBUG oslo_concurrency.lockutils [None req-2304bd49-2ed0-4819-9428-13626691cc15 admin admin] Lock "8a18b3c6-0b42-4c39-8e40-a6de782abba0" acquired by "nova.context.set_target_cell..get_or_set_cached_cell_and_set_connections" :: waited 0.001s {{(pid=62472) inner /usr/local/lib/python3.10/dist-packages/oslo_concurrency/lockutils.py:409}}
Aug 02 23:27:33 user devstack@n-api.service[62472]: DEBUG oslo_concurrency.lockutils [None req-2304bd49-2ed0-4819-9428-13626691cc15 admin admin] Lock "8a18b3c6-0b42-4c39-8e40-a6de782abba0" "released" by "nova.context.set_target_cell..get_or_set_cached_cell_and_set_connections" :: held 0.000s {{(pid=62472) inner /usr/local/lib/python3.10/dist-packages/oslo_concurrency/lockutils.py:423}}
Aug 02 23:27:33 user devstack@n-api.service[62472]: INFO nova.api.openstack.requestlog [None req-2304bd49-2ed0-4819-9428-13626691cc15 admin admin] 10.0.0.210 "GET /compute/v2.1/os-services?binary=nova-compute&host=user" status: 200 len: 247 microversion: 2.69 time: 0.090766
Aug 02 23:27:33 user devstack@n-api.service[62472]: [pid: 62472|app: 0|req: 12/37] 10.0.0.210 () {64 vars in 1389 bytes} [Wed Aug 2 23:27:33 2023] GET /compute/v2.1/os-services?binary=nova-compute&host=user => generated 247 bytes in 92 msecs (HTTP/1.1 200) 9 headers in 359 bytes (1 switches on core 0)
Aug 02 23:28:05 user devstack@n-api.service[62471]: DEBUG nova.api.openstack.wsgi [None req-411c2f18-63c1-4cc0-bea6-8a8ab05c7904 admin admin] Calling method '>' {{(pid=62471) _process_stack /opt/stack/nova/nova/api/openstack/wsgi.py:513}}
Aug 02 23:28:05 user devstack@n-api.service[62471]: INFO nova.api.openstack.requestlog [None req-411c2f18-63c1-4cc0-bea6-8a8ab05c7904 admin admin] 10.0.0.210 "GET /compute/v2.1" status: 200 len: 387 microversion: 2.1 time: 0.001452
Aug 02 23:28:05 user devstack@n-api.service[62471]: [pid: 62471|app: 0|req: 14/38] 10.0.0.210 () {58 vars in 1007 bytes} [Wed Aug 2 23:28:05 2023] GET /compute/v2.1 => generated 387 bytes in 2 msecs (HTTP/1.1 200) 9 headers in 357 bytes (1 switches on core 0)
Aug 02 23:28:05 user devstack@n-api.service[62473]: DEBUG dbcounter [-] [62473] Writing DB stats nova_api:SELECT=32,nova_api:SAVEPOINT=5,nova_api:INSERT=5,nova_api:RELEASE=5 {{(pid=62473) stat_writer /usr/local/lib/python3.10/dist-packages/dbcounter.py:115}}
Aug 02 23:28:05 user devstack@n-api.service[62473]: DEBUG nova.api.openstack.wsgi [None req-daf1aa30-a473-4ad0-b5ab-59aa9a9e74b0 admin admin] Calling method '>' {{(pid=62473) _process_stack /opt/stack/nova/nova/api/openstack/wsgi.py:513}}
Aug 02 23:28:05 user devstack@n-api.service[62473]: INFO nova.api.openstack.requestlog [None req-daf1aa30-a473-4ad0-b5ab-59aa9a9e74b0 admin admin] 10.0.0.210 "GET /compute/v2.1/flavors/detail?is_public=True" status: 200 len: 4182 microversion: 2.61 time: 0.074018
Aug 02 23:28:05 user devstack@n-api.service[62473]: [pid: 62473|app: 0|req: 13/39] 10.0.0.210 () {64 vars in 1368 bytes} [Wed Aug 2 23:28:05 2023] GET /compute/v2.1/flavors/detail?is_public=True => generated 4182 bytes in 75 msecs (HTTP/1.1 200) 9 headers in 360 bytes (1 switches on core 0)
Aug 02 23:28:08 user devstack@n-api.service[62472]: DEBUG nova.api.openstack.wsgi [None req-2304bd49-2ed0-4819-9428-13626691cc15 admin admin] Calling method '>' {{(pid=62472) _process_stack /opt/stack/nova/nova/api/openstack/wsgi.py:513}}
Aug 02 23:28:08 user devstack@n-api.service[62472]: INFO nova.api.openstack.requestlog [None req-2304bd49-2ed0-4819-9428-13626691cc15 admin admin] 10.0.0.210 "GET /compute/v2.1" status: 200 len: 387 microversion: 2.1 time: 0.001380
Aug 02 23:28:08 user devstack@n-api.service[62472]: [pid: 62472|app: 0|req: 13/40] 10.0.0.210 () {58 vars in 1007 bytes} [Wed Aug 2 23:28:08 2023] GET /compute/v2.1 => generated 387 bytes in 2 msecs (HTTP/1.1 200) 9 headers in 357 bytes (1 switches on core 0)
Aug 02 23:28:08 user devstack@n-api.service[62471]: DEBUG dbcounter [-] [62471] Writing DB stats nova_api:SELECT=47,nova_api:INSERT=10,nova_api:SAVEPOINT=5,nova_api:RELEASE=5 {{(pid=62471) stat_writer /usr/local/lib/python3.10/dist-packages/dbcounter.py:115}}
Aug 02 23:28:08 user devstack@n-api.service[62471]: DEBUG nova.api.openstack.wsgi [None req-a1cbc829-4c65-4d1e-837f-9acaaf35acb5 admin admin] Calling method '>' {{(pid=62471) _process_stack /opt/stack/nova/nova/api/openstack/wsgi.py:513}}
Aug 02 23:28:08 user devstack@n-api.service[62471]: INFO nova.api.openstack.requestlog [None req-a1cbc829-4c65-4d1e-837f-9acaaf35acb5 admin admin] 10.0.0.210 "GET /compute/v2.1/flavors/1" status: 200 len: 424 microversion: 2.61 time: 0.067273
Aug 02 23:28:08 user devstack@n-api.service[62471]: [pid: 62471|app: 0|req: 15/41] 10.0.0.210 () {64 vars in 1311 bytes} [Wed Aug 2 23:28:08 2023] GET /compute/v2.1/flavors/1 => generated 424 bytes in 68 msecs (HTTP/1.1 200) 9 headers in 359 bytes (1 switches on core 0)
Aug 02 23:28:10 user devstack@n-api.service[62473]: DEBUG nova.api.openstack.wsgi [None req-daf1aa30-a473-4ad0-b5ab-59aa9a9e74b0 admin admin] Calling method '>' {{(pid=62473) _process_stack /opt/stack/nova/nova/api/openstack/wsgi.py:513}}
Aug 02 23:28:10 user devstack@n-api.service[62473]: INFO nova.api.openstack.requestlog [None req-daf1aa30-a473-4ad0-b5ab-59aa9a9e74b0 admin admin] 10.0.0.210 "GET /compute/v2.1" status: 200 len: 387 microversion: 2.1 time: 0.001388
Aug 02 23:28:10 user devstack@n-api.service[62473]: [pid: 62473|app: 0|req: 14/42] 10.0.0.210 () {58 vars in 1007 bytes} [Wed Aug 2 23:28:10 2023] GET /compute/v2.1 => generated 387 bytes in 2 msecs (HTTP/1.1 200) 9 headers in 357 bytes (1 switches on core 0)
Aug 02 23:28:10 user devstack@n-api.service[62472]: DEBUG dbcounter [-] [62472] Writing DB stats nova_cell0:SELECT=2 {{(pid=62472) stat_writer /usr/local/lib/python3.10/dist-packages/dbcounter.py:115}}
Aug 02 23:28:10 user devstack@n-api.service[62472]: DEBUG dbcounter [-] [62472] Writing DB stats nova_cell1:SELECT=2 {{(pid=62472) stat_writer /usr/local/lib/python3.10/dist-packages/dbcounter.py:115}}
Aug 02 23:28:10 user devstack@n-api.service[62472]: DEBUG dbcounter [-] [62472] Writing DB stats nova_api:SELECT=4 {{(pid=62472) stat_writer /usr/local/lib/python3.10/dist-packages/dbcounter.py:115}}
Aug 02 23:28:10 user devstack@n-api.service[62472]: DEBUG nova.api.openstack.wsgi [None req-c5fa4658-e6b6-419e-81a5-18f55b819c20 admin admin] Calling method '>' {{(pid=62472) _process_stack /opt/stack/nova/nova/api/openstack/wsgi.py:513}}
Aug 02 23:28:10 user devstack@n-api.service[62472]: INFO nova.api.openstack.requestlog [None req-c5fa4658-e6b6-419e-81a5-18f55b819c20 admin admin] 10.0.0.210 "GET /compute/v2.1/flavors/2" status: 200 len: 427 microversion: 2.61 time: 0.060981
Aug 02 23:28:10 user devstack@n-api.service[62472]: [pid: 62472|app: 0|req: 14/43] 10.0.0.210 () {64 vars in 1311 bytes} [Wed Aug 2 23:28:10 2023] GET /compute/v2.1/flavors/2 => generated 427 bytes in 62 msecs (HTTP/1.1 200) 9 headers in 359 bytes (1 switches on core 0)
Aug 02 23:30:25 user devstack@n-api.service[62471]: DEBUG dbcounter [-] [62471] Writing DB stats nova_api:SELECT=2 {{(pid=62471) stat_writer /usr/local/lib/python3.10/dist-packages/dbcounter.py:115}}
Aug 02 23:30:26 user devstack@n-api.service[62471]: DEBUG nova.api.openstack.wsgi [None req-f665a699-3054-44b5-943b-999f1c1e27f4 tempest-VolumesGetTestJSON-152138711 tempest-VolumesGetTestJSON-152138711-project-member] Action: 'create', calling method: .version_select at 0x7f832afacd30>, body: {"volume": {"size": 1, "display_name": "tempest-VolumesGetTestJSON-Volume-721132750", "metadata": {"Type": "work"}}} {{(pid=62471) _process_stack /opt/stack/nova/nova/api/openstack/wsgi.py:511}}
Aug 02 23:30:28 user devstack@n-api.service[62471]: INFO nova.api.openstack.requestlog [None req-f665a699-3054-44b5-943b-999f1c1e27f4 tempest-VolumesGetTestJSON-152138711 tempest-VolumesGetTestJSON-152138711-project-member] 10.0.0.210 "POST /compute/v2.1/os-volumes" status: 200 len: 352 microversion: 2.1 time: 2.242483
Aug 02 23:30:28 user devstack@n-api.service[62471]: [pid: 62471|app: 0|req: 16/44] 10.0.0.210 () {64 vars in 1233 bytes} [Wed Aug 2 23:30:25 2023] POST /compute/v2.1/os-volumes => generated 352 bytes in 2245 msecs (HTTP/1.1 200) 10 headers in 447 bytes (1 switches on core 0)
Aug 02 23:30:28 user devstack@n-api.service[62473]: DEBUG dbcounter [-] [62473] Writing DB stats nova_api:SELECT=2 {{(pid=62473) stat_writer /usr/local/lib/python3.10/dist-packages/dbcounter.py:115}}
Aug 02 23:30:28 user devstack@n-api.service[62473]: DEBUG nova.api.openstack.wsgi [None req-c9c00a9c-75f9-4df3-ae8a-2b546b0d53ca tempest-VolumesGetTestJSON-152138711 tempest-VolumesGetTestJSON-152138711-project-member] Calling method '.version_select at 0x7f832afbc700>' {{(pid=62473) _process_stack /opt/stack/nova/nova/api/openstack/wsgi.py:513}}
Aug 02 23:30:28 user devstack@n-api.service[62473]: INFO nova.api.openstack.requestlog [None req-c9c00a9c-75f9-4df3-ae8a-2b546b0d53ca tempest-VolumesGetTestJSON-152138711 tempest-VolumesGetTestJSON-152138711-project-member] 10.0.0.210 "GET /compute/v2.1/os-volumes/659deb5f-501c-4c45-a26f-1271b94cd86b" status: 200 len: 352 microversion: 2.1 time: 0.353865
Aug 02 23:30:28 user devstack@n-api.service[62473]: [pid: 62473|app: 0|req: 15/45] 10.0.0.210 () {62 vars in 1322 bytes} [Wed Aug 2 23:30:28 2023] GET /compute/v2.1/os-volumes/659deb5f-501c-4c45-a26f-1271b94cd86b => generated 352 bytes in 357 msecs (HTTP/1.1 200) 9 headers in 357 bytes (1 switches on core 0)
Aug 02 23:30:29 user devstack@n-api.service[62472]: DEBUG dbcounter [-] [62472] Writing DB stats nova_api:SELECT=2 {{(pid=62472) stat_writer /usr/local/lib/python3.10/dist-packages/dbcounter.py:115}}
Aug 02 23:30:29 user devstack@n-api.service[62472]: DEBUG nova.api.openstack.wsgi [None req-824aa7f4-f40a-4490-a815-cb4719181719 tempest-VolumesGetTestJSON-152138711 tempest-VolumesGetTestJSON-152138711-project-member] Calling method '.version_select at 0x7f832afa5d80>' {{(pid=62472) _process_stack /opt/stack/nova/nova/api/openstack/wsgi.py:513}}
Aug 02 23:30:29 user devstack@n-api.service[62472]: INFO nova.api.openstack.requestlog [None req-824aa7f4-f40a-4490-a815-cb4719181719 tempest-VolumesGetTestJSON-152138711 tempest-VolumesGetTestJSON-152138711-project-member] 10.0.0.210 "GET /compute/v2.1/os-volumes/659deb5f-501c-4c45-a26f-1271b94cd86b" status: 200 len: 352 microversion: 2.1 time: 0.242500
Aug 02 23:30:29 user devstack@n-api.service[62472]: [pid: 62472|app: 0|req: 15/46] 10.0.0.210 () {62 vars in 1322 bytes} [Wed Aug 2 23:30:29 2023] GET /compute/v2.1/os-volumes/659deb5f-501c-4c45-a26f-1271b94cd86b => generated 352 bytes in 246 msecs (HTTP/1.1 200) 9 headers in 357 bytes (2 switches on core 0)
Aug 02 23:30:30 user devstack@n-api.service[62471]: DEBUG nova.api.openstack.wsgi [None req-25ee34e5-2521-43a2-b077-8909930b5d84 tempest-VolumesTestJSON-911095816 tempest-VolumesTestJSON-911095816-project-member] Calling method '.version_select at 0x7f832ae397e0>' {{(pid=62471) _process_stack /opt/stack/nova/nova/api/openstack/wsgi.py:513}}
Aug 02 23:30:30 user devstack@n-api.service[62471]: INFO nova.api.openstack.requestlog [None req-25ee34e5-2521-43a2-b077-8909930b5d84 tempest-VolumesTestJSON-911095816 tempest-VolumesTestJSON-911095816-project-member] 10.0.0.210 "GET /compute/v2.1/os-volumes/58c3663a-26d4-4117-ab34-8174c2adf938" status: 200 len: 351 microversion: 2.1 time: 0.062940
Aug 02 23:30:30 user devstack@n-api.service[62471]: [pid: 62471|app: 0|req: 17/47] 10.0.0.210 () {62 vars in 1322 bytes} [Wed Aug 2 23:30:30 2023] GET /compute/v2.1/os-volumes/58c3663a-26d4-4117-ab34-8174c2adf938 => generated 351 bytes in 65 msecs (HTTP/1.1 200) 9 headers in 357 bytes (1 switches on core 0)
Aug 02 23:30:30 user devstack@n-api.service[62473]: DEBUG nova.api.openstack.wsgi [None req-421fe2a7-a88c-451a-84f3-ce7aaa3b2d7c tempest-VolumesGetTestJSON-152138711 tempest-VolumesGetTestJSON-152138711-project-member] Calling method '.version_select at 0x7f832afbd000>' {{(pid=62473) _process_stack /opt/stack/nova/nova/api/openstack/wsgi.py:513}}
Aug 02 23:30:31 user devstack@n-api.service[62473]: INFO nova.api.openstack.requestlog [None req-421fe2a7-a88c-451a-84f3-ce7aaa3b2d7c tempest-VolumesGetTestJSON-152138711 tempest-VolumesGetTestJSON-152138711-project-member] 10.0.0.210 "GET /compute/v2.1/os-volumes/659deb5f-501c-4c45-a26f-1271b94cd86b" status: 200 len: 353 microversion: 2.1 time: 0.146206
Aug 02 23:30:31 user devstack@n-api.service[62473]: [pid: 62473|app: 0|req: 16/48] 10.0.0.210 () {62 vars in 1322 bytes} [Wed Aug 2 23:30:30 2023] GET /compute/v2.1/os-volumes/659deb5f-501c-4c45-a26f-1271b94cd86b => generated 353 bytes in 148 msecs (HTTP/1.1 200) 9 headers in 357 bytes (1 switches on core 0)
Aug 02 23:30:31 user devstack@n-api.service[62472]: DEBUG nova.api.openstack.wsgi [None req-19f1f60f-1c26-4cc5-a633-666b35f85aba tempest-VolumesGetTestJSON-152138711 tempest-VolumesGetTestJSON-152138711-project-member] Calling method '.version_select at 0x7f832afa5990>' {{(pid=62472) _process_stack /opt/stack/nova/nova/api/openstack/wsgi.py:513}}
Aug 02 23:30:31 user devstack@n-api.service[62472]: INFO nova.api.openstack.requestlog [None req-19f1f60f-1c26-4cc5-a633-666b35f85aba tempest-VolumesGetTestJSON-152138711 tempest-VolumesGetTestJSON-152138711-project-member] 10.0.0.210 "GET /compute/v2.1/os-volumes/659deb5f-501c-4c45-a26f-1271b94cd86b" status: 200 len: 353 microversion: 2.1 time: 0.055330
Aug 02 23:30:31 user devstack@n-api.service[62472]: [pid: 62472|app: 0|req: 16/49] 10.0.0.210 () {62 vars in 1322 bytes} [Wed Aug 2 23:30:31 2023] GET /compute/v2.1/os-volumes/659deb5f-501c-4c45-a26f-1271b94cd86b => generated 353 bytes in 58 msecs (HTTP/1.1 200) 9 headers in 357 bytes (1 switches on core 0)
Aug 02 23:30:31 user devstack@n-api.service[62471]: DEBUG nova.api.openstack.wsgi [None req-e3eed482-ca90-4cba-a34a-e2f8a3fed78d tempest-VolumesGetTestJSON-152138711 tempest-VolumesGetTestJSON-152138711-project-member] Calling method '.version_select at 0x7f832ae39c60>' {{(pid=62471) _process_stack /opt/stack/nova/nova/api/openstack/wsgi.py:513}}
Aug 02 23:30:31 user devstack@n-api.service[62471]: INFO nova.api.openstack.requestlog [None req-e3eed482-ca90-4cba-a34a-e2f8a3fed78d tempest-VolumesGetTestJSON-152138711 tempest-VolumesGetTestJSON-152138711-project-member] 10.0.0.210 "DELETE /compute/v2.1/os-volumes/659deb5f-501c-4c45-a26f-1271b94cd86b" status: 202 len: 0 microversion: 2.1 time: 0.097966
Aug 02 23:30:31 user devstack@n-api.service[62471]: [pid: 62471|app: 0|req: 18/50] 10.0.0.210 () {62 vars in 1325 bytes} [Wed Aug 2 23:30:31 2023] DELETE /compute/v2.1/os-volumes/659deb5f-501c-4c45-a26f-1271b94cd86b => generated 0 bytes in 100 msecs (HTTP/1.1 202) 9 headers in 361 bytes (1 switches on core 0)
Aug 02 23:30:31 user devstack@n-api.service[62473]: DEBUG nova.api.openstack.wsgi [None req-295fc12c-8046-4019-9f23-9626a29ddacc tempest-VolumesGetTestJSON-152138711 tempest-VolumesGetTestJSON-152138711-project-member] Calling method '.version_select at 0x7f832ae36050>' {{(pid=62473) _process_stack /opt/stack/nova/nova/api/openstack/wsgi.py:513}}
Aug 02 23:30:31 user devstack@n-api.service[62473]: INFO nova.api.openstack.requestlog [None req-295fc12c-8046-4019-9f23-9626a29ddacc tempest-VolumesGetTestJSON-152138711 tempest-VolumesGetTestJSON-152138711-project-member] 10.0.0.210 "GET /compute/v2.1/os-volumes/659deb5f-501c-4c45-a26f-1271b94cd86b" status: 200 len: 352 microversion: 2.1 time: 0.053896
Aug 02 23:30:31 user devstack@n-api.service[62473]: [pid: 62473|app: 0|req: 17/51] 10.0.0.210 () {62 vars in 1322 bytes} [Wed Aug 2 23:30:31 2023] GET /compute/v2.1/os-volumes/659deb5f-501c-4c45-a26f-1271b94cd86b => generated 352 bytes in 56 msecs (HTTP/1.1 200) 9 headers in 357 bytes (1 switches on core 0)
Aug 02 23:30:32 user devstack@n-api.service[62472]: DEBUG nova.api.openstack.wsgi [None req-da251baa-9391-40cf-b1f0-9690d8480063 tempest-VolumesGetTestJSON-152138711 tempest-VolumesGetTestJSON-152138711-project-member] Calling method '.version_select at 0x7f832ae3b520>' {{(pid=62472) _process_stack /opt/stack/nova/nova/api/openstack/wsgi.py:513}}
Aug 02 23:30:32 user devstack@n-api.service[62472]: INFO nova.api.openstack.requestlog [None req-da251baa-9391-40cf-b1f0-9690d8480063 tempest-VolumesGetTestJSON-152138711 tempest-VolumesGetTestJSON-152138711-project-member] 10.0.0.210 "GET /compute/v2.1/os-volumes/659deb5f-501c-4c45-a26f-1271b94cd86b" status: 200 len: 352 microversion: 2.1 time: 0.060429
Aug 02 23:30:32 user devstack@n-api.service[62472]: [pid: 62472|app: 0|req: 17/52] 10.0.0.210 () {62 vars in 1322 bytes} [Wed Aug 2 23:30:32 2023] GET /compute/v2.1/os-volumes/659deb5f-501c-4c45-a26f-1271b94cd86b => generated 352 bytes in 63 msecs (HTTP/1.1 200) 9 headers in 357 bytes (1 switches on core 0)
Aug 02 23:30:33 user devstack@n-api.service[62471]: DEBUG nova.api.openstack.wsgi [None req-ffcf1be1-605e-46d5-a68e-416884b75b2e tempest-VolumesGetTestJSON-152138711 tempest-VolumesGetTestJSON-152138711-project-member] Calling method '.version_select at 0x7f832ae39990>' {{(pid=62471) _process_stack /opt/stack/nova/nova/api/openstack/wsgi.py:513}}
Aug 02 23:30:33 user devstack@n-api.service[62471]: INFO nova.api.openstack.requestlog [None req-ffcf1be1-605e-46d5-a68e-416884b75b2e tempest-VolumesGetTestJSON-152138711 tempest-VolumesGetTestJSON-152138711-project-member] 10.0.0.210 "GET /compute/v2.1/os-volumes/659deb5f-501c-4c45-a26f-1271b94cd86b" status: 200 len: 352 microversion: 2.1 time: 0.093274
Aug 02 23:30:33 user devstack@n-api.service[62471]: [pid: 62471|app: 0|req: 19/53] 10.0.0.210 () {62 vars in 1322 bytes} [Wed Aug 2 23:30:33 2023] GET /compute/v2.1/os-volumes/659deb5f-501c-4c45-a26f-1271b94cd86b => generated 352 bytes in 95 msecs (HTTP/1.1 200) 9 headers in 357 bytes (1 switches on core 0)
Aug 02 23:30:34 user devstack@n-api.service[62473]: DEBUG nova.api.openstack.wsgi [None req-6b76ddec-875c-4939-805a-ab322aaf4638 tempest-VolumesGetTestJSON-152138711 tempest-VolumesGetTestJSON-152138711-project-member] Calling method '.version_select at 0x7f832ae364d0>' {{(pid=62473) _process_stack /opt/stack/nova/nova/api/openstack/wsgi.py:513}}
Aug 02 23:30:34 user devstack@n-api.service[62472]: DEBUG nova.api.openstack.wsgi [None req-2666f976-b11d-423d-bf9e-08a825593d9d tempest-VolumesTestJSON-911095816 tempest-VolumesTestJSON-911095816-project-member] Calling method '.version_select at 0x7f832afa6320>' {{(pid=62472) _process_stack /opt/stack/nova/nova/api/openstack/wsgi.py:513}}
Aug 02 23:30:34 user devstack@n-api.service[62473]: INFO nova.api.openstack.requestlog [None req-6b76ddec-875c-4939-805a-ab322aaf4638 tempest-VolumesGetTestJSON-152138711 tempest-VolumesGetTestJSON-152138711-project-member] 10.0.0.210 "GET /compute/v2.1/os-volumes/659deb5f-501c-4c45-a26f-1271b94cd86b" status: 200 len: 352 microversion: 2.1 time: 0.066551
Aug 02 23:30:34 user devstack@n-api.service[62473]: [pid: 62473|app: 0|req: 18/54] 10.0.0.210 () {62 vars in 1322 bytes} [Wed Aug 2 23:30:34 2023] GET /compute/v2.1/os-volumes/659deb5f-501c-4c45-a26f-1271b94cd86b => generated 352 bytes in 70 msecs (HTTP/1.1 200) 9 headers in 357 bytes (1 switches on core 0)
Aug 02 23:30:34 user devstack@n-api.service[62472]: INFO nova.api.openstack.requestlog [None req-2666f976-b11d-423d-bf9e-08a825593d9d tempest-VolumesTestJSON-911095816 tempest-VolumesTestJSON-911095816-project-member] 10.0.0.210 "GET /compute/v2.1/os-volumes/57ef0932-1163-4272-b25e-b1b337a7663d" status: 200 len: 351 microversion: 2.1 time: 0.067500
Aug 02 23:30:34 user devstack@n-api.service[62472]: [pid: 62472|app: 0|req: 18/55] 10.0.0.210 () {62 vars in 1322 bytes} [Wed Aug 2 23:30:34 2023] GET /compute/v2.1/os-volumes/57ef0932-1163-4272-b25e-b1b337a7663d => generated 351 bytes in 69 msecs (HTTP/1.1 200) 9 headers in 357 bytes (1 switches on core 0)
Aug 02 23:30:35 user devstack@n-api.service[62471]: DEBUG nova.api.openstack.wsgi [None req-352d1c5a-67cf-473f-9509-1d38dd2d586e tempest-VolumesGetTestJSON-152138711 tempest-VolumesGetTestJSON-152138711-project-member] Calling method '.version_select at 0x7f832ae3a170>' {{(pid=62471) _process_stack /opt/stack/nova/nova/api/openstack/wsgi.py:513}}
Aug 02 23:30:35 user devstack@n-api.service[62471]: INFO nova.api.openstack.requestlog [None req-352d1c5a-67cf-473f-9509-1d38dd2d586e tempest-VolumesGetTestJSON-152138711 tempest-VolumesGetTestJSON-152138711-project-member] 10.0.0.210 "GET /compute/v2.1/os-volumes/659deb5f-501c-4c45-a26f-1271b94cd86b" status: 200 len: 352 microversion: 2.1 time: 0.059648
Aug 02 23:30:35 user devstack@n-api.service[62471]: [pid: 62471|app: 0|req: 20/56] 10.0.0.210 () {62 vars in 1322 bytes} [Wed Aug 2 23:30:35 2023] GET /compute/v2.1/os-volumes/659deb5f-501c-4c45-a26f-1271b94cd86b => generated 352 bytes in 61 msecs (HTTP/1.1 200) 9 headers in 357 bytes (1 switches on core 0)
Aug 02 23:30:36 user devstack@n-api.service[62473]: DEBUG nova.api.openstack.wsgi [None req-ea2cb1da-a844-430c-9b7b-fdb63b759fa2 tempest-VolumesGetTestJSON-152138711 tempest-VolumesGetTestJSON-152138711-project-member] Calling method '.version_select at 0x7f832afbd240>' {{(pid=62473) _process_stack /opt/stack/nova/nova/api/openstack/wsgi.py:513}}
Aug 02 23:30:36 user devstack@n-api.service[62473]: INFO nova.api.openstack.requestlog [None req-ea2cb1da-a844-430c-9b7b-fdb63b759fa2 tempest-VolumesGetTestJSON-152138711 tempest-VolumesGetTestJSON-152138711-project-member] 10.0.0.210 "GET /compute/v2.1/os-volumes/659deb5f-501c-4c45-a26f-1271b94cd86b" status: 200 len: 352 microversion: 2.1 time: 0.055810
Aug 02 23:30:36 user devstack@n-api.service[62473]: [pid: 62473|app: 0|req: 19/57] 10.0.0.210 () {62 vars in 1322 bytes} [Wed Aug 2 23:30:36 2023] GET /compute/v2.1/os-volumes/659deb5f-501c-4c45-a26f-1271b94cd86b => generated 352 bytes in 57 msecs (HTTP/1.1 200) 9 headers in 357 bytes (1 switches on core 0)
