Nov 13 21:46:58 user devstack@keystone.service[46334]: ERROR keystone.server.flask.application
File "/opt/stack/keystone/keystone/api/domains.py", line 97, in _get_domain
Nov 13 21:46:58 user devstack@keystone.service[46334]: ERROR keystone.server.flask.application domain = PROVIDERS.resource_api.get_domain(domain_id)
Nov 13 21:46:58 user devstack@keystone.service[46334]: ERROR keystone.server.flask.application
File "/opt/stack/keystone/keystone/common/manager.py", line 115, in wrapped
Nov 13 21:46:58 user devstack@keystone.service[46334]: ERROR keystone.server.flask.application __ret_val = __f(*args, **kwargs)
Nov 13 21:46:58 user devstack@keystone.service[46334]: ERROR keystone.server.flask.application
File "/opt/stack/data/venv/lib/python3.10/site-packages/decorator.py", line 232, in fun
Nov 13 21:46:58 user devstack@keystone.service[46334]: ERROR keystone.server.flask.application return caller(func, *(extras + args), **kw)
Nov 13 21:46:58 user devstack@keystone.service[46334]: ERROR keystone.server.flask.application
File "/opt/stack/data/venv/lib/python3.10/site-packages/dogpile/cache/region.py", line 1594, in get_or_create_for_user_func
Nov 13 21:46:58 user devstack@keystone.service[46334]: ERROR keystone.server.flask.application return self.get_or_create(
Nov 13 21:46:58 user devstack@keystone.service[46334]: ERROR keystone.server.flask.application
File "/opt/stack/data/venv/lib/python3.10/site-packages/dogpile/cache/region.py", line 1054, in get_or_create
Nov 13 21:46:58 user devstack@keystone.service[46334]: ERROR keystone.server.flask.application with Lock(
Nov 13 21:46:58 user devstack@keystone.service[46334]: ERROR keystone.server.flask.application
File "/opt/stack/data/venv/lib/python3.10/site-packages/dogpile/lock.py", line 185, in __enter__
Nov 13 21:46:58 user devstack@keystone.service[46334]: ERROR keystone.server.flask.application return self._enter()
Nov 13 21:46:58 user devstack@keystone.service[46334]: ERROR keystone.server.flask.application
File "/opt/stack/data/venv/lib/python3.10/site-packages/dogpile/lock.py", line 94, in _enter
Nov 13 21:46:58 user devstack@keystone.service[46334]: ERROR keystone.server.flask.application generated = self._enter_create(value, createdtime)
Nov 13 21:46:58 user devstack@keystone.service[46334]: ERROR keystone.server.flask.application
File "/opt/stack/data/venv/lib/python3.10/site-packages/dogpile/lock.py", line 178, in _enter_create
Nov 13 21:46:58 user devstack@keystone.service[46334]: ERROR keystone.server.flask.application return self.creator()
Nov 13 21:46:58 user devstack@keystone.service[46334]: ERROR keystone.server.flask.application
File "/opt/stack/data/venv/lib/python3.10/site-packages/dogpile/cache/region.py", line 1007, in gen_value
Nov 13 21:46:58 user devstack@keystone.service[46334]: ERROR keystone.server.flask.application created_value = creator(
Nov 13 21:46:58 user devstack@keystone.service[46334]: ERROR keystone.server.flask.application
File "/opt/stack/keystone/keystone/resource/core.py", line 716, in get_domain
Nov 13 21:46:58 user devstack@keystone.service[46334]: ERROR keystone.server.flask.application raise exception.DomainNotFound(domain_id=domain_id)
Nov 13 21:46:58 user devstack@keystone.service[46334]: ERROR keystone.server.flask.application keystone.exception.DomainNotFound: Could not find domain: Default.
Nov 13 21:46:58 user devstack@keystone.service[46334]: ERROR keystone.server.flask.application
Nov 13 21:46:58 user devstack@keystone.service[46334]: [pid: 46334|app: 0|req: 96/288] 10.0.0.210 () {56 vars in 1103 bytes} [Mon Nov 13 21:46:58 2023] GET /identity/v3/domains/Default => generated 87 bytes in 155 msecs (HTTP/1.1 404) 5 headers in 183 bytes (1 switches on core 0)
Nov 13 21:46:58 user devstack@keystone.service[46333]: DEBUG keystone.server.flask.request_processing.middleware.auth_context [None req-47a95c65-e92d-420a-a52b-f22270021d3f None admin] Authenticating user token {{(pid=46333) process_request /opt/stack/data/venv/lib/python3.10/site-packages/keystonemiddleware/auth_token/__init__.py:406}}
Nov 13 21:46:58 user devstack@keystone.service[46335]: DEBUG keystone.server.flask.request_processing.req_logging [None req-a5c0ba4d-dcfc-4ce4-af8f-c7207513964f None None] REQUEST_METHOD: `GET` {{(pid=46335) log_request_info /opt/stack/keystone/keystone/server/flask/request_processing/req_logging.py:27}}
Nov 13 21:46:58 user devstack@keystone.service[46335]: DEBUG keystone.server.flask.request_processing.req_logging [None req-a5c0ba4d-dcfc-4ce4-af8f-c7207513964f None None] SCRIPT_NAME: `/identity` {{(pid=46335) log_request_info /opt/stack/keystone/keystone/server/flask/request_processing/req_logging.py:28}}
Nov 13 21:46:58 user devstack@keystone.service[46335]: DEBUG keystone.server.flask.request_processing.req_logging [None req-a5c0ba4d-dcfc-4ce4-af8f-c7207513964f None None] PATH_INFO: `/` {{(pid=46335) log_request_info /opt/stack/keystone/keystone/server/flask/request_processing/req_logging.py:29}}
Nov 13 21:46:58 user devstack@keystone.service[46335]: [pid: 46335|app: 0|req: 100/289] 10.0.0.210 () {54 vars in 921 bytes} [Mon Nov 13 21:46:58 2023] GET /identity => generated 269 bytes in 3 msecs (HTTP/1.1 300) 6 headers in 233 bytes (1 switches on core 0)
Nov 13 21:46:58 user devstack@keystone.service[46334]: DEBUG keystone.server.flask.request_processing.middleware.auth_context [None req-25f96aea-68e8-453d-b896-2da3634aa31a None admin] Authenticating user token {{(pid=46334) process_request /opt/stack/data/venv/lib/python3.10/site-packages/keystonemiddleware/auth_token/__init__.py:406}}
Nov 13 21:46:58 user devstack@keystone.service[46333]: DEBUG keystone.server.flask.request_processing.middleware.auth_context [None req-47a95c65-e92d-420a-a52b-f22270021d3f None admin] Validating token access rules against request {{(pid=46333) validate_allowed_request /opt/stack/data/venv/lib/python3.10/site-packages/keystonemiddleware/auth_token/__init__.py:544}}
Nov 13 21:46:58 user devstack@keystone.service[46334]: DEBUG keystone.server.flask.request_processing.middleware.auth_context [None req-25f96aea-68e8-453d-b896-2da3634aa31a None admin] Validating token access rules against request {{(pid=46334) validate_allowed_request /opt/stack/data/venv/lib/python3.10/site-packages/keystonemiddleware/auth_token/__init__.py:544}}
Nov 13 21:46:58 user devstack@keystone.service[46333]: DEBUG keystone.server.flask.request_processing.middleware.auth_context [None req-02851b3a-a5ec-453b-a611-14851ba09a3e None admin] RBAC: auth_context: {'token': , 'domain_id': None, 'trust_id': None, 'trustor_id': None, 'trustee_id': None, 'domain_name': None, 'group_ids': [], 'user_id': 'f89df48ed8c445438f2ce62eb68c7cd0', 'user_domain_id': 'default', 'system_scope': 'all', 'project_id': None, 'project_domain_id': None, 'roles': ['admin', 'manager', 'member', 'reader'], 'is_admin_project': True, 'service_user_id': None, 'service_user_domain_id': None, 'service_project_id': None, 'service_project_domain_id': None, 'service_roles': []} {{(pid=46333) fill_context /opt/stack/keystone/keystone/server/flask/request_processing/middleware/auth_context.py:480}}
Nov 13 21:46:58 user devstack@keystone.service[46333]: DEBUG keystone.server.flask.request_processing.req_logging [None req-02851b3a-a5ec-453b-a611-14851ba09a3e None admin] REQUEST_METHOD: `GET` {{(pid=46333) log_request_info /opt/stack/keystone/keystone/server/flask/request_processing/req_logging.py:27}}
Nov 13 21:46:58 user devstack@keystone.service[46333]: DEBUG keystone.server.flask.request_processing.req_logging [None req-02851b3a-a5ec-453b-a611-14851ba09a3e None admin] SCRIPT_NAME: `/identity` {{(pid=46333) log_request_info /opt/stack/keystone/keystone/server/flask/request_processing/req_logging.py:28}}
Nov 13 21:46:58 user devstack@keystone.service[46333]: DEBUG keystone.server.flask.request_processing.req_logging [None req-02851b3a-a5ec-453b-a611-14851ba09a3e None admin] PATH_INFO: `/v3/domains` {{(pid=46333) log_request_info /opt/stack/keystone/keystone/server/flask/request_processing/req_logging.py:29}}
Nov 13 21:46:58 user devstack@keystone.service[46333]: DEBUG keystone.common.rbac_enforcer.enforcer [None req-02851b3a-a5ec-453b-a611-14851ba09a3e None admin] RBAC: Adding query filter params (name=Default) {{(pid=46333) _extract_filter_values /opt/stack/keystone/keystone/common/rbac_enforcer/enforcer.py:167}}
Nov 13 21:46:58 user devstack@keystone.service[46333]: DEBUG keystone.common.rbac_enforcer.enforcer [None req-02851b3a-a5ec-453b-a611-14851ba09a3e None admin] RBAC: Authorizing `identity:list_domains()` {{(pid=46333) enforce_call /opt/stack/keystone/keystone/common/rbac_enforcer/enforcer.py:449}}
Nov 13 21:46:58 user devstack@keystone.service[46333]: DEBUG keystone.common.rbac_enforcer.enforcer [None req-02851b3a-a5ec-453b-a611-14851ba09a3e None admin] RBAC: Authorization granted {{(pid=46333) enforce_call /opt/stack/keystone/keystone/common/rbac_enforcer/enforcer.py:457}}
Nov 13 21:46:58 user devstack@keystone.service[46333]: [pid: 46333|app: 0|req: 94/290] 10.0.0.210 () {56 vars in 1104 bytes} [Mon Nov 13 21:46:58 2023] GET /identity/v3/domains?name=Default => generated 306 bytes in 142 msecs (HTTP/1.1 200) 5 headers in 177 bytes (1 switches on core 0)
Nov 13 21:46:58 user devstack@keystone.service[46335]: DEBUG keystone.server.flask.request_processing.middleware.auth_context [None req-a5c0ba4d-dcfc-4ce4-af8f-c7207513964f None None] Authenticating user token {{(pid=46335) process_request /opt/stack/data/venv/lib/python3.10/site-packages/keystonemiddleware/auth_token/__init__.py:406}}
Nov 13 21:46:58 user devstack@keystone.service[46334]: DEBUG keystone.server.flask.request_processing.middleware.auth_context [None req-0081a8bd-174d-4704-955d-473c43d0ccac None admin] RBAC: auth_context: {'token': , 'domain_id': None, 'trust_id': None, 'trustor_id': None, 'trustee_id': None, 'domain_name': None, 'group_ids': [], 'user_id': 'f89df48ed8c445438f2ce62eb68c7cd0', 'user_domain_id': 'default', 'system_scope': 'all', 'project_id': None, 'project_domain_id': None, 'roles': ['admin', 'manager', 'member', 'reader'], 'is_admin_project': True, 'service_user_id': None, 'service_user_domain_id': None, 'service_project_id': None, 'service_project_domain_id': None, 'service_roles': []} {{(pid=46334) fill_context /opt/stack/keystone/keystone/server/flask/request_processing/middleware/auth_context.py:480}}
Nov 13 21:46:58 user devstack@keystone.service[46334]: DEBUG keystone.server.flask.request_processing.req_logging [None req-0081a8bd-174d-4704-955d-473c43d0ccac None admin] REQUEST_METHOD: `GET` {{(pid=46334) log_request_info /opt/stack/keystone/keystone/server/flask/request_processing/req_logging.py:27}}
Nov 13 21:46:58 user devstack@keystone.service[46334]: DEBUG keystone.server.flask.request_processing.req_logging [None req-0081a8bd-174d-4704-955d-473c43d0ccac None admin] SCRIPT_NAME: `/identity` {{(pid=46334) log_request_info /opt/stack/keystone/keystone/server/flask/request_processing/req_logging.py:28}}
Nov 13 21:46:58 user devstack@keystone.service[46334]: DEBUG keystone.server.flask.request_processing.req_logging [None req-0081a8bd-174d-4704-955d-473c43d0ccac None admin] PATH_INFO: `/v3/domains/Default` {{(pid=46334) log_request_info /opt/stack/keystone/keystone/server/flask/request_processing/req_logging.py:29}}
Nov 13 21:46:58 user devstack@keystone.service[46334]: DEBUG keystone.common.rbac_enforcer.enforcer [None req-0081a8bd-174d-4704-955d-473c43d0ccac None admin] RBAC: Authorizing `identity:get_domain(domain_id=Default)` {{(pid=46334) enforce_call /opt/stack/keystone/keystone/common/rbac_enforcer/enforcer.py:449}}
Nov 13 21:46:58 user devstack@keystone.service[46334]: DEBUG keystone.common.rbac_enforcer.enforcer [None req-0081a8bd-174d-4704-955d-473c43d0ccac None admin] RBAC: Authorization granted {{(pid=46334) enforce_call /opt/stack/keystone/keystone/common/rbac_enforcer/enforcer.py:457}}
Nov 13 21:46:58 user devstack@keystone.service[46334]: ERROR keystone.server.flask.application [None req-0081a8bd-174d-4704-955d-473c43d0ccac None admin] Could not find domain: Default.: keystone.exception.DomainNotFound: Could not find domain: Default.
Nov 13 21:46:58 user devstack@keystone.service[46334]: ERROR keystone.server.flask.application
Traceback (most recent call last):
Nov 13 21:46:58 user devstack@keystone.service[46334]: ERROR keystone.server.flask.application
File "/opt/stack/data/venv/lib/python3.10/site-packages/flask/app.py", line 1823, in full_dispatch_request
Nov 13 21:46:58 user devstack@keystone.service[46334]: ERROR keystone.server.flask.application rv = self.dispatch_request()
Nov 13 21:46:58 user devstack@keystone.service[46334]: ERROR keystone.server.flask.application
File "/opt/stack/data/venv/lib/python3.10/site-packages/flask/app.py", line 1799, in dispatch_request
Nov 13 21:46:58 user devstack@keystone.service[46334]: ERROR keystone.server.flask.application return self.ensure_sync(self.view_functions[rule.endpoint])(**view_args)
Nov 13 21:46:58 user devstack@keystone.service[46334]: ERROR keystone.server.flask.application
File "/opt/stack/data/venv/lib/python3.10/site-packages/flask_restful/__init__.py", line 489, in wrapper
Nov 13 21:46:58 user devstack@keystone.service[46334]: ERROR keystone.server.flask.application resp = resource(*args, **kwargs)
Nov 13 21:46:58 user devstack@keystone.service[46334]: ERROR keystone.server.flask.application
File "/opt/stack/data/venv/lib/python3.10/site-packages/flask/views.py", line 107, in view
Nov 13 21:46:58 user devstack@keystone.service[46334]: ERROR keystone.server.flask.application return current_app.ensure_sync(self.dispatch_request)(**kwargs)
Nov 13 21:46:58 user devstack@keystone.service[46334]: ERROR keystone.server.flask.application
File "/opt/stack/data/venv/lib/python3.10/site-packages/flask_restful/__init__.py", line 604, in dispatch_request
Nov 13 21:46:58 user devstack@keystone.service[46334]: ERROR keystone.server.flask.application resp = meth(*args, **kwargs)
Nov 13 21:46:58 user devstack@keystone.service[46334]: ERROR keystone.server.flask.application
File "/opt/stack/keystone/keystone/api/domains.py", line 89, in get
Nov 13 21:46:58 user devstack@keystone.service[46334]: ERROR keystone.server.flask.application return self._get_domain(domain_id)
Nov 13 21:46:58 user devstack@keystone.service[46334]: ERROR keystone.server.flask.application
File "/opt/stack/keystone/keystone/api/domains.py", line 97, in _get_domain
Nov 13 21:46:58 user devstack@keystone.service[46334]: ERROR keystone.server.flask.application domain = PROVIDERS.resource_api.get_domain(domain_id)
Nov 13 21:46:58 user devstack@keystone.service[46334]: ERROR keystone.server.flask.application
File "/opt/stack/keystone/keystone/common/manager.py", line 115, in wrapped
Nov 13 21:46:58 user devstack@keystone.service[46334]: ERROR keystone.server.flask.application __ret_val = __f(*args, **kwargs)
Nov 13 21:46:58 user devstack@keystone.service[46334]: ERROR keystone.server.flask.application
File "/opt/stack/data/venv/lib/python3.10/site-packages/decorator.py", line 232, in fun
Nov 13 21:46:58 user devstack@keystone.service[46334]: ERROR keystone.server.flask.application return caller(func, *(extras + args), **kw)
Nov 13 21:46:58 user devstack@keystone.service[46334]: ERROR keystone.server.flask.application
File "/opt/stack/data/venv/lib/python3.10/site-packages/dogpile/cache/region.py", line 1594, in get_or_create_for_user_func
Nov 13 21:46:58 user devstack@keystone.service[46334]: ERROR keystone.server.flask.application return self.get_or_create(
Nov 13 21:46:58 user devstack@keystone.service[46334]: ERROR keystone.server.flask.application
File "/opt/stack/data/venv/lib/python3.10/site-packages/dogpile/cache/region.py", line 1054, in get_or_create
Nov 13 21:46:58 user devstack@keystone.service[46334]: ERROR keystone.server.flask.application with Lock(
Nov 13 21:46:58 user devstack@keystone.service[46334]: ERROR keystone.server.flask.application
File "/opt/stack/data/venv/lib/python3.10/site-packages/dogpile/lock.py", line 185, in __enter__
Nov 13 21:46:58 user devstack@keystone.service[46334]: ERROR keystone.server.flask.application return self._enter()
Nov 13 21:46:58 user devstack@keystone.service[46334]: ERROR keystone.server.flask.application
File "/opt/stack/data/venv/lib/python3.10/site-packages/dogpile/lock.py", line 94, in _enter
Nov 13 21:46:58 user devstack@keystone.service[46334]: ERROR keystone.server.flask.application generated = self._enter_create(value, createdtime)
Nov 13 21:46:58 user devstack@keystone.service[46334]: ERROR keystone.server.flask.application
File "/opt/stack/data/venv/lib/python3.10/site-packages/dogpile/lock.py", line 178, in _enter_create
Nov 13 21:46:58 user devstack@keystone.service[46334]: ERROR keystone.server.flask.application return self.creator()
Nov 13 21:46:58 user devstack@keystone.service[46334]: ERROR keystone.server.flask.application
File "/opt/stack/data/venv/lib/python3.10/site-packages/dogpile/cache/region.py", line 1007, in gen_value
Nov 13 21:46:58 user devstack@keystone.service[46334]: ERROR keystone.server.flask.application created_value = creator(
Nov 13 21:46:58 user devstack@keystone.service[46334]: ERROR keystone.server.flask.application
File "/opt/stack/keystone/keystone/resource/core.py", line 716, in get_domain
Nov 13 21:46:58 user devstack@keystone.service[46334]: ERROR keystone.server.flask.application raise exception.DomainNotFound(domain_id=domain_id)
Nov 13 21:46:58 user devstack@keystone.service[46334]: ERROR keystone.server.flask.application keystone.exception.DomainNotFound: Could not find domain: Default.
Nov 13 21:46:58 user devstack@keystone.service[46334]: ERROR keystone.server.flask.application
Nov 13 21:46:58 user devstack@keystone.service[46334]: [pid: 46334|app: 0|req: 97/291] 10.0.0.210 () {56 vars in 1103 bytes} [Mon Nov 13 21:46:58 2023] GET /identity/v3/domains/Default => generated 87 bytes in 164 msecs (HTTP/1.1 404) 5 headers in 183 bytes (1 switches on core 0)
Nov 13 21:46:58 user devstack@keystone.service[46333]: DEBUG keystone.server.flask.request_processing.middleware.auth_context [None req-02851b3a-a5ec-453b-a611-14851ba09a3e None admin] Authenticating user token {{(pid=46333) process_request /opt/stack/data/venv/lib/python3.10/site-packages/keystonemiddleware/auth_token/__init__.py:406}}
Nov 13 21:46:58 user devstack@keystone.service[46334]: DEBUG keystone.server.flask.request_processing.req_logging [None req-5bf211fd-d846-46b9-8f25-12cf0ecb5dbd None None] REQUEST_METHOD: `GET` {{(pid=46334) log_request_info /opt/stack/keystone/keystone/server/flask/request_processing/req_logging.py:27}}
Nov 13 21:46:58 user devstack@keystone.service[46334]: DEBUG keystone.server.flask.request_processing.req_logging [None req-5bf211fd-d846-46b9-8f25-12cf0ecb5dbd None None] SCRIPT_NAME: `/identity` {{(pid=46334) log_request_info /opt/stack/keystone/keystone/server/flask/request_processing/req_logging.py:28}}
Nov 13 21:46:58 user devstack@keystone.service[46334]: DEBUG keystone.server.flask.request_processing.req_logging [None req-5bf211fd-d846-46b9-8f25-12cf0ecb5dbd None None] PATH_INFO: `/` {{(pid=46334) log_request_info /opt/stack/keystone/keystone/server/flask/request_processing/req_logging.py:29}}
Nov 13 21:46:58 user devstack@keystone.service[46334]: [pid: 46334|app: 0|req: 98/292] 10.0.0.210 () {54 vars in 921 bytes} [Mon Nov 13 21:46:58 2023] GET /identity => generated 269 bytes in 3 msecs (HTTP/1.1 300) 6 headers in 233 bytes (1 switches on core 0)
Nov 13 21:46:58 user devstack@keystone.service[46334]: DEBUG keystone.server.flask.request_processing.middleware.auth_context [None req-5bf211fd-d846-46b9-8f25-12cf0ecb5dbd None None] Authenticating user token {{(pid=46334) process_request /opt/stack/data/venv/lib/python3.10/site-packages/keystonemiddleware/auth_token/__init__.py:406}}
Nov 13 21:46:58 user devstack@keystone.service[46335]: DEBUG keystone.server.flask.request_processing.middleware.auth_context [None req-a5c0ba4d-dcfc-4ce4-af8f-c7207513964f None None] Validating token access rules against request {{(pid=46335) validate_allowed_request /opt/stack/data/venv/lib/python3.10/site-packages/keystonemiddleware/auth_token/__init__.py:544}}
Nov 13 21:46:58 user devstack@keystone.service[46335]: DEBUG keystone.server.flask.request_processing.middleware.auth_context [None req-61fa998c-e4f5-492e-821a-cdc798235cfa None admin] RBAC: auth_context: {'token': , 'domain_id': None, 'trust_id': None, 'trustor_id': None, 'trustee_id': None, 'domain_name': None, 'group_ids': [], 'user_id': 'f89df48ed8c445438f2ce62eb68c7cd0', 'user_domain_id': 'default', 'system_scope': 'all', 'project_id': None, 'project_domain_id': None, 'roles': ['admin', 'manager', 'member', 'reader'], 'is_admin_project': True, 'service_user_id': None, 'service_user_domain_id': None, 'service_project_id': None, 'service_project_domain_id': None, 'service_roles': []} {{(pid=46335) fill_context /opt/stack/keystone/keystone/server/flask/request_processing/middleware/auth_context.py:480}}
Nov 13 21:46:58 user devstack@keystone.service[46335]: DEBUG keystone.server.flask.request_processing.req_logging [None req-61fa998c-e4f5-492e-821a-cdc798235cfa None admin] REQUEST_METHOD: `POST` {{(pid=46335) log_request_info /opt/stack/keystone/keystone/server/flask/request_processing/req_logging.py:27}}
Nov 13 21:46:58 user devstack@keystone.service[46335]: DEBUG keystone.server.flask.request_processing.req_logging [None req-61fa998c-e4f5-492e-821a-cdc798235cfa None admin] SCRIPT_NAME: `/identity` {{(pid=46335) log_request_info /opt/stack/keystone/keystone/server/flask/request_processing/req_logging.py:28}}
Nov 13 21:46:58 user devstack@keystone.service[46335]: DEBUG keystone.server.flask.request_processing.req_logging [None req-61fa998c-e4f5-492e-821a-cdc798235cfa None admin] PATH_INFO: `/v3/users` {{(pid=46335) log_request_info /opt/stack/keystone/keystone/server/flask/request_processing/req_logging.py:29}}
Nov 13 21:46:58 user devstack@keystone.service[46335]: DEBUG keystone.common.rbac_enforcer.enforcer [None req-61fa998c-e4f5-492e-821a-cdc798235cfa None admin] RBAC: Authorizing `identity:create_user()` {{(pid=46335) enforce_call /opt/stack/keystone/keystone/common/rbac_enforcer/enforcer.py:449}}
Nov 13 21:46:58 user devstack@keystone.service[46335]: DEBUG keystone.common.rbac_enforcer.enforcer [None req-61fa998c-e4f5-492e-821a-cdc798235cfa None admin] RBAC: Authorization granted {{(pid=46335) enforce_call /opt/stack/keystone/keystone/common/rbac_enforcer/enforcer.py:457}}
Nov 13 21:46:58 user devstack@keystone.service[46335]: WARNING keystone.common.password_hashing [None req-61fa998c-e4f5-492e-821a-cdc798235cfa None admin] Truncating password to algorithm specific maximum length 72 characters.
Nov 13 21:46:58 user devstack@keystone.service[46333]: DEBUG keystone.server.flask.request_processing.middleware.auth_context [None req-02851b3a-a5ec-453b-a611-14851ba09a3e None admin] Validating token access rules against request {{(pid=46333) validate_allowed_request /opt/stack/data/venv/lib/python3.10/site-packages/keystonemiddleware/auth_token/__init__.py:544}}
Nov 13 21:46:59 user devstack@keystone.service[46335]: [pid: 46335|app: 0|req: 101/293] 10.0.0.210 () {60 vars in 1127 bytes} [Mon Nov 13 21:46:58 2023] POST /identity/v3/users => generated 245 bytes in 158 msecs (HTTP/1.1 201) 5 headers in 182 bytes (1 switches on core 0)
Nov 13 21:46:59 user devstack@keystone.service[46334]: DEBUG keystone.server.flask.request_processing.middleware.auth_context [None req-5bf211fd-d846-46b9-8f25-12cf0ecb5dbd None None] Validating token access rules against request {{(pid=46334) validate_allowed_request /opt/stack/data/venv/lib/python3.10/site-packages/keystonemiddleware/auth_token/__init__.py:544}}
Nov 13 21:46:59 user devstack@keystone.service[46333]: DEBUG keystone.server.flask.request_processing.middleware.auth_context [None req-d99472bc-dbfc-4cb5-9416-1c307131dfd8 None admin] RBAC: auth_context: {'token': , 'domain_id': None, 'trust_id': None, 'trustor_id': None, 'trustee_id': None, 'domain_name': None, 'group_ids': [], 'user_id': 'f89df48ed8c445438f2ce62eb68c7cd0', 'user_domain_id': 'default', 'system_scope': 'all', 'project_id': None, 'project_domain_id': None, 'roles': ['admin', 'manager', 'member', 'reader'], 'is_admin_project': True, 'service_user_id': None, 'service_user_domain_id': None, 'service_project_id': None, 'service_project_domain_id': None, 'service_roles': []} {{(pid=46333) fill_context /opt/stack/keystone/keystone/server/flask/request_processing/middleware/auth_context.py:480}}
Nov 13 21:46:59 user devstack@keystone.service[46333]: DEBUG keystone.server.flask.request_processing.req_logging [None req-d99472bc-dbfc-4cb5-9416-1c307131dfd8 None admin] REQUEST_METHOD: `GET` {{(pid=46333) log_request_info /opt/stack/keystone/keystone/server/flask/request_processing/req_logging.py:27}}
Nov 13 21:46:59 user devstack@keystone.service[46333]: DEBUG keystone.server.flask.request_processing.req_logging [None req-d99472bc-dbfc-4cb5-9416-1c307131dfd8 None admin] SCRIPT_NAME: `/identity` {{(pid=46333) log_request_info /opt/stack/keystone/keystone/server/flask/request_processing/req_logging.py:28}}
Nov 13 21:46:59 user devstack@keystone.service[46333]: DEBUG keystone.server.flask.request_processing.req_logging [None req-d99472bc-dbfc-4cb5-9416-1c307131dfd8 None admin] PATH_INFO: `/v3/domains` {{(pid=46333) log_request_info /opt/stack/keystone/keystone/server/flask/request_processing/req_logging.py:29}}
Nov 13 21:46:59 user devstack@keystone.service[46333]: DEBUG keystone.common.rbac_enforcer.enforcer [None req-d99472bc-dbfc-4cb5-9416-1c307131dfd8 None admin] RBAC: Adding query filter params (name=Default) {{(pid=46333) _extract_filter_values /opt/stack/keystone/keystone/common/rbac_enforcer/enforcer.py:167}}
Nov 13 21:46:59 user devstack@keystone.service[46333]: DEBUG keystone.common.rbac_enforcer.enforcer [None req-d99472bc-dbfc-4cb5-9416-1c307131dfd8 None admin] RBAC: Authorizing `identity:list_domains()` {{(pid=46333) enforce_call /opt/stack/keystone/keystone/common/rbac_enforcer/enforcer.py:449}}
Nov 13 21:46:59 user devstack@keystone.service[46333]: DEBUG keystone.common.rbac_enforcer.enforcer [None req-d99472bc-dbfc-4cb5-9416-1c307131dfd8 None admin] RBAC: Authorization granted {{(pid=46333) enforce_call /opt/stack/keystone/keystone/common/rbac_enforcer/enforcer.py:457}}
Nov 13 21:46:59 user devstack@keystone.service[46334]: DEBUG keystone.server.flask.request_processing.middleware.auth_context [None req-1ea355ca-36e6-42da-a52d-ec83787471c5 None admin] RBAC: auth_context: {'token': , 'domain_id': None, 'trust_id': None, 'trustor_id': None, 'trustee_id': None, 'domain_name': None, 'group_ids': [], 'user_id': 'f89df48ed8c445438f2ce62eb68c7cd0', 'user_domain_id': 'default', 'system_scope': 'all', 'project_id': None, 'project_domain_id': None, 'roles': ['admin', 'manager', 'member', 'reader'], 'is_admin_project': True, 'service_user_id': None, 'service_user_domain_id': None, 'service_project_id': None, 'service_project_domain_id': None, 'service_roles': []} {{(pid=46334) fill_context /opt/stack/keystone/keystone/server/flask/request_processing/middleware/auth_context.py:480}}
Nov 13 21:46:59 user devstack@keystone.service[46333]: [pid: 46333|app: 0|req: 95/294] 10.0.0.210 () {56 vars in 1104 bytes} [Mon Nov 13 21:46:58 2023] GET /identity/v3/domains?name=Default => generated 306 bytes in 156 msecs (HTTP/1.1 200) 5 headers in 177 bytes (1 switches on core 0)
Nov 13 21:46:59 user devstack@keystone.service[46334]: DEBUG keystone.server.flask.request_processing.req_logging [None req-1ea355ca-36e6-42da-a52d-ec83787471c5 None admin] REQUEST_METHOD: `GET` {{(pid=46334) log_request_info /opt/stack/keystone/keystone/server/flask/request_processing/req_logging.py:27}}
Nov 13 21:46:59 user devstack@keystone.service[46334]: DEBUG keystone.server.flask.request_processing.req_logging [None req-1ea355ca-36e6-42da-a52d-ec83787471c5 None admin] SCRIPT_NAME: `/identity` {{(pid=46334) log_request_info /opt/stack/keystone/keystone/server/flask/request_processing/req_logging.py:28}}
Nov 13 21:46:59 user devstack@keystone.service[46334]: DEBUG keystone.server.flask.request_processing.req_logging [None req-1ea355ca-36e6-42da-a52d-ec83787471c5 None admin] PATH_INFO: `/v3/domains/Default` {{(pid=46334) log_request_info /opt/stack/keystone/keystone/server/flask/request_processing/req_logging.py:29}}
Nov 13 21:46:59 user devstack@keystone.service[46335]: DEBUG keystone.server.flask.request_processing.middleware.auth_context [None req-61fa998c-e4f5-492e-821a-cdc798235cfa None admin] Authenticating user token {{(pid=46335) process_request /opt/stack/data/venv/lib/python3.10/site-packages/keystonemiddleware/auth_token/__init__.py:406}}
Nov 13 21:46:59 user devstack@keystone.service[46334]: DEBUG keystone.common.rbac_enforcer.enforcer [None req-1ea355ca-36e6-42da-a52d-ec83787471c5 None admin] RBAC: Authorizing `identity:get_domain(domain_id=Default)` {{(pid=46334) enforce_call /opt/stack/keystone/keystone/common/rbac_enforcer/enforcer.py:449}}
Nov 13 21:46:59 user devstack@keystone.service[46334]: DEBUG keystone.common.rbac_enforcer.enforcer [None req-1ea355ca-36e6-42da-a52d-ec83787471c5 None admin] RBAC: Authorization granted {{(pid=46334) enforce_call /opt/stack/keystone/keystone/common/rbac_enforcer/enforcer.py:457}}
Nov 13 21:46:59 user devstack@keystone.service[46334]: ERROR keystone.server.flask.application [None req-1ea355ca-36e6-42da-a52d-ec83787471c5 None admin] Could not find domain: Default.: keystone.exception.DomainNotFound: Could not find domain: Default.
Nov 13 21:46:59 user devstack@keystone.service[46334]: ERROR keystone.server.flask.application
Traceback (most recent call last):
Nov 13 21:46:59 user devstack@keystone.service[46334]: ERROR keystone.server.flask.application
File "/opt/stack/data/venv/lib/python3.10/site-packages/flask/app.py", line 1823, in full_dispatch_request
Nov 13 21:46:59 user devstack@keystone.service[46334]: ERROR keystone.server.flask.application rv = self.dispatch_request()
Nov 13 21:46:59 user devstack@keystone.service[46334]: ERROR keystone.server.flask.application
File "/opt/stack/data/venv/lib/python3.10/site-packages/flask/app.py", line 1799, in dispatch_request
Nov 13 21:46:59 user devstack@keystone.service[46334]: ERROR keystone.server.flask.application return self.ensure_sync(self.view_functions[rule.endpoint])(**view_args)
Nov 13 21:46:59 user devstack@keystone.service[46334]: ERROR keystone.server.flask.application
File "/opt/stack/data/venv/lib/python3.10/site-packages/flask_restful/__init__.py", line 489, in wrapper
Nov 13 21:46:59 user devstack@keystone.service[46334]: ERROR keystone.server.flask.application resp = resource(*args, **kwargs)
Nov 13 21:46:59 user devstack@keystone.service[46334]: ERROR keystone.server.flask.application
File "/opt/stack/data/venv/lib/python3.10/site-packages/flask/views.py", line 107, in view
Nov 13 21:46:59 user devstack@keystone.service[46334]: ERROR keystone.server.flask.application return current_app.ensure_sync(self.dispatch_request)(**kwargs)
Nov 13 21:46:59 user devstack@keystone.service[46334]: ERROR keystone.server.flask.application
File "/opt/stack/data/venv/lib/python3.10/site-packages/flask_restful/__init__.py", line 604, in dispatch_request
Nov 13 21:46:59 user devstack@keystone.service[46334]: ERROR keystone.server.flask.application resp = meth(*args, **kwargs)
Nov 13 21:46:59 user devstack@keystone.service[46334]: ERROR keystone.server.flask.application
File "/opt/stack/keystone/keystone/api/domains.py", line 89, in get
Nov 13 21:46:59 user devstack@keystone.service[46334]: ERROR keystone.server.flask.application return self._get_domain(domain_id)
Nov 13 21:46:59 user devstack@keystone.service[46334]: ERROR keystone.server.flask.application
File "/opt/stack/keystone/keystone/api/domains.py", line 97, in _get_domain
Nov 13 21:46:59 user devstack@keystone.service[46334]: ERROR keystone.server.flask.application domain = PROVIDERS.resource_api.get_domain(domain_id)
Nov 13 21:46:59 user devstack@keystone.service[46334]: ERROR keystone.server.flask.application
File "/opt/stack/keystone/keystone/common/manager.py", line 115, in wrapped
Nov 13 21:46:59 user devstack@keystone.service[46334]: ERROR keystone.server.flask.application __ret_val = __f(*args, **kwargs)
Nov 13 21:46:59 user devstack@keystone.service[46334]: ERROR keystone.server.flask.application
File "/opt/stack/data/venv/lib/python3.10/site-packages/decorator.py", line 232, in fun
Nov 13 21:46:59 user devstack@keystone.service[46334]: ERROR keystone.server.flask.application return caller(func, *(extras + args), **kw)
Nov 13 21:46:59 user devstack@keystone.service[46334]: ERROR keystone.server.flask.application
File "/opt/stack/data/venv/lib/python3.10/site-packages/dogpile/cache/region.py", line 1594, in get_or_create_for_user_func
Nov 13 21:46:59 user devstack@keystone.service[46334]: ERROR keystone.server.flask.application return self.get_or_create(
Nov 13 21:46:59 user devstack@keystone.service[46334]: ERROR keystone.server.flask.application
File "/opt/stack/data/venv/lib/python3.10/site-packages/dogpile/cache/region.py", line 1054, in get_or_create
Nov 13 21:46:59 user devstack@keystone.service[46334]: ERROR keystone.server.flask.application with Lock(
Nov 13 21:46:59 user devstack@keystone.service[46334]: ERROR keystone.server.flask.application
File "/opt/stack/data/venv/lib/python3.10/site-packages/dogpile/lock.py", line 185, in __enter__
Nov 13 21:46:59 user devstack@keystone.service[46334]: ERROR keystone.server.flask.application return self._enter()
Nov 13 21:46:59 user devstack@keystone.service[46334]: ERROR keystone.server.flask.application
File "/opt/stack/data/venv/lib/python3.10/site-packages/dogpile/lock.py", line 94, in _enter
Nov 13 21:46:59 user devstack@keystone.service[46334]: ERROR keystone.server.flask.application generated = self._enter_create(value, createdtime)
Nov 13 21:46:59 user devstack@keystone.service[46334]: ERROR keystone.server.flask.application
File "/opt/stack/data/venv/lib/python3.10/site-packages/dogpile/lock.py", line 178, in _enter_create
Nov 13 21:46:59 user devstack@keystone.service[46334]: ERROR keystone.server.flask.application return self.creator()
Nov 13 21:46:59 user devstack@keystone.service[46334]: ERROR keystone.server.flask.application
File "/opt/stack/data/venv/lib/python3.10/site-packages/dogpile/cache/region.py", line 1007, in gen_value
Nov 13 21:46:59 user devstack@keystone.service[46334]: ERROR keystone.server.flask.application created_value = creator(
Nov 13 21:46:59 user devstack@keystone.service[46334]: ERROR keystone.server.flask.application
File "/opt/stack/keystone/keystone/resource/core.py", line 716, in get_domain
Nov 13 21:46:59 user devstack@keystone.service[46334]: ERROR keystone.server.flask.application raise exception.DomainNotFound(domain_id=domain_id)
Nov 13 21:46:59 user devstack@keystone.service[46334]: ERROR keystone.server.flask.application keystone.exception.DomainNotFound: Could not find domain: Default.
Nov 13 21:46:59 user devstack@keystone.service[46334]: ERROR keystone.server.flask.application
Nov 13 21:46:59 user devstack@keystone.service[46334]: [pid: 46334|app: 0|req: 99/295] 10.0.0.210 () {56 vars in 1103 bytes} [Mon Nov 13 21:46:58 2023] GET /identity/v3/domains/Default => generated 87 bytes in 170 msecs (HTTP/1.1 404) 5 headers in 183 bytes (1 switches on core 0)
Nov 13 21:46:59 user devstack@keystone.service[46333]: DEBUG keystone.server.flask.request_processing.middleware.auth_context [None req-d99472bc-dbfc-4cb5-9416-1c307131dfd8 None admin] Authenticating user token {{(pid=46333) process_request /opt/stack/data/venv/lib/python3.10/site-packages/keystonemiddleware/auth_token/__init__.py:406}}
Nov 13 21:46:59 user devstack@keystone.service[46335]: DEBUG keystone.server.flask.request_processing.middleware.auth_context [None req-61fa998c-e4f5-492e-821a-cdc798235cfa None admin] Validating token access rules against request {{(pid=46335) validate_allowed_request /opt/stack/data/venv/lib/python3.10/site-packages/keystonemiddleware/auth_token/__init__.py:544}}
Nov 13 21:46:59 user devstack@keystone.service[46333]: DEBUG keystone.server.flask.request_processing.middleware.auth_context [None req-d99472bc-dbfc-4cb5-9416-1c307131dfd8 None admin] Validating token access rules against request {{(pid=46333) validate_allowed_request /opt/stack/data/venv/lib/python3.10/site-packages/keystonemiddleware/auth_token/__init__.py:544}}
Nov 13 21:46:59 user devstack@keystone.service[46335]: DEBUG keystone.server.flask.request_processing.middleware.auth_context [None req-c0193dd4-9d81-4bc4-8d6e-cf9c69dcdb01 None admin] RBAC: auth_context: {'token': , 'domain_id': None, 'trust_id': None, 'trustor_id': None, 'trustee_id': None, 'domain_name': None, 'group_ids': [], 'user_id': 'f89df48ed8c445438f2ce62eb68c7cd0', 'user_domain_id': 'default', 'system_scope': 'all', 'project_id': None, 'project_domain_id': None, 'roles': ['admin', 'manager', 'member', 'reader'], 'is_admin_project': True, 'service_user_id': None, 'service_user_domain_id': None, 'service_project_id': None, 'service_project_domain_id': None, 'service_roles': []} {{(pid=46335) fill_context /opt/stack/keystone/keystone/server/flask/request_processing/middleware/auth_context.py:480}}
Nov 13 21:46:59 user devstack@keystone.service[46335]: DEBUG keystone.server.flask.request_processing.req_logging [None req-c0193dd4-9d81-4bc4-8d6e-cf9c69dcdb01 None admin] REQUEST_METHOD: `POST` {{(pid=46335) log_request_info /opt/stack/keystone/keystone/server/flask/request_processing/req_logging.py:27}}
Nov 13 21:46:59 user devstack@keystone.service[46335]: DEBUG keystone.server.flask.request_processing.req_logging [None req-c0193dd4-9d81-4bc4-8d6e-cf9c69dcdb01 None admin] SCRIPT_NAME: `/identity` {{(pid=46335) log_request_info /opt/stack/keystone/keystone/server/flask/request_processing/req_logging.py:28}}
Nov 13 21:46:59 user devstack@keystone.service[46335]: DEBUG keystone.server.flask.request_processing.req_logging [None req-c0193dd4-9d81-4bc4-8d6e-cf9c69dcdb01 None admin] PATH_INFO: `/v3/users` {{(pid=46335) log_request_info /opt/stack/keystone/keystone/server/flask/request_processing/req_logging.py:29}}
Nov 13 21:46:59 user devstack@keystone.service[46335]: DEBUG keystone.common.rbac_enforcer.enforcer [None req-c0193dd4-9d81-4bc4-8d6e-cf9c69dcdb01 None admin] RBAC: Authorizing `identity:create_user()` {{(pid=46335) enforce_call /opt/stack/keystone/keystone/common/rbac_enforcer/enforcer.py:449}}
Nov 13 21:46:59 user devstack@keystone.service[46334]: DEBUG keystone.server.flask.request_processing.req_logging [None req-ac5ead04-c38a-404a-890f-0ef854431d4c None None] REQUEST_METHOD: `GET` {{(pid=46334) log_request_info /opt/stack/keystone/keystone/server/flask/request_processing/req_logging.py:27}}
Nov 13 21:46:59 user devstack@keystone.service[46334]: DEBUG keystone.server.flask.request_processing.req_logging [None req-ac5ead04-c38a-404a-890f-0ef854431d4c None None] SCRIPT_NAME: `/identity` {{(pid=46334) log_request_info /opt/stack/keystone/keystone/server/flask/request_processing/req_logging.py:28}}
Nov 13 21:46:59 user devstack@keystone.service[46335]: DEBUG keystone.common.rbac_enforcer.enforcer [None req-c0193dd4-9d81-4bc4-8d6e-cf9c69dcdb01 None admin] RBAC: Authorization granted {{(pid=46335) enforce_call /opt/stack/keystone/keystone/common/rbac_enforcer/enforcer.py:457}}
Nov 13 21:46:59 user devstack@keystone.service[46334]: DEBUG keystone.server.flask.request_processing.req_logging [None req-ac5ead04-c38a-404a-890f-0ef854431d4c None None] PATH_INFO: `/` {{(pid=46334) log_request_info /opt/stack/keystone/keystone/server/flask/request_processing/req_logging.py:29}}
Nov 13 21:46:59 user devstack@keystone.service[46334]: [pid: 46334|app: 0|req: 100/296] 10.0.0.210 () {54 vars in 921 bytes} [Mon Nov 13 21:46:59 2023] GET /identity => generated 269 bytes in 3 msecs (HTTP/1.1 300) 6 headers in 233 bytes (1 switches on core 0)
Nov 13 21:46:59 user devstack@keystone.service[46335]: WARNING keystone.common.password_hashing [None req-c0193dd4-9d81-4bc4-8d6e-cf9c69dcdb01 None admin] Truncating password to algorithm specific maximum length 72 characters.
Nov 13 21:46:59 user devstack@keystone.service[46334]: DEBUG keystone.server.flask.request_processing.middleware.auth_context [None req-ac5ead04-c38a-404a-890f-0ef854431d4c None None] Authenticating user token {{(pid=46334) process_request /opt/stack/data/venv/lib/python3.10/site-packages/keystonemiddleware/auth_token/__init__.py:406}}
Nov 13 21:46:59 user devstack@keystone.service[46333]: DEBUG keystone.server.flask.request_processing.middleware.auth_context [None req-43af5777-5d81-4cec-a71c-d266084de78d None admin] RBAC: auth_context: {'token': , 'domain_id': None, 'trust_id': None, 'trustor_id': None, 'trustee_id': None, 'domain_name': None, 'group_ids': [], 'user_id': 'f89df48ed8c445438f2ce62eb68c7cd0', 'user_domain_id': 'default', 'system_scope': 'all', 'project_id': None, 'project_domain_id': None, 'roles': ['admin', 'manager', 'member', 'reader'], 'is_admin_project': True, 'service_user_id': None, 'service_user_domain_id': None, 'service_project_id': None, 'service_project_domain_id': None, 'service_roles': []} {{(pid=46333) fill_context /opt/stack/keystone/keystone/server/flask/request_processing/middleware/auth_context.py:480}}
Nov 13 21:46:59 user devstack@keystone.service[46335]: [pid: 46335|app: 0|req: 102/297] 10.0.0.210 () {60 vars in 1127 bytes} [Mon Nov 13 21:46:59 2023] POST /identity/v3/users => generated 247 bytes in 163 msecs (HTTP/1.1 201) 5 headers in 182 bytes (1 switches on core 0)
Nov 13 21:46:59 user devstack@keystone.service[46333]: DEBUG keystone.server.flask.request_processing.req_logging [None req-43af5777-5d81-4cec-a71c-d266084de78d None admin] REQUEST_METHOD: `GET` {{(pid=46333) log_request_info /opt/stack/keystone/keystone/server/flask/request_processing/req_logging.py:27}}
Nov 13 21:46:59 user devstack@keystone.service[46333]: DEBUG keystone.server.flask.request_processing.req_logging [None req-43af5777-5d81-4cec-a71c-d266084de78d None admin] SCRIPT_NAME: `/identity` {{(pid=46333) log_request_info /opt/stack/keystone/keystone/server/flask/request_processing/req_logging.py:28}}
Nov 13 21:46:59 user devstack@keystone.service[46333]: DEBUG keystone.server.flask.request_processing.req_logging [None req-43af5777-5d81-4cec-a71c-d266084de78d None admin] PATH_INFO: `/v3/domains` {{(pid=46333) log_request_info /opt/stack/keystone/keystone/server/flask/request_processing/req_logging.py:29}}
Nov 13 21:46:59 user devstack@keystone.service[46333]: DEBUG keystone.common.rbac_enforcer.enforcer [None req-43af5777-5d81-4cec-a71c-d266084de78d None admin] RBAC: Adding query filter params (name=Default) {{(pid=46333) _extract_filter_values /opt/stack/keystone/keystone/common/rbac_enforcer/enforcer.py:167}}
Nov 13 21:46:59 user devstack@keystone.service[46333]: DEBUG keystone.common.rbac_enforcer.enforcer [None req-43af5777-5d81-4cec-a71c-d266084de78d None admin] RBAC: Authorizing `identity:list_domains()` {{(pid=46333) enforce_call /opt/stack/keystone/keystone/common/rbac_enforcer/enforcer.py:449}}
Nov 13 21:46:59 user devstack@keystone.service[46333]: DEBUG keystone.common.rbac_enforcer.enforcer [None req-43af5777-5d81-4cec-a71c-d266084de78d None admin] RBAC: Authorization granted {{(pid=46333) enforce_call /opt/stack/keystone/keystone/common/rbac_enforcer/enforcer.py:457}}
Nov 13 21:46:59 user devstack@keystone.service[46333]: [pid: 46333|app: 0|req: 96/298] 10.0.0.210 () {56 vars in 1104 bytes} [Mon Nov 13 21:46:59 2023] GET /identity/v3/domains?name=Default => generated 306 bytes in 147 msecs (HTTP/1.1 200) 5 headers in 177 bytes (1 switches on core 0)
Nov 13 21:46:59 user devstack@keystone.service[46335]: DEBUG keystone.server.flask.request_processing.middleware.auth_context [None req-c0193dd4-9d81-4bc4-8d6e-cf9c69dcdb01 None admin] Authenticating user token {{(pid=46335) process_request /opt/stack/data/venv/lib/python3.10/site-packages/keystonemiddleware/auth_token/__init__.py:406}}
Nov 13 21:46:59 user devstack@keystone.service[46334]: DEBUG keystone.server.flask.request_processing.middleware.auth_context [None req-ac5ead04-c38a-404a-890f-0ef854431d4c None None] Validating token access rules against request {{(pid=46334) validate_allowed_request /opt/stack/data/venv/lib/python3.10/site-packages/keystonemiddleware/auth_token/__init__.py:544}}
Nov 13 21:46:59 user devstack@keystone.service[46335]: DEBUG keystone.server.flask.request_processing.middleware.auth_context [None req-c0193dd4-9d81-4bc4-8d6e-cf9c69dcdb01 None admin] Validating token access rules against request {{(pid=46335) validate_allowed_request /opt/stack/data/venv/lib/python3.10/site-packages/keystonemiddleware/auth_token/__init__.py:544}}
Nov 13 21:46:59 user devstack@keystone.service[46334]: DEBUG keystone.server.flask.request_processing.middleware.auth_context [None req-e274595d-bcf7-4d86-a14a-2ff891a9f249 None admin] RBAC: auth_context: {'token': , 'domain_id': None, 'trust_id': None, 'trustor_id': None, 'trustee_id': None, 'domain_name': None, 'group_ids': [], 'user_id': 'f89df48ed8c445438f2ce62eb68c7cd0', 'user_domain_id': 'default', 'system_scope': 'all', 'project_id': None, 'project_domain_id': None, 'roles': ['admin', 'manager', 'member', 'reader'], 'is_admin_project': True, 'service_user_id': None, 'service_user_domain_id': None, 'service_project_id': None, 'service_project_domain_id': None, 'service_roles': []} {{(pid=46334) fill_context /opt/stack/keystone/keystone/server/flask/request_processing/middleware/auth_context.py:480}}
Nov 13 21:46:59 user devstack@keystone.service[46334]: DEBUG keystone.server.flask.request_processing.req_logging [None req-e274595d-bcf7-4d86-a14a-2ff891a9f249 None admin] REQUEST_METHOD: `GET` {{(pid=46334) log_request_info /opt/stack/keystone/keystone/server/flask/request_processing/req_logging.py:27}}
Nov 13 21:46:59 user devstack@keystone.service[46334]: DEBUG keystone.server.flask.request_processing.req_logging [None req-e274595d-bcf7-4d86-a14a-2ff891a9f249 None admin] SCRIPT_NAME: `/identity` {{(pid=46334) log_request_info /opt/stack/keystone/keystone/server/flask/request_processing/req_logging.py:28}}
Nov 13 21:46:59 user devstack@keystone.service[46334]: DEBUG keystone.server.flask.request_processing.req_logging [None req-e274595d-bcf7-4d86-a14a-2ff891a9f249 None admin] PATH_INFO: `/v3/domains/Default` {{(pid=46334) log_request_info /opt/stack/keystone/keystone/server/flask/request_processing/req_logging.py:29}}
Nov 13 21:46:59 user devstack@keystone.service[46334]: DEBUG keystone.common.rbac_enforcer.enforcer [None req-e274595d-bcf7-4d86-a14a-2ff891a9f249 None admin] RBAC: Authorizing `identity:get_domain(domain_id=Default)` {{(pid=46334) enforce_call /opt/stack/keystone/keystone/common/rbac_enforcer/enforcer.py:449}}
Nov 13 21:46:59 user devstack@keystone.service[46334]: DEBUG keystone.common.rbac_enforcer.enforcer [None req-e274595d-bcf7-4d86-a14a-2ff891a9f249 None admin] RBAC: Authorization granted {{(pid=46334) enforce_call /opt/stack/keystone/keystone/common/rbac_enforcer/enforcer.py:457}}
Nov 13 21:46:59 user devstack@keystone.service[46334]: ERROR keystone.server.flask.application [None req-e274595d-bcf7-4d86-a14a-2ff891a9f249 None admin] Could not find domain: Default.: keystone.exception.DomainNotFound: Could not find domain: Default.
Nov 13 21:46:59 user devstack@keystone.service[46334]: ERROR keystone.server.flask.application
Traceback (most recent call last):
Nov 13 21:46:59 user devstack@keystone.service[46334]: ERROR keystone.server.flask.application
File "/opt/stack/data/venv/lib/python3.10/site-packages/flask/app.py", line 1823, in full_dispatch_request
Nov 13 21:46:59 user devstack@keystone.service[46334]: ERROR keystone.server.flask.application rv = self.dispatch_request()
Nov 13 21:46:59 user devstack@keystone.service[46334]: ERROR keystone.server.flask.application
File "/opt/stack/data/venv/lib/python3.10/site-packages/flask/app.py", line 1799, in dispatch_request
Nov 13 21:46:59 user devstack@keystone.service[46334]: ERROR keystone.server.flask.application return self.ensure_sync(self.view_functions[rule.endpoint])(**view_args)
Nov 13 21:46:59 user devstack@keystone.service[46334]: ERROR keystone.server.flask.application
File "/opt/stack/data/venv/lib/python3.10/site-packages/flask_restful/__init__.py", line 489, in wrapper
Nov 13 21:46:59 user devstack@keystone.service[46334]: ERROR keystone.server.flask.application resp = resource(*args, **kwargs)
Nov 13 21:46:59 user devstack@keystone.service[46334]: ERROR keystone.server.flask.application
File "/opt/stack/data/venv/lib/python3.10/site-packages/flask/views.py", line 107, in view
Nov 13 21:46:59 user devstack@keystone.service[46334]: ERROR keystone.server.flask.application return current_app.ensure_sync(self.dispatch_request)(**kwargs)
Nov 13 21:46:59 user devstack@keystone.service[46334]: ERROR keystone.server.flask.application
File "/opt/stack/data/venv/lib/python3.10/site-packages/flask_restful/__init__.py", line 604, in dispatch_request
Nov 13 21:46:59 user devstack@keystone.service[46334]: ERROR keystone.server.flask.application resp = meth(*args, **kwargs)
Nov 13 21:46:59 user devstack@keystone.service[46334]: ERROR keystone.server.flask.application
File "/opt/stack/keystone/keystone/api/domains.py", line 89, in get
Nov 13 21:46:59 user devstack@keystone.service[46334]: ERROR keystone.server.flask.application return self._get_domain(domain_id)
Nov 13 21:46:59 user devstack@keystone.service[46334]: ERROR keystone.server.flask.application
File "/opt/stack/keystone/keystone/api/domains.py", line 97, in _get_domain
Nov 13 21:46:59 user devstack@keystone.service[46334]: ERROR keystone.server.flask.application domain = PROVIDERS.resource_api.get_domain(domain_id)
