Apr 18 13:29:26 user devstack@keystone.service[43319]: DEBUG keystone.server.flask.request_processing.req_logging [None req-798761f1-53a7-42b2-a22f-f92ede8e2a3a None None] PATH_INFO: `/v3/auth/tokens` {{(pid=43319) log_request_info /opt/stack/keystone/keystone/server/flask/request_processing/req_logging.py:29}}
Apr 18 13:29:26 user devstack@keystone.service[43319]: WARNING keystone.common.password_hashing [None req-798761f1-53a7-42b2-a22f-f92ede8e2a3a None None] Truncating password to algorithm specific maximum length 54 characters.
Apr 18 13:29:26 user devstack@keystone.service[43319]: DEBUG keystone.auth.core [None req-798761f1-53a7-42b2-a22f-f92ede8e2a3a None None] MFA Rules not processed for user `b8ad98dab34e4f2da937dc8e379eefc1`. Rule list: `[]` (Enabled: `True`). {{(pid=43319) check_auth_methods_against_rules /opt/stack/keystone/keystone/auth/core.py:438}}
Apr 18 13:29:26 user devstack@keystone.service[43319]: DEBUG keystone.common.fernet_utils [None req-798761f1-53a7-42b2-a22f-f92ede8e2a3a None None] Loaded 2 Fernet keys from /etc/keystone/fernet-keys/, but `[fernet_tokens] max_active_keys = 3`; perhaps there have not been enough key rotations to reach `max_active_keys` yet? {{(pid=43319) load_keys /opt/stack/keystone/keystone/common/fernet_utils.py:286}}
Apr 18 13:29:26 user devstack@keystone.service[43319]: [pid: 43319|app: 0|req: 66/192] 10.0.0.210 () {58 vars in 1017 bytes} [Tue Apr 18 13:29:26 2023] POST /identity/v3/auth/tokens => generated 798 bytes in 81 msecs (HTTP/1.1 201) 6 headers in 363 bytes (1 switches on core 0)
Apr 18 13:29:26 user devstack@keystone.service[43321]: DEBUG keystone.server.flask.request_processing.middleware.auth_context [None req-a3760c88-7cee-4b8a-914a-de036e08c8cd None None] Authenticating user token {{(pid=43321) process_request /usr/local/lib/python3.10/dist-packages/keystonemiddleware/auth_token/__init__.py:406}}
Apr 18 13:29:26 user devstack@keystone.service[43321]: DEBUG dbcounter [-] [43321] Writing DB stats keystone:SELECT=100 {{(pid=43321) stat_writer /usr/local/lib/python3.10/dist-packages/dbcounter.py:117}}
Apr 18 13:29:26 user devstack@keystone.service[43320]: DEBUG keystone.server.flask.request_processing.middleware.auth_context [None req-8d820b65-e032-4864-8f7c-d3c9f9eae1ab None None] Authenticating user token {{(pid=43320) process_request /usr/local/lib/python3.10/dist-packages/keystonemiddleware/auth_token/__init__.py:406}}
Apr 18 13:29:26 user devstack@keystone.service[43321]: DEBUG keystone.server.flask.request_processing.middleware.auth_context [None req-a3760c88-7cee-4b8a-914a-de036e08c8cd None None] Validating token access rules against request {{(pid=43321) validate_allowed_request /usr/local/lib/python3.10/dist-packages/keystonemiddleware/auth_token/__init__.py:544}}
Apr 18 13:29:26 user devstack@keystone.service[43321]: DEBUG keystone.server.flask.request_processing.middleware.auth_context [None req-7a496cbd-12ab-4a77-ac9e-75c68e4703f9 None admin] RBAC: auth_context: {'token': , 'domain_id': None, 'trust_id': None, 'trustor_id': None, 'trustee_id': None, 'domain_name': None, 'group_ids': [], 'user_id': 'b8ad98dab34e4f2da937dc8e379eefc1', 'user_domain_id': 'default', 'system_scope': 'all', 'project_id': None, 'project_domain_id': None, 'roles': ['admin', 'member', 'reader'], 'is_admin_project': True, 'service_user_id': None, 'service_user_domain_id': None, 'service_project_id': None, 'service_project_domain_id': None, 'service_roles': []} {{(pid=43321) fill_context /opt/stack/keystone/keystone/server/flask/request_processing/middleware/auth_context.py:478}}
Apr 18 13:29:26 user devstack@keystone.service[43321]: DEBUG keystone.server.flask.request_processing.req_logging [None req-7a496cbd-12ab-4a77-ac9e-75c68e4703f9 None admin] REQUEST_METHOD: `GET` {{(pid=43321) log_request_info /opt/stack/keystone/keystone/server/flask/request_processing/req_logging.py:27}}
Apr 18 13:29:26 user devstack@keystone.service[43321]: DEBUG keystone.server.flask.request_processing.req_logging [None req-7a496cbd-12ab-4a77-ac9e-75c68e4703f9 None admin] SCRIPT_NAME: `/identity` {{(pid=43321) log_request_info /opt/stack/keystone/keystone/server/flask/request_processing/req_logging.py:28}}
Apr 18 13:29:26 user devstack@keystone.service[43321]: DEBUG keystone.server.flask.request_processing.req_logging [None req-7a496cbd-12ab-4a77-ac9e-75c68e4703f9 None admin] PATH_INFO: `/v3/roles/reader` {{(pid=43321) log_request_info /opt/stack/keystone/keystone/server/flask/request_processing/req_logging.py:29}}
Apr 18 13:29:27 user devstack@keystone.service[43321]: DEBUG keystone.common.rbac_enforcer.enforcer [None req-7a496cbd-12ab-4a77-ac9e-75c68e4703f9 None admin] Extracting inferred target data resulted in "NOT FOUND (404)". {{(pid=43321) enforce_call /opt/stack/keystone/keystone/common/rbac_enforcer/enforcer.py:409}}
Apr 18 13:29:27 user devstack@keystone.service[43321]: ERROR keystone.server.flask.application [None req-7a496cbd-12ab-4a77-ac9e-75c68e4703f9 None admin] Could not find role: reader.: keystone.exception.RoleNotFound: Could not find role: reader.
Apr 18 13:29:27 user devstack@keystone.service[43321]: ERROR keystone.server.flask.application
Traceback (most recent call last):
Apr 18 13:29:27 user devstack@keystone.service[43321]: ERROR keystone.server.flask.application
File "/usr/local/lib/python3.10/dist-packages/flask/app.py", line 1823, in full_dispatch_request
Apr 18 13:29:27 user devstack@keystone.service[43321]: ERROR keystone.server.flask.application rv = self.dispatch_request()
Apr 18 13:29:27 user devstack@keystone.service[43321]: ERROR keystone.server.flask.application
File "/usr/local/lib/python3.10/dist-packages/flask/app.py", line 1799, in dispatch_request
Apr 18 13:29:27 user devstack@keystone.service[43321]: ERROR keystone.server.flask.application return self.ensure_sync(self.view_functions[rule.endpoint])(**view_args)
Apr 18 13:29:27 user devstack@keystone.service[43321]: ERROR keystone.server.flask.application
File "/usr/local/lib/python3.10/dist-packages/flask_restful/__init__.py", line 467, in wrapper
Apr 18 13:29:27 user devstack@keystone.service[43321]: ERROR keystone.server.flask.application resp = resource(*args, **kwargs)
Apr 18 13:29:27 user devstack@keystone.service[43321]: ERROR keystone.server.flask.application
File "/usr/local/lib/python3.10/dist-packages/flask/views.py", line 107, in view
Apr 18 13:29:27 user devstack@keystone.service[43321]: ERROR keystone.server.flask.application return current_app.ensure_sync(self.dispatch_request)(**kwargs)
Apr 18 13:29:27 user devstack@keystone.service[43321]: ERROR keystone.server.flask.application
File "/usr/local/lib/python3.10/dist-packages/flask_restful/__init__.py", line 582, in dispatch_request
Apr 18 13:29:27 user devstack@keystone.service[43321]: ERROR keystone.server.flask.application resp = meth(*args, **kwargs)
Apr 18 13:29:27 user devstack@keystone.service[43321]: ERROR keystone.server.flask.application
File "/opt/stack/keystone/keystone/api/roles.py", line 50, in get
Apr 18 13:29:27 user devstack@keystone.service[43321]: ERROR keystone.server.flask.application return self._get_role(role_id)
Apr 18 13:29:27 user devstack@keystone.service[43321]: ERROR keystone.server.flask.application
File "/opt/stack/keystone/keystone/api/roles.py", line 70, in _get_role
Apr 18 13:29:27 user devstack@keystone.service[43321]: ERROR keystone.server.flask.application ENFORCER.enforce_call(action='identity:get_role')
Apr 18 13:29:27 user devstack@keystone.service[43321]: ERROR keystone.server.flask.application
File "/opt/stack/keystone/keystone/common/rbac_enforcer/enforcer.py", line 402, in enforce_call
Apr 18 13:29:27 user devstack@keystone.service[43321]: ERROR keystone.server.flask.application policy_dict.update(cls._extract_member_target_data(
Apr 18 13:29:27 user devstack@keystone.service[43321]: ERROR keystone.server.flask.application
File "/opt/stack/keystone/keystone/common/rbac_enforcer/enforcer.py", line 234, in _extract_member_target_data
Apr 18 13:29:27 user devstack@keystone.service[43321]: ERROR keystone.server.flask.application member_name: func(flask.request.view_args[key])
Apr 18 13:29:27 user devstack@keystone.service[43321]: ERROR keystone.server.flask.application
File "/opt/stack/keystone/keystone/common/manager.py", line 115, in wrapped
Apr 18 13:29:27 user devstack@keystone.service[43321]: ERROR keystone.server.flask.application __ret_val = __f(*args, **kwargs)
Apr 18 13:29:27 user devstack@keystone.service[43321]: ERROR keystone.server.flask.application
File "/usr/local/lib/python3.10/dist-packages/decorator.py", line 232, in fun
Apr 18 13:29:27 user devstack@keystone.service[43321]: ERROR keystone.server.flask.application return caller(func, *(extras + args), **kw)
Apr 18 13:29:27 user devstack@keystone.service[43321]: ERROR keystone.server.flask.application
File "/usr/local/lib/python3.10/dist-packages/dogpile/cache/region.py", line 1577, in get_or_create_for_user_func
Apr 18 13:29:27 user devstack@keystone.service[43321]: ERROR keystone.server.flask.application return self.get_or_create(
Apr 18 13:29:27 user devstack@keystone.service[43321]: ERROR keystone.server.flask.application
File "/usr/local/lib/python3.10/dist-packages/dogpile/cache/region.py", line 1042, in get_or_create
Apr 18 13:29:27 user devstack@keystone.service[43321]: ERROR keystone.server.flask.application with Lock(
Apr 18 13:29:27 user devstack@keystone.service[43321]: ERROR keystone.server.flask.application
File "/usr/local/lib/python3.10/dist-packages/dogpile/lock.py", line 185, in __enter__
Apr 18 13:29:27 user devstack@keystone.service[43321]: ERROR keystone.server.flask.application return self._enter()
Apr 18 13:29:27 user devstack@keystone.service[43321]: ERROR keystone.server.flask.application
File "/usr/local/lib/python3.10/dist-packages/dogpile/lock.py", line 94, in _enter
Apr 18 13:29:27 user devstack@keystone.service[43321]: ERROR keystone.server.flask.application generated = self._enter_create(value, createdtime)
Apr 18 13:29:27 user devstack@keystone.service[43321]: ERROR keystone.server.flask.application
File "/usr/local/lib/python3.10/dist-packages/dogpile/lock.py", line 178, in _enter_create
Apr 18 13:29:27 user devstack@keystone.service[43321]: ERROR keystone.server.flask.application return self.creator()
Apr 18 13:29:27 user devstack@keystone.service[43321]: ERROR keystone.server.flask.application
File "/usr/local/lib/python3.10/dist-packages/dogpile/cache/region.py", line 995, in gen_value
Apr 18 13:29:27 user devstack@keystone.service[43321]: ERROR keystone.server.flask.application created_value = creator(
Apr 18 13:29:27 user devstack@keystone.service[43321]: ERROR keystone.server.flask.application
File "/opt/stack/keystone/keystone/assignment/core.py", line 1276, in get_role
Apr 18 13:29:27 user devstack@keystone.service[43321]: ERROR keystone.server.flask.application return self.driver.get_role(role_id)
Apr 18 13:29:27 user devstack@keystone.service[43321]: ERROR keystone.server.flask.application
File "/opt/stack/keystone/keystone/assignment/role_backends/sql.py", line 70, in get_role
Apr 18 13:29:27 user devstack@keystone.service[43321]: ERROR keystone.server.flask.application return self._get_role(session, role_id).to_dict()
Apr 18 13:29:27 user devstack@keystone.service[43321]: ERROR keystone.server.flask.application
File "/opt/stack/keystone/keystone/assignment/role_backends/sql.py", line 65, in _get_role
Apr 18 13:29:27 user devstack@keystone.service[43321]: ERROR keystone.server.flask.application raise exception.RoleNotFound(role_id=role_id)
Apr 18 13:29:27 user devstack@keystone.service[43321]: ERROR keystone.server.flask.application keystone.exception.RoleNotFound: Could not find role: reader.
Apr 18 13:29:27 user devstack@keystone.service[43321]: ERROR keystone.server.flask.application
Apr 18 13:29:27 user devstack@keystone.service[43321]: [pid: 43321|app: 0|req: 64/193] 10.0.0.210 () {56 vars in 1094 bytes} [Tue Apr 18 13:29:26 2023] GET /identity/v3/roles/reader => generated 84 bytes in 133 msecs (HTTP/1.1 404) 5 headers in 183 bytes (1 switches on core 0)
Apr 18 13:29:27 user devstack@keystone.service[43319]: DEBUG keystone.server.flask.request_processing.middleware.auth_context [None req-798761f1-53a7-42b2-a22f-f92ede8e2a3a None None] Authenticating user token {{(pid=43319) process_request /usr/local/lib/python3.10/dist-packages/keystonemiddleware/auth_token/__init__.py:406}}
Apr 18 13:29:27 user devstack@keystone.service[43321]: DEBUG keystone.server.flask.request_processing.middleware.auth_context [None req-7a496cbd-12ab-4a77-ac9e-75c68e4703f9 None admin] Authenticating user token {{(pid=43321) process_request /usr/local/lib/python3.10/dist-packages/keystonemiddleware/auth_token/__init__.py:406}}
Apr 18 13:29:27 user devstack@keystone.service[43320]: DEBUG keystone.server.flask.request_processing.middleware.auth_context [None req-8d820b65-e032-4864-8f7c-d3c9f9eae1ab None None] Validating token access rules against request {{(pid=43320) validate_allowed_request /usr/local/lib/python3.10/dist-packages/keystonemiddleware/auth_token/__init__.py:544}}
Apr 18 13:29:27 user devstack@keystone.service[43320]: DEBUG keystone.server.flask.request_processing.middleware.auth_context [None req-701f3e18-0cb9-4d81-8344-91cd03804e79 None admin] RBAC: auth_context: {'token': , 'domain_id': None, 'trust_id': None, 'trustor_id': None, 'trustee_id': None, 'domain_name': None, 'group_ids': [], 'user_id': 'b8ad98dab34e4f2da937dc8e379eefc1', 'user_domain_id': 'default', 'system_scope': 'all', 'project_id': None, 'project_domain_id': None, 'roles': ['admin', 'member', 'reader'], 'is_admin_project': True, 'service_user_id': None, 'service_user_domain_id': None, 'service_project_id': None, 'service_project_domain_id': None, 'service_roles': []} {{(pid=43320) fill_context /opt/stack/keystone/keystone/server/flask/request_processing/middleware/auth_context.py:478}}
Apr 18 13:29:27 user devstack@keystone.service[43320]: DEBUG keystone.server.flask.request_processing.req_logging [None req-701f3e18-0cb9-4d81-8344-91cd03804e79 None admin] REQUEST_METHOD: `GET` {{(pid=43320) log_request_info /opt/stack/keystone/keystone/server/flask/request_processing/req_logging.py:27}}
Apr 18 13:29:27 user devstack@keystone.service[43320]: DEBUG keystone.server.flask.request_processing.req_logging [None req-701f3e18-0cb9-4d81-8344-91cd03804e79 None admin] SCRIPT_NAME: `/identity` {{(pid=43320) log_request_info /opt/stack/keystone/keystone/server/flask/request_processing/req_logging.py:28}}
Apr 18 13:29:27 user devstack@keystone.service[43320]: DEBUG keystone.server.flask.request_processing.req_logging [None req-701f3e18-0cb9-4d81-8344-91cd03804e79 None admin] PATH_INFO: `/v3/domains/default` {{(pid=43320) log_request_info /opt/stack/keystone/keystone/server/flask/request_processing/req_logging.py:29}}
Apr 18 13:29:27 user devstack@keystone.service[43320]: DEBUG keystone.common.rbac_enforcer.enforcer [None req-701f3e18-0cb9-4d81-8344-91cd03804e79 None admin] RBAC: Authorizing `identity:get_domain(domain_id=default)` {{(pid=43320) enforce_call /opt/stack/keystone/keystone/common/rbac_enforcer/enforcer.py:449}}
Apr 18 13:29:27 user devstack@keystone.service[43320]: DEBUG keystone.common.rbac_enforcer.enforcer [None req-701f3e18-0cb9-4d81-8344-91cd03804e79 None admin] RBAC: Authorization granted {{(pid=43320) enforce_call /opt/stack/keystone/keystone/common/rbac_enforcer/enforcer.py:457}}
Apr 18 13:29:27 user devstack@keystone.service[43320]: [pid: 43320|app: 0|req: 64/194] 10.0.0.210 () {56 vars in 1103 bytes} [Tue Apr 18 13:29:26 2023] GET /identity/v3/domains/default => generated 198 bytes in 124 msecs (HTTP/1.1 200) 5 headers in 177 bytes (1 switches on core 0)
Apr 18 13:29:27 user devstack@keystone.service[43320]: DEBUG keystone.server.flask.request_processing.middleware.auth_context [None req-701f3e18-0cb9-4d81-8344-91cd03804e79 None admin] Authenticating user token {{(pid=43320) process_request /usr/local/lib/python3.10/dist-packages/keystonemiddleware/auth_token/__init__.py:406}}
Apr 18 13:29:27 user devstack@keystone.service[43319]: DEBUG keystone.server.flask.request_processing.middleware.auth_context [None req-798761f1-53a7-42b2-a22f-f92ede8e2a3a None None] Validating token access rules against request {{(pid=43319) validate_allowed_request /usr/local/lib/python3.10/dist-packages/keystonemiddleware/auth_token/__init__.py:544}}
Apr 18 13:29:27 user devstack@keystone.service[43321]: DEBUG keystone.server.flask.request_processing.middleware.auth_context [None req-7a496cbd-12ab-4a77-ac9e-75c68e4703f9 None admin] Validating token access rules against request {{(pid=43321) validate_allowed_request /usr/local/lib/python3.10/dist-packages/keystonemiddleware/auth_token/__init__.py:544}}
Apr 18 13:29:27 user devstack@keystone.service[43320]: DEBUG dbcounter [-] [43320] Writing DB stats keystone:SELECT=100 {{(pid=43320) stat_writer /usr/local/lib/python3.10/dist-packages/dbcounter.py:117}}
Apr 18 13:29:27 user devstack@keystone.service[43319]: DEBUG dbcounter [-] [43319] Writing DB stats keystone:SELECT=100 {{(pid=43319) stat_writer /usr/local/lib/python3.10/dist-packages/dbcounter.py:117}}
Apr 18 13:29:27 user devstack@keystone.service[43321]: DEBUG dbcounter [-] [43321] Writing DB stats keystone:SELECT=100 {{(pid=43321) stat_writer /usr/local/lib/python3.10/dist-packages/dbcounter.py:117}}
Apr 18 13:29:27 user devstack@keystone.service[43319]: DEBUG keystone.server.flask.request_processing.middleware.auth_context [None req-60291785-bcd9-47c7-ae13-ecd2fb6f5bf9 None admin] RBAC: auth_context: {'token': , 'domain_id': None, 'trust_id': None, 'trustor_id': None, 'trustee_id': None, 'domain_name': None, 'group_ids': [], 'user_id': 'b8ad98dab34e4f2da937dc8e379eefc1', 'user_domain_id': 'default', 'system_scope': 'all', 'project_id': None, 'project_domain_id': None, 'roles': ['admin', 'member', 'reader'], 'is_admin_project': True, 'service_user_id': None, 'service_user_domain_id': None, 'service_project_id': None, 'service_project_domain_id': None, 'service_roles': []} {{(pid=43319) fill_context /opt/stack/keystone/keystone/server/flask/request_processing/middleware/auth_context.py:478}}
Apr 18 13:29:27 user devstack@keystone.service[43319]: DEBUG keystone.server.flask.request_processing.req_logging [None req-60291785-bcd9-47c7-ae13-ecd2fb6f5bf9 None admin] REQUEST_METHOD: `GET` {{(pid=43319) log_request_info /opt/stack/keystone/keystone/server/flask/request_processing/req_logging.py:27}}
Apr 18 13:29:27 user devstack@keystone.service[43319]: DEBUG keystone.server.flask.request_processing.req_logging [None req-60291785-bcd9-47c7-ae13-ecd2fb6f5bf9 None admin] SCRIPT_NAME: `/identity` {{(pid=43319) log_request_info /opt/stack/keystone/keystone/server/flask/request_processing/req_logging.py:28}}
Apr 18 13:29:27 user devstack@keystone.service[43319]: DEBUG keystone.server.flask.request_processing.req_logging [None req-60291785-bcd9-47c7-ae13-ecd2fb6f5bf9 None admin] PATH_INFO: `/v3/roles` {{(pid=43319) log_request_info /opt/stack/keystone/keystone/server/flask/request_processing/req_logging.py:29}}
Apr 18 13:29:27 user devstack@keystone.service[43319]: DEBUG keystone.common.rbac_enforcer.enforcer [None req-60291785-bcd9-47c7-ae13-ecd2fb6f5bf9 None admin] RBAC: Adding query filter params (name=reader) {{(pid=43319) _extract_filter_values /opt/stack/keystone/keystone/common/rbac_enforcer/enforcer.py:167}}
Apr 18 13:29:27 user devstack@keystone.service[43319]: DEBUG keystone.common.rbac_enforcer.enforcer [None req-60291785-bcd9-47c7-ae13-ecd2fb6f5bf9 None admin] RBAC: Authorizing `identity:list_roles()` {{(pid=43319) enforce_call /opt/stack/keystone/keystone/common/rbac_enforcer/enforcer.py:449}}
Apr 18 13:29:27 user devstack@keystone.service[43319]: DEBUG keystone.common.rbac_enforcer.enforcer [None req-60291785-bcd9-47c7-ae13-ecd2fb6f5bf9 None admin] RBAC: Authorization granted {{(pid=43319) enforce_call /opt/stack/keystone/keystone/common/rbac_enforcer/enforcer.py:457}}
Apr 18 13:29:27 user devstack@keystone.service[43321]: DEBUG keystone.server.flask.request_processing.middleware.auth_context [None req-3eaba8bf-2628-4ae5-9f66-53ffe642a7b2 None admin] RBAC: auth_context: {'token': , 'domain_id': None, 'trust_id': None, 'trustor_id': None, 'trustee_id': None, 'domain_name': None, 'group_ids': [], 'user_id': 'b8ad98dab34e4f2da937dc8e379eefc1', 'user_domain_id': 'default', 'system_scope': 'all', 'project_id': None, 'project_domain_id': None, 'roles': ['admin', 'member', 'reader'], 'is_admin_project': True, 'service_user_id': None, 'service_user_domain_id': None, 'service_project_id': None, 'service_project_domain_id': None, 'service_roles': []} {{(pid=43321) fill_context /opt/stack/keystone/keystone/server/flask/request_processing/middleware/auth_context.py:478}}
Apr 18 13:29:27 user devstack@keystone.service[43321]: DEBUG keystone.server.flask.request_processing.req_logging [None req-3eaba8bf-2628-4ae5-9f66-53ffe642a7b2 None admin] REQUEST_METHOD: `GET` {{(pid=43321) log_request_info /opt/stack/keystone/keystone/server/flask/request_processing/req_logging.py:27}}
Apr 18 13:29:27 user devstack@keystone.service[43321]: DEBUG keystone.server.flask.request_processing.req_logging [None req-3eaba8bf-2628-4ae5-9f66-53ffe642a7b2 None admin] SCRIPT_NAME: `/identity` {{(pid=43321) log_request_info /opt/stack/keystone/keystone/server/flask/request_processing/req_logging.py:28}}
Apr 18 13:29:27 user devstack@keystone.service[43321]: DEBUG keystone.server.flask.request_processing.req_logging [None req-3eaba8bf-2628-4ae5-9f66-53ffe642a7b2 None admin] PATH_INFO: `/v3/roles/member` {{(pid=43321) log_request_info /opt/stack/keystone/keystone/server/flask/request_processing/req_logging.py:29}}
Apr 18 13:29:27 user devstack@keystone.service[43319]: [pid: 43319|app: 0|req: 67/195] 10.0.0.210 () {56 vars in 1096 bytes} [Tue Apr 18 13:29:27 2023] GET /identity/v3/roles?name=reader => generated 339 bytes in 125 msecs (HTTP/1.1 200) 5 headers in 177 bytes (1 switches on core 0)
Apr 18 13:29:27 user devstack@keystone.service[43321]: DEBUG keystone.common.rbac_enforcer.enforcer [None req-3eaba8bf-2628-4ae5-9f66-53ffe642a7b2 None admin] Extracting inferred target data resulted in "NOT FOUND (404)". {{(pid=43321) enforce_call /opt/stack/keystone/keystone/common/rbac_enforcer/enforcer.py:409}}
Apr 18 13:29:27 user devstack@keystone.service[43319]: DEBUG keystone.server.flask.request_processing.middleware.auth_context [None req-60291785-bcd9-47c7-ae13-ecd2fb6f5bf9 None admin] Authenticating user token {{(pid=43319) process_request /usr/local/lib/python3.10/dist-packages/keystonemiddleware/auth_token/__init__.py:406}}
Apr 18 13:29:27 user devstack@keystone.service[43321]: ERROR keystone.server.flask.application [None req-3eaba8bf-2628-4ae5-9f66-53ffe642a7b2 None admin] Could not find role: member.: keystone.exception.RoleNotFound: Could not find role: member.
Apr 18 13:29:27 user devstack@keystone.service[43321]: ERROR keystone.server.flask.application
Traceback (most recent call last):
Apr 18 13:29:27 user devstack@keystone.service[43321]: ERROR keystone.server.flask.application
File "/usr/local/lib/python3.10/dist-packages/flask/app.py", line 1823, in full_dispatch_request
Apr 18 13:29:27 user devstack@keystone.service[43321]: ERROR keystone.server.flask.application rv = self.dispatch_request()
Apr 18 13:29:27 user devstack@keystone.service[43321]: ERROR keystone.server.flask.application
File "/usr/local/lib/python3.10/dist-packages/flask/app.py", line 1799, in dispatch_request
Apr 18 13:29:27 user devstack@keystone.service[43321]: ERROR keystone.server.flask.application return self.ensure_sync(self.view_functions[rule.endpoint])(**view_args)
Apr 18 13:29:27 user devstack@keystone.service[43321]: ERROR keystone.server.flask.application
File "/usr/local/lib/python3.10/dist-packages/flask_restful/__init__.py", line 467, in wrapper
Apr 18 13:29:27 user devstack@keystone.service[43321]: ERROR keystone.server.flask.application resp = resource(*args, **kwargs)
Apr 18 13:29:27 user devstack@keystone.service[43321]: ERROR keystone.server.flask.application
File "/usr/local/lib/python3.10/dist-packages/flask/views.py", line 107, in view
Apr 18 13:29:27 user devstack@keystone.service[43321]: ERROR keystone.server.flask.application return current_app.ensure_sync(self.dispatch_request)(**kwargs)
Apr 18 13:29:27 user devstack@keystone.service[43321]: ERROR keystone.server.flask.application
File "/usr/local/lib/python3.10/dist-packages/flask_restful/__init__.py", line 582, in dispatch_request
Apr 18 13:29:27 user devstack@keystone.service[43321]: ERROR keystone.server.flask.application resp = meth(*args, **kwargs)
Apr 18 13:29:27 user devstack@keystone.service[43321]: ERROR keystone.server.flask.application
File "/opt/stack/keystone/keystone/api/roles.py", line 50, in get
Apr 18 13:29:27 user devstack@keystone.service[43321]: ERROR keystone.server.flask.application return self._get_role(role_id)
Apr 18 13:29:27 user devstack@keystone.service[43321]: ERROR keystone.server.flask.application
File "/opt/stack/keystone/keystone/api/roles.py", line 70, in _get_role
Apr 18 13:29:27 user devstack@keystone.service[43321]: ERROR keystone.server.flask.application ENFORCER.enforce_call(action='identity:get_role')
Apr 18 13:29:27 user devstack@keystone.service[43321]: ERROR keystone.server.flask.application
File "/opt/stack/keystone/keystone/common/rbac_enforcer/enforcer.py", line 402, in enforce_call
Apr 18 13:29:27 user devstack@keystone.service[43321]: ERROR keystone.server.flask.application policy_dict.update(cls._extract_member_target_data(
Apr 18 13:29:27 user devstack@keystone.service[43321]: ERROR keystone.server.flask.application
File "/opt/stack/keystone/keystone/common/rbac_enforcer/enforcer.py", line 234, in _extract_member_target_data
Apr 18 13:29:27 user devstack@keystone.service[43321]: ERROR keystone.server.flask.application member_name: func(flask.request.view_args[key])
Apr 18 13:29:27 user devstack@keystone.service[43321]: ERROR keystone.server.flask.application
File "/opt/stack/keystone/keystone/common/manager.py", line 115, in wrapped
Apr 18 13:29:27 user devstack@keystone.service[43321]: ERROR keystone.server.flask.application __ret_val = __f(*args, **kwargs)
Apr 18 13:29:27 user devstack@keystone.service[43321]: ERROR keystone.server.flask.application
File "/usr/local/lib/python3.10/dist-packages/decorator.py", line 232, in fun
Apr 18 13:29:27 user devstack@keystone.service[43321]: ERROR keystone.server.flask.application return caller(func, *(extras + args), **kw)
Apr 18 13:29:27 user devstack@keystone.service[43321]: ERROR keystone.server.flask.application
File "/usr/local/lib/python3.10/dist-packages/dogpile/cache/region.py", line 1577, in get_or_create_for_user_func
Apr 18 13:29:27 user devstack@keystone.service[43321]: ERROR keystone.server.flask.application return self.get_or_create(
Apr 18 13:29:27 user devstack@keystone.service[43321]: ERROR keystone.server.flask.application
File "/usr/local/lib/python3.10/dist-packages/dogpile/cache/region.py", line 1042, in get_or_create
Apr 18 13:29:27 user devstack@keystone.service[43321]: ERROR keystone.server.flask.application with Lock(
Apr 18 13:29:27 user devstack@keystone.service[43321]: ERROR keystone.server.flask.application
File "/usr/local/lib/python3.10/dist-packages/dogpile/lock.py", line 185, in __enter__
Apr 18 13:29:27 user devstack@keystone.service[43321]: ERROR keystone.server.flask.application return self._enter()
Apr 18 13:29:27 user devstack@keystone.service[43321]: ERROR keystone.server.flask.application
File "/usr/local/lib/python3.10/dist-packages/dogpile/lock.py", line 94, in _enter
Apr 18 13:29:27 user devstack@keystone.service[43321]: ERROR keystone.server.flask.application generated = self._enter_create(value, createdtime)
Apr 18 13:29:27 user devstack@keystone.service[43321]: ERROR keystone.server.flask.application
File "/usr/local/lib/python3.10/dist-packages/dogpile/lock.py", line 178, in _enter_create
Apr 18 13:29:27 user devstack@keystone.service[43321]: ERROR keystone.server.flask.application return self.creator()
Apr 18 13:29:27 user devstack@keystone.service[43321]: ERROR keystone.server.flask.application
File "/usr/local/lib/python3.10/dist-packages/dogpile/cache/region.py", line 995, in gen_value
Apr 18 13:29:27 user devstack@keystone.service[43321]: ERROR keystone.server.flask.application created_value = creator(
Apr 18 13:29:27 user devstack@keystone.service[43321]: ERROR keystone.server.flask.application
File "/opt/stack/keystone/keystone/assignment/core.py", line 1276, in get_role
Apr 18 13:29:27 user devstack@keystone.service[43321]: ERROR keystone.server.flask.application return self.driver.get_role(role_id)
Apr 18 13:29:27 user devstack@keystone.service[43321]: ERROR keystone.server.flask.application
File "/opt/stack/keystone/keystone/assignment/role_backends/sql.py", line 70, in get_role
Apr 18 13:29:27 user devstack@keystone.service[43321]: ERROR keystone.server.flask.application return self._get_role(session, role_id).to_dict()
Apr 18 13:29:27 user devstack@keystone.service[43321]: ERROR keystone.server.flask.application
File "/opt/stack/keystone/keystone/assignment/role_backends/sql.py", line 65, in _get_role
Apr 18 13:29:27 user devstack@keystone.service[43321]: ERROR keystone.server.flask.application raise exception.RoleNotFound(role_id=role_id)
Apr 18 13:29:27 user devstack@keystone.service[43321]: ERROR keystone.server.flask.application keystone.exception.RoleNotFound: Could not find role: member.
Apr 18 13:29:27 user devstack@keystone.service[43321]: ERROR keystone.server.flask.application
Apr 18 13:29:27 user devstack@keystone.service[43321]: [pid: 43321|app: 0|req: 65/196] 10.0.0.210 () {56 vars in 1094 bytes} [Tue Apr 18 13:29:27 2023] GET /identity/v3/roles/member => generated 84 bytes in 132 msecs (HTTP/1.1 404) 5 headers in 183 bytes (1 switches on core 0)
Apr 18 13:29:27 user devstack@keystone.service[43321]: DEBUG keystone.server.flask.request_processing.middleware.auth_context [None req-3eaba8bf-2628-4ae5-9f66-53ffe642a7b2 None admin] Authenticating user token {{(pid=43321) process_request /usr/local/lib/python3.10/dist-packages/keystonemiddleware/auth_token/__init__.py:406}}
Apr 18 13:29:27 user devstack@keystone.service[43320]: DEBUG keystone.server.flask.request_processing.middleware.auth_context [None req-701f3e18-0cb9-4d81-8344-91cd03804e79 None admin] Validating token access rules against request {{(pid=43320) validate_allowed_request /usr/local/lib/python3.10/dist-packages/keystonemiddleware/auth_token/__init__.py:544}}
Apr 18 13:29:27 user devstack@keystone.service[43320]: DEBUG keystone.server.flask.request_processing.middleware.auth_context [None req-c1404680-3595-447a-8f11-a368411d9aef None admin] RBAC: auth_context: {'token': , 'domain_id': None, 'trust_id': None, 'trustor_id': None, 'trustee_id': None, 'domain_name': None, 'group_ids': [], 'user_id': 'b8ad98dab34e4f2da937dc8e379eefc1', 'user_domain_id': 'default', 'system_scope': 'all', 'project_id': None, 'project_domain_id': None, 'roles': ['admin', 'member', 'reader'], 'is_admin_project': True, 'service_user_id': None, 'service_user_domain_id': None, 'service_project_id': None, 'service_project_domain_id': None, 'service_roles': []} {{(pid=43320) fill_context /opt/stack/keystone/keystone/server/flask/request_processing/middleware/auth_context.py:478}}
Apr 18 13:29:27 user devstack@keystone.service[43320]: DEBUG keystone.server.flask.request_processing.req_logging [None req-c1404680-3595-447a-8f11-a368411d9aef None admin] REQUEST_METHOD: `POST` {{(pid=43320) log_request_info /opt/stack/keystone/keystone/server/flask/request_processing/req_logging.py:27}}
Apr 18 13:29:27 user devstack@keystone.service[43320]: DEBUG keystone.server.flask.request_processing.req_logging [None req-c1404680-3595-447a-8f11-a368411d9aef None admin] SCRIPT_NAME: `/identity` {{(pid=43320) log_request_info /opt/stack/keystone/keystone/server/flask/request_processing/req_logging.py:28}}
Apr 18 13:29:27 user devstack@keystone.service[43320]: DEBUG keystone.server.flask.request_processing.req_logging [None req-c1404680-3595-447a-8f11-a368411d9aef None admin] PATH_INFO: `/v3/users` {{(pid=43320) log_request_info /opt/stack/keystone/keystone/server/flask/request_processing/req_logging.py:29}}
Apr 18 13:29:27 user devstack@keystone.service[43320]: DEBUG keystone.common.rbac_enforcer.enforcer [None req-c1404680-3595-447a-8f11-a368411d9aef None admin] RBAC: Authorizing `identity:create_user()` {{(pid=43320) enforce_call /opt/stack/keystone/keystone/common/rbac_enforcer/enforcer.py:449}}
Apr 18 13:29:27 user devstack@keystone.service[43320]: DEBUG keystone.common.rbac_enforcer.enforcer [None req-c1404680-3595-447a-8f11-a368411d9aef None admin] RBAC: Authorization granted {{(pid=43320) enforce_call /opt/stack/keystone/keystone/common/rbac_enforcer/enforcer.py:457}}
Apr 18 13:29:27 user devstack@keystone.service[43320]: WARNING keystone.common.password_hashing [None req-c1404680-3595-447a-8f11-a368411d9aef None admin] Truncating password to algorithm specific maximum length 54 characters.
Apr 18 13:29:27 user devstack@keystone.service[43320]: [pid: 43320|app: 0|req: 65/197] 10.0.0.210 () {60 vars in 1127 bytes} [Tue Apr 18 13:29:27 2023] POST /identity/v3/users => generated 292 bytes in 141 msecs (HTTP/1.1 201) 5 headers in 182 bytes (1 switches on core 0)
Apr 18 13:29:27 user devstack@keystone.service[43319]: DEBUG keystone.server.flask.request_processing.middleware.auth_context [None req-60291785-bcd9-47c7-ae13-ecd2fb6f5bf9 None admin] Validating token access rules against request {{(pid=43319) validate_allowed_request /usr/local/lib/python3.10/dist-packages/keystonemiddleware/auth_token/__init__.py:544}}
Apr 18 13:29:27 user devstack@keystone.service[43321]: DEBUG keystone.server.flask.request_processing.middleware.auth_context [None req-3eaba8bf-2628-4ae5-9f66-53ffe642a7b2 None admin] Validating token access rules against request {{(pid=43321) validate_allowed_request /usr/local/lib/python3.10/dist-packages/keystonemiddleware/auth_token/__init__.py:544}}
Apr 18 13:29:27 user devstack@keystone.service[43319]: DEBUG keystone.server.flask.request_processing.middleware.auth_context [None req-1976e276-623c-455a-a13e-9bf7a641a7d3 None admin] RBAC: auth_context: {'token': , 'domain_id': None, 'trust_id': None, 'trustor_id': None, 'trustee_id': None, 'domain_name': None, 'group_ids': [], 'user_id': 'b8ad98dab34e4f2da937dc8e379eefc1', 'user_domain_id': 'default', 'system_scope': 'all', 'project_id': None, 'project_domain_id': None, 'roles': ['admin', 'member', 'reader'], 'is_admin_project': True, 'service_user_id': None, 'service_user_domain_id': None, 'service_project_id': None, 'service_project_domain_id': None, 'service_roles': []} {{(pid=43319) fill_context /opt/stack/keystone/keystone/server/flask/request_processing/middleware/auth_context.py:478}}
Apr 18 13:29:27 user devstack@keystone.service[43319]: DEBUG keystone.server.flask.request_processing.req_logging [None req-1976e276-623c-455a-a13e-9bf7a641a7d3 None admin] REQUEST_METHOD: `GET` {{(pid=43319) log_request_info /opt/stack/keystone/keystone/server/flask/request_processing/req_logging.py:27}}
Apr 18 13:29:27 user devstack@keystone.service[43319]: DEBUG keystone.server.flask.request_processing.req_logging [None req-1976e276-623c-455a-a13e-9bf7a641a7d3 None admin] SCRIPT_NAME: `/identity` {{(pid=43319) log_request_info /opt/stack/keystone/keystone/server/flask/request_processing/req_logging.py:28}}
Apr 18 13:29:27 user devstack@keystone.service[43319]: DEBUG keystone.server.flask.request_processing.req_logging [None req-1976e276-623c-455a-a13e-9bf7a641a7d3 None admin] PATH_INFO: `/v3/users/701df46f172c4e22b55e7f84de6d4dcb` {{(pid=43319) log_request_info /opt/stack/keystone/keystone/server/flask/request_processing/req_logging.py:29}}
Apr 18 13:29:27 user devstack@keystone.service[43321]: DEBUG keystone.server.flask.request_processing.middleware.auth_context [None req-9c92ab4e-51c4-4ffe-933c-7184aad0ca9b None admin] RBAC: auth_context: {'token': , 'domain_id': None, 'trust_id': None, 'trustor_id': None, 'trustee_id': None, 'domain_name': None, 'group_ids': [], 'user_id': 'b8ad98dab34e4f2da937dc8e379eefc1', 'user_domain_id': 'default', 'system_scope': 'all', 'project_id': None, 'project_domain_id': None, 'roles': ['admin', 'member', 'reader'], 'is_admin_project': True, 'service_user_id': None, 'service_user_domain_id': None, 'service_project_id': None, 'service_project_domain_id': None, 'service_roles': []} {{(pid=43321) fill_context /opt/stack/keystone/keystone/server/flask/request_processing/middleware/auth_context.py:478}}
Apr 18 13:29:27 user devstack@keystone.service[43321]: DEBUG keystone.server.flask.request_processing.req_logging [None req-9c92ab4e-51c4-4ffe-933c-7184aad0ca9b None admin] REQUEST_METHOD: `GET` {{(pid=43321) log_request_info /opt/stack/keystone/keystone/server/flask/request_processing/req_logging.py:27}}
Apr 18 13:29:27 user devstack@keystone.service[43321]: DEBUG keystone.server.flask.request_processing.req_logging [None req-9c92ab4e-51c4-4ffe-933c-7184aad0ca9b None admin] SCRIPT_NAME: `/identity` {{(pid=43321) log_request_info /opt/stack/keystone/keystone/server/flask/request_processing/req_logging.py:28}}
Apr 18 13:29:27 user devstack@keystone.service[43321]: DEBUG keystone.server.flask.request_processing.req_logging [None req-9c92ab4e-51c4-4ffe-933c-7184aad0ca9b None admin] PATH_INFO: `/v3/roles` {{(pid=43321) log_request_info /opt/stack/keystone/keystone/server/flask/request_processing/req_logging.py:29}}
Apr 18 13:29:27 user devstack@keystone.service[43321]: DEBUG keystone.common.rbac_enforcer.enforcer [None req-9c92ab4e-51c4-4ffe-933c-7184aad0ca9b None admin] RBAC: Adding query filter params (name=member) {{(pid=43321) _extract_filter_values /opt/stack/keystone/keystone/common/rbac_enforcer/enforcer.py:167}}
Apr 18 13:29:27 user devstack@keystone.service[43321]: DEBUG keystone.common.rbac_enforcer.enforcer [None req-9c92ab4e-51c4-4ffe-933c-7184aad0ca9b None admin] RBAC: Authorizing `identity:list_roles()` {{(pid=43321) enforce_call /opt/stack/keystone/keystone/common/rbac_enforcer/enforcer.py:449}}
Apr 18 13:29:27 user devstack@keystone.service[43321]: DEBUG keystone.common.rbac_enforcer.enforcer [None req-9c92ab4e-51c4-4ffe-933c-7184aad0ca9b None admin] RBAC: Authorization granted {{(pid=43321) enforce_call /opt/stack/keystone/keystone/common/rbac_enforcer/enforcer.py:457}}
Apr 18 13:29:27 user devstack@keystone.service[43321]: [pid: 43321|app: 0|req: 66/198] 10.0.0.210 () {56 vars in 1096 bytes} [Tue Apr 18 13:29:27 2023] GET /identity/v3/roles?name=member => generated 339 bytes in 124 msecs (HTTP/1.1 200) 5 headers in 177 bytes (1 switches on core 0)
Apr 18 13:29:27 user devstack@keystone.service[43319]: DEBUG keystone.common.rbac_enforcer.enforcer [None req-1976e276-623c-455a-a13e-9bf7a641a7d3 None admin] RBAC: Authorizing `identity:get_user(user_id=701df46f172c4e22b55e7f84de6d4dcb)` {{(pid=43319) enforce_call /opt/stack/keystone/keystone/common/rbac_enforcer/enforcer.py:449}}
Apr 18 13:29:27 user devstack@keystone.service[43319]: DEBUG keystone.common.rbac_enforcer.enforcer [None req-1976e276-623c-455a-a13e-9bf7a641a7d3 None admin] RBAC: Authorization granted {{(pid=43319) enforce_call /opt/stack/keystone/keystone/common/rbac_enforcer/enforcer.py:457}}
Apr 18 13:29:27 user devstack@keystone.service[43319]: [pid: 43319|app: 0|req: 68/199] 10.0.0.210 () {56 vars in 1172 bytes} [Tue Apr 18 13:29:27 2023] GET /identity/v3/users/701df46f172c4e22b55e7f84de6d4dcb => generated 296 bytes in 136 msecs (HTTP/1.1 200) 5 headers in 177 bytes (1 switches on core 0)
Apr 18 13:29:27 user devstack@keystone.service[43320]: DEBUG keystone.server.flask.request_processing.middleware.auth_context [None req-c1404680-3595-447a-8f11-a368411d9aef None admin] Authenticating user token {{(pid=43320) process_request /usr/local/lib/python3.10/dist-packages/keystonemiddleware/auth_token/__init__.py:406}}
Apr 18 13:29:27 user devstack@keystone.service[43321]: DEBUG keystone.server.flask.request_processing.middleware.auth_context [None req-9c92ab4e-51c4-4ffe-933c-7184aad0ca9b None admin] Authenticating user token {{(pid=43321) process_request /usr/local/lib/python3.10/dist-packages/keystonemiddleware/auth_token/__init__.py:406}}
Apr 18 13:29:27 user devstack@keystone.service[43321]: DEBUG dbcounter [-] [43321] Writing DB stats keystone:SELECT=100 {{(pid=43321) stat_writer /usr/local/lib/python3.10/dist-packages/dbcounter.py:117}}
Apr 18 13:29:27 user devstack@keystone.service[43320]: DEBUG dbcounter [-] [43320] Writing DB stats keystone:SELECT=97,keystone:INSERT=3 {{(pid=43320) stat_writer /usr/local/lib/python3.10/dist-packages/dbcounter.py:117}}
Apr 18 13:29:27 user devstack@keystone.service[43320]: DEBUG keystone.server.flask.request_processing.middleware.auth_context [None req-c1404680-3595-447a-8f11-a368411d9aef None admin] Validating token access rules against request {{(pid=43320) validate_allowed_request /usr/local/lib/python3.10/dist-packages/keystonemiddleware/auth_token/__init__.py:544}}
Apr 18 13:29:27 user devstack@keystone.service[43321]: DEBUG keystone.server.flask.request_processing.middleware.auth_context [None req-9c92ab4e-51c4-4ffe-933c-7184aad0ca9b None admin] Validating token access rules against request {{(pid=43321) validate_allowed_request /usr/local/lib/python3.10/dist-packages/keystonemiddleware/auth_token/__init__.py:544}}
Apr 18 13:29:27 user devstack@keystone.service[43321]: DEBUG keystone.server.flask.request_processing.middleware.auth_context [None req-e2f388d6-9f33-4dfc-b104-b5a7e34c2028 None admin] RBAC: auth_context: {'token': , 'domain_id': None, 'trust_id': None, 'trustor_id': None, 'trustee_id': None, 'domain_name': None, 'group_ids': [], 'user_id': 'b8ad98dab34e4f2da937dc8e379eefc1', 'user_domain_id': 'default', 'system_scope': 'all', 'project_id': None, 'project_domain_id': None, 'roles': ['admin', 'member', 'reader'], 'is_admin_project': True, 'service_user_id': None, 'service_user_domain_id': None, 'service_project_id': None, 'service_project_domain_id': None, 'service_roles': []} {{(pid=43321) fill_context /opt/stack/keystone/keystone/server/flask/request_processing/middleware/auth_context.py:478}}
Apr 18 13:29:27 user devstack@keystone.service[43321]: DEBUG keystone.server.flask.request_processing.req_logging [None req-e2f388d6-9f33-4dfc-b104-b5a7e34c2028 None admin] REQUEST_METHOD: `GET` {{(pid=43321) log_request_info /opt/stack/keystone/keystone/server/flask/request_processing/req_logging.py:27}}
Apr 18 13:29:27 user devstack@keystone.service[43321]: DEBUG keystone.server.flask.request_processing.req_logging [None req-e2f388d6-9f33-4dfc-b104-b5a7e34c2028 None admin] SCRIPT_NAME: `/identity` {{(pid=43321) log_request_info /opt/stack/keystone/keystone/server/flask/request_processing/req_logging.py:28}}
Apr 18 13:29:27 user devstack@keystone.service[43321]: DEBUG keystone.server.flask.request_processing.req_logging [None req-e2f388d6-9f33-4dfc-b104-b5a7e34c2028 None admin] PATH_INFO: `/v3/projects/97b7cc5e3c694b6e824ef65200fb5cec` {{(pid=43321) log_request_info /opt/stack/keystone/keystone/server/flask/request_processing/req_logging.py:29}}
Apr 18 13:29:27 user devstack@keystone.service[43321]: DEBUG keystone.common.rbac_enforcer.enforcer [None req-e2f388d6-9f33-4dfc-b104-b5a7e34c2028 None admin] RBAC: Authorizing `identity:get_project(project_id=97b7cc5e3c694b6e824ef65200fb5cec)` {{(pid=43321) enforce_call /opt/stack/keystone/keystone/common/rbac_enforcer/enforcer.py:449}}
Apr 18 13:29:27 user devstack@keystone.service[43321]: DEBUG keystone.common.rbac_enforcer.enforcer [None req-e2f388d6-9f33-4dfc-b104-b5a7e34c2028 None admin] RBAC: Authorization granted {{(pid=43321) enforce_call /opt/stack/keystone/keystone/common/rbac_enforcer/enforcer.py:457}}
Apr 18 13:29:27 user devstack@keystone.service[43321]: [pid: 43321|app: 0|req: 67/200] 10.0.0.210 () {56 vars in 1181 bytes} [Tue Apr 18 13:29:27 2023] GET /identity/v3/projects/97b7cc5e3c694b6e824ef65200fb5cec => generated 301 bytes in 118 msecs (HTTP/1.1 200) 5 headers in 177 bytes (1 switches on core 0)
Apr 18 13:29:27 user devstack@keystone.service[43320]: DEBUG keystone.server.flask.request_processing.middleware.auth_context [None req-4b044200-460a-4ae3-a467-5847c677d19b None admin] RBAC: auth_context: {'token': , 'domain_id': None, 'trust_id': None, 'trustor_id': None, 'trustee_id': None, 'domain_name': None, 'group_ids': [], 'user_id': 'b8ad98dab34e4f2da937dc8e379eefc1', 'user_domain_id': 'default', 'system_scope': 'all', 'project_id': None, 'project_domain_id': None, 'roles': ['admin', 'member', 'reader'], 'is_admin_project': True, 'service_user_id': None, 'service_user_domain_id': None, 'service_project_id': None, 'service_project_domain_id': None, 'service_roles': []} {{(pid=43320) fill_context /opt/stack/keystone/keystone/server/flask/request_processing/middleware/auth_context.py:478}}
Apr 18 13:29:27 user devstack@keystone.service[43320]: DEBUG keystone.server.flask.request_processing.req_logging [None req-4b044200-460a-4ae3-a467-5847c677d19b None admin] REQUEST_METHOD: `GET` {{(pid=43320) log_request_info /opt/stack/keystone/keystone/server/flask/request_processing/req_logging.py:27}}
Apr 18 13:29:27 user devstack@keystone.service[43320]: DEBUG keystone.server.flask.request_processing.req_logging [None req-4b044200-460a-4ae3-a467-5847c677d19b None admin] SCRIPT_NAME: `/identity` {{(pid=43320) log_request_info /opt/stack/keystone/keystone/server/flask/request_processing/req_logging.py:28}}
Apr 18 13:29:27 user devstack@keystone.service[43320]: DEBUG keystone.server.flask.request_processing.req_logging [None req-4b044200-460a-4ae3-a467-5847c677d19b None admin] PATH_INFO: `/v3/users/2f62e679ed4943f8b92e68d7ba2fc56e` {{(pid=43320) log_request_info /opt/stack/keystone/keystone/server/flask/request_processing/req_logging.py:29}}
Apr 18 13:29:27 user devstack@keystone.service[43320]: DEBUG keystone.common.rbac_enforcer.enforcer [None req-4b044200-460a-4ae3-a467-5847c677d19b None admin] RBAC: Authorizing `identity:get_user(user_id=2f62e679ed4943f8b92e68d7ba2fc56e)` {{(pid=43320) enforce_call /opt/stack/keystone/keystone/common/rbac_enforcer/enforcer.py:449}}
Apr 18 13:29:27 user devstack@keystone.service[43320]: DEBUG keystone.common.rbac_enforcer.enforcer [None req-4b044200-460a-4ae3-a467-5847c677d19b None admin] RBAC: Authorization granted {{(pid=43320) enforce_call /opt/stack/keystone/keystone/common/rbac_enforcer/enforcer.py:457}}
Apr 18 13:29:27 user devstack@keystone.service[43319]: DEBUG keystone.server.flask.request_processing.middleware.auth_context [None req-1976e276-623c-455a-a13e-9bf7a641a7d3 None admin] Authenticating user token {{(pid=43319) process_request /usr/local/lib/python3.10/dist-packages/keystonemiddleware/auth_token/__init__.py:406}}
Apr 18 13:29:27 user devstack@keystone.service[43320]: [pid: 43320|app: 0|req: 66/201] 10.0.0.210 () {56 vars in 1172 bytes} [Tue Apr 18 13:29:27 2023] GET /identity/v3/users/2f62e679ed4943f8b92e68d7ba2fc56e => generated 296 bytes in 128 msecs (HTTP/1.1 200) 5 headers in 177 bytes (1 switches on core 0)
Apr 18 13:29:27 user devstack@keystone.service[43321]: DEBUG keystone.server.flask.request_processing.middleware.auth_context [None req-e2f388d6-9f33-4dfc-b104-b5a7e34c2028 None admin] Authenticating user token {{(pid=43321) process_request /usr/local/lib/python3.10/dist-packages/keystonemiddleware/auth_token/__init__.py:406}}
Apr 18 13:29:27 user devstack@keystone.service[43319]: DEBUG dbcounter [-] [43319] Writing DB stats keystone:SELECT=100 {{(pid=43319) stat_writer /usr/local/lib/python3.10/dist-packages/dbcounter.py:117}}
Apr 18 13:29:27 user devstack@keystone.service[43319]: DEBUG keystone.server.flask.request_processing.middleware.auth_context [None req-1976e276-623c-455a-a13e-9bf7a641a7d3 None admin] Validating token access rules against request {{(pid=43319) validate_allowed_request /usr/local/lib/python3.10/dist-packages/keystonemiddleware/auth_token/__init__.py:544}}
Apr 18 13:29:27 user devstack@keystone.service[43321]: DEBUG keystone.server.flask.request_processing.middleware.auth_context [None req-e2f388d6-9f33-4dfc-b104-b5a7e34c2028 None admin] Validating token access rules against request {{(pid=43321) validate_allowed_request /usr/local/lib/python3.10/dist-packages/keystonemiddleware/auth_token/__init__.py:544}}
Apr 18 13:29:27 user devstack@keystone.service[43319]: DEBUG keystone.server.flask.request_processing.middleware.auth_context [None req-8aaba2d5-1a59-4dbb-a1ab-e7ace47cb180 None admin] RBAC: auth_context: {'token': , 'domain_id': None, 'trust_id': None, 'trustor_id': None, 'trustee_id': None, 'domain_name': None, 'group_ids': [], 'user_id': 'b8ad98dab34e4f2da937dc8e379eefc1', 'user_domain_id': 'default', 'system_scope': 'all', 'project_id': None, 'project_domain_id': None, 'roles': ['admin', 'member', 'reader'], 'is_admin_project': True, 'service_user_id': None, 'service_user_domain_id': None, 'service_project_id': None, 'service_project_domain_id': None, 'service_roles': []} {{(pid=43319) fill_context /opt/stack/keystone/keystone/server/flask/request_processing/middleware/auth_context.py:478}}
Apr 18 13:29:27 user devstack@keystone.service[43319]: DEBUG keystone.server.flask.request_processing.req_logging [None req-8aaba2d5-1a59-4dbb-a1ab-e7ace47cb180 None admin] REQUEST_METHOD: `PUT` {{(pid=43319) log_request_info /opt/stack/keystone/keystone/server/flask/request_processing/req_logging.py:27}}
Apr 18 13:29:27 user devstack@keystone.service[43319]: DEBUG keystone.server.flask.request_processing.req_logging [None req-8aaba2d5-1a59-4dbb-a1ab-e7ace47cb180 None admin] SCRIPT_NAME: `/identity` {{(pid=43319) log_request_info /opt/stack/keystone/keystone/server/flask/request_processing/req_logging.py:28}}
