Apr 18 17:53:50 user devstack@c-api.service[71964]: INFO cinder.api.v3.volumes [None req-fd9ce8ae-db18-4bf0-988c-b8bdc8bee70c tempest-CreateVolumesFromSnapshotTest-894614079 tempest-CreateVolumesFromSnapshotTest-894614079-project-member] Delete volume with id: c66090cd-ec2b-4a96-9805-5f3a2bb0e7e4
Apr 18 17:53:50 user devstack@c-api.service[71962]: INFO cinder.api.openstack.wsgi [None req-d24f6f57-0ec3-42b1-a69b-475925c1401c tempest-VolumeTypesAccessTest-1962005834 tempest-VolumeTypesAccessTest-1962005834-project-admin] GET http://10.0.0.210/volume/v3/353a3f014b1a47afb4069c8c5b6d2e16/types/73f8cfb5-9816-42b0-8d24-05fea587835e
Apr 18 17:53:50 user devstack@c-api.service[71962]: DEBUG cinder.api.openstack.wsgi [None req-d24f6f57-0ec3-42b1-a69b-475925c1401c tempest-VolumeTypesAccessTest-1962005834 tempest-VolumeTypesAccessTest-1962005834-project-admin] Empty body provided in request {{(pid=71962) get_body /opt/stack/cinder/cinder/api/openstack/wsgi.py:715}}
Apr 18 17:53:50 user devstack@c-api.service[71962]: DEBUG cinder.api.openstack.wsgi [None req-d24f6f57-0ec3-42b1-a69b-475925c1401c tempest-VolumeTypesAccessTest-1962005834 tempest-VolumeTypesAccessTest-1962005834-project-admin] Calling method 'show' {{(pid=71962) _process_stack /opt/stack/cinder/cinder/api/openstack/wsgi.py:868}}
Apr 18 17:53:50 user devstack@c-api.service[71964]: /usr/local/lib/python3.10/dist-packages/oslo_context/context.py:100: DeprecationWarning: Policy enforcement is depending on the value of is_admin. This key is deprecated. Please update your policy file to use the standard policy values.
Apr 18 17:53:50 user devstack@c-api.service[71964]: warnings.warn('Policy enforcement is depending on the value of '
Apr 18 17:53:50 user devstack@c-api.service[71964]: INFO cinder.volume.api [None req-fd9ce8ae-db18-4bf0-988c-b8bdc8bee70c tempest-CreateVolumesFromSnapshotTest-894614079 tempest-CreateVolumesFromSnapshotTest-894614079-project-member] Volume info retrieved successfully.
Apr 18 17:53:50 user devstack@c-api.service[71962]: INFO cinder.api.openstack.wsgi [None req-d24f6f57-0ec3-42b1-a69b-475925c1401c tempest-VolumeTypesAccessTest-1962005834 tempest-VolumeTypesAccessTest-1962005834-project-admin] http://10.0.0.210/volume/v3/353a3f014b1a47afb4069c8c5b6d2e16/types/73f8cfb5-9816-42b0-8d24-05fea587835e returned with HTTP 404
Apr 18 17:53:50 user devstack@c-api.service[71964]: DEBUG cinder.volume.api [None req-fd9ce8ae-db18-4bf0-988c-b8bdc8bee70c tempest-CreateVolumesFromSnapshotTest-894614079 tempest-CreateVolumesFromSnapshotTest-894614079-project-member] Decrease volume quotas for non temporary volume in non error_managing status. {{(pid=71964) delete /opt/stack/cinder/cinder/volume/api.py:433}}
Apr 18 17:53:50 user devstack@c-api.service[71962]: [pid: 71962|app: 0|req: 99/282] 10.0.0.210 () {62 vars in 1396 bytes} [Tue Apr 18 17:53:50 2023] GET /volume/v3/353a3f014b1a47afb4069c8c5b6d2e16/types/73f8cfb5-9816-42b0-8d24-05fea587835e => generated 114 bytes in 24 msecs (HTTP/1.1 404) 7 headers in 292 bytes (1 switches on core 0)
Apr 18 17:53:50 user devstack@c-api.service[71963]: DEBUG cinder.api.middleware.request_id [None req-8605b4e4-d27a-4274-a296-03cfd3e878d1 None None] RequestId filter calling following filter/app {{(pid=71963) _context_setter /opt/stack/cinder/cinder/api/middleware/request_id.py:62}}
Apr 18 17:53:50 user devstack@c-api.service[71963]: INFO cinder.api.openstack.wsgi [None req-8605b4e4-d27a-4274-a296-03cfd3e878d1 tempest-VolumeTypesAccessTest-1962005834 tempest-VolumeTypesAccessTest-1962005834-project-admin] POST http://10.0.0.210/volume/v3/353a3f014b1a47afb4069c8c5b6d2e16/types
Apr 18 17:53:50 user devstack@c-api.service[71963]: DEBUG cinder.api.openstack.wsgi [None req-8605b4e4-d27a-4274-a296-03cfd3e878d1 tempest-VolumeTypesAccessTest-1962005834 tempest-VolumeTypesAccessTest-1962005834-project-admin] Action: 'create', calling method: _create, body: {"volume_type": {"name": "tempest-VolumeTypesAccessTest-volume-type-198771617", "os-volume-type-access:is_public": false}} {{(pid=71963) _process_stack /opt/stack/cinder/cinder/api/openstack/wsgi.py:866}}
Apr 18 17:53:50 user devstack@c-api.service[71963]: DEBUG dbcounter [-] [71963] Writing DB stats cinder:SELECT=75,cinder:INSERT=6,cinder:UPDATE=19 {{(pid=71963) stat_writer /usr/local/lib/python3.10/dist-packages/dbcounter.py:117}}
Apr 18 17:53:50 user devstack@c-api.service[71964]: DEBUG cinder.quota [None req-fd9ce8ae-db18-4bf0-988c-b8bdc8bee70c tempest-CreateVolumesFromSnapshotTest-894614079 tempest-CreateVolumesFromSnapshotTest-894614079-project-member] Created reservations ['cf934db0-0a34-4e8b-9606-fcd17541158a', '4075bd73-7d05-4d49-bb7e-c411d51fd18a', '2750316b-bc26-47b6-ba4b-72b9da4ad78b', '85537e01-cc95-448e-a1b3-00806e05133c'] {{(pid=71964) reserve /opt/stack/cinder/cinder/quota.py:755}}
Apr 18 17:53:50 user devstack@c-api.service[71963]: INFO cinder.api.openstack.wsgi [None req-8605b4e4-d27a-4274-a296-03cfd3e878d1 tempest-VolumeTypesAccessTest-1962005834 tempest-VolumeTypesAccessTest-1962005834-project-admin] http://10.0.0.210/volume/v3/353a3f014b1a47afb4069c8c5b6d2e16/types returned with HTTP 200
Apr 18 17:53:50 user devstack@c-api.service[71963]: [pid: 71963|app: 0|req: 92/283] 10.0.0.210 () {64 vars in 1307 bytes} [Tue Apr 18 17:53:50 2023] POST /volume/v3/353a3f014b1a47afb4069c8c5b6d2e16/types => generated 228 bytes in 42 msecs (HTTP/1.1 200) 7 headers in 285 bytes (1 switches on core 0)
Apr 18 17:53:50 user devstack@c-api.service[71962]: DEBUG cinder.api.middleware.request_id [None req-2935ffc4-08a7-450e-aacd-7f9d03ca6be1 None None] RequestId filter calling following filter/app {{(pid=71962) _context_setter /opt/stack/cinder/cinder/api/middleware/request_id.py:62}}
Apr 18 17:53:50 user devstack@c-api.service[71962]: INFO cinder.api.openstack.wsgi [None req-2935ffc4-08a7-450e-aacd-7f9d03ca6be1 tempest-VolumeTypesAccessTest-1962005834 tempest-VolumeTypesAccessTest-1962005834-project-admin] POST http://10.0.0.210/volume/v3/353a3f014b1a47afb4069c8c5b6d2e16/types/f2c2633a-3eef-4621-b660-c25929bf3724/action
Apr 18 17:53:50 user devstack@c-api.service[71962]: DEBUG cinder.api.openstack.wsgi [None req-2935ffc4-08a7-450e-aacd-7f9d03ca6be1 tempest-VolumeTypesAccessTest-1962005834 tempest-VolumeTypesAccessTest-1962005834-project-admin] Action body: b'{"addProjectAccess": {"project": "c3adf839afde4e18b190af5e1edfbcc0"}}' {{(pid=71962) get_method /opt/stack/cinder/cinder/api/openstack/wsgi.py:983}}
Apr 18 17:53:50 user devstack@c-api.service[71962]: DEBUG cinder.api.openstack.wsgi [None req-2935ffc4-08a7-450e-aacd-7f9d03ca6be1 tempest-VolumeTypesAccessTest-1962005834 tempest-VolumeTypesAccessTest-1962005834-project-admin] Action: 'action', calling method: _addProjectAccess, body: {"addProjectAccess": {"project": "c3adf839afde4e18b190af5e1edfbcc0"}} {{(pid=71962) _process_stack /opt/stack/cinder/cinder/api/openstack/wsgi.py:866}}
Apr 18 17:53:50 user devstack@c-api.service[71964]: INFO cinder.volume.api [None req-fd9ce8ae-db18-4bf0-988c-b8bdc8bee70c tempest-CreateVolumesFromSnapshotTest-894614079 tempest-CreateVolumesFromSnapshotTest-894614079-project-member] Delete volume request issued successfully.
Apr 18 17:53:50 user devstack@c-api.service[71964]: INFO cinder.api.openstack.wsgi [None req-fd9ce8ae-db18-4bf0-988c-b8bdc8bee70c tempest-CreateVolumesFromSnapshotTest-894614079 tempest-CreateVolumesFromSnapshotTest-894614079-project-member] http://10.0.0.210/volume/v3/01f0aa06d0fb4f5580f3234fa5035062/volumes/c66090cd-ec2b-4a96-9805-5f3a2bb0e7e4 returned with HTTP 202
Apr 18 17:53:50 user devstack@c-api.service[71964]: [pid: 71964|app: 0|req: 93/284] 10.0.0.210 () {62 vars in 1405 bytes} [Tue Apr 18 17:53:50 2023] DELETE /volume/v3/01f0aa06d0fb4f5580f3234fa5035062/volumes/c66090cd-ec2b-4a96-9805-5f3a2bb0e7e4 => generated 0 bytes in 106 msecs (HTTP/1.1 202) 6 headers in 233 bytes (1 switches on core 0)
Apr 18 17:53:50 user devstack@c-api.service[71963]: DEBUG cinder.api.middleware.request_id [None req-83d592c8-e80c-4501-867e-674f03f4b075 None None] RequestId filter calling following filter/app {{(pid=71963) _context_setter /opt/stack/cinder/cinder/api/middleware/request_id.py:62}}
Apr 18 17:53:50 user devstack@c-api.service[71962]: INFO cinder.api.openstack.wsgi [None req-2935ffc4-08a7-450e-aacd-7f9d03ca6be1 tempest-VolumeTypesAccessTest-1962005834 tempest-VolumeTypesAccessTest-1962005834-project-admin] http://10.0.0.210/volume/v3/353a3f014b1a47afb4069c8c5b6d2e16/types/f2c2633a-3eef-4621-b660-c25929bf3724/action returned with HTTP 202
Apr 18 17:53:50 user devstack@c-api.service[71963]: INFO cinder.api.openstack.wsgi [None req-83d592c8-e80c-4501-867e-674f03f4b075 tempest-CreateVolumesFromSnapshotTest-894614079 tempest-CreateVolumesFromSnapshotTest-894614079-project-member] GET http://10.0.0.210/volume/v3/01f0aa06d0fb4f5580f3234fa5035062/volumes/c66090cd-ec2b-4a96-9805-5f3a2bb0e7e4
Apr 18 17:53:50 user devstack@c-api.service[71963]: DEBUG cinder.api.openstack.wsgi [None req-83d592c8-e80c-4501-867e-674f03f4b075 tempest-CreateVolumesFromSnapshotTest-894614079 tempest-CreateVolumesFromSnapshotTest-894614079-project-member] Empty body provided in request {{(pid=71963) get_body /opt/stack/cinder/cinder/api/openstack/wsgi.py:715}}
Apr 18 17:53:50 user devstack@c-api.service[71963]: DEBUG cinder.api.openstack.wsgi [None req-83d592c8-e80c-4501-867e-674f03f4b075 tempest-CreateVolumesFromSnapshotTest-894614079 tempest-CreateVolumesFromSnapshotTest-894614079-project-member] Calling method 'show' {{(pid=71963) _process_stack /opt/stack/cinder/cinder/api/openstack/wsgi.py:868}}
Apr 18 17:53:50 user devstack@c-api.service[71962]: [pid: 71962|app: 0|req: 100/285] 10.0.0.210 () {64 vars in 1438 bytes} [Tue Apr 18 17:53:50 2023] POST /volume/v3/353a3f014b1a47afb4069c8c5b6d2e16/types/f2c2633a-3eef-4621-b660-c25929bf3724/action => generated 0 bytes in 36 msecs (HTTP/1.1 202) 6 headers in 233 bytes (1 switches on core 0)
Apr 18 17:53:50 user devstack@c-api.service[71964]: DEBUG cinder.api.middleware.request_id [None req-6b01de28-524d-42d2-94e5-b9b178bb2ff6 None None] RequestId filter calling following filter/app {{(pid=71964) _context_setter /opt/stack/cinder/cinder/api/middleware/request_id.py:62}}
Apr 18 17:53:50 user devstack@c-api.service[71964]: INFO cinder.api.openstack.wsgi [None req-6b01de28-524d-42d2-94e5-b9b178bb2ff6 tempest-VolumeTypesAccessTest-1962005834 tempest-VolumeTypesAccessTest-1962005834-project-admin] POST http://10.0.0.210/volume/v3/353a3f014b1a47afb4069c8c5b6d2e16/types/f2c2633a-3eef-4621-b660-c25929bf3724/action
Apr 18 17:53:50 user devstack@c-api.service[71964]: DEBUG cinder.api.openstack.wsgi [None req-6b01de28-524d-42d2-94e5-b9b178bb2ff6 tempest-VolumeTypesAccessTest-1962005834 tempest-VolumeTypesAccessTest-1962005834-project-admin] Action body: b'{"addProjectAccess": {"project": "5be1b371d23440448818f0c9e62bb2fa"}}' {{(pid=71964) get_method /opt/stack/cinder/cinder/api/openstack/wsgi.py:983}}
Apr 18 17:53:50 user devstack@c-api.service[71964]: DEBUG cinder.api.openstack.wsgi [None req-6b01de28-524d-42d2-94e5-b9b178bb2ff6 tempest-VolumeTypesAccessTest-1962005834 tempest-VolumeTypesAccessTest-1962005834-project-admin] Action: 'action', calling method: _addProjectAccess, body: {"addProjectAccess": {"project": "5be1b371d23440448818f0c9e62bb2fa"}} {{(pid=71964) _process_stack /opt/stack/cinder/cinder/api/openstack/wsgi.py:866}}
Apr 18 17:53:50 user devstack@c-api.service[71963]: INFO cinder.api.openstack.wsgi [None req-83d592c8-e80c-4501-867e-674f03f4b075 tempest-CreateVolumesFromSnapshotTest-894614079 tempest-CreateVolumesFromSnapshotTest-894614079-project-member] http://10.0.0.210/volume/v3/01f0aa06d0fb4f5580f3234fa5035062/volumes/c66090cd-ec2b-4a96-9805-5f3a2bb0e7e4 returned with HTTP 404
Apr 18 17:53:50 user devstack@c-api.service[71963]: [pid: 71963|app: 0|req: 93/286] 10.0.0.210 () {62 vars in 1402 bytes} [Tue Apr 18 17:53:50 2023] GET /volume/v3/01f0aa06d0fb4f5580f3234fa5035062/volumes/c66090cd-ec2b-4a96-9805-5f3a2bb0e7e4 => generated 109 bytes in 23 msecs (HTTP/1.1 404) 7 headers in 292 bytes (1 switches on core 0)
Apr 18 17:53:50 user devstack@c-api.service[71964]: INFO cinder.api.openstack.wsgi [None req-6b01de28-524d-42d2-94e5-b9b178bb2ff6 tempest-VolumeTypesAccessTest-1962005834 tempest-VolumeTypesAccessTest-1962005834-project-admin] http://10.0.0.210/volume/v3/353a3f014b1a47afb4069c8c5b6d2e16/types/f2c2633a-3eef-4621-b660-c25929bf3724/action returned with HTTP 202
Apr 18 17:53:50 user devstack@c-api.service[71964]: [pid: 71964|app: 0|req: 94/287] 10.0.0.210 () {64 vars in 1438 bytes} [Tue Apr 18 17:53:50 2023] POST /volume/v3/353a3f014b1a47afb4069c8c5b6d2e16/types/f2c2633a-3eef-4621-b660-c25929bf3724/action => generated 0 bytes in 28 msecs (HTTP/1.1 202) 6 headers in 233 bytes (1 switches on core 0)
Apr 18 17:53:50 user devstack@c-api.service[71962]: DEBUG cinder.api.middleware.request_id [None req-510ccd8f-c940-4fb0-8a7b-0997317880b6 None None] RequestId filter calling following filter/app {{(pid=71962) _context_setter /opt/stack/cinder/cinder/api/middleware/request_id.py:62}}
Apr 18 17:53:50 user devstack@c-api.service[71962]: INFO cinder.api.openstack.wsgi [None req-510ccd8f-c940-4fb0-8a7b-0997317880b6 tempest-VolumeTypesAccessTest-1962005834 tempest-VolumeTypesAccessTest-1962005834-project-admin] GET http://10.0.0.210/volume/v3/353a3f014b1a47afb4069c8c5b6d2e16/types/f2c2633a-3eef-4621-b660-c25929bf3724/os-volume-type-access
Apr 18 17:53:50 user devstack@c-api.service[71962]: DEBUG cinder.api.openstack.wsgi [None req-510ccd8f-c940-4fb0-8a7b-0997317880b6 tempest-VolumeTypesAccessTest-1962005834 tempest-VolumeTypesAccessTest-1962005834-project-admin] Empty body provided in request {{(pid=71962) get_body /opt/stack/cinder/cinder/api/openstack/wsgi.py:715}}
Apr 18 17:53:50 user devstack@c-api.service[71962]: DEBUG cinder.api.openstack.wsgi [None req-510ccd8f-c940-4fb0-8a7b-0997317880b6 tempest-VolumeTypesAccessTest-1962005834 tempest-VolumeTypesAccessTest-1962005834-project-admin] Calling method 'index' {{(pid=71962) _process_stack /opt/stack/cinder/cinder/api/openstack/wsgi.py:868}}
Apr 18 17:53:50 user devstack@c-api.service[71962]: INFO cinder.api.openstack.wsgi [None req-510ccd8f-c940-4fb0-8a7b-0997317880b6 tempest-VolumeTypesAccessTest-1962005834 tempest-VolumeTypesAccessTest-1962005834-project-admin] http://10.0.0.210/volume/v3/353a3f014b1a47afb4069c8c5b6d2e16/types/f2c2633a-3eef-4621-b660-c25929bf3724/os-volume-type-access returned with HTTP 200
Apr 18 17:53:50 user devstack@c-api.service[71962]: [pid: 71962|app: 0|req: 101/288] 10.0.0.210 () {62 vars in 1462 bytes} [Tue Apr 18 17:53:50 2023] GET /volume/v3/353a3f014b1a47afb4069c8c5b6d2e16/types/f2c2633a-3eef-4621-b660-c25929bf3724/os-volume-type-access => generated 244 bytes in 31 msecs (HTTP/1.1 200) 7 headers in 285 bytes (1 switches on core 0)
Apr 18 17:53:50 user devstack@c-api.service[71963]: DEBUG cinder.api.middleware.request_id [None req-ff13a2c6-a79f-4e59-90b0-3639900495cb None None] RequestId filter calling following filter/app {{(pid=71963) _context_setter /opt/stack/cinder/cinder/api/middleware/request_id.py:62}}
Apr 18 17:53:50 user devstack@c-api.service[71963]: INFO cinder.api.openstack.wsgi [None req-ff13a2c6-a79f-4e59-90b0-3639900495cb tempest-VolumeTypesAccessTest-1962005834 tempest-VolumeTypesAccessTest-1962005834-project-admin] POST http://10.0.0.210/volume/v3/353a3f014b1a47afb4069c8c5b6d2e16/types/f2c2633a-3eef-4621-b660-c25929bf3724/action
Apr 18 17:53:50 user devstack@c-api.service[71963]: DEBUG cinder.api.openstack.wsgi [None req-ff13a2c6-a79f-4e59-90b0-3639900495cb tempest-VolumeTypesAccessTest-1962005834 tempest-VolumeTypesAccessTest-1962005834-project-admin] Action body: b'{"removeProjectAccess": {"project": "5be1b371d23440448818f0c9e62bb2fa"}}' {{(pid=71963) get_method /opt/stack/cinder/cinder/api/openstack/wsgi.py:983}}
Apr 18 17:53:50 user devstack@c-api.service[71963]: DEBUG cinder.api.openstack.wsgi [None req-ff13a2c6-a79f-4e59-90b0-3639900495cb tempest-VolumeTypesAccessTest-1962005834 tempest-VolumeTypesAccessTest-1962005834-project-admin] Action: 'action', calling method: _removeProjectAccess, body: {"removeProjectAccess": {"project": "5be1b371d23440448818f0c9e62bb2fa"}} {{(pid=71963) _process_stack /opt/stack/cinder/cinder/api/openstack/wsgi.py:866}}
Apr 18 17:53:50 user devstack@c-api.service[71963]: INFO cinder.api.openstack.wsgi [None req-ff13a2c6-a79f-4e59-90b0-3639900495cb tempest-VolumeTypesAccessTest-1962005834 tempest-VolumeTypesAccessTest-1962005834-project-admin] http://10.0.0.210/volume/v3/353a3f014b1a47afb4069c8c5b6d2e16/types/f2c2633a-3eef-4621-b660-c25929bf3724/action returned with HTTP 202
Apr 18 17:53:50 user devstack@c-api.service[71963]: [pid: 71963|app: 0|req: 94/289] 10.0.0.210 () {64 vars in 1438 bytes} [Tue Apr 18 17:53:50 2023] POST /volume/v3/353a3f014b1a47afb4069c8c5b6d2e16/types/f2c2633a-3eef-4621-b660-c25929bf3724/action => generated 0 bytes in 27 msecs (HTTP/1.1 202) 6 headers in 233 bytes (1 switches on core 0)
Apr 18 17:53:50 user devstack@c-api.service[71964]: DEBUG cinder.api.middleware.request_id [None req-c88555a8-2d59-46a8-ad96-3ed9844aa8fd None None] RequestId filter calling following filter/app {{(pid=71964) _context_setter /opt/stack/cinder/cinder/api/middleware/request_id.py:62}}
Apr 18 17:53:50 user devstack@c-api.service[71964]: INFO cinder.api.openstack.wsgi [None req-c88555a8-2d59-46a8-ad96-3ed9844aa8fd tempest-VolumeTypesAccessTest-1962005834 tempest-VolumeTypesAccessTest-1962005834-project-admin] POST http://10.0.0.210/volume/v3/353a3f014b1a47afb4069c8c5b6d2e16/types/f2c2633a-3eef-4621-b660-c25929bf3724/action
Apr 18 17:53:50 user devstack@c-api.service[71964]: DEBUG cinder.api.openstack.wsgi [None req-c88555a8-2d59-46a8-ad96-3ed9844aa8fd tempest-VolumeTypesAccessTest-1962005834 tempest-VolumeTypesAccessTest-1962005834-project-admin] Action body: b'{"removeProjectAccess": {"project": "c3adf839afde4e18b190af5e1edfbcc0"}}' {{(pid=71964) get_method /opt/stack/cinder/cinder/api/openstack/wsgi.py:983}}
Apr 18 17:53:50 user devstack@c-api.service[71964]: DEBUG cinder.api.openstack.wsgi [None req-c88555a8-2d59-46a8-ad96-3ed9844aa8fd tempest-VolumeTypesAccessTest-1962005834 tempest-VolumeTypesAccessTest-1962005834-project-admin] Action: 'action', calling method: _removeProjectAccess, body: {"removeProjectAccess": {"project": "c3adf839afde4e18b190af5e1edfbcc0"}} {{(pid=71964) _process_stack /opt/stack/cinder/cinder/api/openstack/wsgi.py:866}}
Apr 18 17:53:50 user devstack@c-api.service[71964]: INFO cinder.api.openstack.wsgi [None req-c88555a8-2d59-46a8-ad96-3ed9844aa8fd tempest-VolumeTypesAccessTest-1962005834 tempest-VolumeTypesAccessTest-1962005834-project-admin] http://10.0.0.210/volume/v3/353a3f014b1a47afb4069c8c5b6d2e16/types/f2c2633a-3eef-4621-b660-c25929bf3724/action returned with HTTP 202
Apr 18 17:53:50 user devstack@c-api.service[71964]: [pid: 71964|app: 0|req: 95/290] 10.0.0.210 () {64 vars in 1438 bytes} [Tue Apr 18 17:53:50 2023] POST /volume/v3/353a3f014b1a47afb4069c8c5b6d2e16/types/f2c2633a-3eef-4621-b660-c25929bf3724/action => generated 0 bytes in 22 msecs (HTTP/1.1 202) 6 headers in 233 bytes (1 switches on core 0)
Apr 18 17:53:50 user devstack@c-api.service[71962]: DEBUG cinder.api.middleware.request_id [None req-53dff677-a572-4d63-9440-3906603dc9b5 None None] RequestId filter calling following filter/app {{(pid=71962) _context_setter /opt/stack/cinder/cinder/api/middleware/request_id.py:62}}
Apr 18 17:53:50 user devstack@c-api.service[71962]: INFO cinder.api.openstack.wsgi [None req-53dff677-a572-4d63-9440-3906603dc9b5 tempest-VolumeTypesAccessTest-1962005834 tempest-VolumeTypesAccessTest-1962005834-project-admin] DELETE http://10.0.0.210/volume/v3/353a3f014b1a47afb4069c8c5b6d2e16/types/f2c2633a-3eef-4621-b660-c25929bf3724
Apr 18 17:53:50 user devstack@c-api.service[71962]: DEBUG cinder.api.openstack.wsgi [None req-53dff677-a572-4d63-9440-3906603dc9b5 tempest-VolumeTypesAccessTest-1962005834 tempest-VolumeTypesAccessTest-1962005834-project-admin] Empty body provided in request {{(pid=71962) get_body /opt/stack/cinder/cinder/api/openstack/wsgi.py:715}}
Apr 18 17:53:50 user devstack@c-api.service[71962]: DEBUG cinder.api.openstack.wsgi [None req-53dff677-a572-4d63-9440-3906603dc9b5 tempest-VolumeTypesAccessTest-1962005834 tempest-VolumeTypesAccessTest-1962005834-project-admin] Calling method '_delete' {{(pid=71962) _process_stack /opt/stack/cinder/cinder/api/openstack/wsgi.py:868}}
Apr 18 17:53:50 user devstack@c-api.service[71962]: INFO cinder.api.openstack.wsgi [None req-53dff677-a572-4d63-9440-3906603dc9b5 tempest-VolumeTypesAccessTest-1962005834 tempest-VolumeTypesAccessTest-1962005834-project-admin] http://10.0.0.210/volume/v3/353a3f014b1a47afb4069c8c5b6d2e16/types/f2c2633a-3eef-4621-b660-c25929bf3724 returned with HTTP 202
Apr 18 17:53:50 user devstack@c-api.service[71962]: [pid: 71962|app: 0|req: 102/291] 10.0.0.210 () {62 vars in 1399 bytes} [Tue Apr 18 17:53:50 2023] DELETE /volume/v3/353a3f014b1a47afb4069c8c5b6d2e16/types/f2c2633a-3eef-4621-b660-c25929bf3724 => generated 0 bytes in 53 msecs (HTTP/1.1 202) 6 headers in 233 bytes (1 switches on core 0)
Apr 18 17:53:50 user devstack@c-api.service[71963]: DEBUG cinder.api.middleware.request_id [None req-a4a06899-2041-4484-8d28-448c8570d0d5 None None] RequestId filter calling following filter/app {{(pid=71963) _context_setter /opt/stack/cinder/cinder/api/middleware/request_id.py:62}}
Apr 18 17:53:50 user devstack@c-api.service[71963]: INFO cinder.api.openstack.wsgi [None req-a4a06899-2041-4484-8d28-448c8570d0d5 tempest-VolumeTypesAccessTest-1962005834 tempest-VolumeTypesAccessTest-1962005834-project-admin] GET http://10.0.0.210/volume/v3/353a3f014b1a47afb4069c8c5b6d2e16/types/f2c2633a-3eef-4621-b660-c25929bf3724
Apr 18 17:53:50 user devstack@c-api.service[71963]: DEBUG cinder.api.openstack.wsgi [None req-a4a06899-2041-4484-8d28-448c8570d0d5 tempest-VolumeTypesAccessTest-1962005834 tempest-VolumeTypesAccessTest-1962005834-project-admin] Empty body provided in request {{(pid=71963) get_body /opt/stack/cinder/cinder/api/openstack/wsgi.py:715}}
Apr 18 17:53:50 user devstack@c-api.service[71963]: DEBUG cinder.api.openstack.wsgi [None req-a4a06899-2041-4484-8d28-448c8570d0d5 tempest-VolumeTypesAccessTest-1962005834 tempest-VolumeTypesAccessTest-1962005834-project-admin] Calling method 'show' {{(pid=71963) _process_stack /opt/stack/cinder/cinder/api/openstack/wsgi.py:868}}
Apr 18 17:53:50 user devstack@c-api.service[71963]: INFO cinder.api.openstack.wsgi [None req-a4a06899-2041-4484-8d28-448c8570d0d5 tempest-VolumeTypesAccessTest-1962005834 tempest-VolumeTypesAccessTest-1962005834-project-admin] http://10.0.0.210/volume/v3/353a3f014b1a47afb4069c8c5b6d2e16/types/f2c2633a-3eef-4621-b660-c25929bf3724 returned with HTTP 404
Apr 18 17:53:50 user devstack@c-api.service[71963]: [pid: 71963|app: 0|req: 95/292] 10.0.0.210 () {62 vars in 1396 bytes} [Tue Apr 18 17:53:50 2023] GET /volume/v3/353a3f014b1a47afb4069c8c5b6d2e16/types/f2c2633a-3eef-4621-b660-c25929bf3724 => generated 114 bytes in 16 msecs (HTTP/1.1 404) 7 headers in 292 bytes (1 switches on core 0)
Apr 18 17:53:52 user devstack@c-api.service[71964]: DEBUG cinder.api.middleware.request_id [None req-a99548ed-58fa-409b-8707-e85f019eea7e None None] RequestId filter calling following filter/app {{(pid=71964) _context_setter /opt/stack/cinder/cinder/api/middleware/request_id.py:62}}
Apr 18 17:53:52 user devstack@c-api.service[71964]: INFO cinder.api.openstack.wsgi [None req-a99548ed-58fa-409b-8707-e85f019eea7e tempest-CinderUnicodeTest-1350736904 tempest-CinderUnicodeTest-1350736904-project-member] POST http://10.0.0.210/volume/v3/9f14dcd0ab2a4fd3bbdc10af4ba0bece/volumes
Apr 18 17:53:52 user devstack@c-api.service[71964]: DEBUG cinder.api.openstack.wsgi [None req-a99548ed-58fa-409b-8707-e85f019eea7e tempest-CinderUnicodeTest-1350736904 tempest-CinderUnicodeTest-1350736904-project-member] Action: 'create', calling method: create, body: {"volume": {"name": "CinderUnicodeTest\u5875\u3f17\u203d", "size": 1}} {{(pid=71964) _process_stack /opt/stack/cinder/cinder/api/openstack/wsgi.py:866}}
Apr 18 17:53:52 user devstack@c-api.service[71964]: DEBUG cinder.api.v3.volumes [None req-a99548ed-58fa-409b-8707-e85f019eea7e tempest-CinderUnicodeTest-1350736904 tempest-CinderUnicodeTest-1350736904-project-member] Create volume request body: {'volume': {'name': 'CinderUnicodeTest塵㼗‽', 'size': 1}} {{(pid=71964) create /opt/stack/cinder/cinder/api/v3/volumes.py:297}}
Apr 18 17:53:52 user devstack@c-api.service[71964]: INFO cinder.api.v3.volumes [None req-a99548ed-58fa-409b-8707-e85f019eea7e tempest-CinderUnicodeTest-1350736904 tempest-CinderUnicodeTest-1350736904-project-member] Create volume of 1 GB
Apr 18 17:53:52 user devstack@c-api.service[71964]: INFO cinder.volume.api [None req-a99548ed-58fa-409b-8707-e85f019eea7e tempest-CinderUnicodeTest-1350736904 tempest-CinderUnicodeTest-1350736904-project-member] Availability Zones retrieved successfully.
Apr 18 17:53:52 user devstack@c-api.service[71964]: DEBUG cinder.volume.api [None req-a99548ed-58fa-409b-8707-e85f019eea7e tempest-CinderUnicodeTest-1350736904 tempest-CinderUnicodeTest-1350736904-project-member] Flow 'volume_create_api' (cd4983ad-00a4-48f0-9653-2c7d8efbdd7a) transitioned into state 'RUNNING' from state 'PENDING' {{(pid=71964) _flow_receiver /usr/local/lib/python3.10/dist-packages/taskflow/listeners/logging.py:141}}
Apr 18 17:53:52 user devstack@c-api.service[71964]: DEBUG cinder.volume.api [None req-a99548ed-58fa-409b-8707-e85f019eea7e tempest-CinderUnicodeTest-1350736904 tempest-CinderUnicodeTest-1350736904-project-member] Task 'cinder.volume.flows.api.create_volume.ExtractVolumeRequestTask;volume:create' (c11d5f47-a1c8-4eca-bd74-d7662841d20c) transitioned into state 'RUNNING' from state 'PENDING' {{(pid=71964) _task_receiver /usr/local/lib/python3.10/dist-packages/taskflow/listeners/logging.py:190}}
Apr 18 17:53:52 user devstack@c-api.service[71964]: DEBUG cinder.volume.flows.api.create_volume [None req-a99548ed-58fa-409b-8707-e85f019eea7e tempest-CinderUnicodeTest-1350736904 tempest-CinderUnicodeTest-1350736904-project-member] Validating volume size '1' using validate_int {{(pid=71964) _extract_size /opt/stack/cinder/cinder/volume/flows/api/create_volume.py:228}}
Apr 18 17:53:52 user devstack@c-api.service[71964]: DEBUG cinder.volume.api [None req-a99548ed-58fa-409b-8707-e85f019eea7e tempest-CinderUnicodeTest-1350736904 tempest-CinderUnicodeTest-1350736904-project-member] Task 'cinder.volume.flows.api.create_volume.ExtractVolumeRequestTask;volume:create' (c11d5f47-a1c8-4eca-bd74-d7662841d20c) transitioned into state 'SUCCESS' from state 'RUNNING' with result '{'size': 1, 'snapshot_id': None, 'source_volid': None, 'volume_type': VolumeType(created_at=2023-04-18T17:48:39Z,deleted=False,deleted_at=None,description=None,extra_specs={volume_backend_name='joviandss-2'},id=154f1f43-72a2-443f-9b8f-64f9d7eca294,is_public=True,name='joviandss-2',projects=[],qos_specs=,qos_specs_id=None,updated_at=None), 'volume_type_id': '154f1f43-72a2-443f-9b8f-64f9d7eca294', 'encryption_key_id': None, 'qos_specs': None, 'consistencygroup_id': None, 'cgsnapshot_id': None, 'group_id': None, 'replication_status': 'disabled', 'refresh_az': False, 'backup_id': None, 'multiattach': False, 'availability_zones': ['nova']}' {{(pid=71964) _task_receiver /usr/local/lib/python3.10/dist-packages/taskflow/listeners/logging.py:178}}
Apr 18 17:53:52 user devstack@c-api.service[71964]: DEBUG cinder.volume.api [None req-a99548ed-58fa-409b-8707-e85f019eea7e tempest-CinderUnicodeTest-1350736904 tempest-CinderUnicodeTest-1350736904-project-member] Task 'cinder.volume.flows.api.create_volume.QuotaReserveTask;volume:create' (329bc5fd-05c4-481d-8b1e-483ea1f35aa2) transitioned into state 'RUNNING' from state 'PENDING' {{(pid=71964) _task_receiver /usr/local/lib/python3.10/dist-packages/taskflow/listeners/logging.py:190}}
Apr 18 17:53:52 user devstack@c-api.service[71964]: DEBUG dbcounter [-] [71964] Writing DB stats cinder:INSERT=11,cinder:UPDATE=29,cinder:SELECT=60 {{(pid=71964) stat_writer /usr/local/lib/python3.10/dist-packages/dbcounter.py:117}}
Apr 18 17:53:52 user devstack@c-api.service[71964]: DEBUG cinder.quota [None req-a99548ed-58fa-409b-8707-e85f019eea7e tempest-CinderUnicodeTest-1350736904 tempest-CinderUnicodeTest-1350736904-project-member] Created reservations ['ccff5394-4787-4a14-bab4-4b834facfe61', '8acbfd07-5b6f-4927-b102-7a4782b8b113', '739a73fe-80c1-482d-b3ae-31bec5a3265c', '3fd8f947-e7df-4d0f-8090-accb110dc389'] {{(pid=71964) reserve /opt/stack/cinder/cinder/quota.py:755}}
Apr 18 17:53:52 user devstack@c-api.service[71964]: DEBUG cinder.volume.api [None req-a99548ed-58fa-409b-8707-e85f019eea7e tempest-CinderUnicodeTest-1350736904 tempest-CinderUnicodeTest-1350736904-project-member] Task 'cinder.volume.flows.api.create_volume.QuotaReserveTask;volume:create' (329bc5fd-05c4-481d-8b1e-483ea1f35aa2) transitioned into state 'SUCCESS' from state 'RUNNING' with result '{'reservations': ['ccff5394-4787-4a14-bab4-4b834facfe61', '8acbfd07-5b6f-4927-b102-7a4782b8b113', '739a73fe-80c1-482d-b3ae-31bec5a3265c', '3fd8f947-e7df-4d0f-8090-accb110dc389']}' {{(pid=71964) _task_receiver /usr/local/lib/python3.10/dist-packages/taskflow/listeners/logging.py:178}}
Apr 18 17:53:52 user devstack@c-api.service[71964]: DEBUG cinder.volume.api [None req-a99548ed-58fa-409b-8707-e85f019eea7e tempest-CinderUnicodeTest-1350736904 tempest-CinderUnicodeTest-1350736904-project-member] Task 'cinder.volume.flows.api.create_volume.EntryCreateTask;volume:create' (d1f0c1a3-5670-4b64-8b53-cbb10c4aefdb) transitioned into state 'RUNNING' from state 'PENDING' {{(pid=71964) _task_receiver /usr/local/lib/python3.10/dist-packages/taskflow/listeners/logging.py:190}}
Apr 18 17:53:52 user devstack@c-api.service[71964]: DEBUG cinder.volume.api [None req-a99548ed-58fa-409b-8707-e85f019eea7e tempest-CinderUnicodeTest-1350736904 tempest-CinderUnicodeTest-1350736904-project-member] Task 'cinder.volume.flows.api.create_volume.EntryCreateTask;volume:create' (d1f0c1a3-5670-4b64-8b53-cbb10c4aefdb) transitioned into state 'SUCCESS' from state 'RUNNING' with result '{'volume_id': '744eda0e-177f-4665-8a4e-392a5fe728ef', 'volume_properties': VolumeProperties(attach_status='detached',availability_zone='nova',cgsnapshot_id=None,consistencygroup_id=None,display_description=None,display_name='CinderUnicodeTest塵㼗‽',encryption_key_id=None,group_id=None,group_type_id=,metadata={},multiattach=False,project_id='9f14dcd0ab2a4fd3bbdc10af4ba0bece',qos_specs=None,replication_status=,reservations=['ccff5394-4787-4a14-bab4-4b834facfe61','8acbfd07-5b6f-4927-b102-7a4782b8b113','739a73fe-80c1-482d-b3ae-31bec5a3265c','3fd8f947-e7df-4d0f-8090-accb110dc389'],size=1,snapshot_id=None,source_replicaid=,source_volid=None,status='creating',user_id='fc1ecbd50f17427ba3075ce68feb8493',volume_type_id=154f1f43-72a2-443f-9b8f-64f9d7eca294), 'volume': Volume(_name_id=None,admin_metadata=,attach_status='detached',availability_zone='nova',bootable=False,cluster=,cluster_name=None,consistencygroup=,consistencygroup_id=None,created_at=2023-04-18T17:53:52Z,deleted=False,deleted_at=None,display_description=None,display_name='CinderUnicodeTest塵㼗‽',ec2_id=None,encryption_key_id=None,glance_metadata=,group=,group_id=None,host=None,id=744eda0e-177f-4665-8a4e-392a5fe728ef,launched_at=None,metadata={},migration_status=None,multiattach=False,previous_status=None,project_id='9f14dcd0ab2a4fd3bbdc10af4ba0bece',provider_auth=None,provider_geometry=None,provider_id=None,provider_location=None,replication_driver_data=None,replication_extended_status=None,replication_status=None,scheduled_at=None,service_uuid=None,shared_targets=True,size=1,snapshot_id=None,snapshots=,source_volid=None,status='creating',terminated_at=None,updated_at=None,use_quota=True,user_id='fc1ecbd50f17427ba3075ce68feb8493',volume_attachment=VolumeAttachmentList,volume_type=VolumeType(154f1f43-72a2-443f-9b8f-64f9d7eca294),volume_type_id=154f1f43-72a2-443f-9b8f-64f9d7eca294)}' {{(pid=71964) _task_receiver /usr/local/lib/python3.10/dist-packages/taskflow/listeners/logging.py:178}}
Apr 18 17:53:52 user devstack@c-api.service[71964]: DEBUG cinder.volume.api [None req-a99548ed-58fa-409b-8707-e85f019eea7e tempest-CinderUnicodeTest-1350736904 tempest-CinderUnicodeTest-1350736904-project-member] Task 'cinder.volume.flows.api.create_volume.QuotaCommitTask;volume:create' (95e18197-6f22-4a0d-9df3-aa400fce2944) transitioned into state 'RUNNING' from state 'PENDING' {{(pid=71964) _task_receiver /usr/local/lib/python3.10/dist-packages/taskflow/listeners/logging.py:190}}
Apr 18 17:53:52 user devstack@c-api.service[71964]: DEBUG cinder.volume.api [None req-a99548ed-58fa-409b-8707-e85f019eea7e tempest-CinderUnicodeTest-1350736904 tempest-CinderUnicodeTest-1350736904-project-member] Task 'cinder.volume.flows.api.create_volume.QuotaCommitTask;volume:create' (95e18197-6f22-4a0d-9df3-aa400fce2944) transitioned into state 'SUCCESS' from state 'RUNNING' with result '{'volume_properties': VolumeProperties(attach_status='detached',availability_zone='nova',cgsnapshot_id=None,consistencygroup_id=None,display_description=None,display_name='CinderUnicodeTest塵㼗‽',encryption_key_id=None,group_id=None,group_type_id=,metadata={},multiattach=False,project_id='9f14dcd0ab2a4fd3bbdc10af4ba0bece',qos_specs=None,replication_status=,reservations=['ccff5394-4787-4a14-bab4-4b834facfe61','8acbfd07-5b6f-4927-b102-7a4782b8b113','739a73fe-80c1-482d-b3ae-31bec5a3265c','3fd8f947-e7df-4d0f-8090-accb110dc389'],size=1,snapshot_id=None,source_replicaid=,source_volid=None,status='creating',user_id='fc1ecbd50f17427ba3075ce68feb8493',volume_type_id=154f1f43-72a2-443f-9b8f-64f9d7eca294)}' {{(pid=71964) _task_receiver /usr/local/lib/python3.10/dist-packages/taskflow/listeners/logging.py:178}}
Apr 18 17:53:52 user devstack@c-api.service[71964]: DEBUG cinder.volume.api [None req-a99548ed-58fa-409b-8707-e85f019eea7e tempest-CinderUnicodeTest-1350736904 tempest-CinderUnicodeTest-1350736904-project-member] Task 'cinder.volume.flows.api.create_volume.VolumeCastTask;volume:create' (0a795fe1-7c22-4e6c-86f7-89a2e7f59b09) transitioned into state 'RUNNING' from state 'PENDING' {{(pid=71964) _task_receiver /usr/local/lib/python3.10/dist-packages/taskflow/listeners/logging.py:190}}
Apr 18 17:53:52 user devstack@c-api.service[71964]: DEBUG cinder.volume.api [None req-a99548ed-58fa-409b-8707-e85f019eea7e tempest-CinderUnicodeTest-1350736904 tempest-CinderUnicodeTest-1350736904-project-member] Task 'cinder.volume.flows.api.create_volume.VolumeCastTask;volume:create' (0a795fe1-7c22-4e6c-86f7-89a2e7f59b09) transitioned into state 'SUCCESS' from state 'RUNNING' with result 'None' {{(pid=71964) _task_receiver /usr/local/lib/python3.10/dist-packages/taskflow/listeners/logging.py:178}}
Apr 18 17:53:52 user devstack@c-api.service[71964]: DEBUG cinder.volume.api [None req-a99548ed-58fa-409b-8707-e85f019eea7e tempest-CinderUnicodeTest-1350736904 tempest-CinderUnicodeTest-1350736904-project-member] Flow 'volume_create_api' (cd4983ad-00a4-48f0-9653-2c7d8efbdd7a) transitioned into state 'SUCCESS' from state 'RUNNING' {{(pid=71964) _flow_receiver /usr/local/lib/python3.10/dist-packages/taskflow/listeners/logging.py:141}}
Apr 18 17:53:52 user devstack@c-api.service[71964]: INFO cinder.volume.api [None req-a99548ed-58fa-409b-8707-e85f019eea7e tempest-CinderUnicodeTest-1350736904 tempest-CinderUnicodeTest-1350736904-project-member] Create volume request issued successfully.
Apr 18 17:53:52 user devstack@c-api.service[71964]: INFO cinder.api.openstack.wsgi [None req-a99548ed-58fa-409b-8707-e85f019eea7e tempest-CinderUnicodeTest-1350736904 tempest-CinderUnicodeTest-1350736904-project-member] http://10.0.0.210/volume/v3/9f14dcd0ab2a4fd3bbdc10af4ba0bece/volumes returned with HTTP 202
Apr 18 17:53:52 user devstack@c-api.service[71964]: [pid: 71964|app: 0|req: 96/293] 10.0.0.210 () {64 vars in 1312 bytes} [Tue Apr 18 17:53:52 2023] POST /volume/v3/9f14dcd0ab2a4fd3bbdc10af4ba0bece/volumes => generated 807 bytes in 447 msecs (HTTP/1.1 202) 7 headers in 291 bytes (1 switches on core 0)
Apr 18 17:53:52 user devstack@c-api.service[71962]: DEBUG cinder.api.middleware.request_id [None req-10c84322-5741-4c32-bb0f-6a5f1680516f None None] RequestId filter calling following filter/app {{(pid=71962) _context_setter /opt/stack/cinder/cinder/api/middleware/request_id.py:62}}
Apr 18 17:53:52 user devstack@c-api.service[71962]: INFO cinder.api.openstack.wsgi [None req-10c84322-5741-4c32-bb0f-6a5f1680516f tempest-CinderUnicodeTest-1350736904 tempest-CinderUnicodeTest-1350736904-project-member] GET http://10.0.0.210/volume/v3/9f14dcd0ab2a4fd3bbdc10af4ba0bece/volumes/744eda0e-177f-4665-8a4e-392a5fe728ef
Apr 18 17:53:52 user devstack@c-api.service[71962]: DEBUG cinder.api.openstack.wsgi [None req-10c84322-5741-4c32-bb0f-6a5f1680516f tempest-CinderUnicodeTest-1350736904 tempest-CinderUnicodeTest-1350736904-project-member] Empty body provided in request {{(pid=71962) get_body /opt/stack/cinder/cinder/api/openstack/wsgi.py:715}}
Apr 18 17:53:52 user devstack@c-api.service[71962]: DEBUG cinder.api.openstack.wsgi [None req-10c84322-5741-4c32-bb0f-6a5f1680516f tempest-CinderUnicodeTest-1350736904 tempest-CinderUnicodeTest-1350736904-project-member] Calling method 'show' {{(pid=71962) _process_stack /opt/stack/cinder/cinder/api/openstack/wsgi.py:868}}
Apr 18 17:53:53 user devstack@c-api.service[71962]: /usr/local/lib/python3.10/dist-packages/oslo_context/context.py:100: DeprecationWarning: Policy enforcement is depending on the value of is_admin. This key is deprecated. Please update your policy file to use the standard policy values.
Apr 18 17:53:53 user devstack@c-api.service[71962]: warnings.warn('Policy enforcement is depending on the value of '
Apr 18 17:53:53 user devstack@c-api.service[71962]: INFO cinder.volume.api [None req-10c84322-5741-4c32-bb0f-6a5f1680516f tempest-CinderUnicodeTest-1350736904 tempest-CinderUnicodeTest-1350736904-project-member] Volume info retrieved successfully.
Apr 18 17:53:53 user devstack@c-api.service[71962]: INFO cinder.api.openstack.wsgi [None req-10c84322-5741-4c32-bb0f-6a5f1680516f tempest-CinderUnicodeTest-1350736904 tempest-CinderUnicodeTest-1350736904-project-member] http://10.0.0.210/volume/v3/9f14dcd0ab2a4fd3bbdc10af4ba0bece/volumes/744eda0e-177f-4665-8a4e-392a5fe728ef returned with HTTP 200
Apr 18 17:53:53 user devstack@c-api.service[71962]: [pid: 71962|app: 0|req: 103/294] 10.0.0.210 () {62 vars in 1402 bytes} [Tue Apr 18 17:53:52 2023] GET /volume/v3/9f14dcd0ab2a4fd3bbdc10af4ba0bece/volumes/744eda0e-177f-4665-8a4e-392a5fe728ef => generated 875 bytes in 36 msecs (HTTP/1.1 200) 7 headers in 285 bytes (1 switches on core 0)
Apr 18 17:53:54 user devstack@c-api.service[71963]: DEBUG cinder.api.middleware.request_id [None req-9ecb66a5-6272-4846-be66-9de5664b9d43 None None] RequestId filter calling following filter/app {{(pid=71963) _context_setter /opt/stack/cinder/cinder/api/middleware/request_id.py:62}}
Apr 18 17:53:54 user devstack@c-api.service[71963]: INFO cinder.api.openstack.wsgi [None req-9ecb66a5-6272-4846-be66-9de5664b9d43 tempest-CinderUnicodeTest-1350736904 tempest-CinderUnicodeTest-1350736904-project-member] GET http://10.0.0.210/volume/v3/9f14dcd0ab2a4fd3bbdc10af4ba0bece/volumes/744eda0e-177f-4665-8a4e-392a5fe728ef
Apr 18 17:53:54 user devstack@c-api.service[71963]: DEBUG cinder.api.openstack.wsgi [None req-9ecb66a5-6272-4846-be66-9de5664b9d43 tempest-CinderUnicodeTest-1350736904 tempest-CinderUnicodeTest-1350736904-project-member] Empty body provided in request {{(pid=71963) get_body /opt/stack/cinder/cinder/api/openstack/wsgi.py:715}}
Apr 18 17:53:54 user devstack@c-api.service[71963]: DEBUG cinder.api.openstack.wsgi [None req-9ecb66a5-6272-4846-be66-9de5664b9d43 tempest-CinderUnicodeTest-1350736904 tempest-CinderUnicodeTest-1350736904-project-member] Calling method 'show' {{(pid=71963) _process_stack /opt/stack/cinder/cinder/api/openstack/wsgi.py:868}}
Apr 18 17:53:54 user devstack@c-api.service[71963]: /usr/local/lib/python3.10/dist-packages/oslo_context/context.py:100: DeprecationWarning: Policy enforcement is depending on the value of is_admin. This key is deprecated. Please update your policy file to use the standard policy values.
Apr 18 17:53:54 user devstack@c-api.service[71963]: warnings.warn('Policy enforcement is depending on the value of '
Apr 18 17:53:54 user devstack@c-api.service[71963]: INFO cinder.volume.api [None req-9ecb66a5-6272-4846-be66-9de5664b9d43 tempest-CinderUnicodeTest-1350736904 tempest-CinderUnicodeTest-1350736904-project-member] Volume info retrieved successfully.
Apr 18 17:53:54 user devstack@c-api.service[71963]: INFO cinder.api.openstack.wsgi [None req-9ecb66a5-6272-4846-be66-9de5664b9d43 tempest-CinderUnicodeTest-1350736904 tempest-CinderUnicodeTest-1350736904-project-member] http://10.0.0.210/volume/v3/9f14dcd0ab2a4fd3bbdc10af4ba0bece/volumes/744eda0e-177f-4665-8a4e-392a5fe728ef returned with HTTP 200
Apr 18 17:53:54 user devstack@c-api.service[71963]: [pid: 71963|app: 0|req: 96/295] 10.0.0.210 () {62 vars in 1402 bytes} [Tue Apr 18 17:53:54 2023] GET /volume/v3/9f14dcd0ab2a4fd3bbdc10af4ba0bece/volumes/744eda0e-177f-4665-8a4e-392a5fe728ef => generated 896 bytes in 41 msecs (HTTP/1.1 200) 7 headers in 285 bytes (1 switches on core 0)
Apr 18 17:53:54 user devstack@c-api.service[71964]: DEBUG cinder.api.middleware.request_id [None req-759cf5b7-171a-470d-8638-e7ccc768428a None None] RequestId filter calling following filter/app {{(pid=71964) _context_setter /opt/stack/cinder/cinder/api/middleware/request_id.py:62}}
Apr 18 17:53:54 user devstack@c-api.service[71964]: INFO cinder.api.openstack.wsgi [None req-759cf5b7-171a-470d-8638-e7ccc768428a tempest-CinderUnicodeTest-1350736904 tempest-CinderUnicodeTest-1350736904-project-member] DELETE http://10.0.0.210/volume/v3/9f14dcd0ab2a4fd3bbdc10af4ba0bece/volumes/744eda0e-177f-4665-8a4e-392a5fe728ef
Apr 18 17:53:54 user devstack@c-api.service[71964]: DEBUG cinder.api.openstack.wsgi [None req-759cf5b7-171a-470d-8638-e7ccc768428a tempest-CinderUnicodeTest-1350736904 tempest-CinderUnicodeTest-1350736904-project-member] Empty body provided in request {{(pid=71964) get_body /opt/stack/cinder/cinder/api/openstack/wsgi.py:715}}
Apr 18 17:53:54 user devstack@c-api.service[71964]: DEBUG cinder.api.openstack.wsgi [None req-759cf5b7-171a-470d-8638-e7ccc768428a tempest-CinderUnicodeTest-1350736904 tempest-CinderUnicodeTest-1350736904-project-member] Calling method 'delete' {{(pid=71964) _process_stack /opt/stack/cinder/cinder/api/openstack/wsgi.py:868}}
Apr 18 17:53:54 user devstack@c-api.service[71964]: INFO cinder.api.v3.volumes [None req-759cf5b7-171a-470d-8638-e7ccc768428a tempest-CinderUnicodeTest-1350736904 tempest-CinderUnicodeTest-1350736904-project-member] Delete volume with id: 744eda0e-177f-4665-8a4e-392a5fe728ef
Apr 18 17:53:54 user devstack@c-api.service[71964]: /usr/local/lib/python3.10/dist-packages/oslo_context/context.py:100: DeprecationWarning: Policy enforcement is depending on the value of is_admin. This key is deprecated. Please update your policy file to use the standard policy values.
Apr 18 17:53:54 user devstack@c-api.service[71964]: warnings.warn('Policy enforcement is depending on the value of '
Apr 18 17:53:54 user devstack@c-api.service[71964]: INFO cinder.volume.api [None req-759cf5b7-171a-470d-8638-e7ccc768428a tempest-CinderUnicodeTest-1350736904 tempest-CinderUnicodeTest-1350736904-project-member] Volume info retrieved successfully.
Apr 18 17:53:54 user devstack@c-api.service[71964]: DEBUG cinder.volume.api [None req-759cf5b7-171a-470d-8638-e7ccc768428a tempest-CinderUnicodeTest-1350736904 tempest-CinderUnicodeTest-1350736904-project-member] Decrease volume quotas for non temporary volume in non error_managing status. {{(pid=71964) delete /opt/stack/cinder/cinder/volume/api.py:433}}
Apr 18 17:53:54 user devstack@c-api.service[71964]: DEBUG cinder.quota [None req-759cf5b7-171a-470d-8638-e7ccc768428a tempest-CinderUnicodeTest-1350736904 tempest-CinderUnicodeTest-1350736904-project-member] Created reservations ['e8e6d1e2-42bb-47ba-b84e-8c1db157a10f', '16cd0d47-9903-44b7-a252-b75d7b8a1d44', 'f38ffb3b-2aa6-43cb-b40e-8ed193598301', 'cabd7d11-83e6-4668-9a64-d3e644a150b0'] {{(pid=71964) reserve /opt/stack/cinder/cinder/quota.py:755}}
Apr 18 17:53:54 user devstack@c-api.service[71964]: INFO cinder.volume.api [None req-759cf5b7-171a-470d-8638-e7ccc768428a tempest-CinderUnicodeTest-1350736904 tempest-CinderUnicodeTest-1350736904-project-member] Delete volume request issued successfully.
Apr 18 17:53:54 user devstack@c-api.service[71964]: INFO cinder.api.openstack.wsgi [None req-759cf5b7-171a-470d-8638-e7ccc768428a tempest-CinderUnicodeTest-1350736904 tempest-CinderUnicodeTest-1350736904-project-member] http://10.0.0.210/volume/v3/9f14dcd0ab2a4fd3bbdc10af4ba0bece/volumes/744eda0e-177f-4665-8a4e-392a5fe728ef returned with HTTP 202
Apr 18 17:53:54 user devstack@c-api.service[71964]: [pid: 71964|app: 0|req: 97/296] 10.0.0.210 () {62 vars in 1405 bytes} [Tue Apr 18 17:53:54 2023] DELETE /volume/v3/9f14dcd0ab2a4fd3bbdc10af4ba0bece/volumes/744eda0e-177f-4665-8a4e-392a5fe728ef => generated 0 bytes in 119 msecs (HTTP/1.1 202) 6 headers in 233 bytes (1 switches on core 0)
Apr 18 17:53:54 user devstack@c-api.service[71962]: DEBUG cinder.api.middleware.request_id [None req-201ae9e5-d0b0-4969-8b91-b3fdf2d781ef None None] RequestId filter calling following filter/app {{(pid=71962) _context_setter /opt/stack/cinder/cinder/api/middleware/request_id.py:62}}
Apr 18 17:53:54 user devstack@c-api.service[71962]: INFO cinder.api.openstack.wsgi [None req-201ae9e5-d0b0-4969-8b91-b3fdf2d781ef tempest-CinderUnicodeTest-1350736904 tempest-CinderUnicodeTest-1350736904-project-member] GET http://10.0.0.210/volume/v3/9f14dcd0ab2a4fd3bbdc10af4ba0bece/volumes/744eda0e-177f-4665-8a4e-392a5fe728ef
Apr 18 17:53:54 user devstack@c-api.service[71962]: DEBUG cinder.api.openstack.wsgi [None req-201ae9e5-d0b0-4969-8b91-b3fdf2d781ef tempest-CinderUnicodeTest-1350736904 tempest-CinderUnicodeTest-1350736904-project-member] Empty body provided in request {{(pid=71962) get_body /opt/stack/cinder/cinder/api/openstack/wsgi.py:715}}
Apr 18 17:53:54 user devstack@c-api.service[71962]: DEBUG cinder.api.openstack.wsgi [None req-201ae9e5-d0b0-4969-8b91-b3fdf2d781ef tempest-CinderUnicodeTest-1350736904 tempest-CinderUnicodeTest-1350736904-project-member] Calling method 'show' {{(pid=71962) _process_stack /opt/stack/cinder/cinder/api/openstack/wsgi.py:868}}
Apr 18 17:53:54 user devstack@c-api.service[71962]: INFO cinder.api.openstack.wsgi [None req-201ae9e5-d0b0-4969-8b91-b3fdf2d781ef tempest-CinderUnicodeTest-1350736904 tempest-CinderUnicodeTest-1350736904-project-member] http://10.0.0.210/volume/v3/9f14dcd0ab2a4fd3bbdc10af4ba0bece/volumes/744eda0e-177f-4665-8a4e-392a5fe728ef returned with HTTP 404
Apr 18 17:53:54 user devstack@c-api.service[71962]: [pid: 71962|app: 0|req: 104/297] 10.0.0.210 () {62 vars in 1402 bytes} [Tue Apr 18 17:53:54 2023] GET /volume/v3/9f14dcd0ab2a4fd3bbdc10af4ba0bece/volumes/744eda0e-177f-4665-8a4e-392a5fe728ef => generated 109 bytes in 45 msecs (HTTP/1.1 404) 7 headers in 292 bytes (1 switches on core 0)
Apr 18 17:53:54 user devstack@c-api.service[71963]: DEBUG cinder.api.middleware.request_id [None req-814e9011-fa47-4e04-8c0d-e2f93c2e84fc None None] RequestId filter calling following filter/app {{(pid=71963) _context_setter /opt/stack/cinder/cinder/api/middleware/request_id.py:62}}
Apr 18 17:53:55 user devstack@c-api.service[71963]: INFO cinder.api.openstack.wsgi [None req-814e9011-fa47-4e04-8c0d-e2f93c2e84fc tempest-ExtraSpecsNegativeTest-1872054261 tempest-ExtraSpecsNegativeTest-1872054261-project-admin] POST http://10.0.0.210/volume/v3/64ecdc6a52894c50a015b4d1a731f81f/types
Apr 18 17:53:55 user devstack@c-api.service[71963]: DEBUG cinder.api.openstack.wsgi [None req-814e9011-fa47-4e04-8c0d-e2f93c2e84fc tempest-ExtraSpecsNegativeTest-1872054261 tempest-ExtraSpecsNegativeTest-1872054261-project-admin] Action: 'create', calling method: _create, body: {"volume_type": {"name": "tempest-ExtraSpecsNegativeTest-volume-type-888340951", "extra_specs": {"spec1": "val1"}}} {{(pid=71963) _process_stack /opt/stack/cinder/cinder/api/openstack/wsgi.py:866}}
Apr 18 17:53:55 user devstack@c-api.service[71963]: INFO cinder.api.openstack.wsgi [None req-814e9011-fa47-4e04-8c0d-e2f93c2e84fc tempest-ExtraSpecsNegativeTest-1872054261 tempest-ExtraSpecsNegativeTest-1872054261-project-admin] http://10.0.0.210/volume/v3/64ecdc6a52894c50a015b4d1a731f81f/types returned with HTTP 200
Apr 18 17:53:55 user devstack@c-api.service[71963]: [pid: 71963|app: 0|req: 97/298] 10.0.0.210 () {64 vars in 1307 bytes} [Tue Apr 18 17:53:54 2023] POST /volume/v3/64ecdc6a52894c50a015b4d1a731f81f/types => generated 242 bytes in 217 msecs (HTTP/1.1 200) 7 headers in 285 bytes (1 switches on core 0)
Apr 18 17:53:55 user devstack@c-api.service[71964]: DEBUG cinder.api.middleware.request_id [None req-d0fccc5e-1504-4739-a517-99aea6ce073a None None] RequestId filter calling following filter/app {{(pid=71964) _context_setter /opt/stack/cinder/cinder/api/middleware/request_id.py:62}}
Apr 18 17:53:55 user devstack@c-api.service[71964]: INFO cinder.api.openstack.wsgi [None req-d0fccc5e-1504-4739-a517-99aea6ce073a tempest-ExtraSpecsNegativeTest-1872054261 tempest-ExtraSpecsNegativeTest-1872054261-project-admin] POST http://10.0.0.210/volume/v3/64ecdc6a52894c50a015b4d1a731f81f/types/394940e6-701d-4e28-8190-09f7e7f77bc4/extra_specs
Apr 18 17:53:55 user devstack@c-api.service[71964]: DEBUG cinder.api.openstack.wsgi [None req-d0fccc5e-1504-4739-a517-99aea6ce073a tempest-ExtraSpecsNegativeTest-1872054261 tempest-ExtraSpecsNegativeTest-1872054261-project-admin] Action: 'create', calling method: create, body: {"extra_specs": ["invalid"]} {{(pid=71964) _process_stack /opt/stack/cinder/cinder/api/openstack/wsgi.py:866}}
