Oct 23 17:03:35 user devstack@c-api.service[75699]: warnings.warn('Policy enforcement is depending on the value of '
Oct 23 17:03:36 user devstack@c-api.service[75699]: INFO cinder.api.openstack.wsgi [None req-4d88023b-db3f-46d5-b49b-b0411cab926a tempest-GroupSnapshotsTest-1831992146 tempest-GroupSnapshotsTest-1831992146-project-member] http://10.0.0.210/volume/v3/2b4373a3f35e441aac574aab7e8b80b5/volumes/13f949ca-f673-402b-82ec-1c6c05cc07eb returned with HTTP 200
Oct 23 17:03:36 user devstack@c-api.service[75699]: [pid: 75699|app: 0|req: 130/376] 10.0.0.210 () {64 vars in 1443 bytes} [Mon Oct 23 17:03:35 2023] GET /volume/v3/2b4373a3f35e441aac574aab7e8b80b5/volumes/13f949ca-f673-402b-82ec-1c6c05cc07eb => generated 978 bytes in 78 msecs (HTTP/1.1 200) 7 headers in 286 bytes (2 switches on core 0)
Oct 23 17:03:36 user devstack@c-api.service[75697]: DEBUG cinder.api.middleware.request_id [None req-088ee2b7-2e87-4b15-877a-d380292c5735 None None] RequestId filter calling following filter/app {{(pid=75697) _context_setter /opt/stack/cinder/cinder/api/middleware/request_id.py:62}}
Oct 23 17:03:36 user devstack@c-api.service[75697]: INFO cinder.api.openstack.wsgi [None req-088ee2b7-2e87-4b15-877a-d380292c5735 tempest-CreateVolumesFromImageTest-260120097 tempest-CreateVolumesFromImageTest-260120097-project-member] GET http://10.0.0.210/volume/v3/2cf17185f01147e99e529231059d9bb9/volumes/d2984fbc-ff49-47dc-adb4-b99d91c5ef94
Oct 23 17:03:36 user devstack@c-api.service[75697]: DEBUG cinder.api.openstack.wsgi [None req-088ee2b7-2e87-4b15-877a-d380292c5735 tempest-CreateVolumesFromImageTest-260120097 tempest-CreateVolumesFromImageTest-260120097-project-member] Empty body provided in request {{(pid=75697) get_body /opt/stack/cinder/cinder/api/openstack/wsgi.py:715}}
Oct 23 17:03:36 user devstack@c-api.service[75697]: DEBUG cinder.api.openstack.wsgi [None req-088ee2b7-2e87-4b15-877a-d380292c5735 tempest-CreateVolumesFromImageTest-260120097 tempest-CreateVolumesFromImageTest-260120097-project-member] Calling method 'show' {{(pid=75697) _process_stack /opt/stack/cinder/cinder/api/openstack/wsgi.py:868}}
Oct 23 17:03:36 user devstack@c-api.service[75697]: /opt/stack/data/venv/lib/python3.10/site-packages/oslo_context/context.py:100: DeprecationWarning: Policy enforcement is depending on the value of is_admin. This key is deprecated. Please update your policy file to use the standard policy values.
Oct 23 17:03:36 user devstack@c-api.service[75697]: warnings.warn('Policy enforcement is depending on the value of '
Oct 23 17:03:36 user devstack@c-api.service[75697]: INFO cinder.volume.api [None req-088ee2b7-2e87-4b15-877a-d380292c5735 tempest-CreateVolumesFromImageTest-260120097 tempest-CreateVolumesFromImageTest-260120097-project-member] Volume info retrieved successfully.
Oct 23 17:03:36 user devstack@c-api.service[75697]: INFO cinder.api.openstack.wsgi [None req-088ee2b7-2e87-4b15-877a-d380292c5735 tempest-CreateVolumesFromImageTest-260120097 tempest-CreateVolumesFromImageTest-260120097-project-member] http://10.0.0.210/volume/v3/2cf17185f01147e99e529231059d9bb9/volumes/d2984fbc-ff49-47dc-adb4-b99d91c5ef94 returned with HTTP 200
Oct 23 17:03:36 user devstack@c-api.service[75697]: [pid: 75697|app: 0|req: 124/377] 10.0.0.210 () {62 vars in 1402 bytes} [Mon Oct 23 17:03:36 2023] GET /volume/v3/2cf17185f01147e99e529231059d9bb9/volumes/d2984fbc-ff49-47dc-adb4-b99d91c5ef94 => generated 916 bytes in 57 msecs (HTTP/1.1 200) 7 headers in 285 bytes (1 switches on core 0)
Oct 23 17:03:36 user devstack@c-api.service[75698]: DEBUG cinder.api.middleware.request_id [None req-6b3fc3c4-0c33-48e7-b6d0-a8d734d22bc1 None None] RequestId filter calling following filter/app {{(pid=75698) _context_setter /opt/stack/cinder/cinder/api/middleware/request_id.py:62}}
Oct 23 17:03:36 user devstack@c-api.service[75698]: INFO cinder.api.openstack.wsgi [None req-6b3fc3c4-0c33-48e7-b6d0-a8d734d22bc1 tempest-TaggedBootDevicesTest_v242-721768869 tempest-TaggedBootDevicesTest_v242-721768869-project-member] GET http://10.0.0.210/volume/v3/1893a4e0284e4543be6590408a89e1f2/volumes/ea7064d2-83f3-46b8-b295-6273e2667f14
Oct 23 17:03:36 user devstack@c-api.service[75698]: DEBUG cinder.api.openstack.wsgi [None req-6b3fc3c4-0c33-48e7-b6d0-a8d734d22bc1 tempest-TaggedBootDevicesTest_v242-721768869 tempest-TaggedBootDevicesTest_v242-721768869-project-member] Empty body provided in request {{(pid=75698) get_body /opt/stack/cinder/cinder/api/openstack/wsgi.py:715}}
Oct 23 17:03:36 user devstack@c-api.service[75698]: DEBUG cinder.api.openstack.wsgi [None req-6b3fc3c4-0c33-48e7-b6d0-a8d734d22bc1 tempest-TaggedBootDevicesTest_v242-721768869 tempest-TaggedBootDevicesTest_v242-721768869-project-member] Calling method 'show' {{(pid=75698) _process_stack /opt/stack/cinder/cinder/api/openstack/wsgi.py:868}}
Oct 23 17:03:36 user devstack@c-api.service[75698]: /opt/stack/data/venv/lib/python3.10/site-packages/oslo_context/context.py:100: DeprecationWarning: Policy enforcement is depending on the value of is_admin. This key is deprecated. Please update your policy file to use the standard policy values.
Oct 23 17:03:36 user devstack@c-api.service[75698]: warnings.warn('Policy enforcement is depending on the value of '
Oct 23 17:03:36 user devstack@c-api.service[75698]: INFO cinder.volume.api [None req-6b3fc3c4-0c33-48e7-b6d0-a8d734d22bc1 tempest-TaggedBootDevicesTest_v242-721768869 tempest-TaggedBootDevicesTest_v242-721768869-project-member] Volume info retrieved successfully.
Oct 23 17:03:36 user devstack@c-api.service[75698]: INFO cinder.api.openstack.wsgi [None req-6b3fc3c4-0c33-48e7-b6d0-a8d734d22bc1 tempest-TaggedBootDevicesTest_v242-721768869 tempest-TaggedBootDevicesTest_v242-721768869-project-member] http://10.0.0.210/volume/v3/1893a4e0284e4543be6590408a89e1f2/volumes/ea7064d2-83f3-46b8-b295-6273e2667f14 returned with HTTP 200
Oct 23 17:03:36 user devstack@c-api.service[75698]: [pid: 75698|app: 0|req: 124/378] 10.0.0.210 () {62 vars in 1402 bytes} [Mon Oct 23 17:03:36 2023] GET /volume/v3/1893a4e0284e4543be6590408a89e1f2/volumes/ea7064d2-83f3-46b8-b295-6273e2667f14 => generated 915 bytes in 51 msecs (HTTP/1.1 200) 7 headers in 285 bytes (1 switches on core 0)
Oct 23 17:03:36 user devstack@c-api.service[75699]: DEBUG cinder.api.middleware.request_id [None req-d23ff50d-ffe2-481f-9843-f67910baa0b1 None None] RequestId filter calling following filter/app {{(pid=75699) _context_setter /opt/stack/cinder/cinder/api/middleware/request_id.py:62}}
Oct 23 17:03:36 user devstack@c-api.service[75699]: INFO cinder.api.openstack.wsgi [None req-d23ff50d-ffe2-481f-9843-f67910baa0b1 tempest-TaggedBootDevicesTest-259030877 tempest-TaggedBootDevicesTest-259030877-project-member] GET http://10.0.0.210/volume/v3/7abd032e728d4f639fc0a6ed18567bec/volumes/012d14d5-cf92-4e41-890b-24ae44ed6c91
Oct 23 17:03:36 user devstack@c-api.service[75699]: DEBUG cinder.api.openstack.wsgi [None req-d23ff50d-ffe2-481f-9843-f67910baa0b1 tempest-TaggedBootDevicesTest-259030877 tempest-TaggedBootDevicesTest-259030877-project-member] Empty body provided in request {{(pid=75699) get_body /opt/stack/cinder/cinder/api/openstack/wsgi.py:715}}
Oct 23 17:03:36 user devstack@c-api.service[75699]: DEBUG cinder.api.openstack.wsgi [None req-d23ff50d-ffe2-481f-9843-f67910baa0b1 tempest-TaggedBootDevicesTest-259030877 tempest-TaggedBootDevicesTest-259030877-project-member] Calling method 'show' {{(pid=75699) _process_stack /opt/stack/cinder/cinder/api/openstack/wsgi.py:868}}
Oct 23 17:03:36 user devstack@c-api.service[75699]: /opt/stack/data/venv/lib/python3.10/site-packages/oslo_context/context.py:100: DeprecationWarning: Policy enforcement is depending on the value of is_admin. This key is deprecated. Please update your policy file to use the standard policy values.
Oct 23 17:03:36 user devstack@c-api.service[75699]: warnings.warn('Policy enforcement is depending on the value of '
Oct 23 17:03:36 user devstack@c-api.service[75699]: INFO cinder.volume.api [None req-d23ff50d-ffe2-481f-9843-f67910baa0b1 tempest-TaggedBootDevicesTest-259030877 tempest-TaggedBootDevicesTest-259030877-project-member] Volume info retrieved successfully.
Oct 23 17:03:36 user devstack@c-api.service[75699]: INFO cinder.api.openstack.wsgi [None req-d23ff50d-ffe2-481f-9843-f67910baa0b1 tempest-TaggedBootDevicesTest-259030877 tempest-TaggedBootDevicesTest-259030877-project-member] http://10.0.0.210/volume/v3/7abd032e728d4f639fc0a6ed18567bec/volumes/012d14d5-cf92-4e41-890b-24ae44ed6c91 returned with HTTP 200
Oct 23 17:03:36 user devstack@c-api.service[75699]: [pid: 75699|app: 0|req: 131/379] 10.0.0.210 () {62 vars in 1402 bytes} [Mon Oct 23 17:03:36 2023] GET /volume/v3/7abd032e728d4f639fc0a6ed18567bec/volumes/012d14d5-cf92-4e41-890b-24ae44ed6c91 => generated 972 bytes in 46 msecs (HTTP/1.1 200) 7 headers in 285 bytes (1 switches on core 0)
Oct 23 17:03:37 user devstack@c-api.service[75697]: DEBUG cinder.api.middleware.request_id [None req-f3d01c63-70f0-4aaf-9b76-e009425f8ef8 None None] RequestId filter calling following filter/app {{(pid=75697) _context_setter /opt/stack/cinder/cinder/api/middleware/request_id.py:62}}
Oct 23 17:03:37 user devstack@c-api.service[75697]: INFO cinder.api.openstack.wsgi [None req-f3d01c63-70f0-4aaf-9b76-e009425f8ef8 tempest-GroupSnapshotsTest-1831992146 tempest-GroupSnapshotsTest-1831992146-project-member] GET http://10.0.0.210/volume/v3/2b4373a3f35e441aac574aab7e8b80b5/volumes/13f949ca-f673-402b-82ec-1c6c05cc07eb
Oct 23 17:03:37 user devstack@c-api.service[75697]: DEBUG cinder.api.openstack.wsgi [None req-f3d01c63-70f0-4aaf-9b76-e009425f8ef8 tempest-GroupSnapshotsTest-1831992146 tempest-GroupSnapshotsTest-1831992146-project-member] Empty body provided in request {{(pid=75697) get_body /opt/stack/cinder/cinder/api/openstack/wsgi.py:715}}
Oct 23 17:03:37 user devstack@c-api.service[75697]: DEBUG cinder.api.openstack.wsgi [None req-f3d01c63-70f0-4aaf-9b76-e009425f8ef8 tempest-GroupSnapshotsTest-1831992146 tempest-GroupSnapshotsTest-1831992146-project-member] Calling method 'show' {{(pid=75697) _process_stack /opt/stack/cinder/cinder/api/openstack/wsgi.py:868}}
Oct 23 17:03:37 user devstack@c-api.service[75697]: /opt/stack/data/venv/lib/python3.10/site-packages/oslo_context/context.py:100: DeprecationWarning: Policy enforcement is depending on the value of is_admin. This key is deprecated. Please update your policy file to use the standard policy values.
Oct 23 17:03:37 user devstack@c-api.service[75697]: warnings.warn('Policy enforcement is depending on the value of '
Oct 23 17:03:37 user devstack@c-api.service[75697]: INFO cinder.volume.api [None req-f3d01c63-70f0-4aaf-9b76-e009425f8ef8 tempest-GroupSnapshotsTest-1831992146 tempest-GroupSnapshotsTest-1831992146-project-member] Volume info retrieved successfully.
Oct 23 17:03:37 user devstack@c-api.service[75697]: WARNING stevedore.named [None req-f3d01c63-70f0-4aaf-9b76-e009425f8ef8 tempest-GroupSnapshotsTest-1831992146 tempest-GroupSnapshotsTest-1831992146-project-member] Could not load cinder.keymgr.conf_key_mgr.ConfKeyManager
Oct 23 17:03:37 user devstack@c-api.service[75697]: WARNING castellan.key_manager [None req-f3d01c63-70f0-4aaf-9b76-e009425f8ef8 tempest-GroupSnapshotsTest-1831992146 tempest-GroupSnapshotsTest-1831992146-project-member] Deprecation Warning : cinder.keymgr.conf_key_mgr.ConfKeyManager is not a stevedore based driver, trying to load it as a class: stevedore.exception.NoMatches: No 'castellan.drivers' driver found, looking for 'cinder.keymgr.conf_key_mgr.ConfKeyManager'
Oct 23 17:03:37 user devstack@c-api.service[75697]: DEBUG oslo_db.sqlalchemy.engines [None req-f3d01c63-70f0-4aaf-9b76-e009425f8ef8 tempest-GroupSnapshotsTest-1831992146 tempest-GroupSnapshotsTest-1831992146-project-member] MySQL server mode set to STRICT_TRANS_TABLES,STRICT_ALL_TABLES,NO_ZERO_IN_DATE,NO_ZERO_DATE,ERROR_FOR_DIVISION_BY_ZERO,TRADITIONAL,NO_ENGINE_SUBSTITUTION {{(pid=75697) _check_effective_sql_mode /opt/stack/data/venv/lib/python3.10/site-packages/oslo_db/sqlalchemy/engines.py:342}}
Oct 23 17:03:37 user devstack@c-api.service[75698]: DEBUG cinder.api.middleware.request_id [None req-38317287-f460-4a48-9818-fd95ace93a6a None None] RequestId filter calling following filter/app {{(pid=75698) _context_setter /opt/stack/cinder/cinder/api/middleware/request_id.py:62}}
Oct 23 17:03:37 user devstack@c-api.service[75697]: /opt/stack/data/venv/lib/python3.10/site-packages/oslo_context/context.py:100: DeprecationWarning: Policy enforcement is depending on the value of is_admin. This key is deprecated. Please update your policy file to use the standard policy values.
Oct 23 17:03:37 user devstack@c-api.service[75697]: warnings.warn('Policy enforcement is depending on the value of '
Oct 23 17:03:37 user devstack@c-api.service[75698]: INFO cinder.api.openstack.wsgi [None req-38317287-f460-4a48-9818-fd95ace93a6a tempest-CreateVolumesFromImageTest-260120097 tempest-CreateVolumesFromImageTest-260120097-project-member] GET http://10.0.0.210/volume/v3/2cf17185f01147e99e529231059d9bb9/volumes/d2984fbc-ff49-47dc-adb4-b99d91c5ef94
Oct 23 17:03:37 user devstack@c-api.service[75698]: DEBUG cinder.api.openstack.wsgi [None req-38317287-f460-4a48-9818-fd95ace93a6a tempest-CreateVolumesFromImageTest-260120097 tempest-CreateVolumesFromImageTest-260120097-project-member] Empty body provided in request {{(pid=75698) get_body /opt/stack/cinder/cinder/api/openstack/wsgi.py:715}}
Oct 23 17:03:37 user devstack@c-api.service[75698]: DEBUG cinder.api.openstack.wsgi [None req-38317287-f460-4a48-9818-fd95ace93a6a tempest-CreateVolumesFromImageTest-260120097 tempest-CreateVolumesFromImageTest-260120097-project-member] Calling method 'show' {{(pid=75698) _process_stack /opt/stack/cinder/cinder/api/openstack/wsgi.py:868}}
Oct 23 17:03:37 user devstack@c-api.service[75697]: INFO cinder.api.openstack.wsgi [None req-f3d01c63-70f0-4aaf-9b76-e009425f8ef8 tempest-GroupSnapshotsTest-1831992146 tempest-GroupSnapshotsTest-1831992146-project-member] http://10.0.0.210/volume/v3/2b4373a3f35e441aac574aab7e8b80b5/volumes/13f949ca-f673-402b-82ec-1c6c05cc07eb returned with HTTP 200
Oct 23 17:03:37 user devstack@c-api.service[75697]: [pid: 75697|app: 0|req: 125/380] 10.0.0.210 () {64 vars in 1443 bytes} [Mon Oct 23 17:03:37 2023] GET /volume/v3/2b4373a3f35e441aac574aab7e8b80b5/volumes/13f949ca-f673-402b-82ec-1c6c05cc07eb => generated 978 bytes in 156 msecs (HTTP/1.1 200) 7 headers in 286 bytes (1 switches on core 0)
Oct 23 17:03:37 user devstack@c-api.service[75698]: INFO cinder.api.openstack.wsgi [None req-38317287-f460-4a48-9818-fd95ace93a6a tempest-CreateVolumesFromImageTest-260120097 tempest-CreateVolumesFromImageTest-260120097-project-member] http://10.0.0.210/volume/v3/2cf17185f01147e99e529231059d9bb9/volumes/d2984fbc-ff49-47dc-adb4-b99d91c5ef94 returned with HTTP 404
Oct 23 17:03:37 user devstack@c-api.service[75698]: [pid: 75698|app: 0|req: 125/381] 10.0.0.210 () {62 vars in 1402 bytes} [Mon Oct 23 17:03:37 2023] GET /volume/v3/2cf17185f01147e99e529231059d9bb9/volumes/d2984fbc-ff49-47dc-adb4-b99d91c5ef94 => generated 109 bytes in 52 msecs (HTTP/1.1 404) 7 headers in 292 bytes (1 switches on core 0)
Oct 23 17:03:37 user devstack@c-api.service[75699]: DEBUG cinder.api.middleware.request_id [None req-37f8ecfd-130d-4c2f-803c-39c58e49bc90 None None] RequestId filter calling following filter/app {{(pid=75699) _context_setter /opt/stack/cinder/cinder/api/middleware/request_id.py:62}}
Oct 23 17:03:37 user devstack@c-api.service[75699]: INFO cinder.api.openstack.wsgi [None req-37f8ecfd-130d-4c2f-803c-39c58e49bc90 tempest-CreateVolumesFromImageTest-260120097 tempest-CreateVolumesFromImageTest-260120097-project-member] DELETE http://10.0.0.210/volume/v3/2cf17185f01147e99e529231059d9bb9/volumes/185028d7-0d03-4ae3-8b47-a7e6010cf547
Oct 23 17:03:37 user devstack@c-api.service[75699]: DEBUG cinder.api.openstack.wsgi [None req-37f8ecfd-130d-4c2f-803c-39c58e49bc90 tempest-CreateVolumesFromImageTest-260120097 tempest-CreateVolumesFromImageTest-260120097-project-member] Empty body provided in request {{(pid=75699) get_body /opt/stack/cinder/cinder/api/openstack/wsgi.py:715}}
Oct 23 17:03:37 user devstack@c-api.service[75699]: DEBUG cinder.api.openstack.wsgi [None req-37f8ecfd-130d-4c2f-803c-39c58e49bc90 tempest-CreateVolumesFromImageTest-260120097 tempest-CreateVolumesFromImageTest-260120097-project-member] Calling method 'delete' {{(pid=75699) _process_stack /opt/stack/cinder/cinder/api/openstack/wsgi.py:868}}
Oct 23 17:03:37 user devstack@c-api.service[75699]: INFO cinder.api.v3.volumes [None req-37f8ecfd-130d-4c2f-803c-39c58e49bc90 tempest-CreateVolumesFromImageTest-260120097 tempest-CreateVolumesFromImageTest-260120097-project-member] Delete volume with id: 185028d7-0d03-4ae3-8b47-a7e6010cf547
Oct 23 17:03:37 user devstack@c-api.service[75699]: /opt/stack/data/venv/lib/python3.10/site-packages/oslo_context/context.py:100: DeprecationWarning: Policy enforcement is depending on the value of is_admin. This key is deprecated. Please update your policy file to use the standard policy values.
Oct 23 17:03:37 user devstack@c-api.service[75699]: warnings.warn('Policy enforcement is depending on the value of '
Oct 23 17:03:37 user devstack@c-api.service[75699]: INFO cinder.volume.api [None req-37f8ecfd-130d-4c2f-803c-39c58e49bc90 tempest-CreateVolumesFromImageTest-260120097 tempest-CreateVolumesFromImageTest-260120097-project-member] Volume info retrieved successfully.
Oct 23 17:03:37 user devstack@c-api.service[75697]: DEBUG cinder.api.middleware.request_id [None req-4d0554d2-76d1-4545-a7ec-f5b8d1101117 None None] RequestId filter calling following filter/app {{(pid=75697) _context_setter /opt/stack/cinder/cinder/api/middleware/request_id.py:62}}
Oct 23 17:03:37 user devstack@c-api.service[75697]: INFO cinder.api.openstack.wsgi [None req-4d0554d2-76d1-4545-a7ec-f5b8d1101117 tempest-TaggedBootDevicesTest_v242-721768869 tempest-TaggedBootDevicesTest_v242-721768869-project-member] GET http://10.0.0.210/volume/v3/1893a4e0284e4543be6590408a89e1f2/volumes/ea7064d2-83f3-46b8-b295-6273e2667f14
Oct 23 17:03:37 user devstack@c-api.service[75697]: DEBUG cinder.api.openstack.wsgi [None req-4d0554d2-76d1-4545-a7ec-f5b8d1101117 tempest-TaggedBootDevicesTest_v242-721768869 tempest-TaggedBootDevicesTest_v242-721768869-project-member] Empty body provided in request {{(pid=75697) get_body /opt/stack/cinder/cinder/api/openstack/wsgi.py:715}}
Oct 23 17:03:37 user devstack@c-api.service[75697]: DEBUG cinder.api.openstack.wsgi [None req-4d0554d2-76d1-4545-a7ec-f5b8d1101117 tempest-TaggedBootDevicesTest_v242-721768869 tempest-TaggedBootDevicesTest_v242-721768869-project-member] Calling method 'show' {{(pid=75697) _process_stack /opt/stack/cinder/cinder/api/openstack/wsgi.py:868}}
Oct 23 17:03:37 user devstack@c-api.service[75699]: INFO cinder.volume.api [None req-37f8ecfd-130d-4c2f-803c-39c58e49bc90 tempest-CreateVolumesFromImageTest-260120097 tempest-CreateVolumesFromImageTest-260120097-project-member] Delete volume request issued successfully.
Oct 23 17:03:37 user devstack@c-api.service[75699]: INFO cinder.api.openstack.wsgi [None req-37f8ecfd-130d-4c2f-803c-39c58e49bc90 tempest-CreateVolumesFromImageTest-260120097 tempest-CreateVolumesFromImageTest-260120097-project-member] http://10.0.0.210/volume/v3/2cf17185f01147e99e529231059d9bb9/volumes/185028d7-0d03-4ae3-8b47-a7e6010cf547 returned with HTTP 202
Oct 23 17:03:37 user devstack@c-api.service[75699]: [pid: 75699|app: 0|req: 132/382] 10.0.0.210 () {62 vars in 1405 bytes} [Mon Oct 23 17:03:37 2023] DELETE /volume/v3/2cf17185f01147e99e529231059d9bb9/volumes/185028d7-0d03-4ae3-8b47-a7e6010cf547 => generated 0 bytes in 116 msecs (HTTP/1.1 202) 6 headers in 233 bytes (1 switches on core 0)
Oct 23 17:03:37 user devstack@c-api.service[75698]: DEBUG cinder.api.middleware.request_id [None req-f3fe8c36-1647-4575-9f07-f7fa6ae65997 None None] RequestId filter calling following filter/app {{(pid=75698) _context_setter /opt/stack/cinder/cinder/api/middleware/request_id.py:62}}
Oct 23 17:03:37 user devstack@c-api.service[75697]: /opt/stack/data/venv/lib/python3.10/site-packages/oslo_context/context.py:100: DeprecationWarning: Policy enforcement is depending on the value of is_admin. This key is deprecated. Please update your policy file to use the standard policy values.
Oct 23 17:03:37 user devstack@c-api.service[75697]: warnings.warn('Policy enforcement is depending on the value of '
Oct 23 17:03:37 user devstack@c-api.service[75698]: INFO cinder.api.openstack.wsgi [None req-f3fe8c36-1647-4575-9f07-f7fa6ae65997 tempest-CreateVolumesFromImageTest-260120097 tempest-CreateVolumesFromImageTest-260120097-project-member] GET http://10.0.0.210/volume/v3/2cf17185f01147e99e529231059d9bb9/volumes/185028d7-0d03-4ae3-8b47-a7e6010cf547
Oct 23 17:03:37 user devstack@c-api.service[75698]: DEBUG cinder.api.openstack.wsgi [None req-f3fe8c36-1647-4575-9f07-f7fa6ae65997 tempest-CreateVolumesFromImageTest-260120097 tempest-CreateVolumesFromImageTest-260120097-project-member] Empty body provided in request {{(pid=75698) get_body /opt/stack/cinder/cinder/api/openstack/wsgi.py:715}}
Oct 23 17:03:37 user devstack@c-api.service[75698]: DEBUG cinder.api.openstack.wsgi [None req-f3fe8c36-1647-4575-9f07-f7fa6ae65997 tempest-CreateVolumesFromImageTest-260120097 tempest-CreateVolumesFromImageTest-260120097-project-member] Calling method 'show' {{(pid=75698) _process_stack /opt/stack/cinder/cinder/api/openstack/wsgi.py:868}}
Oct 23 17:03:37 user devstack@c-api.service[75697]: INFO cinder.volume.api [None req-4d0554d2-76d1-4545-a7ec-f5b8d1101117 tempest-TaggedBootDevicesTest_v242-721768869 tempest-TaggedBootDevicesTest_v242-721768869-project-member] Volume info retrieved successfully.
Oct 23 17:03:37 user devstack@c-api.service[75697]: INFO cinder.api.openstack.wsgi [None req-4d0554d2-76d1-4545-a7ec-f5b8d1101117 tempest-TaggedBootDevicesTest_v242-721768869 tempest-TaggedBootDevicesTest_v242-721768869-project-member] http://10.0.0.210/volume/v3/1893a4e0284e4543be6590408a89e1f2/volumes/ea7064d2-83f3-46b8-b295-6273e2667f14 returned with HTTP 200
Oct 23 17:03:37 user devstack@c-api.service[75697]: [pid: 75697|app: 0|req: 126/383] 10.0.0.210 () {62 vars in 1402 bytes} [Mon Oct 23 17:03:37 2023] GET /volume/v3/1893a4e0284e4543be6590408a89e1f2/volumes/ea7064d2-83f3-46b8-b295-6273e2667f14 => generated 915 bytes in 84 msecs (HTTP/1.1 200) 7 headers in 285 bytes (1 switches on core 0)
Oct 23 17:03:37 user devstack@c-api.service[75698]: /opt/stack/data/venv/lib/python3.10/site-packages/oslo_context/context.py:100: DeprecationWarning: Policy enforcement is depending on the value of is_admin. This key is deprecated. Please update your policy file to use the standard policy values.
Oct 23 17:03:37 user devstack@c-api.service[75698]: warnings.warn('Policy enforcement is depending on the value of '
Oct 23 17:03:37 user devstack@c-api.service[75698]: INFO cinder.volume.api [None req-f3fe8c36-1647-4575-9f07-f7fa6ae65997 tempest-CreateVolumesFromImageTest-260120097 tempest-CreateVolumesFromImageTest-260120097-project-member] Volume info retrieved successfully.
Oct 23 17:03:37 user devstack@c-api.service[75699]: DEBUG cinder.api.middleware.request_id [None req-7aade69a-03d0-4867-b928-b4d0690396ec None None] RequestId filter calling following filter/app {{(pid=75699) _context_setter /opt/stack/cinder/cinder/api/middleware/request_id.py:62}}
Oct 23 17:03:37 user devstack@c-api.service[75698]: INFO cinder.api.openstack.wsgi [None req-f3fe8c36-1647-4575-9f07-f7fa6ae65997 tempest-CreateVolumesFromImageTest-260120097 tempest-CreateVolumesFromImageTest-260120097-project-member] http://10.0.0.210/volume/v3/2cf17185f01147e99e529231059d9bb9/volumes/185028d7-0d03-4ae3-8b47-a7e6010cf547 returned with HTTP 200
Oct 23 17:03:37 user devstack@c-api.service[75698]: [pid: 75698|app: 0|req: 126/384] 10.0.0.210 () {62 vars in 1402 bytes} [Mon Oct 23 17:03:37 2023] GET /volume/v3/2cf17185f01147e99e529231059d9bb9/volumes/185028d7-0d03-4ae3-8b47-a7e6010cf547 => generated 915 bytes in 117 msecs (HTTP/1.1 200) 7 headers in 285 bytes (1 switches on core 0)
Oct 23 17:03:37 user devstack@c-api.service[75697]: DEBUG cinder.api.middleware.request_id [None req-ef8621de-0f28-4e73-abb8-8f77e72b09fa None None] RequestId filter calling following filter/app {{(pid=75697) _context_setter /opt/stack/cinder/cinder/api/middleware/request_id.py:62}}
Oct 23 17:03:37 user devstack@c-api.service[75697]: INFO cinder.api.openstack.wsgi [None req-ef8621de-0f28-4e73-abb8-8f77e72b09fa tempest-TaggedBootDevicesTest-259030877 tempest-TaggedBootDevicesTest-259030877-project-member] GET http://10.0.0.210/volume/v3/7abd032e728d4f639fc0a6ed18567bec/volumes/012d14d5-cf92-4e41-890b-24ae44ed6c91
Oct 23 17:03:37 user devstack@c-api.service[75697]: DEBUG cinder.api.openstack.wsgi [None req-ef8621de-0f28-4e73-abb8-8f77e72b09fa tempest-TaggedBootDevicesTest-259030877 tempest-TaggedBootDevicesTest-259030877-project-member] Empty body provided in request {{(pid=75697) get_body /opt/stack/cinder/cinder/api/openstack/wsgi.py:715}}
Oct 23 17:03:37 user devstack@c-api.service[75697]: DEBUG cinder.api.openstack.wsgi [None req-ef8621de-0f28-4e73-abb8-8f77e72b09fa tempest-TaggedBootDevicesTest-259030877 tempest-TaggedBootDevicesTest-259030877-project-member] Calling method 'show' {{(pid=75697) _process_stack /opt/stack/cinder/cinder/api/openstack/wsgi.py:868}}
Oct 23 17:03:37 user devstack@c-api.service[75697]: /opt/stack/data/venv/lib/python3.10/site-packages/oslo_context/context.py:100: DeprecationWarning: Policy enforcement is depending on the value of is_admin. This key is deprecated. Please update your policy file to use the standard policy values.
Oct 23 17:03:37 user devstack@c-api.service[75697]: warnings.warn('Policy enforcement is depending on the value of '
Oct 23 17:03:37 user devstack@c-api.service[75697]: INFO cinder.volume.api [None req-ef8621de-0f28-4e73-abb8-8f77e72b09fa tempest-TaggedBootDevicesTest-259030877 tempest-TaggedBootDevicesTest-259030877-project-member] Volume info retrieved successfully.
Oct 23 17:03:37 user devstack@c-api.service[75699]: INFO cinder.api.openstack.wsgi [None req-7aade69a-03d0-4867-b928-b4d0690396ec tempest-VolumesListAdminTestJSON-1281819634 tempest-VolumesListAdminTestJSON-1281819634-project-member] GET http://10.0.0.210/volume/v3/0585f713b7ba4fd3a8d2989d9c6b2a09/volumes
Oct 23 17:03:37 user devstack@c-api.service[75699]: DEBUG cinder.api.openstack.wsgi [None req-7aade69a-03d0-4867-b928-b4d0690396ec tempest-VolumesListAdminTestJSON-1281819634 tempest-VolumesListAdminTestJSON-1281819634-project-member] Empty body provided in request {{(pid=75699) get_body /opt/stack/cinder/cinder/api/openstack/wsgi.py:715}}
Oct 23 17:03:37 user devstack@c-api.service[75699]: DEBUG cinder.api.openstack.wsgi [None req-7aade69a-03d0-4867-b928-b4d0690396ec tempest-VolumesListAdminTestJSON-1281819634 tempest-VolumesListAdminTestJSON-1281819634-project-member] Calling method 'index' {{(pid=75699) _process_stack /opt/stack/cinder/cinder/api/openstack/wsgi.py:868}}
Oct 23 17:03:37 user devstack@c-api.service[75699]: DEBUG cinder.api.api_utils [None req-7aade69a-03d0-4867-b928-b4d0690396ec tempest-VolumesListAdminTestJSON-1281819634 tempest-VolumesListAdminTestJSON-1281819634-project-member] Removing options '' from query. {{(pid=75699) remove_invalid_filter_options /opt/stack/cinder/cinder/api/api_utils.py:83}}
Oct 23 17:03:37 user devstack@c-api.service[75699]: DEBUG cinder.volume.api [None req-7aade69a-03d0-4867-b928-b4d0690396ec tempest-VolumesListAdminTestJSON-1281819634 tempest-VolumesListAdminTestJSON-1281819634-project-member] Searching by: MultiDict([('no_migration_targets', True)]). {{(pid=75699) get_all /opt/stack/cinder/cinder/volume/api.py:664}}
Oct 23 17:03:37 user devstack@c-api.service[75697]: INFO cinder.api.openstack.wsgi [None req-ef8621de-0f28-4e73-abb8-8f77e72b09fa tempest-TaggedBootDevicesTest-259030877 tempest-TaggedBootDevicesTest-259030877-project-member] http://10.0.0.210/volume/v3/7abd032e728d4f639fc0a6ed18567bec/volumes/012d14d5-cf92-4e41-890b-24ae44ed6c91 returned with HTTP 200
Oct 23 17:03:37 user devstack@c-api.service[75697]: [pid: 75697|app: 0|req: 127/385] 10.0.0.210 () {62 vars in 1402 bytes} [Mon Oct 23 17:03:37 2023] GET /volume/v3/7abd032e728d4f639fc0a6ed18567bec/volumes/012d14d5-cf92-4e41-890b-24ae44ed6c91 => generated 972 bytes in 165 msecs (HTTP/1.1 200) 7 headers in 285 bytes (1 switches on core 0)
Oct 23 17:03:37 user devstack@c-api.service[75699]: INFO cinder.volume.api [None req-7aade69a-03d0-4867-b928-b4d0690396ec tempest-VolumesListAdminTestJSON-1281819634 tempest-VolumesListAdminTestJSON-1281819634-project-member] Get all volumes completed successfully.
Oct 23 17:03:37 user devstack@c-api.service[75699]: INFO cinder.api.openstack.wsgi [None req-7aade69a-03d0-4867-b928-b4d0690396ec tempest-VolumesListAdminTestJSON-1281819634 tempest-VolumesListAdminTestJSON-1281819634-project-member] http://10.0.0.210/volume/v3/0585f713b7ba4fd3a8d2989d9c6b2a09/volumes returned with HTTP 200
Oct 23 17:03:37 user devstack@c-api.service[75699]: [pid: 75699|app: 0|req: 133/386] 10.0.0.210 () {62 vars in 1291 bytes} [Mon Oct 23 17:03:37 2023] GET /volume/v3/0585f713b7ba4fd3a8d2989d9c6b2a09/volumes => generated 15 bytes in 542 msecs (HTTP/1.1 200) 7 headers in 284 bytes (1 switches on core 0)
Oct 23 17:03:37 user devstack@c-api.service[75698]: DEBUG cinder.api.middleware.request_id [None req-51f75237-ebb6-4ce5-a8e9-f2eaf0f750de None None] RequestId filter calling following filter/app {{(pid=75698) _context_setter /opt/stack/cinder/cinder/api/middleware/request_id.py:62}}
Oct 23 17:03:37 user devstack@c-api.service[75698]: INFO cinder.api.openstack.wsgi [None req-51f75237-ebb6-4ce5-a8e9-f2eaf0f750de tempest-VolumesListAdminTestJSON-1281819634 tempest-VolumesListAdminTestJSON-1281819634-project-member] POST http://10.0.0.210/volume/v3/0585f713b7ba4fd3a8d2989d9c6b2a09/volumes
Oct 23 17:03:37 user devstack@c-api.service[75698]: DEBUG cinder.api.openstack.wsgi [None req-51f75237-ebb6-4ce5-a8e9-f2eaf0f750de tempest-VolumesListAdminTestJSON-1281819634 tempest-VolumesListAdminTestJSON-1281819634-project-member] Action: 'create', calling method: create, body: {"volume": {"size": 1, "name": "tempest-VolumesListAdminTestJSON-Volume-1427248297"}} {{(pid=75698) _process_stack /opt/stack/cinder/cinder/api/openstack/wsgi.py:866}}
Oct 23 17:03:37 user devstack@c-api.service[75698]: DEBUG cinder.api.v3.volumes [None req-51f75237-ebb6-4ce5-a8e9-f2eaf0f750de tempest-VolumesListAdminTestJSON-1281819634 tempest-VolumesListAdminTestJSON-1281819634-project-member] Create volume request body: {'volume': {'size': 1, 'name': 'tempest-VolumesListAdminTestJSON-Volume-1427248297'}} {{(pid=75698) create /opt/stack/cinder/cinder/api/v3/volumes.py:297}}
Oct 23 17:03:37 user devstack@c-api.service[75698]: INFO cinder.api.v3.volumes [None req-51f75237-ebb6-4ce5-a8e9-f2eaf0f750de tempest-VolumesListAdminTestJSON-1281819634 tempest-VolumesListAdminTestJSON-1281819634-project-member] Create volume of 1 GB
Oct 23 17:03:37 user devstack@c-api.service[75698]: INFO cinder.volume.api [None req-51f75237-ebb6-4ce5-a8e9-f2eaf0f750de tempest-VolumesListAdminTestJSON-1281819634 tempest-VolumesListAdminTestJSON-1281819634-project-member] Availability Zones retrieved successfully.
Oct 23 17:03:38 user devstack@c-api.service[75698]: DEBUG cinder.volume.api [None req-51f75237-ebb6-4ce5-a8e9-f2eaf0f750de tempest-VolumesListAdminTestJSON-1281819634 tempest-VolumesListAdminTestJSON-1281819634-project-member] Flow 'volume_create_api' (08711d74-f064-4fca-bd30-d9ccf44092d1) transitioned into state 'RUNNING' from state 'PENDING' {{(pid=75698) _flow_receiver /opt/stack/data/venv/lib/python3.10/site-packages/taskflow/listeners/logging.py:141}}
Oct 23 17:03:38 user devstack@c-api.service[75698]: DEBUG cinder.volume.api [None req-51f75237-ebb6-4ce5-a8e9-f2eaf0f750de tempest-VolumesListAdminTestJSON-1281819634 tempest-VolumesListAdminTestJSON-1281819634-project-member] Task 'cinder.volume.flows.api.create_volume.ExtractVolumeRequestTask;volume:create' (216fc254-0ba2-4f1e-a0eb-584b3c403214) transitioned into state 'RUNNING' from state 'PENDING' {{(pid=75698) _task_receiver /opt/stack/data/venv/lib/python3.10/site-packages/taskflow/listeners/logging.py:190}}
Oct 23 17:03:38 user devstack@c-api.service[75698]: DEBUG cinder.volume.flows.api.create_volume [None req-51f75237-ebb6-4ce5-a8e9-f2eaf0f750de tempest-VolumesListAdminTestJSON-1281819634 tempest-VolumesListAdminTestJSON-1281819634-project-member] Validating volume size '1' using validate_int {{(pid=75698) _extract_size /opt/stack/cinder/cinder/volume/flows/api/create_volume.py:228}}
Oct 23 17:03:38 user devstack@c-api.service[75698]: DEBUG cinder.volume.api [None req-51f75237-ebb6-4ce5-a8e9-f2eaf0f750de tempest-VolumesListAdminTestJSON-1281819634 tempest-VolumesListAdminTestJSON-1281819634-project-member] Task 'cinder.volume.flows.api.create_volume.ExtractVolumeRequestTask;volume:create' (216fc254-0ba2-4f1e-a0eb-584b3c403214) transitioned into state 'SUCCESS' from state 'RUNNING' with result '{'size': 1, 'snapshot_id': None, 'source_volid': None, 'volume_type': VolumeType(created_at=2023-10-23T16:58:49Z,deleted=False,deleted_at=None,description=None,extra_specs={volume_backend_name='joviandss-2'},id=80ac9834-d50f-4419-88c9-9ac78d3b7e51,is_public=True,name='joviandss-2',projects=[],qos_specs=,qos_specs_id=None,updated_at=None), 'volume_type_id': '80ac9834-d50f-4419-88c9-9ac78d3b7e51', 'encryption_key_id': None, 'qos_specs': None, 'consistencygroup_id': None, 'cgsnapshot_id': None, 'group_id': None, 'replication_status': 'disabled', 'refresh_az': False, 'backup_id': None, 'multiattach': False, 'availability_zones': ['nova']}' {{(pid=75698) _task_receiver /opt/stack/data/venv/lib/python3.10/site-packages/taskflow/listeners/logging.py:178}}
Oct 23 17:03:38 user devstack@c-api.service[75698]: DEBUG cinder.volume.api [None req-51f75237-ebb6-4ce5-a8e9-f2eaf0f750de tempest-VolumesListAdminTestJSON-1281819634 tempest-VolumesListAdminTestJSON-1281819634-project-member] Task 'cinder.volume.flows.api.create_volume.QuotaReserveTask;volume:create' (b1e83b9e-1d0f-41b8-8cfe-ec7523a97925) transitioned into state 'RUNNING' from state 'PENDING' {{(pid=75698) _task_receiver /opt/stack/data/venv/lib/python3.10/site-packages/taskflow/listeners/logging.py:190}}
Oct 23 17:03:38 user devstack@c-api.service[75697]: DEBUG cinder.api.middleware.request_id [None req-3b19d945-0bc3-47de-b182-7c0edb720028 None None] RequestId filter calling following filter/app {{(pid=75697) _context_setter /opt/stack/cinder/cinder/api/middleware/request_id.py:62}}
Oct 23 17:03:38 user devstack@c-api.service[75697]: INFO cinder.api.openstack.wsgi [None req-3b19d945-0bc3-47de-b182-7c0edb720028 tempest-GroupSnapshotsTest-1831992146 tempest-GroupSnapshotsTest-1831992146-project-member] GET http://10.0.0.210/volume/v3/2b4373a3f35e441aac574aab7e8b80b5/volumes/13f949ca-f673-402b-82ec-1c6c05cc07eb
Oct 23 17:03:38 user devstack@c-api.service[75697]: DEBUG cinder.api.openstack.wsgi [None req-3b19d945-0bc3-47de-b182-7c0edb720028 tempest-GroupSnapshotsTest-1831992146 tempest-GroupSnapshotsTest-1831992146-project-member] Empty body provided in request {{(pid=75697) get_body /opt/stack/cinder/cinder/api/openstack/wsgi.py:715}}
Oct 23 17:03:38 user devstack@c-api.service[75697]: DEBUG cinder.api.openstack.wsgi [None req-3b19d945-0bc3-47de-b182-7c0edb720028 tempest-GroupSnapshotsTest-1831992146 tempest-GroupSnapshotsTest-1831992146-project-member] Calling method 'show' {{(pid=75697) _process_stack /opt/stack/cinder/cinder/api/openstack/wsgi.py:868}}
Oct 23 17:03:38 user devstack@c-api.service[75698]: DEBUG cinder.quota [None req-51f75237-ebb6-4ce5-a8e9-f2eaf0f750de tempest-VolumesListAdminTestJSON-1281819634 tempest-VolumesListAdminTestJSON-1281819634-project-member] Created reservations ['38341213-037a-4423-b233-4b6dd468b17f', '558d14c3-c110-430a-8f6c-43ec2f1ed792', '49ab5d19-cc06-4427-89ed-7dc5db49b069', '3f1c24de-9f06-45a3-b14f-58bb0cd111b5'] {{(pid=75698) reserve /opt/stack/cinder/cinder/quota.py:755}}
Oct 23 17:03:38 user devstack@c-api.service[75698]: DEBUG cinder.volume.api [None req-51f75237-ebb6-4ce5-a8e9-f2eaf0f750de tempest-VolumesListAdminTestJSON-1281819634 tempest-VolumesListAdminTestJSON-1281819634-project-member] Task 'cinder.volume.flows.api.create_volume.QuotaReserveTask;volume:create' (b1e83b9e-1d0f-41b8-8cfe-ec7523a97925) transitioned into state 'SUCCESS' from state 'RUNNING' with result '{'reservations': ['38341213-037a-4423-b233-4b6dd468b17f', '558d14c3-c110-430a-8f6c-43ec2f1ed792', '49ab5d19-cc06-4427-89ed-7dc5db49b069', '3f1c24de-9f06-45a3-b14f-58bb0cd111b5']}' {{(pid=75698) _task_receiver /opt/stack/data/venv/lib/python3.10/site-packages/taskflow/listeners/logging.py:178}}
Oct 23 17:03:38 user devstack@c-api.service[75698]: DEBUG cinder.volume.api [None req-51f75237-ebb6-4ce5-a8e9-f2eaf0f750de tempest-VolumesListAdminTestJSON-1281819634 tempest-VolumesListAdminTestJSON-1281819634-project-member] Task 'cinder.volume.flows.api.create_volume.EntryCreateTask;volume:create' (69700c4c-9684-4362-bab2-ee5d001291dd) transitioned into state 'RUNNING' from state 'PENDING' {{(pid=75698) _task_receiver /opt/stack/data/venv/lib/python3.10/site-packages/taskflow/listeners/logging.py:190}}
Oct 23 17:03:38 user devstack@c-api.service[75697]: /opt/stack/data/venv/lib/python3.10/site-packages/oslo_context/context.py:100: DeprecationWarning: Policy enforcement is depending on the value of is_admin. This key is deprecated. Please update your policy file to use the standard policy values.
Oct 23 17:03:38 user devstack@c-api.service[75697]: warnings.warn('Policy enforcement is depending on the value of '
Oct 23 17:03:38 user devstack@c-api.service[75697]: INFO cinder.volume.api [None req-3b19d945-0bc3-47de-b182-7c0edb720028 tempest-GroupSnapshotsTest-1831992146 tempest-GroupSnapshotsTest-1831992146-project-member] Volume info retrieved successfully.
Oct 23 17:03:38 user devstack@c-api.service[75697]: WARNING stevedore.named [None req-3b19d945-0bc3-47de-b182-7c0edb720028 tempest-GroupSnapshotsTest-1831992146 tempest-GroupSnapshotsTest-1831992146-project-member] Could not load cinder.keymgr.conf_key_mgr.ConfKeyManager
Oct 23 17:03:38 user devstack@c-api.service[75697]: WARNING castellan.key_manager [None req-3b19d945-0bc3-47de-b182-7c0edb720028 tempest-GroupSnapshotsTest-1831992146 tempest-GroupSnapshotsTest-1831992146-project-member] Deprecation Warning : cinder.keymgr.conf_key_mgr.ConfKeyManager is not a stevedore based driver, trying to load it as a class: stevedore.exception.NoMatches: No 'castellan.drivers' driver found, looking for 'cinder.keymgr.conf_key_mgr.ConfKeyManager'
Oct 23 17:03:38 user devstack@c-api.service[75698]: DEBUG cinder.volume.api [None req-51f75237-ebb6-4ce5-a8e9-f2eaf0f750de tempest-VolumesListAdminTestJSON-1281819634 tempest-VolumesListAdminTestJSON-1281819634-project-member] Task 'cinder.volume.flows.api.create_volume.EntryCreateTask;volume:create' (69700c4c-9684-4362-bab2-ee5d001291dd) transitioned into state 'SUCCESS' from state 'RUNNING' with result '{'volume_id': '148e0599-6a75-4723-9677-8e8a22f39d28', 'volume_properties': VolumeProperties(attach_status='detached',availability_zone='nova',cgsnapshot_id=None,consistencygroup_id=None,display_description=None,display_name='tempest-VolumesListAdminTestJSON-Volume-1427248297',encryption_key_id=None,group_id=None,group_type_id=,metadata={},multiattach=False,project_id='0585f713b7ba4fd3a8d2989d9c6b2a09',qos_specs=None,replication_status=,reservations=['38341213-037a-4423-b233-4b6dd468b17f','558d14c3-c110-430a-8f6c-43ec2f1ed792','49ab5d19-cc06-4427-89ed-7dc5db49b069','3f1c24de-9f06-45a3-b14f-58bb0cd111b5'],size=1,snapshot_id=None,source_replicaid=,source_volid=None,status='creating',user_id='f9b15deb41074d7487b7109ed95d7f0a',volume_type_id=80ac9834-d50f-4419-88c9-9ac78d3b7e51), 'volume': Volume(_name_id=None,admin_metadata=,attach_status='detached',availability_zone='nova',bootable=False,cluster=,cluster_name=None,consistencygroup=,consistencygroup_id=None,created_at=2023-10-23T17:03:38Z,deleted=False,deleted_at=None,display_description=None,display_name='tempest-VolumesListAdminTestJSON-Volume-1427248297',ec2_id=None,encryption_key_id=None,glance_metadata=,group=,group_id=None,host=None,id=148e0599-6a75-4723-9677-8e8a22f39d28,launched_at=None,metadata={},migration_status=None,multiattach=False,previous_status=None,project_id='0585f713b7ba4fd3a8d2989d9c6b2a09',provider_auth=None,provider_geometry=None,provider_id=None,provider_location=None,replication_driver_data=None,replication_extended_status=None,replication_status=None,scheduled_at=None,service_uuid=None,shared_targets=True,size=1,snapshot_id=None,snapshots=,source_volid=None,status='creating',terminated_at=None,updated_at=None,use_quota=True,user_id='f9b15deb41074d7487b7109ed95d7f0a',volume_attachment=VolumeAttachmentList,volume_type=VolumeType(80ac9834-d50f-4419-88c9-9ac78d3b7e51),volume_type_id=80ac9834-d50f-4419-88c9-9ac78d3b7e51)}' {{(pid=75698) _task_receiver /opt/stack/data/venv/lib/python3.10/site-packages/taskflow/listeners/logging.py:178}}
Oct 23 17:03:38 user devstack@c-api.service[75698]: DEBUG cinder.volume.api [None req-51f75237-ebb6-4ce5-a8e9-f2eaf0f750de tempest-VolumesListAdminTestJSON-1281819634 tempest-VolumesListAdminTestJSON-1281819634-project-member] Task 'cinder.volume.flows.api.create_volume.QuotaCommitTask;volume:create' (383742c4-2040-4191-a038-a558e6f0f95d) transitioned into state 'RUNNING' from state 'PENDING' {{(pid=75698) _task_receiver /opt/stack/data/venv/lib/python3.10/site-packages/taskflow/listeners/logging.py:190}}
Oct 23 17:03:38 user devstack@c-api.service[75697]: DEBUG oslo_db.sqlalchemy.engines [None req-3b19d945-0bc3-47de-b182-7c0edb720028 tempest-GroupSnapshotsTest-1831992146 tempest-GroupSnapshotsTest-1831992146-project-member] MySQL server mode set to STRICT_TRANS_TABLES,STRICT_ALL_TABLES,NO_ZERO_IN_DATE,NO_ZERO_DATE,ERROR_FOR_DIVISION_BY_ZERO,TRADITIONAL,NO_ENGINE_SUBSTITUTION {{(pid=75697) _check_effective_sql_mode /opt/stack/data/venv/lib/python3.10/site-packages/oslo_db/sqlalchemy/engines.py:342}}
Oct 23 17:03:38 user devstack@c-api.service[75697]: /opt/stack/data/venv/lib/python3.10/site-packages/oslo_context/context.py:100: DeprecationWarning: Policy enforcement is depending on the value of is_admin. This key is deprecated. Please update your policy file to use the standard policy values.
Oct 23 17:03:38 user devstack@c-api.service[75697]: warnings.warn('Policy enforcement is depending on the value of '
Oct 23 17:03:38 user devstack@c-api.service[75697]: INFO cinder.api.openstack.wsgi [None req-3b19d945-0bc3-47de-b182-7c0edb720028 tempest-GroupSnapshotsTest-1831992146 tempest-GroupSnapshotsTest-1831992146-project-member] http://10.0.0.210/volume/v3/2b4373a3f35e441aac574aab7e8b80b5/volumes/13f949ca-f673-402b-82ec-1c6c05cc07eb returned with HTTP 200
Oct 23 17:03:38 user devstack@c-api.service[75697]: [pid: 75697|app: 0|req: 128/387] 10.0.0.210 () {64 vars in 1443 bytes} [Mon Oct 23 17:03:38 2023] GET /volume/v3/2b4373a3f35e441aac574aab7e8b80b5/volumes/13f949ca-f673-402b-82ec-1c6c05cc07eb => generated 979 bytes in 130 msecs (HTTP/1.1 200) 7 headers in 286 bytes (1 switches on core 0)
Oct 23 17:03:38 user devstack@c-api.service[75698]: DEBUG cinder.volume.api [None req-51f75237-ebb6-4ce5-a8e9-f2eaf0f750de tempest-VolumesListAdminTestJSON-1281819634 tempest-VolumesListAdminTestJSON-1281819634-project-member] Task 'cinder.volume.flows.api.create_volume.QuotaCommitTask;volume:create' (383742c4-2040-4191-a038-a558e6f0f95d) transitioned into state 'SUCCESS' from state 'RUNNING' with result '{'volume_properties': VolumeProperties(attach_status='detached',availability_zone='nova',cgsnapshot_id=None,consistencygroup_id=None,display_description=None,display_name='tempest-VolumesListAdminTestJSON-Volume-1427248297',encryption_key_id=None,group_id=None,group_type_id=,metadata={},multiattach=False,project_id='0585f713b7ba4fd3a8d2989d9c6b2a09',qos_specs=None,replication_status=,reservations=['38341213-037a-4423-b233-4b6dd468b17f','558d14c3-c110-430a-8f6c-43ec2f1ed792','49ab5d19-cc06-4427-89ed-7dc5db49b069','3f1c24de-9f06-45a3-b14f-58bb0cd111b5'],size=1,snapshot_id=None,source_replicaid=,source_volid=None,status='creating',user_id='f9b15deb41074d7487b7109ed95d7f0a',volume_type_id=80ac9834-d50f-4419-88c9-9ac78d3b7e51)}' {{(pid=75698) _task_receiver /opt/stack/data/venv/lib/python3.10/site-packages/taskflow/listeners/logging.py:178}}
Oct 23 17:03:38 user devstack@c-api.service[75698]: DEBUG cinder.volume.api [None req-51f75237-ebb6-4ce5-a8e9-f2eaf0f750de tempest-VolumesListAdminTestJSON-1281819634 tempest-VolumesListAdminTestJSON-1281819634-project-member] Task 'cinder.volume.flows.api.create_volume.VolumeCastTask;volume:create' (605bebad-0d47-46a9-b9f5-17b0ed0379f9) transitioned into state 'RUNNING' from state 'PENDING' {{(pid=75698) _task_receiver /opt/stack/data/venv/lib/python3.10/site-packages/taskflow/listeners/logging.py:190}}
Oct 23 17:03:38 user devstack@c-api.service[75699]: DEBUG cinder.api.middleware.request_id [None req-2c0f94c6-d2bd-4d1c-9bac-59f5e5b66d2e None None] RequestId filter calling following filter/app {{(pid=75699) _context_setter /opt/stack/cinder/cinder/api/middleware/request_id.py:62}}
Oct 23 17:03:38 user devstack@c-api.service[75699]: INFO cinder.api.openstack.wsgi [None req-2c0f94c6-d2bd-4d1c-9bac-59f5e5b66d2e tempest-GroupSnapshotsTest-1831992146 tempest-GroupSnapshotsTest-1831992146-project-member] POST http://10.0.0.210/volume/v3/2b4373a3f35e441aac574aab7e8b80b5/volumes
Oct 23 17:03:38 user devstack@c-api.service[75697]: DEBUG cinder.api.middleware.request_id [None req-12697e90-6cff-42c8-afdd-51ace20632e8 None None] RequestId filter calling following filter/app {{(pid=75697) _context_setter /opt/stack/cinder/cinder/api/middleware/request_id.py:62}}
Oct 23 17:03:38 user devstack@c-api.service[75699]: DEBUG cinder.api.openstack.wsgi [None req-2c0f94c6-d2bd-4d1c-9bac-59f5e5b66d2e tempest-GroupSnapshotsTest-1831992146 tempest-GroupSnapshotsTest-1831992146-project-member] Action: 'create', calling method: create, body: {"volume": {"name": "tempest-volume-1170381872", "volume_type": "bdc2876f-36e7-43e3-aba6-843c689c27ed", "group_id": "a4e88088-b9f4-46b8-aefd-3d64ae20d0ed", "size": 1}} {{(pid=75699) _process_stack /opt/stack/cinder/cinder/api/openstack/wsgi.py:866}}
Oct 23 17:03:38 user devstack@c-api.service[75697]: INFO cinder.api.openstack.wsgi [None req-12697e90-6cff-42c8-afdd-51ace20632e8 tempest-TaggedBootDevicesTest_v242-721768869 tempest-TaggedBootDevicesTest_v242-721768869-project-member] GET http://10.0.0.210/volume/v3/1893a4e0284e4543be6590408a89e1f2/volumes/ea7064d2-83f3-46b8-b295-6273e2667f14
Oct 23 17:03:38 user devstack@c-api.service[75697]: DEBUG cinder.api.openstack.wsgi [None req-12697e90-6cff-42c8-afdd-51ace20632e8 tempest-TaggedBootDevicesTest_v242-721768869 tempest-TaggedBootDevicesTest_v242-721768869-project-member] Empty body provided in request {{(pid=75697) get_body /opt/stack/cinder/cinder/api/openstack/wsgi.py:715}}
Oct 23 17:03:38 user devstack@c-api.service[75697]: DEBUG cinder.api.openstack.wsgi [None req-12697e90-6cff-42c8-afdd-51ace20632e8 tempest-TaggedBootDevicesTest_v242-721768869 tempest-TaggedBootDevicesTest_v242-721768869-project-member] Calling method 'show' {{(pid=75697) _process_stack /opt/stack/cinder/cinder/api/openstack/wsgi.py:868}}
Oct 23 17:03:38 user devstack@c-api.service[75698]: DEBUG cinder.volume.api [None req-51f75237-ebb6-4ce5-a8e9-f2eaf0f750de tempest-VolumesListAdminTestJSON-1281819634 tempest-VolumesListAdminTestJSON-1281819634-project-member] Task 'cinder.volume.flows.api.create_volume.VolumeCastTask;volume:create' (605bebad-0d47-46a9-b9f5-17b0ed0379f9) transitioned into state 'SUCCESS' from state 'RUNNING' with result 'None' {{(pid=75698) _task_receiver /opt/stack/data/venv/lib/python3.10/site-packages/taskflow/listeners/logging.py:178}}
Oct 23 17:03:38 user devstack@c-api.service[75699]: DEBUG cinder.api.v3.volumes [None req-2c0f94c6-d2bd-4d1c-9bac-59f5e5b66d2e tempest-GroupSnapshotsTest-1831992146 tempest-GroupSnapshotsTest-1831992146-project-member] Create volume request body: {'volume': {'name': 'tempest-volume-1170381872', 'volume_type': 'bdc2876f-36e7-43e3-aba6-843c689c27ed', 'group_id': 'a4e88088-b9f4-46b8-aefd-3d64ae20d0ed', 'size': 1}} {{(pid=75699) create /opt/stack/cinder/cinder/api/v3/volumes.py:297}}
Oct 23 17:03:38 user devstack@c-api.service[75698]: DEBUG cinder.volume.api [None req-51f75237-ebb6-4ce5-a8e9-f2eaf0f750de tempest-VolumesListAdminTestJSON-1281819634 tempest-VolumesListAdminTestJSON-1281819634-project-member] Flow 'volume_create_api' (08711d74-f064-4fca-bd30-d9ccf44092d1) transitioned into state 'SUCCESS' from state 'RUNNING' {{(pid=75698) _flow_receiver /opt/stack/data/venv/lib/python3.10/site-packages/taskflow/listeners/logging.py:141}}
Oct 23 17:03:38 user devstack@c-api.service[75698]: INFO cinder.volume.api [None req-51f75237-ebb6-4ce5-a8e9-f2eaf0f750de tempest-VolumesListAdminTestJSON-1281819634 tempest-VolumesListAdminTestJSON-1281819634-project-member] Create volume request issued successfully.
Oct 23 17:03:38 user devstack@c-api.service[75698]: INFO cinder.api.openstack.wsgi [None req-51f75237-ebb6-4ce5-a8e9-f2eaf0f750de tempest-VolumesListAdminTestJSON-1281819634 tempest-VolumesListAdminTestJSON-1281819634-project-member] http://10.0.0.210/volume/v3/0585f713b7ba4fd3a8d2989d9c6b2a09/volumes returned with HTTP 202
Oct 23 17:03:38 user devstack@c-api.service[75698]: [pid: 75698|app: 0|req: 127/388] 10.0.0.210 () {64 vars in 1312 bytes} [Mon Oct 23 17:03:37 2023] POST /volume/v3/0585f713b7ba4fd3a8d2989d9c6b2a09/volumes => generated 822 bytes in 446 msecs (HTTP/1.1 202) 7 headers in 291 bytes (1 switches on core 0)
