Oct 23 16:58:57 user devstack@g-api.service[77605]: DEBUG glance.common.config [None req-f6a81e59-aa1d-419e-9c8a-62c409535ab2 None None] barbican.number_of_retries = 60 {{(pid=77605) log_opt_values /opt/stack/data/venv/lib/python3.10/site-packages/oslo_config/cfg.py:2609}}
Oct 23 16:58:57 user devstack@g-api.service[77605]: DEBUG glance.common.config [None req-f6a81e59-aa1d-419e-9c8a-62c409535ab2 None None] barbican.retry_delay = 1 {{(pid=77605) log_opt_values /opt/stack/data/venv/lib/python3.10/site-packages/oslo_config/cfg.py:2609}}
Oct 23 16:58:57 user devstack@g-api.service[77605]: DEBUG glance.common.config [None req-f6a81e59-aa1d-419e-9c8a-62c409535ab2 None None] barbican.send_service_user_token = False {{(pid=77605) log_opt_values /opt/stack/data/venv/lib/python3.10/site-packages/oslo_config/cfg.py:2609}}
Oct 23 16:58:57 user devstack@g-api.service[77605]: DEBUG glance.common.config [None req-f6a81e59-aa1d-419e-9c8a-62c409535ab2 None None] barbican.split_loggers = False {{(pid=77605) log_opt_values /opt/stack/data/venv/lib/python3.10/site-packages/oslo_config/cfg.py:2609}}
Oct 23 16:58:57 user devstack@g-api.service[77605]: DEBUG glance.common.config [None req-f6a81e59-aa1d-419e-9c8a-62c409535ab2 None None] barbican.timeout = None {{(pid=77605) log_opt_values /opt/stack/data/venv/lib/python3.10/site-packages/oslo_config/cfg.py:2609}}
Oct 23 16:58:57 user devstack@g-api.service[77605]: DEBUG glance.common.config [None req-f6a81e59-aa1d-419e-9c8a-62c409535ab2 None None] barbican.verify_ssl = True {{(pid=77605) log_opt_values /opt/stack/data/venv/lib/python3.10/site-packages/oslo_config/cfg.py:2609}}
Oct 23 16:58:57 user devstack@g-api.service[77605]: DEBUG glance.common.config [None req-f6a81e59-aa1d-419e-9c8a-62c409535ab2 None None] barbican.verify_ssl_path = None {{(pid=77605) log_opt_values /opt/stack/data/venv/lib/python3.10/site-packages/oslo_config/cfg.py:2609}}
Oct 23 16:58:57 user devstack@g-api.service[77605]: DEBUG glance.common.config [None req-f6a81e59-aa1d-419e-9c8a-62c409535ab2 None None] barbican_service_user.auth_section = None {{(pid=77605) log_opt_values /opt/stack/data/venv/lib/python3.10/site-packages/oslo_config/cfg.py:2609}}
Oct 23 16:58:57 user devstack@g-api.service[77605]: DEBUG glance.common.config [None req-f6a81e59-aa1d-419e-9c8a-62c409535ab2 None None] barbican_service_user.auth_type = None {{(pid=77605) log_opt_values /opt/stack/data/venv/lib/python3.10/site-packages/oslo_config/cfg.py:2609}}
Oct 23 16:58:57 user devstack@g-api.service[77605]: DEBUG glance.common.config [None req-f6a81e59-aa1d-419e-9c8a-62c409535ab2 None None] barbican_service_user.cafile = None {{(pid=77605) log_opt_values /opt/stack/data/venv/lib/python3.10/site-packages/oslo_config/cfg.py:2609}}
Oct 23 16:58:57 user devstack@g-api.service[77605]: DEBUG glance.common.config [None req-f6a81e59-aa1d-419e-9c8a-62c409535ab2 None None] barbican_service_user.certfile = None {{(pid=77605) log_opt_values /opt/stack/data/venv/lib/python3.10/site-packages/oslo_config/cfg.py:2609}}
Oct 23 16:58:57 user devstack@g-api.service[77605]: DEBUG glance.common.config [None req-f6a81e59-aa1d-419e-9c8a-62c409535ab2 None None] barbican_service_user.collect_timing = False {{(pid=77605) log_opt_values /opt/stack/data/venv/lib/python3.10/site-packages/oslo_config/cfg.py:2609}}
Oct 23 16:58:57 user devstack@g-api.service[77605]: DEBUG glance.common.config [None req-f6a81e59-aa1d-419e-9c8a-62c409535ab2 None None] barbican_service_user.insecure = False {{(pid=77605) log_opt_values /opt/stack/data/venv/lib/python3.10/site-packages/oslo_config/cfg.py:2609}}
Oct 23 16:58:57 user devstack@g-api.service[77605]: DEBUG glance.common.config [None req-f6a81e59-aa1d-419e-9c8a-62c409535ab2 None None] barbican_service_user.keyfile = None {{(pid=77605) log_opt_values /opt/stack/data/venv/lib/python3.10/site-packages/oslo_config/cfg.py:2609}}
Oct 23 16:58:57 user devstack@g-api.service[77605]: DEBUG glance.common.config [None req-f6a81e59-aa1d-419e-9c8a-62c409535ab2 None None] barbican_service_user.split_loggers = False {{(pid=77605) log_opt_values /opt/stack/data/venv/lib/python3.10/site-packages/oslo_config/cfg.py:2609}}
Oct 23 16:58:57 user devstack@g-api.service[77605]: DEBUG glance.common.config [None req-f6a81e59-aa1d-419e-9c8a-62c409535ab2 None None] barbican_service_user.timeout = None {{(pid=77605) log_opt_values /opt/stack/data/venv/lib/python3.10/site-packages/oslo_config/cfg.py:2609}}
Oct 23 16:58:57 user devstack@g-api.service[77605]: DEBUG glance.common.config [None req-f6a81e59-aa1d-419e-9c8a-62c409535ab2 None None] healthcheck.backends = ['disable_by_file'] {{(pid=77605) log_opt_values /opt/stack/data/venv/lib/python3.10/site-packages/oslo_config/cfg.py:2609}}
Oct 23 16:58:57 user devstack@g-api.service[77605]: DEBUG glance.common.config [None req-f6a81e59-aa1d-419e-9c8a-62c409535ab2 None None] healthcheck.detailed = False {{(pid=77605) log_opt_values /opt/stack/data/venv/lib/python3.10/site-packages/oslo_config/cfg.py:2609}}
Oct 23 16:58:57 user devstack@g-api.service[77605]: DEBUG glance.common.config [None req-f6a81e59-aa1d-419e-9c8a-62c409535ab2 None None] healthcheck.disable_by_file_path = None {{(pid=77605) log_opt_values /opt/stack/data/venv/lib/python3.10/site-packages/oslo_config/cfg.py:2609}}
Oct 23 16:58:57 user devstack@g-api.service[77605]: DEBUG glance.common.config [None req-f6a81e59-aa1d-419e-9c8a-62c409535ab2 None None] healthcheck.path = /healthcheck {{(pid=77605) log_opt_values /opt/stack/data/venv/lib/python3.10/site-packages/oslo_config/cfg.py:2609}}
Oct 23 16:58:57 user devstack@g-api.service[77605]: DEBUG glance.common.config [None req-f6a81e59-aa1d-419e-9c8a-62c409535ab2 None None] ******************************************************************************** {{(pid=77605) log_opt_values /opt/stack/data/venv/lib/python3.10/site-packages/oslo_config/cfg.py:2613}}
Oct 23 16:58:57 user devstack@g-api.service[77605]: WSGI app 0 (mountpoint='') ready in 4 seconds on interpreter 0x55cd6356c0a0 pid: 77605 (default app)
Oct 23 16:59:01 user devstack@g-api.service[77603]: DEBUG glance.api.middleware.version_negotiation [None req-285cca64-509e-4a4c-94d1-dbbff01c70b2 None None] Determining version of request: GET / Accept: application/json {{(pid=77603) process_request /opt/stack/glance/glance/api/middleware/version_negotiation.py:44}}
Oct 23 16:59:01 user devstack@g-api.service[77603]: DEBUG glance.api.middleware.version_negotiation [None req-285cca64-509e-4a4c-94d1-dbbff01c70b2 None None] Using url versioning {{(pid=77603) process_request /opt/stack/glance/glance/api/middleware/version_negotiation.py:57}}
Oct 23 16:59:01 user devstack@g-api.service[77603]: DEBUG glance.api.middleware.version_negotiation [None req-285cca64-509e-4a4c-94d1-dbbff01c70b2 None None] Unknown version. Returning version choices. {{(pid=77603) process_request /opt/stack/glance/glance/api/middleware/version_negotiation.py:64}}
Oct 23 16:59:01 user devstack@g-api.service[77603]: [pid: 77603|app: 0|req: 2/2] 127.0.0.1 () {34 vars in 498 bytes} [Mon Oct 23 16:59:01 2023] GET / => generated 1287 bytes in 2 msecs (HTTP/1.1 300) 3 headers in 106 bytes (1 switches on core 0)
Oct 23 16:59:01 user devstack@g-api.service[77604]: DEBUG glance.api.middleware.version_negotiation [None req-0034bacc-6de7-49ca-be61-0cbfc6c70e3a None None] Determining version of request: POST /v2/images Accept: */* {{(pid=77604) process_request /opt/stack/glance/glance/api/middleware/version_negotiation.py:44}}
Oct 23 16:59:01 user devstack@g-api.service[77604]: DEBUG glance.api.middleware.version_negotiation [None req-0034bacc-6de7-49ca-be61-0cbfc6c70e3a None None] Using url versioning {{(pid=77604) process_request /opt/stack/glance/glance/api/middleware/version_negotiation.py:57}}
Oct 23 16:59:01 user devstack@g-api.service[77604]: DEBUG glance.api.middleware.version_negotiation [None req-0034bacc-6de7-49ca-be61-0cbfc6c70e3a None None] Matched version: v2 {{(pid=77604) process_request /opt/stack/glance/glance/api/middleware/version_negotiation.py:69}}
Oct 23 16:59:01 user devstack@g-api.service[77604]: DEBUG glance.api.middleware.version_negotiation [None req-0034bacc-6de7-49ca-be61-0cbfc6c70e3a None None] new path /v2/images {{(pid=77604) process_request /opt/stack/glance/glance/api/middleware/version_negotiation.py:70}}
Oct 23 16:59:02 user devstack@g-api.service[77604]: INFO dbcounter [None req-637e2954-827b-4963-a886-82bb86d7c08e admin admin] Registered counter for database glance
Oct 23 16:59:02 user devstack@g-api.service[77604]: DEBUG oslo_db.sqlalchemy.engines [None req-637e2954-827b-4963-a886-82bb86d7c08e admin admin] MySQL server mode set to STRICT_TRANS_TABLES,STRICT_ALL_TABLES,NO_ZERO_IN_DATE,NO_ZERO_DATE,ERROR_FOR_DIVISION_BY_ZERO,TRADITIONAL,NO_ENGINE_SUBSTITUTION {{(pid=77604) _check_effective_sql_mode /opt/stack/data/venv/lib/python3.10/site-packages/oslo_db/sqlalchemy/engines.py:342}}
Oct 23 16:59:02 user devstack@g-api.service[77604]: DEBUG dbcounter [-] [77604] Writer thread running {{(pid=77604) stat_writer /opt/stack/data/venv/lib/python3.10/site-packages/dbcounter.py:102}}
Oct 23 16:59:02 user devstack@g-api.service[77604]: [pid: 77604|app: 0|req: 1/3] 127.0.0.1 () {40 vars in 761 bytes} [Mon Oct 23 16:59:01 2023] POST /v2/images => generated 807 bytes in 1000 msecs (HTTP/1.1 201) 6 headers in 314 bytes (1 switches on core 0)
Oct 23 16:59:02 user devstack@g-api.service[77605]: DEBUG glance.api.middleware.version_negotiation [None req-f6a81e59-aa1d-419e-9c8a-62c409535ab2 None None] Determining version of request: PUT /v2/images/68c345df-c9e8-475a-b17c-635fa0c7e894/file Accept: {{(pid=77605) process_request /opt/stack/glance/glance/api/middleware/version_negotiation.py:44}}
Oct 23 16:59:02 user devstack@g-api.service[77605]: DEBUG glance.api.middleware.version_negotiation [None req-f6a81e59-aa1d-419e-9c8a-62c409535ab2 None None] Using url versioning {{(pid=77605) process_request /opt/stack/glance/glance/api/middleware/version_negotiation.py:57}}
Oct 23 16:59:02 user devstack@g-api.service[77605]: DEBUG glance.api.middleware.version_negotiation [None req-f6a81e59-aa1d-419e-9c8a-62c409535ab2 None None] Matched version: v2 {{(pid=77605) process_request /opt/stack/glance/glance/api/middleware/version_negotiation.py:69}}
Oct 23 16:59:02 user devstack@g-api.service[77605]: DEBUG glance.api.middleware.version_negotiation [None req-f6a81e59-aa1d-419e-9c8a-62c409535ab2 None None] new path /v2/images/68c345df-c9e8-475a-b17c-635fa0c7e894/file {{(pid=77605) process_request /opt/stack/glance/glance/api/middleware/version_negotiation.py:70}}
Oct 23 16:59:03 user devstack@g-api.service[77605]: INFO dbcounter [None req-8b069b5e-110a-4b4b-9340-387f1bcea67b admin admin] Registered counter for database glance
Oct 23 16:59:03 user devstack@g-api.service[77605]: DEBUG oslo_db.sqlalchemy.engines [None req-8b069b5e-110a-4b4b-9340-387f1bcea67b admin admin] MySQL server mode set to STRICT_TRANS_TABLES,STRICT_ALL_TABLES,NO_ZERO_IN_DATE,NO_ZERO_DATE,ERROR_FOR_DIVISION_BY_ZERO,TRADITIONAL,NO_ENGINE_SUBSTITUTION {{(pid=77605) _check_effective_sql_mode /opt/stack/data/venv/lib/python3.10/site-packages/oslo_db/sqlalchemy/engines.py:342}}
Oct 23 16:59:03 user devstack@g-api.service[77605]: DEBUG dbcounter [-] [77605] Writer thread running {{(pid=77605) stat_writer /opt/stack/data/venv/lib/python3.10/site-packages/dbcounter.py:102}}
Oct 23 16:59:03 user devstack@g-api.service[77605]: INFO glance.api.v2.image_data [None req-8b069b5e-110a-4b4b-9340-387f1bcea67b admin admin] Unable to create trust: no such option collect_timing in group [keystone_authtoken] Use the existing user token.
Oct 23 16:59:04 user devstack@g-api.service[77605]: DEBUG glance.location [None req-8b069b5e-110a-4b4b-9340-387f1bcea67b admin admin] Enabling in-flight format inspection for qcow2 {{(pid=77605) set_data /opt/stack/glance/glance/location.py:581}}
Oct 23 16:59:04 user devstack@g-api.service[77605]: DEBUG glance_store._drivers.filesystem [None req-8b069b5e-110a-4b4b-9340-387f1bcea67b admin admin] Wrote 21430272 bytes to /opt/stack/data/glance/images/68c345df-c9e8-475a-b17c-635fa0c7e894 with checksum c8fc807773e5354afe61636071771906 and multihash 1103b92ce8ad966e41235a4de260deb791ff571670c0342666c8582fbb9caefe6af07ebb11d34f44f8414b609b29c1bdf1d72ffa6faa39c88e8721d09847952b {{(pid=77605) add /opt/stack/data/venv/lib/python3.10/site-packages/glance_store/_drivers/filesystem.py:773}}
Oct 23 16:59:04 user devstack@g-api.service[77605]: INFO glance.location [None req-8b069b5e-110a-4b4b-9340-387f1bcea67b admin admin] Image format matched and virtual size computed: 117440512
Oct 23 16:59:04 user devstack@g-api.service[77605]: DEBUG glance_store.backend [None req-8b069b5e-110a-4b4b-9340-387f1bcea67b admin admin] Skipping store.set_acls... not implemented. {{(pid=77605) set_acls /opt/stack/data/venv/lib/python3.10/site-packages/glance_store/backend.py:508}}
Oct 23 16:59:04 user devstack@g-api.service[77605]: [pid: 77605|app: 0|req: 1/4] 127.0.0.1 () {40 vars in 854 bytes} [Mon Oct 23 16:59:02 2023] PUT /v2/images/68c345df-c9e8-475a-b17c-635fa0c7e894/file => generated 0 bytes in 1689 msecs (HTTP/1.1 204) 4 headers in 171 bytes (1 switches on core 0)
Oct 23 16:59:12 user devstack@g-api.service[77604]: DEBUG dbcounter [-] [77604] Writing DB stats glance:SELECT=10,glance:INSERT=5 {{(pid=77604) stat_writer /opt/stack/data/venv/lib/python3.10/site-packages/dbcounter.py:115}}
Oct 23 16:59:14 user devstack@g-api.service[77605]: DEBUG dbcounter [-] [77605] Writing DB stats glance:SELECT=29,glance:UPDATE=2,glance:INSERT=1 {{(pid=77605) stat_writer /opt/stack/data/venv/lib/python3.10/site-packages/dbcounter.py:115}}
Oct 23 16:59:58 user devstack@g-api.service[77603]: DEBUG glance.api.middleware.version_negotiation [None req-285cca64-509e-4a4c-94d1-dbbff01c70b2 None None] Determining version of request: GET / Accept: application/json {{(pid=77603) process_request /opt/stack/glance/glance/api/middleware/version_negotiation.py:44}}
Oct 23 16:59:58 user devstack@g-api.service[77603]: DEBUG glance.api.middleware.version_negotiation [None req-285cca64-509e-4a4c-94d1-dbbff01c70b2 None None] Using url versioning {{(pid=77603) process_request /opt/stack/glance/glance/api/middleware/version_negotiation.py:57}}
Oct 23 16:59:58 user devstack@g-api.service[77603]: DEBUG glance.api.middleware.version_negotiation [None req-285cca64-509e-4a4c-94d1-dbbff01c70b2 None None] Unknown version. Returning version choices. {{(pid=77603) process_request /opt/stack/glance/glance/api/middleware/version_negotiation.py:64}}
Oct 23 16:59:58 user devstack@g-api.service[77603]: [pid: 77603|app: 0|req: 3/5] 127.0.0.1 () {34 vars in 498 bytes} [Mon Oct 23 16:59:58 2023] GET / => generated 1287 bytes in 2 msecs (HTTP/1.1 300) 3 headers in 106 bytes (1 switches on core 0)
Oct 23 16:59:58 user devstack@g-api.service[77604]: DEBUG glance.api.middleware.version_negotiation [None req-637e2954-827b-4963-a886-82bb86d7c08e admin admin] Determining version of request: GET /v2/images Accept: application/json {{(pid=77604) process_request /opt/stack/glance/glance/api/middleware/version_negotiation.py:44}}
Oct 23 16:59:58 user devstack@g-api.service[77604]: DEBUG glance.api.middleware.version_negotiation [None req-637e2954-827b-4963-a886-82bb86d7c08e admin admin] Using url versioning {{(pid=77604) process_request /opt/stack/glance/glance/api/middleware/version_negotiation.py:57}}
Oct 23 16:59:58 user devstack@g-api.service[77604]: DEBUG glance.api.middleware.version_negotiation [None req-637e2954-827b-4963-a886-82bb86d7c08e admin admin] Matched version: v2 {{(pid=77604) process_request /opt/stack/glance/glance/api/middleware/version_negotiation.py:69}}
Oct 23 16:59:58 user devstack@g-api.service[77604]: DEBUG glance.api.middleware.version_negotiation [None req-637e2954-827b-4963-a886-82bb86d7c08e admin admin] new path /v2/images {{(pid=77604) process_request /opt/stack/glance/glance/api/middleware/version_negotiation.py:70}}
Oct 23 16:59:58 user devstack@g-api.service[77604]: [pid: 77604|app: 0|req: 2/6] 127.0.0.1 () {36 vars in 720 bytes} [Mon Oct 23 16:59:58 2023] GET /v2/images => generated 1045 bytes in 81 msecs (HTTP/1.1 200) 4 headers in 158 bytes (1 switches on core 0)
Oct 23 17:00:08 user devstack@g-api.service[77604]: DEBUG dbcounter [-] [77604] Writing DB stats glance:SELECT=2 {{(pid=77604) stat_writer /opt/stack/data/venv/lib/python3.10/site-packages/dbcounter.py:115}}
Oct 23 17:01:35 user devstack@g-api.service[77605]: DEBUG glance.api.middleware.version_negotiation [None req-8b069b5e-110a-4b4b-9340-387f1bcea67b admin admin] Determining version of request: GET / Accept: application/json {{(pid=77605) process_request /opt/stack/glance/glance/api/middleware/version_negotiation.py:44}}
Oct 23 17:01:35 user devstack@g-api.service[77605]: DEBUG glance.api.middleware.version_negotiation [None req-8b069b5e-110a-4b4b-9340-387f1bcea67b admin admin] Using url versioning {{(pid=77605) process_request /opt/stack/glance/glance/api/middleware/version_negotiation.py:57}}
Oct 23 17:01:35 user devstack@g-api.service[77605]: DEBUG glance.api.middleware.version_negotiation [None req-8b069b5e-110a-4b4b-9340-387f1bcea67b admin admin] Unknown version. Returning version choices. {{(pid=77605) process_request /opt/stack/glance/glance/api/middleware/version_negotiation.py:64}}
Oct 23 17:01:35 user devstack@g-api.service[77605]: [pid: 77605|app: 0|req: 2/7] 127.0.0.1 () {36 vars in 470 bytes} [Mon Oct 23 17:01:35 2023] GET / => generated 1287 bytes in 4 msecs (HTTP/1.1 300) 3 headers in 106 bytes (1 switches on core 0)
Oct 23 17:02:38 user devstack@g-api.service[77603]: DEBUG glance.api.middleware.version_negotiation [None req-285cca64-509e-4a4c-94d1-dbbff01c70b2 None None] Determining version of request: GET / Accept: application/json {{(pid=77603) process_request /opt/stack/glance/glance/api/middleware/version_negotiation.py:44}}
Oct 23 17:02:38 user devstack@g-api.service[77603]: DEBUG glance.api.middleware.version_negotiation [None req-285cca64-509e-4a4c-94d1-dbbff01c70b2 None None] Using url versioning {{(pid=77603) process_request /opt/stack/glance/glance/api/middleware/version_negotiation.py:57}}
Oct 23 17:02:38 user devstack@g-api.service[77603]: DEBUG glance.api.middleware.version_negotiation [None req-285cca64-509e-4a4c-94d1-dbbff01c70b2 None None] Unknown version. Returning version choices. {{(pid=77603) process_request /opt/stack/glance/glance/api/middleware/version_negotiation.py:64}}
Oct 23 17:02:38 user devstack@g-api.service[77603]: [pid: 77603|app: 0|req: 4/8] 127.0.0.1 () {34 vars in 485 bytes} [Mon Oct 23 17:02:38 2023] GET / => generated 1287 bytes in 3 msecs (HTTP/1.1 300) 3 headers in 106 bytes (1 switches on core 0)
Oct 23 17:02:38 user devstack@g-api.service[77604]: DEBUG glance.api.middleware.version_negotiation [None req-dc09e0bc-8000-452b-9b0e-3b1802c81db8 admin admin] Determining version of request: GET /v2/images/68c345df-c9e8-475a-b17c-635fa0c7e894 Accept: */* {{(pid=77604) process_request /opt/stack/glance/glance/api/middleware/version_negotiation.py:44}}
Oct 23 17:02:38 user devstack@g-api.service[77604]: DEBUG glance.api.middleware.version_negotiation [None req-dc09e0bc-8000-452b-9b0e-3b1802c81db8 admin admin] Using url versioning {{(pid=77604) process_request /opt/stack/glance/glance/api/middleware/version_negotiation.py:57}}
Oct 23 17:02:38 user devstack@g-api.service[77604]: DEBUG glance.api.middleware.version_negotiation [None req-dc09e0bc-8000-452b-9b0e-3b1802c81db8 admin admin] Matched version: v2 {{(pid=77604) process_request /opt/stack/glance/glance/api/middleware/version_negotiation.py:69}}
Oct 23 17:02:38 user devstack@g-api.service[77604]: DEBUG glance.api.middleware.version_negotiation [None req-dc09e0bc-8000-452b-9b0e-3b1802c81db8 admin admin] new path /v2/images/68c345df-c9e8-475a-b17c-635fa0c7e894 {{(pid=77604) process_request /opt/stack/glance/glance/api/middleware/version_negotiation.py:70}}
Oct 23 17:02:38 user devstack@g-api.service[77604]: WARNING keystonemiddleware.auth_token [None req-dc09e0bc-8000-452b-9b0e-3b1802c81db8 admin admin] A valid token was submitted as a service token, but it was not a valid service token. This is incorrect but backwards compatible behaviour. This will be removed in future releases.
Oct 23 17:02:38 user devstack@g-api.service[77604]: [pid: 77604|app: 0|req: 3/9] 127.0.0.1 () {42 vars in 1041 bytes} [Mon Oct 23 17:02:38 2023] GET /v2/images/68c345df-c9e8-475a-b17c-635fa0c7e894 => generated 976 bytes in 45 msecs (HTTP/1.1 200) 4 headers in 157 bytes (1 switches on core 0)
Oct 23 17:02:38 user devstack@g-api.service[77605]: DEBUG glance.api.middleware.version_negotiation [None req-8b069b5e-110a-4b4b-9340-387f1bcea67b admin admin] Determining version of request: GET /v2/schemas/image Accept: */* {{(pid=77605) process_request /opt/stack/glance/glance/api/middleware/version_negotiation.py:44}}
Oct 23 17:02:38 user devstack@g-api.service[77605]: DEBUG glance.api.middleware.version_negotiation [None req-8b069b5e-110a-4b4b-9340-387f1bcea67b admin admin] Using url versioning {{(pid=77605) process_request /opt/stack/glance/glance/api/middleware/version_negotiation.py:57}}
Oct 23 17:02:38 user devstack@g-api.service[77605]: DEBUG glance.api.middleware.version_negotiation [None req-8b069b5e-110a-4b4b-9340-387f1bcea67b admin admin] Matched version: v2 {{(pid=77605) process_request /opt/stack/glance/glance/api/middleware/version_negotiation.py:69}}
Oct 23 17:02:38 user devstack@g-api.service[77605]: DEBUG glance.api.middleware.version_negotiation [None req-8b069b5e-110a-4b4b-9340-387f1bcea67b admin admin] new path /v2/schemas/image {{(pid=77605) process_request /opt/stack/glance/glance/api/middleware/version_negotiation.py:70}}
Oct 23 17:02:38 user devstack@g-api.service[77605]: WARNING keystonemiddleware.auth_token [None req-8b069b5e-110a-4b4b-9340-387f1bcea67b admin admin] A valid token was submitted as a service token, but it was not a valid service token. This is incorrect but backwards compatible behaviour. This will be removed in future releases.
Oct 23 17:02:38 user devstack@g-api.service[77605]: [pid: 77605|app: 0|req: 3/10] 127.0.0.1 () {42 vars in 981 bytes} [Mon Oct 23 17:02:38 2023] GET /v2/schemas/image => generated 6083 bytes in 11 msecs (HTTP/1.1 200) 4 headers in 158 bytes (1 switches on core 0)
Oct 23 17:02:41 user devstack@g-api.service[77603]: DEBUG glance.api.middleware.version_negotiation [None req-285cca64-509e-4a4c-94d1-dbbff01c70b2 None None] Determining version of request: GET /v2/images/68c345df-c9e8-475a-b17c-635fa0c7e894 Accept: */* {{(pid=77603) process_request /opt/stack/glance/glance/api/middleware/version_negotiation.py:44}}
Oct 23 17:02:41 user devstack@g-api.service[77603]: DEBUG glance.api.middleware.version_negotiation [None req-285cca64-509e-4a4c-94d1-dbbff01c70b2 None None] Using url versioning {{(pid=77603) process_request /opt/stack/glance/glance/api/middleware/version_negotiation.py:57}}
Oct 23 17:02:41 user devstack@g-api.service[77603]: DEBUG glance.api.middleware.version_negotiation [None req-285cca64-509e-4a4c-94d1-dbbff01c70b2 None None] Matched version: v2 {{(pid=77603) process_request /opt/stack/glance/glance/api/middleware/version_negotiation.py:69}}
Oct 23 17:02:41 user devstack@g-api.service[77603]: DEBUG glance.api.middleware.version_negotiation [None req-285cca64-509e-4a4c-94d1-dbbff01c70b2 None None] new path /v2/images/68c345df-c9e8-475a-b17c-635fa0c7e894 {{(pid=77603) process_request /opt/stack/glance/glance/api/middleware/version_negotiation.py:70}}
Oct 23 17:02:41 user devstack@g-api.service[77603]: WARNING keystonemiddleware.auth_token [None req-285cca64-509e-4a4c-94d1-dbbff01c70b2 None None] A valid token was submitted as a service token, but it was not a valid service token. This is incorrect but backwards compatible behaviour. This will be removed in future releases.
Oct 23 17:02:41 user devstack@g-api.service[77603]: INFO dbcounter [None req-c26a3226-789c-461b-aac4-642f156f6275 tempest-ServerBootFromVolumeStableRescueTest-702610562 tempest-ServerBootFromVolumeStableRescueTest-702610562-project-member] Registered counter for database glance
Oct 23 17:02:41 user devstack@g-api.service[77603]: DEBUG oslo_db.sqlalchemy.engines [None req-c26a3226-789c-461b-aac4-642f156f6275 tempest-ServerBootFromVolumeStableRescueTest-702610562 tempest-ServerBootFromVolumeStableRescueTest-702610562-project-member] MySQL server mode set to STRICT_TRANS_TABLES,STRICT_ALL_TABLES,NO_ZERO_IN_DATE,NO_ZERO_DATE,ERROR_FOR_DIVISION_BY_ZERO,TRADITIONAL,NO_ENGINE_SUBSTITUTION {{(pid=77603) _check_effective_sql_mode /opt/stack/data/venv/lib/python3.10/site-packages/oslo_db/sqlalchemy/engines.py:342}}
Oct 23 17:02:41 user devstack@g-api.service[77603]: DEBUG dbcounter [-] [77603] Writer thread running {{(pid=77603) stat_writer /opt/stack/data/venv/lib/python3.10/site-packages/dbcounter.py:102}}
Oct 23 17:02:41 user devstack@g-api.service[77603]: [pid: 77603|app: 0|req: 5/11] 127.0.0.1 () {42 vars in 1041 bytes} [Mon Oct 23 17:02:41 2023] GET /v2/images/68c345df-c9e8-475a-b17c-635fa0c7e894 => generated 976 bytes in 315 msecs (HTTP/1.1 200) 4 headers in 157 bytes (1 switches on core 0)
Oct 23 17:02:41 user devstack@g-api.service[77604]: DEBUG glance.api.middleware.version_negotiation [None req-a22a62d4-3f8e-4d80-8f88-8e39b0df212b tempest-ServersNegativeTestJSON-1418970301 tempest-ServersNegativeTestJSON-1418970301-project-member] Determining version of request: GET /v2/schemas/image Accept: */* {{(pid=77604) process_request /opt/stack/glance/glance/api/middleware/version_negotiation.py:44}}
Oct 23 17:02:41 user devstack@g-api.service[77604]: DEBUG glance.api.middleware.version_negotiation [None req-a22a62d4-3f8e-4d80-8f88-8e39b0df212b tempest-ServersNegativeTestJSON-1418970301 tempest-ServersNegativeTestJSON-1418970301-project-member] Using url versioning {{(pid=77604) process_request /opt/stack/glance/glance/api/middleware/version_negotiation.py:57}}
Oct 23 17:02:41 user devstack@g-api.service[77604]: DEBUG glance.api.middleware.version_negotiation [None req-a22a62d4-3f8e-4d80-8f88-8e39b0df212b tempest-ServersNegativeTestJSON-1418970301 tempest-ServersNegativeTestJSON-1418970301-project-member] Matched version: v2 {{(pid=77604) process_request /opt/stack/glance/glance/api/middleware/version_negotiation.py:69}}
Oct 23 17:02:41 user devstack@g-api.service[77604]: DEBUG glance.api.middleware.version_negotiation [None req-a22a62d4-3f8e-4d80-8f88-8e39b0df212b tempest-ServersNegativeTestJSON-1418970301 tempest-ServersNegativeTestJSON-1418970301-project-member] new path /v2/schemas/image {{(pid=77604) process_request /opt/stack/glance/glance/api/middleware/version_negotiation.py:70}}
Oct 23 17:02:41 user devstack@g-api.service[77604]: [pid: 77604|app: 0|req: 4/12] 127.0.0.1 () {42 vars in 981 bytes} [Mon Oct 23 17:02:41 2023] GET /v2/schemas/image => generated 6083 bytes in 27 msecs (HTTP/1.1 200) 4 headers in 158 bytes (1 switches on core 0)
Oct 23 17:02:43 user devstack@g-api.service[77605]: DEBUG glance.api.middleware.version_negotiation [None req-a22a62d4-3f8e-4d80-8f88-8e39b0df212b tempest-ServersNegativeTestJSON-1418970301 tempest-ServersNegativeTestJSON-1418970301-project-member] Determining version of request: GET /v2/images/68c345df-c9e8-475a-b17c-635fa0c7e894 Accept: */* {{(pid=77605) process_request /opt/stack/glance/glance/api/middleware/version_negotiation.py:44}}
Oct 23 17:02:43 user devstack@g-api.service[77605]: DEBUG glance.api.middleware.version_negotiation [None req-a22a62d4-3f8e-4d80-8f88-8e39b0df212b tempest-ServersNegativeTestJSON-1418970301 tempest-ServersNegativeTestJSON-1418970301-project-member] Using url versioning {{(pid=77605) process_request /opt/stack/glance/glance/api/middleware/version_negotiation.py:57}}
Oct 23 17:02:43 user devstack@g-api.service[77605]: DEBUG glance.api.middleware.version_negotiation [None req-a22a62d4-3f8e-4d80-8f88-8e39b0df212b tempest-ServersNegativeTestJSON-1418970301 tempest-ServersNegativeTestJSON-1418970301-project-member] Matched version: v2 {{(pid=77605) process_request /opt/stack/glance/glance/api/middleware/version_negotiation.py:69}}
Oct 23 17:02:43 user devstack@g-api.service[77605]: DEBUG glance.api.middleware.version_negotiation [None req-a22a62d4-3f8e-4d80-8f88-8e39b0df212b tempest-ServersNegativeTestJSON-1418970301 tempest-ServersNegativeTestJSON-1418970301-project-member] new path /v2/images/68c345df-c9e8-475a-b17c-635fa0c7e894 {{(pid=77605) process_request /opt/stack/glance/glance/api/middleware/version_negotiation.py:70}}
Oct 23 17:02:43 user devstack@g-api.service[77605]: [pid: 77605|app: 0|req: 4/13] 127.0.0.1 () {42 vars in 1041 bytes} [Mon Oct 23 17:02:43 2023] GET /v2/images/68c345df-c9e8-475a-b17c-635fa0c7e894 => generated 976 bytes in 507 msecs (HTTP/1.1 200) 4 headers in 157 bytes (1 switches on core 0)
Oct 23 17:02:43 user devstack@g-api.service[77603]: DEBUG glance.api.middleware.version_negotiation [None req-c26a3226-789c-461b-aac4-642f156f6275 tempest-ServerBootFromVolumeStableRescueTest-702610562 tempest-ServerBootFromVolumeStableRescueTest-702610562-project-member] Determining version of request: GET /v2/images/68c345df-c9e8-475a-b17c-635fa0c7e894/file Accept: */* {{(pid=77603) process_request /opt/stack/glance/glance/api/middleware/version_negotiation.py:44}}
Oct 23 17:02:43 user devstack@g-api.service[77603]: DEBUG glance.api.middleware.version_negotiation [None req-c26a3226-789c-461b-aac4-642f156f6275 tempest-ServerBootFromVolumeStableRescueTest-702610562 tempest-ServerBootFromVolumeStableRescueTest-702610562-project-member] Using url versioning {{(pid=77603) process_request /opt/stack/glance/glance/api/middleware/version_negotiation.py:57}}
Oct 23 17:02:43 user devstack@g-api.service[77603]: DEBUG glance.api.middleware.version_negotiation [None req-c26a3226-789c-461b-aac4-642f156f6275 tempest-ServerBootFromVolumeStableRescueTest-702610562 tempest-ServerBootFromVolumeStableRescueTest-702610562-project-member] Matched version: v2 {{(pid=77603) process_request /opt/stack/glance/glance/api/middleware/version_negotiation.py:69}}
Oct 23 17:02:43 user devstack@g-api.service[77603]: DEBUG glance.api.middleware.version_negotiation [None req-c26a3226-789c-461b-aac4-642f156f6275 tempest-ServerBootFromVolumeStableRescueTest-702610562 tempest-ServerBootFromVolumeStableRescueTest-702610562-project-member] new path /v2/images/68c345df-c9e8-475a-b17c-635fa0c7e894/file {{(pid=77603) process_request /opt/stack/glance/glance/api/middleware/version_negotiation.py:70}}
Oct 23 17:02:43 user devstack@g-api.service[77604]: DEBUG glance.api.middleware.version_negotiation [None req-c26a3226-789c-461b-aac4-642f156f6275 tempest-ServerBootFromVolumeStableRescueTest-702610562 tempest-ServerBootFromVolumeStableRescueTest-702610562-project-member] Determining version of request: GET / Accept: application/json {{(pid=77604) process_request /opt/stack/glance/glance/api/middleware/version_negotiation.py:44}}
Oct 23 17:02:43 user devstack@g-api.service[77604]: DEBUG glance.api.middleware.version_negotiation [None req-c26a3226-789c-461b-aac4-642f156f6275 tempest-ServerBootFromVolumeStableRescueTest-702610562 tempest-ServerBootFromVolumeStableRescueTest-702610562-project-member] Using url versioning {{(pid=77604) process_request /opt/stack/glance/glance/api/middleware/version_negotiation.py:57}}
Oct 23 17:02:43 user devstack@g-api.service[77603]: DEBUG glance_store._drivers.filesystem [None req-a22a62d4-3f8e-4d80-8f88-8e39b0df212b tempest-ServersNegativeTestJSON-1418970301 tempest-ServersNegativeTestJSON-1418970301-project-member] Found image at /opt/stack/data/glance/images/68c345df-c9e8-475a-b17c-635fa0c7e894. Returning in ChunkedFile. {{(pid=77603) get /opt/stack/data/venv/lib/python3.10/site-packages/glance_store/_drivers/filesystem.py:614}}
Oct 23 17:02:43 user devstack@g-api.service[77604]: DEBUG glance.api.middleware.version_negotiation [None req-c26a3226-789c-461b-aac4-642f156f6275 tempest-ServerBootFromVolumeStableRescueTest-702610562 tempest-ServerBootFromVolumeStableRescueTest-702610562-project-member] Unknown version. Returning version choices. {{(pid=77604) process_request /opt/stack/glance/glance/api/middleware/version_negotiation.py:64}}
Oct 23 17:02:43 user devstack@g-api.service[77604]: [pid: 77604|app: 0|req: 5/14] 127.0.0.1 () {34 vars in 485 bytes} [Mon Oct 23 17:02:43 2023] GET / => generated 1287 bytes in 4 msecs (HTTP/1.1 300) 3 headers in 106 bytes (1 switches on core 0)
Oct 23 17:02:43 user devstack@g-api.service[77605]: DEBUG glance.api.middleware.version_negotiation [None req-a22a62d4-3f8e-4d80-8f88-8e39b0df212b tempest-ServersNegativeTestJSON-1418970301 tempest-ServersNegativeTestJSON-1418970301-project-member] Determining version of request: GET /v2/images/68c345df-c9e8-475a-b17c-635fa0c7e894 Accept: */* {{(pid=77605) process_request /opt/stack/glance/glance/api/middleware/version_negotiation.py:44}}
Oct 23 17:02:43 user devstack@g-api.service[77605]: DEBUG glance.api.middleware.version_negotiation [None req-a22a62d4-3f8e-4d80-8f88-8e39b0df212b tempest-ServersNegativeTestJSON-1418970301 tempest-ServersNegativeTestJSON-1418970301-project-member] Using url versioning {{(pid=77605) process_request /opt/stack/glance/glance/api/middleware/version_negotiation.py:57}}
Oct 23 17:02:43 user devstack@g-api.service[77605]: DEBUG glance.api.middleware.version_negotiation [None req-a22a62d4-3f8e-4d80-8f88-8e39b0df212b tempest-ServersNegativeTestJSON-1418970301 tempest-ServersNegativeTestJSON-1418970301-project-member] Matched version: v2 {{(pid=77605) process_request /opt/stack/glance/glance/api/middleware/version_negotiation.py:69}}
Oct 23 17:02:43 user devstack@g-api.service[77605]: DEBUG glance.api.middleware.version_negotiation [None req-a22a62d4-3f8e-4d80-8f88-8e39b0df212b tempest-ServersNegativeTestJSON-1418970301 tempest-ServersNegativeTestJSON-1418970301-project-member] new path /v2/images/68c345df-c9e8-475a-b17c-635fa0c7e894 {{(pid=77605) process_request /opt/stack/glance/glance/api/middleware/version_negotiation.py:70}}
Oct 23 17:02:43 user devstack@g-api.service[77605]: [pid: 77605|app: 0|req: 5/15] 127.0.0.1 () {42 vars in 1041 bytes} [Mon Oct 23 17:02:43 2023] GET /v2/images/68c345df-c9e8-475a-b17c-635fa0c7e894 => generated 976 bytes in 21 msecs (HTTP/1.1 200) 4 headers in 157 bytes (1 switches on core 0)
Oct 23 17:02:43 user devstack@g-api.service[77604]: DEBUG glance.api.middleware.version_negotiation [None req-c26a3226-789c-461b-aac4-642f156f6275 tempest-ServerBootFromVolumeStableRescueTest-702610562 tempest-ServerBootFromVolumeStableRescueTest-702610562-project-member] Determining version of request: GET /v2/schemas/image Accept: */* {{(pid=77604) process_request /opt/stack/glance/glance/api/middleware/version_negotiation.py:44}}
Oct 23 17:02:43 user devstack@g-api.service[77604]: DEBUG glance.api.middleware.version_negotiation [None req-c26a3226-789c-461b-aac4-642f156f6275 tempest-ServerBootFromVolumeStableRescueTest-702610562 tempest-ServerBootFromVolumeStableRescueTest-702610562-project-member] Using url versioning {{(pid=77604) process_request /opt/stack/glance/glance/api/middleware/version_negotiation.py:57}}
Oct 23 17:02:43 user devstack@g-api.service[77604]: DEBUG glance.api.middleware.version_negotiation [None req-c26a3226-789c-461b-aac4-642f156f6275 tempest-ServerBootFromVolumeStableRescueTest-702610562 tempest-ServerBootFromVolumeStableRescueTest-702610562-project-member] Matched version: v2 {{(pid=77604) process_request /opt/stack/glance/glance/api/middleware/version_negotiation.py:69}}
Oct 23 17:02:43 user devstack@g-api.service[77604]: DEBUG glance.api.middleware.version_negotiation [None req-c26a3226-789c-461b-aac4-642f156f6275 tempest-ServerBootFromVolumeStableRescueTest-702610562 tempest-ServerBootFromVolumeStableRescueTest-702610562-project-member] new path /v2/schemas/image {{(pid=77604) process_request /opt/stack/glance/glance/api/middleware/version_negotiation.py:70}}
Oct 23 17:02:43 user devstack@g-api.service[77603]: DEBUG glance.image_cache [None req-a22a62d4-3f8e-4d80-8f88-8e39b0df212b tempest-ServersNegativeTestJSON-1418970301 tempest-ServersNegativeTestJSON-1418970301-project-member] Tee'ing image '68c345df-c9e8-475a-b17c-635fa0c7e894' into cache {{(pid=77603) get_caching_iter /opt/stack/glance/glance/image_cache/__init__.py:343}}
Oct 23 17:02:44 user devstack@g-api.service[77604]: [pid: 77604|app: 0|req: 6/16] 127.0.0.1 () {42 vars in 981 bytes} [Mon Oct 23 17:02:43 2023] GET /v2/schemas/image => generated 6083 bytes in 8 msecs (HTTP/1.1 200) 4 headers in 158 bytes (1 switches on core 0)
Oct 23 17:02:44 user devstack@g-api.service[77603]: DEBUG glance.image_cache.drivers.sqlite [None req-a22a62d4-3f8e-4d80-8f88-8e39b0df212b tempest-ServersNegativeTestJSON-1418970301 tempest-ServersNegativeTestJSON-1418970301-project-member] Fetch finished, moving '/opt/stack/data/glance/cache/incomplete/68c345df-c9e8-475a-b17c-635fa0c7e894' to '/opt/stack/data/glance/cache/68c345df-c9e8-475a-b17c-635fa0c7e894' {{(pid=77603) commit /opt/stack/glance/glance/image_cache/drivers/sqlite.py:324}}
Oct 23 17:02:44 user devstack@g-api.service[77603]: [pid: 77603|app: 0|req: 6/17] 127.0.0.1 () {42 vars in 1051 bytes} [Mon Oct 23 17:02:43 2023] GET /v2/images/68c345df-c9e8-475a-b17c-635fa0c7e894/file => generated 21430272 bytes in 305 msecs (HTTP/1.1 200) 4 headers in 191 bytes (327 switches on core 0)
Oct 23 17:02:48 user devstack@g-api.service[77604]: DEBUG dbcounter [-] [77604] Writing DB stats glance:SELECT=4 {{(pid=77604) stat_writer /opt/stack/data/venv/lib/python3.10/site-packages/dbcounter.py:115}}
Oct 23 17:02:53 user devstack@g-api.service[77603]: DEBUG dbcounter [-] [77603] Writing DB stats glance:SELECT=13 {{(pid=77603) stat_writer /opt/stack/data/venv/lib/python3.10/site-packages/dbcounter.py:115}}
Oct 23 17:02:53 user devstack@g-api.service[77605]: DEBUG dbcounter [-] [77605] Writing DB stats glance:SELECT=8 {{(pid=77605) stat_writer /opt/stack/data/venv/lib/python3.10/site-packages/dbcounter.py:115}}
Oct 23 17:02:54 user devstack@g-api.service[77605]: DEBUG glance.api.middleware.version_negotiation [None req-64914e2f-11f3-471a-b40c-f9897ded11e4 tempest-ServerActionsTestOtherB-350990831 tempest-ServerActionsTestOtherB-350990831-project-member] Determining version of request: GET /v2/images/68c345df-c9e8-475a-b17c-635fa0c7e894 Accept: application/json {{(pid=77605) process_request /opt/stack/glance/glance/api/middleware/version_negotiation.py:44}}
Oct 23 17:02:54 user devstack@g-api.service[77605]: DEBUG glance.api.middleware.version_negotiation [None req-64914e2f-11f3-471a-b40c-f9897ded11e4 tempest-ServerActionsTestOtherB-350990831 tempest-ServerActionsTestOtherB-350990831-project-member] Using url versioning {{(pid=77605) process_request /opt/stack/glance/glance/api/middleware/version_negotiation.py:57}}
Oct 23 17:02:54 user devstack@g-api.service[77605]: DEBUG glance.api.middleware.version_negotiation [None req-64914e2f-11f3-471a-b40c-f9897ded11e4 tempest-ServerActionsTestOtherB-350990831 tempest-ServerActionsTestOtherB-350990831-project-member] Matched version: v2 {{(pid=77605) process_request /opt/stack/glance/glance/api/middleware/version_negotiation.py:69}}
Oct 23 17:02:54 user devstack@g-api.service[77605]: DEBUG glance.api.middleware.version_negotiation [None req-64914e2f-11f3-471a-b40c-f9897ded11e4 tempest-ServerActionsTestOtherB-350990831 tempest-ServerActionsTestOtherB-350990831-project-member] new path /v2/images/68c345df-c9e8-475a-b17c-635fa0c7e894 {{(pid=77605) process_request /opt/stack/glance/glance/api/middleware/version_negotiation.py:70}}
Oct 23 17:02:54 user devstack@g-api.service[77605]: [pid: 77605|app: 0|req: 6/18] 127.0.0.1 () {38 vars in 766 bytes} [Mon Oct 23 17:02:54 2023] GET /v2/images/68c345df-c9e8-475a-b17c-635fa0c7e894 => generated 976 bytes in 227 msecs (HTTP/1.1 200) 4 headers in 157 bytes (1 switches on core 0)
Oct 23 17:02:54 user devstack@g-api.service[77604]: DEBUG glance.api.middleware.version_negotiation [None req-64914e2f-11f3-471a-b40c-f9897ded11e4 tempest-ServerActionsTestOtherB-350990831 tempest-ServerActionsTestOtherB-350990831-project-member] Determining version of request: GET /v2/images/68c345df-c9e8-475a-b17c-635fa0c7e894/file Accept: application/json {{(pid=77604) process_request /opt/stack/glance/glance/api/middleware/version_negotiation.py:44}}
Oct 23 17:02:54 user devstack@g-api.service[77604]: DEBUG glance.api.middleware.version_negotiation [None req-64914e2f-11f3-471a-b40c-f9897ded11e4 tempest-ServerActionsTestOtherB-350990831 tempest-ServerActionsTestOtherB-350990831-project-member] Using url versioning {{(pid=77604) process_request /opt/stack/glance/glance/api/middleware/version_negotiation.py:57}}
Oct 23 17:02:54 user devstack@g-api.service[77604]: DEBUG glance.api.middleware.version_negotiation [None req-64914e2f-11f3-471a-b40c-f9897ded11e4 tempest-ServerActionsTestOtherB-350990831 tempest-ServerActionsTestOtherB-350990831-project-member] Matched version: v2 {{(pid=77604) process_request /opt/stack/glance/glance/api/middleware/version_negotiation.py:69}}
Oct 23 17:02:54 user devstack@g-api.service[77604]: DEBUG glance.api.middleware.version_negotiation [None req-64914e2f-11f3-471a-b40c-f9897ded11e4 tempest-ServerActionsTestOtherB-350990831 tempest-ServerActionsTestOtherB-350990831-project-member] new path /v2/images/68c345df-c9e8-475a-b17c-635fa0c7e894/file {{(pid=77604) process_request /opt/stack/glance/glance/api/middleware/version_negotiation.py:70}}
Oct 23 17:02:54 user devstack@g-api.service[77604]: DEBUG glance.api.middleware.cache [None req-fdd15be6-09b8-4225-9637-ab24d113ba4d tempest-AttachSCSIVolumeTestJSON-193308720 tempest-AttachSCSIVolumeTestJSON-193308720-project-admin] Cache hit for image '68c345df-c9e8-475a-b17c-635fa0c7e894' {{(pid=77604) process_request /opt/stack/glance/glance/api/middleware/cache.py:160}}
Oct 23 17:02:54 user devstack@g-api.service[77603]: DEBUG glance.api.middleware.version_negotiation [None req-a22a62d4-3f8e-4d80-8f88-8e39b0df212b tempest-ServersNegativeTestJSON-1418970301 tempest-ServersNegativeTestJSON-1418970301-project-member] Determining version of request: POST /v2/images Accept: application/json {{(pid=77603) process_request /opt/stack/glance/glance/api/middleware/version_negotiation.py:44}}
Oct 23 17:02:54 user devstack@g-api.service[77603]: DEBUG glance.api.middleware.version_negotiation [None req-a22a62d4-3f8e-4d80-8f88-8e39b0df212b tempest-ServersNegativeTestJSON-1418970301 tempest-ServersNegativeTestJSON-1418970301-project-member] Using url versioning {{(pid=77603) process_request /opt/stack/glance/glance/api/middleware/version_negotiation.py:57}}
Oct 23 17:02:54 user devstack@g-api.service[77603]: DEBUG glance.api.middleware.version_negotiation [None req-a22a62d4-3f8e-4d80-8f88-8e39b0df212b tempest-ServersNegativeTestJSON-1418970301 tempest-ServersNegativeTestJSON-1418970301-project-member] Matched version: v2 {{(pid=77603) process_request /opt/stack/glance/glance/api/middleware/version_negotiation.py:69}}
Oct 23 17:02:54 user devstack@g-api.service[77603]: DEBUG glance.api.middleware.version_negotiation [None req-a22a62d4-3f8e-4d80-8f88-8e39b0df212b tempest-ServersNegativeTestJSON-1418970301 tempest-ServersNegativeTestJSON-1418970301-project-member] new path /v2/images {{(pid=77603) process_request /opt/stack/glance/glance/api/middleware/version_negotiation.py:70}}
Oct 23 17:02:55 user devstack@g-api.service[77603]: [pid: 77603|app: 0|req: 7/19] 127.0.0.1 () {40 vars in 714 bytes} [Mon Oct 23 17:02:54 2023] POST /v2/images => generated 690 bytes in 1236 msecs (HTTP/1.1 201) 6 headers in 314 bytes (1 switches on core 0)
Oct 23 17:02:55 user devstack@g-api.service[77605]: DEBUG glance.api.middleware.version_negotiation [None req-18ee1274-3cde-4e96-ab9e-75cf5bb84a45 tempest-AttachSCSIVolumeTestJSON-193308720 tempest-AttachSCSIVolumeTestJSON-193308720-project-admin] Determining version of request: PUT /v2/images/011c48ff-9e32-4e97-9bda-848f1a96ad77/file Accept: {{(pid=77605) process_request /opt/stack/glance/glance/api/middleware/version_negotiation.py:44}}
Oct 23 17:02:55 user devstack@g-api.service[77605]: DEBUG glance.api.middleware.version_negotiation [None req-18ee1274-3cde-4e96-ab9e-75cf5bb84a45 tempest-AttachSCSIVolumeTestJSON-193308720 tempest-AttachSCSIVolumeTestJSON-193308720-project-admin] Using url versioning {{(pid=77605) process_request /opt/stack/glance/glance/api/middleware/version_negotiation.py:57}}
Oct 23 17:02:55 user devstack@g-api.service[77605]: DEBUG glance.api.middleware.version_negotiation [None req-18ee1274-3cde-4e96-ab9e-75cf5bb84a45 tempest-AttachSCSIVolumeTestJSON-193308720 tempest-AttachSCSIVolumeTestJSON-193308720-project-admin] Matched version: v2 {{(pid=77605) process_request /opt/stack/glance/glance/api/middleware/version_negotiation.py:69}}
Oct 23 17:02:55 user devstack@g-api.service[77605]: DEBUG glance.api.middleware.version_negotiation [None req-18ee1274-3cde-4e96-ab9e-75cf5bb84a45 tempest-AttachSCSIVolumeTestJSON-193308720 tempest-AttachSCSIVolumeTestJSON-193308720-project-admin] new path /v2/images/011c48ff-9e32-4e97-9bda-848f1a96ad77/file {{(pid=77605) process_request /opt/stack/glance/glance/api/middleware/version_negotiation.py:70}}
Oct 23 17:02:55 user devstack@g-api.service[77604]: [pid: 77604|app: 0|req: 7/20] 127.0.0.1 () {38 vars in 776 bytes} [Mon Oct 23 17:02:54 2023] GET /v2/images/68c345df-c9e8-475a-b17c-635fa0c7e894/file => generated 21430272 bytes in 1339 msecs (HTTP/1.1 200) 5 headers in 217 bytes (335 switches on core 0)
Oct 23 17:02:56 user devstack@g-api.service[77605]: INFO glance.api.v2.image_data [None req-43ead0fa-b75c-4cf4-8a4a-6531a61d3ced tempest-AttachSCSIVolumeTestJSON-193308720 tempest-AttachSCSIVolumeTestJSON-193308720-project-admin] Unable to create trust: no such option collect_timing in group [keystone_authtoken] Use the existing user token.
Oct 23 17:02:58 user devstack@g-api.service[77605]: DEBUG glance.location [None req-43ead0fa-b75c-4cf4-8a4a-6531a61d3ced tempest-AttachSCSIVolumeTestJSON-193308720 tempest-AttachSCSIVolumeTestJSON-193308720-project-admin] Enabling in-flight format inspection for qcow2 {{(pid=77605) set_data /opt/stack/glance/glance/location.py:581}}
Oct 23 17:02:58 user devstack@g-api.service[77605]: DEBUG glance_store._drivers.filesystem [None req-43ead0fa-b75c-4cf4-8a4a-6531a61d3ced tempest-AttachSCSIVolumeTestJSON-193308720 tempest-AttachSCSIVolumeTestJSON-193308720-project-admin] Wrote 21430272 bytes to /opt/stack/data/glance/images/011c48ff-9e32-4e97-9bda-848f1a96ad77 with checksum c8fc807773e5354afe61636071771906 and multihash 1103b92ce8ad966e41235a4de260deb791ff571670c0342666c8582fbb9caefe6af07ebb11d34f44f8414b609b29c1bdf1d72ffa6faa39c88e8721d09847952b {{(pid=77605) add /opt/stack/data/venv/lib/python3.10/site-packages/glance_store/_drivers/filesystem.py:773}}
Oct 23 17:02:58 user devstack@g-api.service[77605]: INFO glance.location [None req-43ead0fa-b75c-4cf4-8a4a-6531a61d3ced tempest-AttachSCSIVolumeTestJSON-193308720 tempest-AttachSCSIVolumeTestJSON-193308720-project-admin] Image format matched and virtual size computed: 117440512
Oct 23 17:02:58 user devstack@g-api.service[77605]: DEBUG glance_store.backend [None req-43ead0fa-b75c-4cf4-8a4a-6531a61d3ced tempest-AttachSCSIVolumeTestJSON-193308720 tempest-AttachSCSIVolumeTestJSON-193308720-project-admin] Skipping store.set_acls... not implemented. {{(pid=77605) set_acls /opt/stack/data/venv/lib/python3.10/site-packages/glance_store/backend.py:508}}
Oct 23 17:02:58 user devstack@g-api.service[77605]: [pid: 77605|app: 0|req: 7/21] 127.0.0.1 () {38 vars in 786 bytes} [Mon Oct 23 17:02:55 2023] PUT /v2/images/011c48ff-9e32-4e97-9bda-848f1a96ad77/file => generated 0 bytes in 2765 msecs (HTTP/1.1 204) 4 headers in 171 bytes (1 switches on core 0)
Oct 23 17:03:00 user devstack@g-api.service[77603]: DEBUG glance.api.middleware.version_negotiation [None req-c5c90c01-0583-4a42-b745-7223ee3bbd77 tempest-AttachSCSIVolumeTestJSON-193308720 tempest-AttachSCSIVolumeTestJSON-193308720-project-admin] Determining version of request: GET /v2/images/68c345df-c9e8-475a-b17c-635fa0c7e894 Accept: */* {{(pid=77603) process_request /opt/stack/glance/glance/api/middleware/version_negotiation.py:44}}
Oct 23 17:03:00 user devstack@g-api.service[77603]: DEBUG glance.api.middleware.version_negotiation [None req-c5c90c01-0583-4a42-b745-7223ee3bbd77 tempest-AttachSCSIVolumeTestJSON-193308720 tempest-AttachSCSIVolumeTestJSON-193308720-project-admin] Using url versioning {{(pid=77603) process_request /opt/stack/glance/glance/api/middleware/version_negotiation.py:57}}
Oct 23 17:03:00 user devstack@g-api.service[77603]: DEBUG glance.api.middleware.version_negotiation [None req-c5c90c01-0583-4a42-b745-7223ee3bbd77 tempest-AttachSCSIVolumeTestJSON-193308720 tempest-AttachSCSIVolumeTestJSON-193308720-project-admin] Matched version: v2 {{(pid=77603) process_request /opt/stack/glance/glance/api/middleware/version_negotiation.py:69}}
Oct 23 17:03:00 user devstack@g-api.service[77603]: DEBUG glance.api.middleware.version_negotiation [None req-c5c90c01-0583-4a42-b745-7223ee3bbd77 tempest-AttachSCSIVolumeTestJSON-193308720 tempest-AttachSCSIVolumeTestJSON-193308720-project-admin] new path /v2/images/68c345df-c9e8-475a-b17c-635fa0c7e894 {{(pid=77603) process_request /opt/stack/glance/glance/api/middleware/version_negotiation.py:70}}
Oct 23 17:03:00 user devstack@g-api.service[77603]: [pid: 77603|app: 0|req: 8/22] 127.0.0.1 () {40 vars in 834 bytes} [Mon Oct 23 17:03:00 2023] GET /v2/images/68c345df-c9e8-475a-b17c-635fa0c7e894 => generated 976 bytes in 37 msecs (HTTP/1.1 200) 4 headers in 157 bytes (1 switches on core 0)
