Oct 23 16:53:16 user devstack@keystone.service[45523]: DEBUG keystone.server.flask.request_processing.req_logging [None req-8e9c481b-9d38-424b-ad47-916c4c481250 admin admin] SCRIPT_NAME: `/identity` {{(pid=45523) log_request_info /opt/stack/keystone/keystone/server/flask/request_processing/req_logging.py:28}}
Oct 23 16:53:16 user devstack@keystone.service[45523]: DEBUG keystone.server.flask.request_processing.req_logging [None req-8e9c481b-9d38-424b-ad47-916c4c481250 admin admin] PATH_INFO: `/v3/roles` {{(pid=45523) log_request_info /opt/stack/keystone/keystone/server/flask/request_processing/req_logging.py:29}}
Oct 23 16:53:16 user devstack@keystone.service[45523]: DEBUG keystone.common.rbac_enforcer.enforcer [None req-8e9c481b-9d38-424b-ad47-916c4c481250 admin admin] RBAC: Adding query filter params (name=member) {{(pid=45523) _extract_filter_values /opt/stack/keystone/keystone/common/rbac_enforcer/enforcer.py:167}}
Oct 23 16:53:16 user devstack@keystone.service[45523]: DEBUG keystone.common.rbac_enforcer.enforcer [None req-8e9c481b-9d38-424b-ad47-916c4c481250 admin admin] RBAC: Authorizing `identity:list_roles()` {{(pid=45523) enforce_call /opt/stack/keystone/keystone/common/rbac_enforcer/enforcer.py:449}}
Oct 23 16:53:16 user devstack@keystone.service[45523]: WARNING py.warnings [None req-8e9c481b-9d38-424b-ad47-916c4c481250 admin admin] /opt/stack/data/venv/lib/python3.10/site-packages/oslo_policy/policy.py:1130: UserWarning: Policy "identity:list_roles": "role:reader and system_scope:all" failed scope check. The token used to make the request was project scoped but the policy requires ['system'] scope. This behavior may change in the future where using the intended scope is required
Oct 23 16:53:16 user devstack@keystone.service[45523]: warnings.warn(msg)
Oct 23 16:53:16 user devstack@keystone.service[45523]:
Oct 23 16:53:16 user devstack@keystone.service[45523]: DEBUG keystone.common.rbac_enforcer.enforcer [None req-8e9c481b-9d38-424b-ad47-916c4c481250 admin admin] RBAC: Authorization granted {{(pid=45523) enforce_call /opt/stack/keystone/keystone/common/rbac_enforcer/enforcer.py:457}}
Oct 23 16:53:16 user devstack@keystone.service[45522]: DEBUG keystone.server.flask.request_processing.req_logging [None req-3af773c6-b5db-47d4-8dc9-7d6f17a00f07 None None] REQUEST_METHOD: `GET` {{(pid=45522) log_request_info /opt/stack/keystone/keystone/server/flask/request_processing/req_logging.py:27}}
Oct 23 16:53:16 user devstack@keystone.service[45522]: DEBUG keystone.server.flask.request_processing.req_logging [None req-3af773c6-b5db-47d4-8dc9-7d6f17a00f07 None None] SCRIPT_NAME: `/identity` {{(pid=45522) log_request_info /opt/stack/keystone/keystone/server/flask/request_processing/req_logging.py:28}}
Oct 23 16:53:16 user devstack@keystone.service[45522]: DEBUG keystone.server.flask.request_processing.req_logging [None req-3af773c6-b5db-47d4-8dc9-7d6f17a00f07 None None] PATH_INFO: `/` {{(pid=45522) log_request_info /opt/stack/keystone/keystone/server/flask/request_processing/req_logging.py:29}}
Oct 23 16:53:16 user devstack@keystone.service[45522]: [pid: 45522|app: 0|req: 89/263] 10.0.0.210 () {54 vars in 921 bytes} [Mon Oct 23 16:53:16 2023] GET /identity => generated 269 bytes in 4 msecs (HTTP/1.1 300) 6 headers in 233 bytes (1 switches on core 0)
Oct 23 16:53:16 user devstack@keystone.service[45523]: [pid: 45523|app: 0|req: 86/264] 10.0.0.210 () {56 vars in 1117 bytes} [Mon Oct 23 16:53:16 2023] GET /identity/v3/roles?name=member => generated 339 bytes in 37 msecs (HTTP/1.1 200) 5 headers in 177 bytes (1 switches on core 0)
Oct 23 16:53:16 user devstack@keystone.service[45522]: DEBUG keystone.server.flask.request_processing.middleware.auth_context [None req-3af773c6-b5db-47d4-8dc9-7d6f17a00f07 None None] Authenticating user token {{(pid=45522) process_request /opt/stack/data/venv/lib/python3.10/site-packages/keystonemiddleware/auth_token/__init__.py:406}}
Oct 23 16:53:16 user devstack@keystone.service[45521]: DEBUG keystone.server.flask.request_processing.req_logging [None req-84b76987-6ed8-4361-a9f4-6c519a2338de None None] REQUEST_METHOD: `POST` {{(pid=45521) log_request_info /opt/stack/keystone/keystone/server/flask/request_processing/req_logging.py:27}}
Oct 23 16:53:16 user devstack@keystone.service[45521]: DEBUG keystone.server.flask.request_processing.req_logging [None req-84b76987-6ed8-4361-a9f4-6c519a2338de None None] SCRIPT_NAME: `/identity` {{(pid=45521) log_request_info /opt/stack/keystone/keystone/server/flask/request_processing/req_logging.py:28}}
Oct 23 16:53:16 user devstack@keystone.service[45521]: DEBUG keystone.server.flask.request_processing.req_logging [None req-84b76987-6ed8-4361-a9f4-6c519a2338de None None] PATH_INFO: `/v3/auth/tokens` {{(pid=45521) log_request_info /opt/stack/keystone/keystone/server/flask/request_processing/req_logging.py:29}}
Oct 23 16:53:16 user devstack@keystone.service[45522]: DEBUG keystone.server.flask.request_processing.middleware.auth_context [None req-3af773c6-b5db-47d4-8dc9-7d6f17a00f07 None None] Validating token access rules against request {{(pid=45522) validate_allowed_request /opt/stack/data/venv/lib/python3.10/site-packages/keystonemiddleware/auth_token/__init__.py:544}}
Oct 23 16:53:16 user devstack@keystone.service[45521]: WARNING keystone.common.password_hashing [None req-84b76987-6ed8-4361-a9f4-6c519a2338de None None] Truncating password to algorithm specific maximum length 72 characters.
Oct 23 16:53:16 user devstack@keystone.service[45522]: DEBUG keystone.server.flask.request_processing.middleware.auth_context [None req-b3641111-c841-4be9-bd45-9577b47d7123 admin admin] RBAC: auth_context: {'token': , 'domain_id': None, 'trust_id': None, 'trustor_id': None, 'trustee_id': None, 'domain_name': None, 'group_ids': [], 'user_id': '79f73a4f42484b9bbf176df4063b843c', 'user_domain_id': 'default', 'system_scope': None, 'project_id': '608d96ff911940b9b17e9d184e222325', 'project_domain_id': 'default', 'roles': ['manager', 'reader', 'admin', 'member'], 'is_admin_project': True, 'service_user_id': None, 'service_user_domain_id': None, 'service_project_id': None, 'service_project_domain_id': None, 'service_roles': []} {{(pid=45522) fill_context /opt/stack/keystone/keystone/server/flask/request_processing/middleware/auth_context.py:480}}
Oct 23 16:53:16 user devstack@keystone.service[45522]: DEBUG keystone.server.flask.request_processing.req_logging [None req-b3641111-c841-4be9-bd45-9577b47d7123 admin admin] REQUEST_METHOD: `GET` {{(pid=45522) log_request_info /opt/stack/keystone/keystone/server/flask/request_processing/req_logging.py:27}}
Oct 23 16:53:16 user devstack@keystone.service[45522]: DEBUG keystone.server.flask.request_processing.req_logging [None req-b3641111-c841-4be9-bd45-9577b47d7123 admin admin] SCRIPT_NAME: `/identity` {{(pid=45522) log_request_info /opt/stack/keystone/keystone/server/flask/request_processing/req_logging.py:28}}
Oct 23 16:53:16 user devstack@keystone.service[45522]: DEBUG keystone.server.flask.request_processing.req_logging [None req-b3641111-c841-4be9-bd45-9577b47d7123 admin admin] PATH_INFO: `/v3/groups/89de4d1271e7406dae042a259c0904f5` {{(pid=45522) log_request_info /opt/stack/keystone/keystone/server/flask/request_processing/req_logging.py:29}}
Oct 23 16:53:16 user devstack@keystone.service[45521]: DEBUG keystone.auth.core [None req-84b76987-6ed8-4361-a9f4-6c519a2338de None None] MFA Rules not processed for user `79f73a4f42484b9bbf176df4063b843c`. Rule list: `[]` (Enabled: `True`). {{(pid=45521) check_auth_methods_against_rules /opt/stack/keystone/keystone/auth/core.py:438}}
Oct 23 16:53:16 user devstack@keystone.service[45521]: DEBUG keystone.common.fernet_utils [None req-84b76987-6ed8-4361-a9f4-6c519a2338de None None] Loaded 2 Fernet keys from /etc/keystone/fernet-keys/, but `[fernet_tokens] max_active_keys = 3`; perhaps there have not been enough key rotations to reach `max_active_keys` yet? {{(pid=45521) load_keys /opt/stack/keystone/keystone/common/fernet_utils.py:286}}
Oct 23 16:53:16 user devstack@keystone.service[45522]: DEBUG keystone.common.rbac_enforcer.enforcer [None req-b3641111-c841-4be9-bd45-9577b47d7123 admin admin] RBAC: Authorizing `identity:get_group(group_id=89de4d1271e7406dae042a259c0904f5)` {{(pid=45522) enforce_call /opt/stack/keystone/keystone/common/rbac_enforcer/enforcer.py:449}}
Oct 23 16:53:16 user devstack@keystone.service[45522]: WARNING py.warnings [None req-b3641111-c841-4be9-bd45-9577b47d7123 admin admin] /opt/stack/data/venv/lib/python3.10/site-packages/oslo_policy/policy.py:1130: UserWarning: Policy "identity:get_group": "(role:reader and system_scope:all) or (role:reader and domain_id:%(target.group.domain_id)s)" failed scope check. The token used to make the request was project scoped but the policy requires ['system', 'domain'] scope. This behavior may change in the future where using the intended scope is required
Oct 23 16:53:16 user devstack@keystone.service[45522]: warnings.warn(msg)
Oct 23 16:53:16 user devstack@keystone.service[45522]:
Oct 23 16:53:16 user devstack@keystone.service[45521]: [pid: 45521|app: 0|req: 90/265] 10.0.0.210 () {58 vars in 1018 bytes} [Mon Oct 23 16:53:16 2023] POST /identity/v3/auth/tokens => generated 976 bytes in 29 msecs (HTTP/1.1 201) 6 headers in 384 bytes (1 switches on core 0)
Oct 23 16:53:16 user devstack@keystone.service[45522]: DEBUG keystone.common.rbac_enforcer.enforcer [None req-b3641111-c841-4be9-bd45-9577b47d7123 admin admin] RBAC: Authorization granted {{(pid=45522) enforce_call /opt/stack/keystone/keystone/common/rbac_enforcer/enforcer.py:457}}
Oct 23 16:53:16 user devstack@keystone.service[45522]: [pid: 45522|app: 0|req: 90/266] 10.0.0.210 () {56 vars in 1196 bytes} [Mon Oct 23 16:53:16 2023] GET /identity/v3/groups/89de4d1271e7406dae042a259c0904f5 => generated 225 bytes in 32 msecs (HTTP/1.1 200) 5 headers in 177 bytes (1 switches on core 0)
Oct 23 16:53:16 user devstack@keystone.service[45523]: DEBUG keystone.server.flask.request_processing.middleware.auth_context [None req-8e9c481b-9d38-424b-ad47-916c4c481250 admin admin] Authenticating user token {{(pid=45523) process_request /opt/stack/data/venv/lib/python3.10/site-packages/keystonemiddleware/auth_token/__init__.py:406}}
Oct 23 16:53:16 user devstack@keystone.service[45521]: DEBUG keystone.server.flask.request_processing.req_logging [None req-a6895841-b683-4bd4-8931-f8bea3efd283 None None] REQUEST_METHOD: `GET` {{(pid=45521) log_request_info /opt/stack/keystone/keystone/server/flask/request_processing/req_logging.py:27}}
Oct 23 16:53:16 user devstack@keystone.service[45521]: DEBUG keystone.server.flask.request_processing.req_logging [None req-a6895841-b683-4bd4-8931-f8bea3efd283 None None] SCRIPT_NAME: `/identity` {{(pid=45521) log_request_info /opt/stack/keystone/keystone/server/flask/request_processing/req_logging.py:28}}
Oct 23 16:53:16 user devstack@keystone.service[45521]: DEBUG keystone.server.flask.request_processing.req_logging [None req-a6895841-b683-4bd4-8931-f8bea3efd283 None None] PATH_INFO: `/` {{(pid=45521) log_request_info /opt/stack/keystone/keystone/server/flask/request_processing/req_logging.py:29}}
Oct 23 16:53:16 user devstack@keystone.service[45521]: [pid: 45521|app: 0|req: 91/267] 10.0.0.210 () {54 vars in 921 bytes} [Mon Oct 23 16:53:16 2023] GET /identity => generated 269 bytes in 6 msecs (HTTP/1.1 300) 6 headers in 233 bytes (1 switches on core 0)
Oct 23 16:53:16 user devstack@keystone.service[45523]: DEBUG keystone.server.flask.request_processing.middleware.auth_context [None req-8e9c481b-9d38-424b-ad47-916c4c481250 admin admin] Validating token access rules against request {{(pid=45523) validate_allowed_request /opt/stack/data/venv/lib/python3.10/site-packages/keystonemiddleware/auth_token/__init__.py:544}}
Oct 23 16:53:16 user devstack@keystone.service[45522]: DEBUG keystone.server.flask.request_processing.req_logging [None req-7f3c3c94-a8ec-4692-9b2e-6dd26aae09ea None None] REQUEST_METHOD: `POST` {{(pid=45522) log_request_info /opt/stack/keystone/keystone/server/flask/request_processing/req_logging.py:27}}
Oct 23 16:53:16 user devstack@keystone.service[45522]: DEBUG keystone.server.flask.request_processing.req_logging [None req-7f3c3c94-a8ec-4692-9b2e-6dd26aae09ea None None] SCRIPT_NAME: `/identity` {{(pid=45522) log_request_info /opt/stack/keystone/keystone/server/flask/request_processing/req_logging.py:28}}
Oct 23 16:53:16 user devstack@keystone.service[45522]: DEBUG keystone.server.flask.request_processing.req_logging [None req-7f3c3c94-a8ec-4692-9b2e-6dd26aae09ea None None] PATH_INFO: `/v3/auth/tokens` {{(pid=45522) log_request_info /opt/stack/keystone/keystone/server/flask/request_processing/req_logging.py:29}}
Oct 23 16:53:16 user devstack@keystone.service[45523]: DEBUG keystone.server.flask.request_processing.middleware.auth_context [None req-acaedce4-ac31-4e39-95c7-c82f9714a6b9 admin admin] RBAC: auth_context: {'token': , 'domain_id': None, 'trust_id': None, 'trustor_id': None, 'trustee_id': None, 'domain_name': None, 'group_ids': [], 'user_id': '79f73a4f42484b9bbf176df4063b843c', 'user_domain_id': 'default', 'system_scope': None, 'project_id': '608d96ff911940b9b17e9d184e222325', 'project_domain_id': 'default', 'roles': ['manager', 'reader', 'admin', 'member'], 'is_admin_project': True, 'service_user_id': None, 'service_user_domain_id': None, 'service_project_id': None, 'service_project_domain_id': None, 'service_roles': []} {{(pid=45523) fill_context /opt/stack/keystone/keystone/server/flask/request_processing/middleware/auth_context.py:480}}
Oct 23 16:53:16 user devstack@keystone.service[45523]: DEBUG keystone.server.flask.request_processing.req_logging [None req-acaedce4-ac31-4e39-95c7-c82f9714a6b9 admin admin] REQUEST_METHOD: `GET` {{(pid=45523) log_request_info /opt/stack/keystone/keystone/server/flask/request_processing/req_logging.py:27}}
Oct 23 16:53:16 user devstack@keystone.service[45523]: DEBUG keystone.server.flask.request_processing.req_logging [None req-acaedce4-ac31-4e39-95c7-c82f9714a6b9 admin admin] SCRIPT_NAME: `/identity` {{(pid=45523) log_request_info /opt/stack/keystone/keystone/server/flask/request_processing/req_logging.py:28}}
Oct 23 16:53:16 user devstack@keystone.service[45523]: DEBUG keystone.server.flask.request_processing.req_logging [None req-acaedce4-ac31-4e39-95c7-c82f9714a6b9 admin admin] PATH_INFO: `/v3/projects/82f39d316a7b41a781e627020a61db35` {{(pid=45523) log_request_info /opt/stack/keystone/keystone/server/flask/request_processing/req_logging.py:29}}
Oct 23 16:53:16 user devstack@keystone.service[45523]: DEBUG keystone.common.rbac_enforcer.enforcer [None req-acaedce4-ac31-4e39-95c7-c82f9714a6b9 admin admin] RBAC: Authorizing `identity:get_project(project_id=82f39d316a7b41a781e627020a61db35)` {{(pid=45523) enforce_call /opt/stack/keystone/keystone/common/rbac_enforcer/enforcer.py:449}}
Oct 23 16:53:16 user devstack@keystone.service[45523]: DEBUG keystone.common.rbac_enforcer.enforcer [None req-acaedce4-ac31-4e39-95c7-c82f9714a6b9 admin admin] RBAC: Authorization granted {{(pid=45523) enforce_call /opt/stack/keystone/keystone/common/rbac_enforcer/enforcer.py:457}}
Oct 23 16:53:16 user devstack@keystone.service[45523]: [pid: 45523|app: 0|req: 87/268] 10.0.0.210 () {56 vars in 1202 bytes} [Mon Oct 23 16:53:16 2023] GET /identity/v3/projects/82f39d316a7b41a781e627020a61db35 => generated 297 bytes in 26 msecs (HTTP/1.1 200) 5 headers in 177 bytes (1 switches on core 0)
Oct 23 16:53:16 user devstack@keystone.service[45521]: DEBUG keystone.server.flask.request_processing.middleware.auth_context [None req-a6895841-b683-4bd4-8931-f8bea3efd283 None None] Authenticating user token {{(pid=45521) process_request /opt/stack/data/venv/lib/python3.10/site-packages/keystonemiddleware/auth_token/__init__.py:406}}
Oct 23 16:53:16 user devstack@keystone.service[45522]: WARNING keystone.common.password_hashing [None req-7f3c3c94-a8ec-4692-9b2e-6dd26aae09ea None None] Truncating password to algorithm specific maximum length 72 characters.
Oct 23 16:53:16 user devstack@keystone.service[45522]: DEBUG keystone.auth.core [None req-7f3c3c94-a8ec-4692-9b2e-6dd26aae09ea None None] MFA Rules not processed for user `79f73a4f42484b9bbf176df4063b843c`. Rule list: `[]` (Enabled: `True`). {{(pid=45522) check_auth_methods_against_rules /opt/stack/keystone/keystone/auth/core.py:438}}
Oct 23 16:53:16 user devstack@keystone.service[45522]: DEBUG keystone.common.fernet_utils [None req-7f3c3c94-a8ec-4692-9b2e-6dd26aae09ea None None] Loaded 2 Fernet keys from /etc/keystone/fernet-keys/, but `[fernet_tokens] max_active_keys = 3`; perhaps there have not been enough key rotations to reach `max_active_keys` yet? {{(pid=45522) load_keys /opt/stack/keystone/keystone/common/fernet_utils.py:286}}
Oct 23 16:53:16 user devstack@keystone.service[45521]: DEBUG keystone.server.flask.request_processing.middleware.auth_context [None req-a6895841-b683-4bd4-8931-f8bea3efd283 None None] Validating token access rules against request {{(pid=45521) validate_allowed_request /opt/stack/data/venv/lib/python3.10/site-packages/keystonemiddleware/auth_token/__init__.py:544}}
Oct 23 16:53:16 user devstack@keystone.service[45521]: DEBUG keystone.server.flask.request_processing.middleware.auth_context [None req-62f33a24-a379-4a51-80a6-e22fcecfd1bc admin admin] RBAC: auth_context: {'token': , 'domain_id': None, 'trust_id': None, 'trustor_id': None, 'trustee_id': None, 'domain_name': None, 'group_ids': [], 'user_id': '79f73a4f42484b9bbf176df4063b843c', 'user_domain_id': 'default', 'system_scope': None, 'project_id': '608d96ff911940b9b17e9d184e222325', 'project_domain_id': 'default', 'roles': ['manager', 'reader', 'admin', 'member'], 'is_admin_project': True, 'service_user_id': None, 'service_user_domain_id': None, 'service_project_id': None, 'service_project_domain_id': None, 'service_roles': []} {{(pid=45521) fill_context /opt/stack/keystone/keystone/server/flask/request_processing/middleware/auth_context.py:480}}
Oct 23 16:53:16 user devstack@keystone.service[45521]: DEBUG keystone.server.flask.request_processing.req_logging [None req-62f33a24-a379-4a51-80a6-e22fcecfd1bc admin admin] REQUEST_METHOD: `PUT` {{(pid=45521) log_request_info /opt/stack/keystone/keystone/server/flask/request_processing/req_logging.py:27}}
Oct 23 16:53:16 user devstack@keystone.service[45521]: DEBUG keystone.server.flask.request_processing.req_logging [None req-62f33a24-a379-4a51-80a6-e22fcecfd1bc admin admin] SCRIPT_NAME: `/identity` {{(pid=45521) log_request_info /opt/stack/keystone/keystone/server/flask/request_processing/req_logging.py:28}}
Oct 23 16:53:16 user devstack@keystone.service[45521]: DEBUG keystone.server.flask.request_processing.req_logging [None req-62f33a24-a379-4a51-80a6-e22fcecfd1bc admin admin] PATH_INFO: `/v3/projects/82f39d316a7b41a781e627020a61db35/groups/89de4d1271e7406dae042a259c0904f5/roles/b98abc016f584adda0cb6b96c76e7fca` {{(pid=45521) log_request_info /opt/stack/keystone/keystone/server/flask/request_processing/req_logging.py:29}}
Oct 23 16:53:16 user devstack@keystone.service[45521]: DEBUG keystone.common.rbac_enforcer.enforcer [None req-62f33a24-a379-4a51-80a6-e22fcecfd1bc admin admin] RBAC: Authorizing `identity:create_grant(project_id=82f39d316a7b41a781e627020a61db35, group_id=89de4d1271e7406dae042a259c0904f5, role_id=b98abc016f584adda0cb6b96c76e7fca)` {{(pid=45521) enforce_call /opt/stack/keystone/keystone/common/rbac_enforcer/enforcer.py:449}}
Oct 23 16:53:16 user devstack@keystone.service[45521]: WARNING py.warnings [None req-62f33a24-a379-4a51-80a6-e22fcecfd1bc admin admin] /opt/stack/data/venv/lib/python3.10/site-packages/oslo_policy/policy.py:1130: UserWarning: Policy "identity:create_grant": "(role:admin and system_scope:all) or ((role:admin and domain_id:%(target.user.domain_id)s and domain_id:%(target.project.domain_id)s) or (role:admin and domain_id:%(target.user.domain_id)s and domain_id:%(target.domain.id)s) or (role:admin and domain_id:%(target.group.domain_id)s and domain_id:%(target.project.domain_id)s) or (role:admin and domain_id:%(target.group.domain_id)s and domain_id:%(target.domain.id)s)) and (domain_id:%(target.role.domain_id)s or None:%(target.role.domain_id)s)" failed scope check. The token used to make the request was project scoped but the policy requires ['system', 'domain'] scope. This behavior may change in the future where using the intended scope is required
Oct 23 16:53:16 user devstack@keystone.service[45521]: warnings.warn(msg)
Oct 23 16:53:16 user devstack@keystone.service[45521]:
Oct 23 16:53:16 user devstack@keystone.service[45521]: DEBUG keystone.common.rbac_enforcer.enforcer [None req-62f33a24-a379-4a51-80a6-e22fcecfd1bc admin admin] RBAC: Authorization granted {{(pid=45521) enforce_call /opt/stack/keystone/keystone/common/rbac_enforcer/enforcer.py:457}}
Oct 23 16:53:16 user devstack@keystone.service[45523]: DEBUG keystone.server.flask.request_processing.middleware.auth_context [None req-acaedce4-ac31-4e39-95c7-c82f9714a6b9 admin admin] Authenticating user token {{(pid=45523) process_request /opt/stack/data/venv/lib/python3.10/site-packages/keystonemiddleware/auth_token/__init__.py:406}}
Oct 23 16:53:16 user devstack@keystone.service[45521]: [pid: 45521|app: 0|req: 92/269] 10.0.0.210 () {58 vars in 1458 bytes} [Mon Oct 23 16:53:16 2023] PUT /identity/v3/projects/82f39d316a7b41a781e627020a61db35/groups/89de4d1271e7406dae042a259c0904f5/roles/b98abc016f584adda0cb6b96c76e7fca => generated 0 bytes in 36 msecs (HTTP/1.1 204) 3 headers in 132 bytes (0 switches on core 0)
Oct 23 16:53:16 user devstack@keystone.service[45523]: DEBUG keystone.server.flask.request_processing.middleware.auth_context [None req-acaedce4-ac31-4e39-95c7-c82f9714a6b9 admin admin] Validating token access rules against request {{(pid=45523) validate_allowed_request /opt/stack/data/venv/lib/python3.10/site-packages/keystonemiddleware/auth_token/__init__.py:544}}
Oct 23 16:53:16 user devstack@keystone.service[45522]: [pid: 45522|app: 0|req: 91/270] 10.0.0.210 () {58 vars in 1018 bytes} [Mon Oct 23 16:53:16 2023] POST /identity/v3/auth/tokens => generated 861 bytes in 92 msecs (HTTP/1.1 201) 6 headers in 363 bytes (1 switches on core 0)
Oct 23 16:53:16 user devstack@keystone.service[45523]: DEBUG keystone.server.flask.request_processing.middleware.auth_context [None req-eb1967f4-501d-4837-a2b5-60e89a95d91b admin admin] RBAC: auth_context: {'token': , 'domain_id': None, 'trust_id': None, 'trustor_id': None, 'trustee_id': None, 'domain_name': None, 'group_ids': [], 'user_id': '79f73a4f42484b9bbf176df4063b843c', 'user_domain_id': 'default', 'system_scope': None, 'project_id': '608d96ff911940b9b17e9d184e222325', 'project_domain_id': 'default', 'roles': ['manager', 'reader', 'admin', 'member'], 'is_admin_project': True, 'service_user_id': None, 'service_user_domain_id': None, 'service_project_id': None, 'service_project_domain_id': None, 'service_roles': []} {{(pid=45523) fill_context /opt/stack/keystone/keystone/server/flask/request_processing/middleware/auth_context.py:480}}
Oct 23 16:53:16 user devstack@keystone.service[45523]: DEBUG keystone.server.flask.request_processing.req_logging [None req-eb1967f4-501d-4837-a2b5-60e89a95d91b admin admin] REQUEST_METHOD: `GET` {{(pid=45523) log_request_info /opt/stack/keystone/keystone/server/flask/request_processing/req_logging.py:27}}
Oct 23 16:53:16 user devstack@keystone.service[45523]: DEBUG keystone.server.flask.request_processing.req_logging [None req-eb1967f4-501d-4837-a2b5-60e89a95d91b admin admin] SCRIPT_NAME: `/identity` {{(pid=45523) log_request_info /opt/stack/keystone/keystone/server/flask/request_processing/req_logging.py:28}}
Oct 23 16:53:16 user devstack@keystone.service[45523]: DEBUG keystone.server.flask.request_processing.req_logging [None req-eb1967f4-501d-4837-a2b5-60e89a95d91b admin admin] PATH_INFO: `/v3/roles/anotherrole` {{(pid=45523) log_request_info /opt/stack/keystone/keystone/server/flask/request_processing/req_logging.py:29}}
Oct 23 16:53:16 user devstack@keystone.service[45523]: DEBUG keystone.common.rbac_enforcer.enforcer [None req-eb1967f4-501d-4837-a2b5-60e89a95d91b admin admin] Extracting inferred target data resulted in "NOT FOUND (404)". {{(pid=45523) enforce_call /opt/stack/keystone/keystone/common/rbac_enforcer/enforcer.py:409}}
Oct 23 16:53:16 user devstack@keystone.service[45523]: ERROR keystone.server.flask.application [None req-eb1967f4-501d-4837-a2b5-60e89a95d91b admin admin] Could not find role: anotherrole.: keystone.exception.RoleNotFound: Could not find role: anotherrole.
Oct 23 16:53:16 user devstack@keystone.service[45523]: ERROR keystone.server.flask.application
Traceback (most recent call last):
Oct 23 16:53:16 user devstack@keystone.service[45523]: ERROR keystone.server.flask.application
File "/opt/stack/data/venv/lib/python3.10/site-packages/flask/app.py", line 1823, in full_dispatch_request
Oct 23 16:53:16 user devstack@keystone.service[45523]: ERROR keystone.server.flask.application rv = self.dispatch_request()
Oct 23 16:53:16 user devstack@keystone.service[45523]: ERROR keystone.server.flask.application
File "/opt/stack/data/venv/lib/python3.10/site-packages/flask/app.py", line 1799, in dispatch_request
Oct 23 16:53:16 user devstack@keystone.service[45523]: ERROR keystone.server.flask.application return self.ensure_sync(self.view_functions[rule.endpoint])(**view_args)
Oct 23 16:53:16 user devstack@keystone.service[45523]: ERROR keystone.server.flask.application
File "/opt/stack/data/venv/lib/python3.10/site-packages/flask_restful/__init__.py", line 489, in wrapper
Oct 23 16:53:16 user devstack@keystone.service[45523]: ERROR keystone.server.flask.application resp = resource(*args, **kwargs)
Oct 23 16:53:16 user devstack@keystone.service[45523]: ERROR keystone.server.flask.application
File "/opt/stack/data/venv/lib/python3.10/site-packages/flask/views.py", line 107, in view
Oct 23 16:53:16 user devstack@keystone.service[45523]: ERROR keystone.server.flask.application return current_app.ensure_sync(self.dispatch_request)(**kwargs)
Oct 23 16:53:16 user devstack@keystone.service[45523]: ERROR keystone.server.flask.application
File "/opt/stack/data/venv/lib/python3.10/site-packages/flask_restful/__init__.py", line 604, in dispatch_request
Oct 23 16:53:16 user devstack@keystone.service[45523]: ERROR keystone.server.flask.application resp = meth(*args, **kwargs)
Oct 23 16:53:16 user devstack@keystone.service[45523]: ERROR keystone.server.flask.application
File "/opt/stack/keystone/keystone/api/roles.py", line 50, in get
Oct 23 16:53:16 user devstack@keystone.service[45523]: ERROR keystone.server.flask.application return self._get_role(role_id)
Oct 23 16:53:16 user devstack@keystone.service[45523]: ERROR keystone.server.flask.application
File "/opt/stack/keystone/keystone/api/roles.py", line 70, in _get_role
Oct 23 16:53:16 user devstack@keystone.service[45523]: ERROR keystone.server.flask.application ENFORCER.enforce_call(action='identity:get_role')
Oct 23 16:53:16 user devstack@keystone.service[45523]: ERROR keystone.server.flask.application
File "/opt/stack/keystone/keystone/common/rbac_enforcer/enforcer.py", line 402, in enforce_call
Oct 23 16:53:16 user devstack@keystone.service[45523]: ERROR keystone.server.flask.application policy_dict.update(cls._extract_member_target_data(
Oct 23 16:53:16 user devstack@keystone.service[45523]: ERROR keystone.server.flask.application
File "/opt/stack/keystone/keystone/common/rbac_enforcer/enforcer.py", line 234, in _extract_member_target_data
Oct 23 16:53:16 user devstack@keystone.service[45523]: ERROR keystone.server.flask.application member_name: func(flask.request.view_args[key])
Oct 23 16:53:16 user devstack@keystone.service[45523]: ERROR keystone.server.flask.application
File "/opt/stack/keystone/keystone/common/manager.py", line 115, in wrapped
Oct 23 16:53:16 user devstack@keystone.service[45523]: ERROR keystone.server.flask.application __ret_val = __f(*args, **kwargs)
Oct 23 16:53:16 user devstack@keystone.service[45523]: ERROR keystone.server.flask.application
File "/opt/stack/data/venv/lib/python3.10/site-packages/decorator.py", line 232, in fun
Oct 23 16:53:16 user devstack@keystone.service[45523]: ERROR keystone.server.flask.application return caller(func, *(extras + args), **kw)
Oct 23 16:53:16 user devstack@keystone.service[45523]: ERROR keystone.server.flask.application
File "/opt/stack/data/venv/lib/python3.10/site-packages/dogpile/cache/region.py", line 1594, in get_or_create_for_user_func
Oct 23 16:53:16 user devstack@keystone.service[45523]: ERROR keystone.server.flask.application return self.get_or_create(
Oct 23 16:53:16 user devstack@keystone.service[45523]: ERROR keystone.server.flask.application
File "/opt/stack/data/venv/lib/python3.10/site-packages/dogpile/cache/region.py", line 1054, in get_or_create
Oct 23 16:53:16 user devstack@keystone.service[45523]: ERROR keystone.server.flask.application with Lock(
Oct 23 16:53:16 user devstack@keystone.service[45523]: ERROR keystone.server.flask.application
File "/opt/stack/data/venv/lib/python3.10/site-packages/dogpile/lock.py", line 185, in __enter__
Oct 23 16:53:16 user devstack@keystone.service[45523]: ERROR keystone.server.flask.application return self._enter()
Oct 23 16:53:16 user devstack@keystone.service[45523]: ERROR keystone.server.flask.application
File "/opt/stack/data/venv/lib/python3.10/site-packages/dogpile/lock.py", line 94, in _enter
Oct 23 16:53:16 user devstack@keystone.service[45523]: ERROR keystone.server.flask.application generated = self._enter_create(value, createdtime)
Oct 23 16:53:16 user devstack@keystone.service[45523]: ERROR keystone.server.flask.application
File "/opt/stack/data/venv/lib/python3.10/site-packages/dogpile/lock.py", line 178, in _enter_create
Oct 23 16:53:16 user devstack@keystone.service[45523]: ERROR keystone.server.flask.application return self.creator()
Oct 23 16:53:16 user devstack@keystone.service[45523]: ERROR keystone.server.flask.application
File "/opt/stack/data/venv/lib/python3.10/site-packages/dogpile/cache/region.py", line 1007, in gen_value
Oct 23 16:53:16 user devstack@keystone.service[45523]: ERROR keystone.server.flask.application created_value = creator(
Oct 23 16:53:16 user devstack@keystone.service[45523]: ERROR keystone.server.flask.application
File "/opt/stack/keystone/keystone/assignment/core.py", line 1276, in get_role
Oct 23 16:53:16 user devstack@keystone.service[45523]: ERROR keystone.server.flask.application return self.driver.get_role(role_id)
Oct 23 16:53:16 user devstack@keystone.service[45523]: ERROR keystone.server.flask.application
File "/opt/stack/keystone/keystone/assignment/role_backends/sql.py", line 70, in get_role
Oct 23 16:53:16 user devstack@keystone.service[45523]: ERROR keystone.server.flask.application return self._get_role(session, role_id).to_dict()
Oct 23 16:53:16 user devstack@keystone.service[45523]: ERROR keystone.server.flask.application
File "/opt/stack/keystone/keystone/assignment/role_backends/sql.py", line 65, in _get_role
Oct 23 16:53:16 user devstack@keystone.service[45523]: ERROR keystone.server.flask.application raise exception.RoleNotFound(role_id=role_id)
Oct 23 16:53:16 user devstack@keystone.service[45523]: ERROR keystone.server.flask.application keystone.exception.RoleNotFound: Could not find role: anotherrole.
Oct 23 16:53:16 user devstack@keystone.service[45523]: ERROR keystone.server.flask.application
Oct 23 16:53:16 user devstack@keystone.service[45523]: [pid: 45523|app: 0|req: 88/271] 10.0.0.210 () {56 vars in 1130 bytes} [Mon Oct 23 16:53:16 2023] GET /identity/v3/roles/anotherrole => generated 89 bytes in 90 msecs (HTTP/1.1 404) 5 headers in 183 bytes (1 switches on core 0)
Oct 23 16:53:16 user devstack@keystone.service[45521]: DEBUG keystone.server.flask.request_processing.middleware.auth_context [None req-62f33a24-a379-4a51-80a6-e22fcecfd1bc admin admin] Authenticating user token {{(pid=45521) process_request /opt/stack/data/venv/lib/python3.10/site-packages/keystonemiddleware/auth_token/__init__.py:406}}
Oct 23 16:53:16 user devstack@keystone.service[45521]: DEBUG keystone.server.flask.request_processing.middleware.auth_context [None req-62f33a24-a379-4a51-80a6-e22fcecfd1bc admin admin] Validating token access rules against request {{(pid=45521) validate_allowed_request /opt/stack/data/venv/lib/python3.10/site-packages/keystonemiddleware/auth_token/__init__.py:544}}
Oct 23 16:53:16 user devstack@keystone.service[45521]: DEBUG keystone.server.flask.request_processing.middleware.auth_context [None req-5968cedd-827f-43c2-a22f-23220bf5e8b2 admin admin] RBAC: auth_context: {'token': , 'domain_id': None, 'trust_id': None, 'trustor_id': None, 'trustee_id': None, 'domain_name': None, 'group_ids': [], 'user_id': '79f73a4f42484b9bbf176df4063b843c', 'user_domain_id': 'default', 'system_scope': None, 'project_id': '608d96ff911940b9b17e9d184e222325', 'project_domain_id': 'default', 'roles': ['manager', 'reader', 'admin', 'member'], 'is_admin_project': True, 'service_user_id': None, 'service_user_domain_id': None, 'service_project_id': None, 'service_project_domain_id': None, 'service_roles': []} {{(pid=45521) fill_context /opt/stack/keystone/keystone/server/flask/request_processing/middleware/auth_context.py:480}}
Oct 23 16:53:16 user devstack@keystone.service[45521]: DEBUG keystone.server.flask.request_processing.req_logging [None req-5968cedd-827f-43c2-a22f-23220bf5e8b2 admin admin] REQUEST_METHOD: `GET` {{(pid=45521) log_request_info /opt/stack/keystone/keystone/server/flask/request_processing/req_logging.py:27}}
Oct 23 16:53:16 user devstack@keystone.service[45521]: DEBUG keystone.server.flask.request_processing.req_logging [None req-5968cedd-827f-43c2-a22f-23220bf5e8b2 admin admin] SCRIPT_NAME: `/identity` {{(pid=45521) log_request_info /opt/stack/keystone/keystone/server/flask/request_processing/req_logging.py:28}}
Oct 23 16:53:16 user devstack@keystone.service[45521]: DEBUG keystone.server.flask.request_processing.req_logging [None req-5968cedd-827f-43c2-a22f-23220bf5e8b2 admin admin] PATH_INFO: `/v3/roles` {{(pid=45521) log_request_info /opt/stack/keystone/keystone/server/flask/request_processing/req_logging.py:29}}
Oct 23 16:53:16 user devstack@keystone.service[45521]: DEBUG keystone.common.rbac_enforcer.enforcer [None req-5968cedd-827f-43c2-a22f-23220bf5e8b2 admin admin] RBAC: Adding query filter params (name=anotherrole) {{(pid=45521) _extract_filter_values /opt/stack/keystone/keystone/common/rbac_enforcer/enforcer.py:167}}
Oct 23 16:53:16 user devstack@keystone.service[45521]: DEBUG keystone.common.rbac_enforcer.enforcer [None req-5968cedd-827f-43c2-a22f-23220bf5e8b2 admin admin] RBAC: Authorizing `identity:list_roles()` {{(pid=45521) enforce_call /opt/stack/keystone/keystone/common/rbac_enforcer/enforcer.py:449}}
Oct 23 16:53:16 user devstack@keystone.service[45521]: WARNING py.warnings [None req-5968cedd-827f-43c2-a22f-23220bf5e8b2 admin admin] /opt/stack/data/venv/lib/python3.10/site-packages/oslo_policy/policy.py:1130: UserWarning: Policy "identity:list_roles": "role:reader and system_scope:all" failed scope check. The token used to make the request was project scoped but the policy requires ['system'] scope. This behavior may change in the future where using the intended scope is required
Oct 23 16:53:16 user devstack@keystone.service[45521]: warnings.warn(msg)
Oct 23 16:53:16 user devstack@keystone.service[45521]:
Oct 23 16:53:16 user devstack@keystone.service[45521]: DEBUG keystone.common.rbac_enforcer.enforcer [None req-5968cedd-827f-43c2-a22f-23220bf5e8b2 admin admin] RBAC: Authorization granted {{(pid=45521) enforce_call /opt/stack/keystone/keystone/common/rbac_enforcer/enforcer.py:457}}
Oct 23 16:53:16 user devstack@keystone.service[45521]: [pid: 45521|app: 0|req: 93/272] 10.0.0.210 () {56 vars in 1127 bytes} [Mon Oct 23 16:53:16 2023] GET /identity/v3/roles?name=anotherrole => generated 332 bytes in 29 msecs (HTTP/1.1 200) 5 headers in 177 bytes (1 switches on core 0)
Oct 23 16:53:16 user devstack@keystone.service[45522]: DEBUG keystone.server.flask.request_processing.middleware.auth_context [None req-7f3c3c94-a8ec-4692-9b2e-6dd26aae09ea None None] Authenticating user token {{(pid=45522) process_request /opt/stack/data/venv/lib/python3.10/site-packages/keystonemiddleware/auth_token/__init__.py:406}}
Oct 23 16:53:16 user devstack@keystone.service[45523]: DEBUG keystone.server.flask.request_processing.req_logging [None req-f79d5052-2b98-45f2-82f1-387232e612a0 None None] REQUEST_METHOD: `GET` {{(pid=45523) log_request_info /opt/stack/keystone/keystone/server/flask/request_processing/req_logging.py:27}}
Oct 23 16:53:16 user devstack@keystone.service[45523]: DEBUG keystone.server.flask.request_processing.req_logging [None req-f79d5052-2b98-45f2-82f1-387232e612a0 None None] SCRIPT_NAME: `/identity` {{(pid=45523) log_request_info /opt/stack/keystone/keystone/server/flask/request_processing/req_logging.py:28}}
Oct 23 16:53:16 user devstack@keystone.service[45523]: DEBUG keystone.server.flask.request_processing.req_logging [None req-f79d5052-2b98-45f2-82f1-387232e612a0 None None] PATH_INFO: `/` {{(pid=45523) log_request_info /opt/stack/keystone/keystone/server/flask/request_processing/req_logging.py:29}}
Oct 23 16:53:16 user devstack@keystone.service[45522]: DEBUG keystone.server.flask.request_processing.middleware.auth_context [None req-7f3c3c94-a8ec-4692-9b2e-6dd26aae09ea None None] Validating token access rules against request {{(pid=45522) validate_allowed_request /opt/stack/data/venv/lib/python3.10/site-packages/keystonemiddleware/auth_token/__init__.py:544}}
Oct 23 16:53:16 user devstack@keystone.service[45523]: [pid: 45523|app: 0|req: 89/273] 10.0.0.210 () {54 vars in 921 bytes} [Mon Oct 23 16:53:16 2023] GET /identity => generated 269 bytes in 4 msecs (HTTP/1.1 300) 6 headers in 233 bytes (1 switches on core 0)
Oct 23 16:53:16 user devstack@keystone.service[45521]: DEBUG keystone.server.flask.request_processing.req_logging [None req-a08e866c-1e20-4709-9028-c038428ab048 None None] REQUEST_METHOD: `POST` {{(pid=45521) log_request_info /opt/stack/keystone/keystone/server/flask/request_processing/req_logging.py:27}}
Oct 23 16:53:16 user devstack@keystone.service[45521]: DEBUG keystone.server.flask.request_processing.req_logging [None req-a08e866c-1e20-4709-9028-c038428ab048 None None] SCRIPT_NAME: `/identity` {{(pid=45521) log_request_info /opt/stack/keystone/keystone/server/flask/request_processing/req_logging.py:28}}
Oct 23 16:53:16 user devstack@keystone.service[45522]: DEBUG keystone.server.flask.request_processing.middleware.auth_context [None req-a1a26a86-98df-4304-9e68-7f61ff325f5c admin admin] RBAC: auth_context: {'token': , 'domain_id': None, 'trust_id': None, 'trustor_id': None, 'trustee_id': None, 'domain_name': None, 'group_ids': [], 'user_id': '79f73a4f42484b9bbf176df4063b843c', 'user_domain_id': 'default', 'system_scope': None, 'project_id': '608d96ff911940b9b17e9d184e222325', 'project_domain_id': 'default', 'roles': ['manager', 'reader', 'admin', 'member'], 'is_admin_project': True, 'service_user_id': None, 'service_user_domain_id': None, 'service_project_id': None, 'service_project_domain_id': None, 'service_roles': []} {{(pid=45522) fill_context /opt/stack/keystone/keystone/server/flask/request_processing/middleware/auth_context.py:480}}
Oct 23 16:53:16 user devstack@keystone.service[45521]: DEBUG keystone.server.flask.request_processing.req_logging [None req-a08e866c-1e20-4709-9028-c038428ab048 None None] PATH_INFO: `/v3/auth/tokens` {{(pid=45521) log_request_info /opt/stack/keystone/keystone/server/flask/request_processing/req_logging.py:29}}
Oct 23 16:53:16 user devstack@keystone.service[45522]: DEBUG keystone.server.flask.request_processing.req_logging [None req-a1a26a86-98df-4304-9e68-7f61ff325f5c admin admin] REQUEST_METHOD: `GET` {{(pid=45522) log_request_info /opt/stack/keystone/keystone/server/flask/request_processing/req_logging.py:27}}
Oct 23 16:53:16 user devstack@keystone.service[45522]: DEBUG keystone.server.flask.request_processing.req_logging [None req-a1a26a86-98df-4304-9e68-7f61ff325f5c admin admin] SCRIPT_NAME: `/identity` {{(pid=45522) log_request_info /opt/stack/keystone/keystone/server/flask/request_processing/req_logging.py:28}}
Oct 23 16:53:16 user devstack@keystone.service[45522]: DEBUG keystone.server.flask.request_processing.req_logging [None req-a1a26a86-98df-4304-9e68-7f61ff325f5c admin admin] PATH_INFO: `/v3/groups/89de4d1271e7406dae042a259c0904f5` {{(pid=45522) log_request_info /opt/stack/keystone/keystone/server/flask/request_processing/req_logging.py:29}}
Oct 23 16:53:16 user devstack@keystone.service[45522]: DEBUG keystone.common.rbac_enforcer.enforcer [None req-a1a26a86-98df-4304-9e68-7f61ff325f5c admin admin] RBAC: Authorizing `identity:get_group(group_id=89de4d1271e7406dae042a259c0904f5)` {{(pid=45522) enforce_call /opt/stack/keystone/keystone/common/rbac_enforcer/enforcer.py:449}}
Oct 23 16:53:16 user devstack@keystone.service[45523]: DEBUG keystone.server.flask.request_processing.middleware.auth_context [None req-f79d5052-2b98-45f2-82f1-387232e612a0 None None] Authenticating user token {{(pid=45523) process_request /opt/stack/data/venv/lib/python3.10/site-packages/keystonemiddleware/auth_token/__init__.py:406}}
Oct 23 16:53:16 user devstack@keystone.service[45522]: DEBUG keystone.common.rbac_enforcer.enforcer [None req-a1a26a86-98df-4304-9e68-7f61ff325f5c admin admin] RBAC: Authorization granted {{(pid=45522) enforce_call /opt/stack/keystone/keystone/common/rbac_enforcer/enforcer.py:457}}
Oct 23 16:53:16 user devstack@keystone.service[45522]: [pid: 45522|app: 0|req: 92/274] 10.0.0.210 () {56 vars in 1196 bytes} [Mon Oct 23 16:53:16 2023] GET /identity/v3/groups/89de4d1271e7406dae042a259c0904f5 => generated 225 bytes in 22 msecs (HTTP/1.1 200) 5 headers in 177 bytes (1 switches on core 0)
Oct 23 16:53:16 user devstack@keystone.service[45522]: DEBUG keystone.server.flask.request_processing.middleware.auth_context [None req-a1a26a86-98df-4304-9e68-7f61ff325f5c admin admin] Authenticating user token {{(pid=45522) process_request /opt/stack/data/venv/lib/python3.10/site-packages/keystonemiddleware/auth_token/__init__.py:406}}
Oct 23 16:53:16 user devstack@keystone.service[45521]: WARNING keystone.common.password_hashing [None req-a08e866c-1e20-4709-9028-c038428ab048 None None] Truncating password to algorithm specific maximum length 72 characters.
Oct 23 16:53:16 user devstack@keystone.service[45523]: DEBUG keystone.server.flask.request_processing.middleware.auth_context [None req-f79d5052-2b98-45f2-82f1-387232e612a0 None None] Validating token access rules against request {{(pid=45523) validate_allowed_request /opt/stack/data/venv/lib/python3.10/site-packages/keystonemiddleware/auth_token/__init__.py:544}}
Oct 23 16:53:16 user devstack@keystone.service[45521]: DEBUG keystone.auth.core [None req-a08e866c-1e20-4709-9028-c038428ab048 None None] MFA Rules not processed for user `79f73a4f42484b9bbf176df4063b843c`. Rule list: `[]` (Enabled: `True`). {{(pid=45521) check_auth_methods_against_rules /opt/stack/keystone/keystone/auth/core.py:438}}
Oct 23 16:53:16 user devstack@keystone.service[45523]: DEBUG keystone.server.flask.request_processing.middleware.auth_context [None req-98777ac2-19b0-41b1-a9ab-c30bcbf39cd7 admin admin] RBAC: auth_context: {'token': , 'domain_id': None, 'trust_id': None, 'trustor_id': None, 'trustee_id': None, 'domain_name': None, 'group_ids': [], 'user_id': '79f73a4f42484b9bbf176df4063b843c', 'user_domain_id': 'default', 'system_scope': None, 'project_id': '608d96ff911940b9b17e9d184e222325', 'project_domain_id': 'default', 'roles': ['manager', 'reader', 'admin', 'member'], 'is_admin_project': True, 'service_user_id': None, 'service_user_domain_id': None, 'service_project_id': None, 'service_project_domain_id': None, 'service_roles': []} {{(pid=45523) fill_context /opt/stack/keystone/keystone/server/flask/request_processing/middleware/auth_context.py:480}}
Oct 23 16:53:16 user devstack@keystone.service[45521]: DEBUG keystone.common.fernet_utils [None req-a08e866c-1e20-4709-9028-c038428ab048 None None] Loaded 2 Fernet keys from /etc/keystone/fernet-keys/, but `[fernet_tokens] max_active_keys = 3`; perhaps there have not been enough key rotations to reach `max_active_keys` yet? {{(pid=45521) load_keys /opt/stack/keystone/keystone/common/fernet_utils.py:286}}
Oct 23 16:53:16 user devstack@keystone.service[45523]: DEBUG keystone.server.flask.request_processing.req_logging [None req-98777ac2-19b0-41b1-a9ab-c30bcbf39cd7 admin admin] REQUEST_METHOD: `GET` {{(pid=45523) log_request_info /opt/stack/keystone/keystone/server/flask/request_processing/req_logging.py:27}}
Oct 23 16:53:16 user devstack@keystone.service[45522]: DEBUG keystone.server.flask.request_processing.middleware.auth_context [None req-a1a26a86-98df-4304-9e68-7f61ff325f5c admin admin] Validating token access rules against request {{(pid=45522) validate_allowed_request /opt/stack/data/venv/lib/python3.10/site-packages/keystonemiddleware/auth_token/__init__.py:544}}
Oct 23 16:53:16 user devstack@keystone.service[45523]: DEBUG keystone.server.flask.request_processing.req_logging [None req-98777ac2-19b0-41b1-a9ab-c30bcbf39cd7 admin admin] SCRIPT_NAME: `/identity` {{(pid=45523) log_request_info /opt/stack/keystone/keystone/server/flask/request_processing/req_logging.py:28}}
Oct 23 16:53:16 user devstack@keystone.service[45523]: DEBUG keystone.server.flask.request_processing.req_logging [None req-98777ac2-19b0-41b1-a9ab-c30bcbf39cd7 admin admin] PATH_INFO: `/v3/roles/member` {{(pid=45523) log_request_info /opt/stack/keystone/keystone/server/flask/request_processing/req_logging.py:29}}
Oct 23 16:53:16 user devstack@keystone.service[45522]: DEBUG keystone.server.flask.request_processing.middleware.auth_context [None req-8f66c931-a9c4-4994-9fa1-7c44307e674b admin admin] RBAC: auth_context: {'token': , 'domain_id': None, 'trust_id': None, 'trustor_id': None, 'trustee_id': None, 'domain_name': None, 'group_ids': [], 'user_id': '79f73a4f42484b9bbf176df4063b843c', 'user_domain_id': 'default', 'system_scope': None, 'project_id': '608d96ff911940b9b17e9d184e222325', 'project_domain_id': 'default', 'roles': ['manager', 'reader', 'admin', 'member'], 'is_admin_project': True, 'service_user_id': None, 'service_user_domain_id': None, 'service_project_id': None, 'service_project_domain_id': None, 'service_roles': []} {{(pid=45522) fill_context /opt/stack/keystone/keystone/server/flask/request_processing/middleware/auth_context.py:480}}
Oct 23 16:53:16 user devstack@keystone.service[45522]: DEBUG keystone.server.flask.request_processing.req_logging [None req-8f66c931-a9c4-4994-9fa1-7c44307e674b admin admin] REQUEST_METHOD: `GET` {{(pid=45522) log_request_info /opt/stack/keystone/keystone/server/flask/request_processing/req_logging.py:27}}
Oct 23 16:53:16 user devstack@keystone.service[45522]: DEBUG keystone.server.flask.request_processing.req_logging [None req-8f66c931-a9c4-4994-9fa1-7c44307e674b admin admin] SCRIPT_NAME: `/identity` {{(pid=45522) log_request_info /opt/stack/keystone/keystone/server/flask/request_processing/req_logging.py:28}}
Oct 23 16:53:16 user devstack@keystone.service[45522]: DEBUG keystone.server.flask.request_processing.req_logging [None req-8f66c931-a9c4-4994-9fa1-7c44307e674b admin admin] PATH_INFO: `/v3/projects/82f39d316a7b41a781e627020a61db35` {{(pid=45522) log_request_info /opt/stack/keystone/keystone/server/flask/request_processing/req_logging.py:29}}
Oct 23 16:53:16 user devstack@keystone.service[45522]: DEBUG keystone.common.rbac_enforcer.enforcer [None req-8f66c931-a9c4-4994-9fa1-7c44307e674b admin admin] RBAC: Authorizing `identity:get_project(project_id=82f39d316a7b41a781e627020a61db35)` {{(pid=45522) enforce_call /opt/stack/keystone/keystone/common/rbac_enforcer/enforcer.py:449}}
Oct 23 16:53:16 user devstack@keystone.service[45521]: [pid: 45521|app: 0|req: 94/275] 10.0.0.210 () {58 vars in 1018 bytes} [Mon Oct 23 16:53:16 2023] POST /identity/v3/auth/tokens => generated 976 bytes in 30 msecs (HTTP/1.1 201) 6 headers in 384 bytes (1 switches on core 0)
Oct 23 16:53:16 user devstack@keystone.service[45522]: DEBUG keystone.common.rbac_enforcer.enforcer [None req-8f66c931-a9c4-4994-9fa1-7c44307e674b admin admin] RBAC: Authorization granted {{(pid=45522) enforce_call /opt/stack/keystone/keystone/common/rbac_enforcer/enforcer.py:457}}
Oct 23 16:53:16 user devstack@keystone.service[45522]: [pid: 45522|app: 0|req: 93/276] 10.0.0.210 () {56 vars in 1202 bytes} [Mon Oct 23 16:53:16 2023] GET /identity/v3/projects/82f39d316a7b41a781e627020a61db35 => generated 297 bytes in 20 msecs (HTTP/1.1 200) 5 headers in 177 bytes (1 switches on core 0)
Oct 23 16:53:16 user devstack@keystone.service[45523]: DEBUG keystone.common.rbac_enforcer.enforcer [None req-98777ac2-19b0-41b1-a9ab-c30bcbf39cd7 admin admin] Extracting inferred target data resulted in "NOT FOUND (404)". {{(pid=45523) enforce_call /opt/stack/keystone/keystone/common/rbac_enforcer/enforcer.py:409}}
Oct 23 16:53:16 user devstack@keystone.service[45523]: ERROR keystone.server.flask.application [None req-98777ac2-19b0-41b1-a9ab-c30bcbf39cd7 admin admin] Could not find role: member.: keystone.exception.RoleNotFound: Could not find role: member.
Oct 23 16:53:16 user devstack@keystone.service[45523]: ERROR keystone.server.flask.application
Traceback (most recent call last):
Oct 23 16:53:16 user devstack@keystone.service[45523]: ERROR keystone.server.flask.application
File "/opt/stack/data/venv/lib/python3.10/site-packages/flask/app.py", line 1823, in full_dispatch_request
Oct 23 16:53:16 user devstack@keystone.service[45523]: ERROR keystone.server.flask.application rv = self.dispatch_request()
Oct 23 16:53:16 user devstack@keystone.service[45523]: ERROR keystone.server.flask.application
File "/opt/stack/data/venv/lib/python3.10/site-packages/flask/app.py", line 1799, in dispatch_request
