Apr 14 00:05:03 user devstack@c-api.service[83269]: DEBUG oslo_db.sqlalchemy.engines [None req-75a4f5bc-3b46-4aab-978b-13eb0252b6d5 tempest-GroupSnapshotsTest-1353205053 tempest-GroupSnapshotsTest-1353205053-project-member] MySQL server mode set to STRICT_TRANS_TABLES,STRICT_ALL_TABLES,NO_ZERO_IN_DATE,NO_ZERO_DATE,ERROR_FOR_DIVISION_BY_ZERO,TRADITIONAL,NO_ENGINE_SUBSTITUTION {{(pid=83269) _check_effective_sql_mode /usr/local/lib/python3.10/dist-packages/oslo_db/sqlalchemy/engines.py:335}}
Apr 14 00:05:03 user devstack@c-api.service[83269]: /usr/local/lib/python3.10/dist-packages/oslo_context/context.py:100: DeprecationWarning: Policy enforcement is depending on the value of is_admin. This key is deprecated. Please update your policy file to use the standard policy values.
Apr 14 00:05:03 user devstack@c-api.service[83269]: warnings.warn('Policy enforcement is depending on the value of '
Apr 14 00:05:03 user devstack@c-api.service[83269]: INFO cinder.api.openstack.wsgi [None req-75a4f5bc-3b46-4aab-978b-13eb0252b6d5 tempest-GroupSnapshotsTest-1353205053 tempest-GroupSnapshotsTest-1353205053-project-member] http://10.0.0.210/volume/v3/d5cb49fad79f4c72a0b8b651b3849f7d/volumes returned with HTTP 202
Apr 14 00:05:03 user devstack@c-api.service[83269]: [pid: 83269|app: 0|req: 47/152] 10.0.0.210 () {66 vars in 1354 bytes} [Fri Apr 14 00:05:02 2023] POST /volume/v3/d5cb49fad79f4c72a0b8b651b3849f7d/volumes => generated 886 bytes in 346 msecs (HTTP/1.1 202) 7 headers in 292 bytes (1 switches on core 0)
Apr 14 00:05:03 user devstack@c-api.service[83271]: DEBUG cinder.api.middleware.request_id [None req-33e1a9cd-0191-449f-953d-8d318331178a None None] RequestId filter calling following filter/app {{(pid=83271) _context_setter /opt/stack/cinder/cinder/api/middleware/request_id.py:62}}
Apr 14 00:05:03 user devstack@c-api.service[83271]: INFO cinder.api.openstack.wsgi [None req-33e1a9cd-0191-449f-953d-8d318331178a tempest-GroupSnapshotsTest-1353205053 tempest-GroupSnapshotsTest-1353205053-project-member] GET http://10.0.0.210/volume/v3/d5cb49fad79f4c72a0b8b651b3849f7d/volumes/016572e1-35e3-4d29-9839-d3c83b43e831
Apr 14 00:05:03 user devstack@c-api.service[83271]: DEBUG cinder.api.openstack.wsgi [None req-33e1a9cd-0191-449f-953d-8d318331178a tempest-GroupSnapshotsTest-1353205053 tempest-GroupSnapshotsTest-1353205053-project-member] Empty body provided in request {{(pid=83271) get_body /opt/stack/cinder/cinder/api/openstack/wsgi.py:715}}
Apr 14 00:05:03 user devstack@c-api.service[83271]: DEBUG cinder.api.openstack.wsgi [None req-33e1a9cd-0191-449f-953d-8d318331178a tempest-GroupSnapshotsTest-1353205053 tempest-GroupSnapshotsTest-1353205053-project-member] Calling method 'show' {{(pid=83271) _process_stack /opt/stack/cinder/cinder/api/openstack/wsgi.py:868}}
Apr 14 00:05:03 user devstack@c-api.service[83271]: /usr/local/lib/python3.10/dist-packages/oslo_context/context.py:100: DeprecationWarning: Policy enforcement is depending on the value of is_admin. This key is deprecated. Please update your policy file to use the standard policy values.
Apr 14 00:05:03 user devstack@c-api.service[83271]: warnings.warn('Policy enforcement is depending on the value of '
Apr 14 00:05:03 user devstack@c-api.service[83271]: INFO cinder.volume.api [None req-33e1a9cd-0191-449f-953d-8d318331178a tempest-GroupSnapshotsTest-1353205053 tempest-GroupSnapshotsTest-1353205053-project-member] Volume info retrieved successfully.
Apr 14 00:05:03 user devstack@c-api.service[83271]: WARNING stevedore.named [None req-33e1a9cd-0191-449f-953d-8d318331178a tempest-GroupSnapshotsTest-1353205053 tempest-GroupSnapshotsTest-1353205053-project-member] Could not load cinder.keymgr.conf_key_mgr.ConfKeyManager
Apr 14 00:05:03 user devstack@c-api.service[83271]: WARNING castellan.key_manager [None req-33e1a9cd-0191-449f-953d-8d318331178a tempest-GroupSnapshotsTest-1353205053 tempest-GroupSnapshotsTest-1353205053-project-member] Deprecation Warning : cinder.keymgr.conf_key_mgr.ConfKeyManager is not a stevedore based driver, trying to load it as a class: stevedore.exception.NoMatches: No 'castellan.drivers' driver found, looking for 'cinder.keymgr.conf_key_mgr.ConfKeyManager'
Apr 14 00:05:03 user devstack@c-api.service[83271]: DEBUG oslo_db.sqlalchemy.engines [None req-33e1a9cd-0191-449f-953d-8d318331178a tempest-GroupSnapshotsTest-1353205053 tempest-GroupSnapshotsTest-1353205053-project-member] MySQL server mode set to STRICT_TRANS_TABLES,STRICT_ALL_TABLES,NO_ZERO_IN_DATE,NO_ZERO_DATE,ERROR_FOR_DIVISION_BY_ZERO,TRADITIONAL,NO_ENGINE_SUBSTITUTION {{(pid=83271) _check_effective_sql_mode /usr/local/lib/python3.10/dist-packages/oslo_db/sqlalchemy/engines.py:335}}
Apr 14 00:05:03 user devstack@c-api.service[83271]: /usr/local/lib/python3.10/dist-packages/oslo_context/context.py:100: DeprecationWarning: Policy enforcement is depending on the value of is_admin. This key is deprecated. Please update your policy file to use the standard policy values.
Apr 14 00:05:03 user devstack@c-api.service[83271]: warnings.warn('Policy enforcement is depending on the value of '
Apr 14 00:05:03 user devstack@c-api.service[83271]: INFO cinder.api.openstack.wsgi [None req-33e1a9cd-0191-449f-953d-8d318331178a tempest-GroupSnapshotsTest-1353205053 tempest-GroupSnapshotsTest-1353205053-project-member] http://10.0.0.210/volume/v3/d5cb49fad79f4c72a0b8b651b3849f7d/volumes/016572e1-35e3-4d29-9839-d3c83b43e831 returned with HTTP 200
Apr 14 00:05:03 user devstack@c-api.service[83271]: [pid: 83271|app: 0|req: 55/153] 10.0.0.210 () {64 vars in 1443 bytes} [Fri Apr 14 00:05:03 2023] GET /volume/v3/d5cb49fad79f4c72a0b8b651b3849f7d/volumes/016572e1-35e3-4d29-9839-d3c83b43e831 => generated 954 bytes in 94 msecs (HTTP/1.1 200) 7 headers in 286 bytes (1 switches on core 0)
Apr 14 00:05:04 user devstack@c-api.service[83270]: DEBUG cinder.api.middleware.request_id [None req-98efc8f2-6850-43db-b164-1797b8789f2a None None] RequestId filter calling following filter/app {{(pid=83270) _context_setter /opt/stack/cinder/cinder/api/middleware/request_id.py:62}}
Apr 14 00:05:04 user devstack@c-api.service[83269]: DEBUG cinder.api.middleware.request_id [None req-a543d745-5907-4f28-ba64-c7cebf9526fe None None] RequestId filter calling following filter/app {{(pid=83269) _context_setter /opt/stack/cinder/cinder/api/middleware/request_id.py:62}}
Apr 14 00:05:04 user devstack@c-api.service[83269]: INFO cinder.api.openstack.wsgi [None req-a543d745-5907-4f28-ba64-c7cebf9526fe tempest-GroupSnapshotsTest-1353205053 tempest-GroupSnapshotsTest-1353205053-project-member] GET http://10.0.0.210/volume/v3/d5cb49fad79f4c72a0b8b651b3849f7d/volumes/016572e1-35e3-4d29-9839-d3c83b43e831
Apr 14 00:05:04 user devstack@c-api.service[83269]: DEBUG cinder.api.openstack.wsgi [None req-a543d745-5907-4f28-ba64-c7cebf9526fe tempest-GroupSnapshotsTest-1353205053 tempest-GroupSnapshotsTest-1353205053-project-member] Empty body provided in request {{(pid=83269) get_body /opt/stack/cinder/cinder/api/openstack/wsgi.py:715}}
Apr 14 00:05:04 user devstack@c-api.service[83269]: DEBUG cinder.api.openstack.wsgi [None req-a543d745-5907-4f28-ba64-c7cebf9526fe tempest-GroupSnapshotsTest-1353205053 tempest-GroupSnapshotsTest-1353205053-project-member] Calling method 'show' {{(pid=83269) _process_stack /opt/stack/cinder/cinder/api/openstack/wsgi.py:868}}
Apr 14 00:05:04 user devstack@c-api.service[83269]: /usr/local/lib/python3.10/dist-packages/oslo_context/context.py:100: DeprecationWarning: Policy enforcement is depending on the value of is_admin. This key is deprecated. Please update your policy file to use the standard policy values.
Apr 14 00:05:04 user devstack@c-api.service[83269]: warnings.warn('Policy enforcement is depending on the value of '
Apr 14 00:05:04 user devstack@c-api.service[83269]: INFO cinder.volume.api [None req-a543d745-5907-4f28-ba64-c7cebf9526fe tempest-GroupSnapshotsTest-1353205053 tempest-GroupSnapshotsTest-1353205053-project-member] Volume info retrieved successfully.
Apr 14 00:05:04 user devstack@c-api.service[83269]: WARNING stevedore.named [None req-a543d745-5907-4f28-ba64-c7cebf9526fe tempest-GroupSnapshotsTest-1353205053 tempest-GroupSnapshotsTest-1353205053-project-member] Could not load cinder.keymgr.conf_key_mgr.ConfKeyManager
Apr 14 00:05:04 user devstack@c-api.service[83269]: WARNING castellan.key_manager [None req-a543d745-5907-4f28-ba64-c7cebf9526fe tempest-GroupSnapshotsTest-1353205053 tempest-GroupSnapshotsTest-1353205053-project-member] Deprecation Warning : cinder.keymgr.conf_key_mgr.ConfKeyManager is not a stevedore based driver, trying to load it as a class: stevedore.exception.NoMatches: No 'castellan.drivers' driver found, looking for 'cinder.keymgr.conf_key_mgr.ConfKeyManager'
Apr 14 00:05:04 user devstack@c-api.service[83269]: DEBUG oslo_db.sqlalchemy.engines [None req-a543d745-5907-4f28-ba64-c7cebf9526fe tempest-GroupSnapshotsTest-1353205053 tempest-GroupSnapshotsTest-1353205053-project-member] MySQL server mode set to STRICT_TRANS_TABLES,STRICT_ALL_TABLES,NO_ZERO_IN_DATE,NO_ZERO_DATE,ERROR_FOR_DIVISION_BY_ZERO,TRADITIONAL,NO_ENGINE_SUBSTITUTION {{(pid=83269) _check_effective_sql_mode /usr/local/lib/python3.10/dist-packages/oslo_db/sqlalchemy/engines.py:335}}
Apr 14 00:05:04 user devstack@c-api.service[83269]: /usr/local/lib/python3.10/dist-packages/oslo_context/context.py:100: DeprecationWarning: Policy enforcement is depending on the value of is_admin. This key is deprecated. Please update your policy file to use the standard policy values.
Apr 14 00:05:04 user devstack@c-api.service[83269]: warnings.warn('Policy enforcement is depending on the value of '
Apr 14 00:05:04 user devstack@c-api.service[83269]: INFO cinder.api.openstack.wsgi [None req-a543d745-5907-4f28-ba64-c7cebf9526fe tempest-GroupSnapshotsTest-1353205053 tempest-GroupSnapshotsTest-1353205053-project-member] http://10.0.0.210/volume/v3/d5cb49fad79f4c72a0b8b651b3849f7d/volumes/016572e1-35e3-4d29-9839-d3c83b43e831 returned with HTTP 200
Apr 14 00:05:04 user devstack@c-api.service[83269]: [pid: 83269|app: 0|req: 48/154] 10.0.0.210 () {64 vars in 1443 bytes} [Fri Apr 14 00:05:04 2023] GET /volume/v3/d5cb49fad79f4c72a0b8b651b3849f7d/volumes/016572e1-35e3-4d29-9839-d3c83b43e831 => generated 978 bytes in 74 msecs (HTTP/1.1 200) 7 headers in 286 bytes (1 switches on core 0)
Apr 14 00:05:04 user devstack@c-api.service[83270]: INFO cinder.api.openstack.wsgi [None req-98efc8f2-6850-43db-b164-1797b8789f2a tempest-TaggedBootDevicesTest-1396120968 tempest-TaggedBootDevicesTest-1396120968-project-member] POST http://10.0.0.210/volume/v3/f8a7ace23ccb4c41b76a80532b3997b9/volumes
Apr 14 00:05:04 user devstack@c-api.service[83270]: DEBUG cinder.api.openstack.wsgi [None req-98efc8f2-6850-43db-b164-1797b8789f2a tempest-TaggedBootDevicesTest-1396120968 tempest-TaggedBootDevicesTest-1396120968-project-member] Action: 'create', calling method: create, body: {"volume": {"size": 1, "display_name": "tempest-TaggedBootDevicesTest-volume-1850807687", "imageRef": "6db62068-7278-4cd8-b41f-d0140d89e199"}} {{(pid=83270) _process_stack /opt/stack/cinder/cinder/api/openstack/wsgi.py:866}}
Apr 14 00:05:04 user devstack@c-api.service[83270]: DEBUG cinder.api.v3.volumes [None req-98efc8f2-6850-43db-b164-1797b8789f2a tempest-TaggedBootDevicesTest-1396120968 tempest-TaggedBootDevicesTest-1396120968-project-member] Create volume request body: {'volume': {'size': 1, 'display_name': 'tempest-TaggedBootDevicesTest-volume-1850807687', 'imageRef': '6db62068-7278-4cd8-b41f-d0140d89e199'}} {{(pid=83270) create /opt/stack/cinder/cinder/api/v3/volumes.py:297}}
Apr 14 00:05:04 user devstack@c-api.service[83270]: INFO cinder.api.v3.volumes [None req-98efc8f2-6850-43db-b164-1797b8789f2a tempest-TaggedBootDevicesTest-1396120968 tempest-TaggedBootDevicesTest-1396120968-project-member] Create volume of 1 GB
Apr 14 00:05:04 user devstack@c-api.service[83270]: /usr/local/lib/python3.10/dist-packages/oslo_context/context.py:100: DeprecationWarning: Policy enforcement is depending on the value of is_admin. This key is deprecated. Please update your policy file to use the standard policy values.
Apr 14 00:05:04 user devstack@c-api.service[83270]: warnings.warn('Policy enforcement is depending on the value of '
Apr 14 00:05:04 user devstack@c-api.service[83270]: INFO cinder.volume.api [None req-98efc8f2-6850-43db-b164-1797b8789f2a tempest-TaggedBootDevicesTest-1396120968 tempest-TaggedBootDevicesTest-1396120968-project-member] Availability Zones retrieved successfully.
Apr 14 00:05:04 user devstack@c-api.service[83270]: DEBUG cinder.volume.api [None req-98efc8f2-6850-43db-b164-1797b8789f2a tempest-TaggedBootDevicesTest-1396120968 tempest-TaggedBootDevicesTest-1396120968-project-member] Flow 'volume_create_api' (3c76f6e0-680b-441b-bac8-dfaf0c58fee1) transitioned into state 'RUNNING' from state 'PENDING' {{(pid=83270) _flow_receiver /usr/local/lib/python3.10/dist-packages/taskflow/listeners/logging.py:141}}
Apr 14 00:05:04 user devstack@c-api.service[83270]: DEBUG cinder.volume.api [None req-98efc8f2-6850-43db-b164-1797b8789f2a tempest-TaggedBootDevicesTest-1396120968 tempest-TaggedBootDevicesTest-1396120968-project-member] Task 'cinder.volume.flows.api.create_volume.ExtractVolumeRequestTask;volume:create' (49d219ae-a21b-400a-97ab-615ae86ccd62) transitioned into state 'RUNNING' from state 'PENDING' {{(pid=83270) _task_receiver /usr/local/lib/python3.10/dist-packages/taskflow/listeners/logging.py:190}}
Apr 14 00:05:04 user devstack@c-api.service[83270]: DEBUG cinder.volume.flows.api.create_volume [None req-98efc8f2-6850-43db-b164-1797b8789f2a tempest-TaggedBootDevicesTest-1396120968 tempest-TaggedBootDevicesTest-1396120968-project-member] Validating volume size '1' using validate_int {{(pid=83270) _extract_size /opt/stack/cinder/cinder/volume/flows/api/create_volume.py:228}}
Apr 14 00:05:04 user devstack@c-api.service[83270]: DEBUG dbcounter [-] [83270] Writing DB stats cinder:SELECT=87,cinder:UPDATE=9,cinder:INSERT=4 {{(pid=83270) stat_writer /usr/local/lib/python3.10/dist-packages/dbcounter.py:117}}
Apr 14 00:05:04 user devstack@c-api.service[83270]: DEBUG cinder.volume.api [None req-98efc8f2-6850-43db-b164-1797b8789f2a tempest-TaggedBootDevicesTest-1396120968 tempest-TaggedBootDevicesTest-1396120968-project-member] Task 'cinder.volume.flows.api.create_volume.ExtractVolumeRequestTask;volume:create' (49d219ae-a21b-400a-97ab-615ae86ccd62) transitioned into state 'SUCCESS' from state 'RUNNING' with result '{'size': 1, 'snapshot_id': None, 'source_volid': None, 'volume_type': VolumeType(created_at=2023-04-14T00:00:51Z,deleted=False,deleted_at=None,description=None,extra_specs={volume_backend_name='joviandss-2'},id=e4897ac4-9a58-4946-a239-ab48566b0a8c,is_public=True,name='joviandss-2',projects=[],qos_specs=,qos_specs_id=None,updated_at=None), 'volume_type_id': 'e4897ac4-9a58-4946-a239-ab48566b0a8c', 'encryption_key_id': None, 'qos_specs': None, 'consistencygroup_id': None, 'cgsnapshot_id': None, 'group_id': None, 'replication_status': 'disabled', 'refresh_az': False, 'backup_id': None, 'multiattach': False, 'availability_zones': ['nova']}' {{(pid=83270) _task_receiver /usr/local/lib/python3.10/dist-packages/taskflow/listeners/logging.py:178}}
Apr 14 00:05:04 user devstack@c-api.service[83270]: DEBUG cinder.volume.api [None req-98efc8f2-6850-43db-b164-1797b8789f2a tempest-TaggedBootDevicesTest-1396120968 tempest-TaggedBootDevicesTest-1396120968-project-member] Task 'cinder.volume.flows.api.create_volume.QuotaReserveTask;volume:create' (e93d4b17-baf5-4975-aab7-ab2c55828e73) transitioned into state 'RUNNING' from state 'PENDING' {{(pid=83270) _task_receiver /usr/local/lib/python3.10/dist-packages/taskflow/listeners/logging.py:190}}
Apr 14 00:05:04 user devstack@c-api.service[83270]: WARNING cinder.quota [None req-98efc8f2-6850-43db-b164-1797b8789f2a tempest-TaggedBootDevicesTest-1396120968 tempest-TaggedBootDevicesTest-1396120968-project-member] Deprecated: Default quota for resource: volumes_joviandss-2 is set by the default quota flag: quota_volumes_joviandss-2, it is now deprecated. Please use the default quota class for default quota.
Apr 14 00:05:04 user devstack@c-api.service[83270]: WARNING cinder.quota [None req-98efc8f2-6850-43db-b164-1797b8789f2a tempest-TaggedBootDevicesTest-1396120968 tempest-TaggedBootDevicesTest-1396120968-project-member] Deprecated: Default quota for resource: gigabytes_joviandss-2 is set by the default quota flag: quota_gigabytes_joviandss-2, it is now deprecated. Please use the default quota class for default quota.
Apr 14 00:05:04 user devstack@c-api.service[83270]: DEBUG cinder.quota [None req-98efc8f2-6850-43db-b164-1797b8789f2a tempest-TaggedBootDevicesTest-1396120968 tempest-TaggedBootDevicesTest-1396120968-project-member] Created reservations ['d9f02ab0-ba82-4529-b24b-7bf2671a55ef', '510d73a5-3538-4da0-83d6-ff6dadf608c1', 'd24fa837-b187-48c1-b819-9640b907b235', 'fd7d3bfe-cbec-4b34-ba89-497532b5a0af'] {{(pid=83270) reserve /opt/stack/cinder/cinder/quota.py:755}}
Apr 14 00:05:04 user devstack@c-api.service[83270]: DEBUG cinder.volume.api [None req-98efc8f2-6850-43db-b164-1797b8789f2a tempest-TaggedBootDevicesTest-1396120968 tempest-TaggedBootDevicesTest-1396120968-project-member] Task 'cinder.volume.flows.api.create_volume.QuotaReserveTask;volume:create' (e93d4b17-baf5-4975-aab7-ab2c55828e73) transitioned into state 'SUCCESS' from state 'RUNNING' with result '{'reservations': ['d9f02ab0-ba82-4529-b24b-7bf2671a55ef', '510d73a5-3538-4da0-83d6-ff6dadf608c1', 'd24fa837-b187-48c1-b819-9640b907b235', 'fd7d3bfe-cbec-4b34-ba89-497532b5a0af']}' {{(pid=83270) _task_receiver /usr/local/lib/python3.10/dist-packages/taskflow/listeners/logging.py:178}}
Apr 14 00:05:04 user devstack@c-api.service[83270]: DEBUG cinder.volume.api [None req-98efc8f2-6850-43db-b164-1797b8789f2a tempest-TaggedBootDevicesTest-1396120968 tempest-TaggedBootDevicesTest-1396120968-project-member] Task 'cinder.volume.flows.api.create_volume.EntryCreateTask;volume:create' (863f7729-b286-40ef-a1a1-b5fa7f5c001e) transitioned into state 'RUNNING' from state 'PENDING' {{(pid=83270) _task_receiver /usr/local/lib/python3.10/dist-packages/taskflow/listeners/logging.py:190}}
Apr 14 00:05:05 user devstack@c-api.service[83270]: DEBUG cinder.volume.api [None req-98efc8f2-6850-43db-b164-1797b8789f2a tempest-TaggedBootDevicesTest-1396120968 tempest-TaggedBootDevicesTest-1396120968-project-member] Task 'cinder.volume.flows.api.create_volume.EntryCreateTask;volume:create' (863f7729-b286-40ef-a1a1-b5fa7f5c001e) transitioned into state 'SUCCESS' from state 'RUNNING' with result '{'volume_id': 'f1a3323a-058c-4e1d-8627-04fbfb2310bd', 'volume_properties': VolumeProperties(attach_status='detached',availability_zone='nova',cgsnapshot_id=None,consistencygroup_id=None,display_description=None,display_name='tempest-TaggedBootDevicesTest-volume-1850807687',encryption_key_id=None,group_id=None,group_type_id=,metadata={},multiattach=False,project_id='f8a7ace23ccb4c41b76a80532b3997b9',qos_specs=None,replication_status=,reservations=['d9f02ab0-ba82-4529-b24b-7bf2671a55ef','510d73a5-3538-4da0-83d6-ff6dadf608c1','d24fa837-b187-48c1-b819-9640b907b235','fd7d3bfe-cbec-4b34-ba89-497532b5a0af'],size=1,snapshot_id=None,source_replicaid=,source_volid=None,status='creating',user_id='f5613db231764f7c8c2ac461cf751d8e',volume_type_id=e4897ac4-9a58-4946-a239-ab48566b0a8c), 'volume': Volume(_name_id=None,admin_metadata=,attach_status='detached',availability_zone='nova',bootable=False,cluster=,cluster_name=None,consistencygroup=,consistencygroup_id=None,created_at=2023-04-14T00:05:04Z,deleted=False,deleted_at=None,display_description=None,display_name='tempest-TaggedBootDevicesTest-volume-1850807687',ec2_id=None,encryption_key_id=None,glance_metadata=,group=,group_id=None,host=None,id=f1a3323a-058c-4e1d-8627-04fbfb2310bd,launched_at=None,metadata={},migration_status=None,multiattach=False,previous_status=None,project_id='f8a7ace23ccb4c41b76a80532b3997b9',provider_auth=None,provider_geometry=None,provider_id=None,provider_location=None,replication_driver_data=None,replication_extended_status=None,replication_status=None,scheduled_at=None,service_uuid=None,shared_targets=True,size=1,snapshot_id=None,snapshots=,source_volid=None,status='creating',terminated_at=None,updated_at=None,use_quota=True,user_id='f5613db231764f7c8c2ac461cf751d8e',volume_attachment=VolumeAttachmentList,volume_type=VolumeType(e4897ac4-9a58-4946-a239-ab48566b0a8c),volume_type_id=e4897ac4-9a58-4946-a239-ab48566b0a8c)}' {{(pid=83270) _task_receiver /usr/local/lib/python3.10/dist-packages/taskflow/listeners/logging.py:178}}
Apr 14 00:05:05 user devstack@c-api.service[83270]: DEBUG cinder.volume.api [None req-98efc8f2-6850-43db-b164-1797b8789f2a tempest-TaggedBootDevicesTest-1396120968 tempest-TaggedBootDevicesTest-1396120968-project-member] Task 'cinder.volume.flows.api.create_volume.QuotaCommitTask;volume:create' (1a93d164-14af-4124-aafd-aa2688ad55d4) transitioned into state 'RUNNING' from state 'PENDING' {{(pid=83270) _task_receiver /usr/local/lib/python3.10/dist-packages/taskflow/listeners/logging.py:190}}
Apr 14 00:05:05 user devstack@c-api.service[83271]: DEBUG cinder.api.middleware.request_id [None req-b77882b1-33a7-45a7-9754-4611acb20489 None None] RequestId filter calling following filter/app {{(pid=83271) _context_setter /opt/stack/cinder/cinder/api/middleware/request_id.py:62}}
Apr 14 00:05:05 user devstack@c-api.service[83270]: DEBUG cinder.volume.api [None req-98efc8f2-6850-43db-b164-1797b8789f2a tempest-TaggedBootDevicesTest-1396120968 tempest-TaggedBootDevicesTest-1396120968-project-member] Task 'cinder.volume.flows.api.create_volume.QuotaCommitTask;volume:create' (1a93d164-14af-4124-aafd-aa2688ad55d4) transitioned into state 'SUCCESS' from state 'RUNNING' with result '{'volume_properties': VolumeProperties(attach_status='detached',availability_zone='nova',cgsnapshot_id=None,consistencygroup_id=None,display_description=None,display_name='tempest-TaggedBootDevicesTest-volume-1850807687',encryption_key_id=None,group_id=None,group_type_id=,metadata={},multiattach=False,project_id='f8a7ace23ccb4c41b76a80532b3997b9',qos_specs=None,replication_status=,reservations=['d9f02ab0-ba82-4529-b24b-7bf2671a55ef','510d73a5-3538-4da0-83d6-ff6dadf608c1','d24fa837-b187-48c1-b819-9640b907b235','fd7d3bfe-cbec-4b34-ba89-497532b5a0af'],size=1,snapshot_id=None,source_replicaid=,source_volid=None,status='creating',user_id='f5613db231764f7c8c2ac461cf751d8e',volume_type_id=e4897ac4-9a58-4946-a239-ab48566b0a8c)}' {{(pid=83270) _task_receiver /usr/local/lib/python3.10/dist-packages/taskflow/listeners/logging.py:178}}
Apr 14 00:05:05 user devstack@c-api.service[83270]: DEBUG cinder.volume.api [None req-98efc8f2-6850-43db-b164-1797b8789f2a tempest-TaggedBootDevicesTest-1396120968 tempest-TaggedBootDevicesTest-1396120968-project-member] Task 'cinder.volume.flows.api.create_volume.VolumeCastTask;volume:create' (7b931999-cf74-4591-931f-d5df18bc0a1b) transitioned into state 'RUNNING' from state 'PENDING' {{(pid=83270) _task_receiver /usr/local/lib/python3.10/dist-packages/taskflow/listeners/logging.py:190}}
Apr 14 00:05:05 user devstack@c-api.service[83270]: DEBUG cinder.volume.api [None req-98efc8f2-6850-43db-b164-1797b8789f2a tempest-TaggedBootDevicesTest-1396120968 tempest-TaggedBootDevicesTest-1396120968-project-member] Task 'cinder.volume.flows.api.create_volume.VolumeCastTask;volume:create' (7b931999-cf74-4591-931f-d5df18bc0a1b) transitioned into state 'SUCCESS' from state 'RUNNING' with result 'None' {{(pid=83270) _task_receiver /usr/local/lib/python3.10/dist-packages/taskflow/listeners/logging.py:178}}
Apr 14 00:05:05 user devstack@c-api.service[83270]: DEBUG cinder.volume.api [None req-98efc8f2-6850-43db-b164-1797b8789f2a tempest-TaggedBootDevicesTest-1396120968 tempest-TaggedBootDevicesTest-1396120968-project-member] Flow 'volume_create_api' (3c76f6e0-680b-441b-bac8-dfaf0c58fee1) transitioned into state 'SUCCESS' from state 'RUNNING' {{(pid=83270) _flow_receiver /usr/local/lib/python3.10/dist-packages/taskflow/listeners/logging.py:141}}
Apr 14 00:05:05 user devstack@c-api.service[83270]: INFO cinder.volume.api [None req-98efc8f2-6850-43db-b164-1797b8789f2a tempest-TaggedBootDevicesTest-1396120968 tempest-TaggedBootDevicesTest-1396120968-project-member] Create volume request issued successfully.
Apr 14 00:05:05 user devstack@c-api.service[83270]: INFO cinder.api.openstack.wsgi [None req-98efc8f2-6850-43db-b164-1797b8789f2a tempest-TaggedBootDevicesTest-1396120968 tempest-TaggedBootDevicesTest-1396120968-project-member] http://10.0.0.210/volume/v3/f8a7ace23ccb4c41b76a80532b3997b9/volumes returned with HTTP 202
Apr 14 00:05:05 user devstack@c-api.service[83270]: [pid: 83270|app: 0|req: 52/155] 10.0.0.210 () {64 vars in 1313 bytes} [Fri Apr 14 00:05:04 2023] POST /volume/v3/f8a7ace23ccb4c41b76a80532b3997b9/volumes => generated 819 bytes in 869 msecs (HTTP/1.1 202) 7 headers in 291 bytes (1 switches on core 0)
Apr 14 00:05:05 user devstack@c-api.service[83269]: DEBUG cinder.api.middleware.request_id [None req-9f22e826-b773-4490-99ac-5256d2ffaf3a None None] RequestId filter calling following filter/app {{(pid=83269) _context_setter /opt/stack/cinder/cinder/api/middleware/request_id.py:62}}
Apr 14 00:05:05 user devstack@c-api.service[83269]: INFO cinder.api.openstack.wsgi [None req-9f22e826-b773-4490-99ac-5256d2ffaf3a tempest-TaggedBootDevicesTest-1396120968 tempest-TaggedBootDevicesTest-1396120968-project-member] GET http://10.0.0.210/volume/v3/f8a7ace23ccb4c41b76a80532b3997b9/volumes/f1a3323a-058c-4e1d-8627-04fbfb2310bd
Apr 14 00:05:05 user devstack@c-api.service[83269]: DEBUG cinder.api.openstack.wsgi [None req-9f22e826-b773-4490-99ac-5256d2ffaf3a tempest-TaggedBootDevicesTest-1396120968 tempest-TaggedBootDevicesTest-1396120968-project-member] Empty body provided in request {{(pid=83269) get_body /opt/stack/cinder/cinder/api/openstack/wsgi.py:715}}
Apr 14 00:05:05 user devstack@c-api.service[83269]: DEBUG cinder.api.openstack.wsgi [None req-9f22e826-b773-4490-99ac-5256d2ffaf3a tempest-TaggedBootDevicesTest-1396120968 tempest-TaggedBootDevicesTest-1396120968-project-member] Calling method 'show' {{(pid=83269) _process_stack /opt/stack/cinder/cinder/api/openstack/wsgi.py:868}}
Apr 14 00:05:05 user devstack@c-api.service[83269]: /usr/local/lib/python3.10/dist-packages/oslo_context/context.py:100: DeprecationWarning: Policy enforcement is depending on the value of is_admin. This key is deprecated. Please update your policy file to use the standard policy values.
Apr 14 00:05:05 user devstack@c-api.service[83269]: warnings.warn('Policy enforcement is depending on the value of '
Apr 14 00:05:05 user devstack@c-api.service[83269]: INFO cinder.volume.api [None req-9f22e826-b773-4490-99ac-5256d2ffaf3a tempest-TaggedBootDevicesTest-1396120968 tempest-TaggedBootDevicesTest-1396120968-project-member] Volume info retrieved successfully.
Apr 14 00:05:05 user devstack@c-api.service[83269]: INFO cinder.api.openstack.wsgi [None req-9f22e826-b773-4490-99ac-5256d2ffaf3a tempest-TaggedBootDevicesTest-1396120968 tempest-TaggedBootDevicesTest-1396120968-project-member] http://10.0.0.210/volume/v3/f8a7ace23ccb4c41b76a80532b3997b9/volumes/f1a3323a-058c-4e1d-8627-04fbfb2310bd returned with HTTP 200
Apr 14 00:05:05 user devstack@c-api.service[83269]: [pid: 83269|app: 0|req: 49/156] 10.0.0.210 () {62 vars in 1402 bytes} [Fri Apr 14 00:05:05 2023] GET /volume/v3/f8a7ace23ccb4c41b76a80532b3997b9/volumes/f1a3323a-058c-4e1d-8627-04fbfb2310bd => generated 887 bytes in 43 msecs (HTTP/1.1 200) 7 headers in 285 bytes (1 switches on core 0)
Apr 14 00:05:05 user devstack@c-api.service[83271]: INFO cinder.api.openstack.wsgi [None req-b77882b1-33a7-45a7-9754-4611acb20489 tempest-VolumeServicesNegativeTest-1550504461 tempest-VolumeServicesNegativeTest-1550504461-project-admin] GET http://10.0.0.210/volume/v3/aac378df8c1049afb7a6d0023bca1253/os-services
Apr 14 00:05:05 user devstack@c-api.service[83271]: DEBUG cinder.api.openstack.wsgi [None req-b77882b1-33a7-45a7-9754-4611acb20489 tempest-VolumeServicesNegativeTest-1550504461 tempest-VolumeServicesNegativeTest-1550504461-project-admin] Empty body provided in request {{(pid=83271) get_body /opt/stack/cinder/cinder/api/openstack/wsgi.py:715}}
Apr 14 00:05:05 user devstack@c-api.service[83271]: DEBUG cinder.api.openstack.wsgi [None req-b77882b1-33a7-45a7-9754-4611acb20489 tempest-VolumeServicesNegativeTest-1550504461 tempest-VolumeServicesNegativeTest-1550504461-project-admin] Calling method 'index' {{(pid=83271) _process_stack /opt/stack/cinder/cinder/api/openstack/wsgi.py:868}}
Apr 14 00:05:05 user devstack@c-api.service[83271]: INFO cinder.api.openstack.wsgi [None req-b77882b1-33a7-45a7-9754-4611acb20489 tempest-VolumeServicesNegativeTest-1550504461 tempest-VolumeServicesNegativeTest-1550504461-project-admin] http://10.0.0.210/volume/v3/aac378df8c1049afb7a6d0023bca1253/os-services returned with HTTP 200
Apr 14 00:05:05 user devstack@c-api.service[83271]: [pid: 83271|app: 0|req: 56/157] 10.0.0.210 () {62 vars in 1303 bytes} [Fri Apr 14 00:05:05 2023] GET /volume/v3/aac378df8c1049afb7a6d0023bca1253/os-services => generated 439 bytes in 264 msecs (HTTP/1.1 200) 7 headers in 285 bytes (1 switches on core 0)
Apr 14 00:05:05 user devstack@c-api.service[83270]: DEBUG cinder.api.middleware.request_id [None req-87461969-9694-48e1-a713-eb40960688cc None None] RequestId filter calling following filter/app {{(pid=83270) _context_setter /opt/stack/cinder/cinder/api/middleware/request_id.py:62}}
Apr 14 00:05:05 user devstack@c-api.service[83270]: INFO cinder.api.openstack.wsgi [None req-87461969-9694-48e1-a713-eb40960688cc tempest-VolumeServicesNegativeTest-1550504461 tempest-VolumeServicesNegativeTest-1550504461-project-admin] PUT http://10.0.0.210/volume/v3/aac378df8c1049afb7a6d0023bca1253/os-services/disable-log-reason
Apr 14 00:05:05 user devstack@c-api.service[83270]: DEBUG cinder.api.openstack.wsgi [None req-87461969-9694-48e1-a713-eb40960688cc tempest-VolumeServicesNegativeTest-1550504461 tempest-VolumeServicesNegativeTest-1550504461-project-admin] Action: 'update', calling method: update, body: {"host": "user", "binary": "cinder-scheduler", "disabled_reason": null} {{(pid=83270) _process_stack /opt/stack/cinder/cinder/api/openstack/wsgi.py:866}}
Apr 14 00:05:05 user devstack@c-api.service[83270]: /usr/local/lib/python3.10/dist-packages/oslo_context/context.py:100: DeprecationWarning: Policy enforcement is depending on the value of is_admin. This key is deprecated. Please update your policy file to use the standard policy values.
Apr 14 00:05:05 user devstack@c-api.service[83270]: warnings.warn('Policy enforcement is depending on the value of '
Apr 14 00:05:05 user devstack@c-api.service[83270]: INFO cinder.api.openstack.wsgi [None req-87461969-9694-48e1-a713-eb40960688cc tempest-VolumeServicesNegativeTest-1550504461 tempest-VolumeServicesNegativeTest-1550504461-project-admin] http://10.0.0.210/volume/v3/aac378df8c1049afb7a6d0023bca1253/os-services/disable-log-reason returned with HTTP 400
Apr 14 00:05:05 user devstack@c-api.service[83270]: [pid: 83270|app: 0|req: 53/158] 10.0.0.210 () {64 vars in 1380 bytes} [Fri Apr 14 00:05:05 2023] PUT /volume/v3/aac378df8c1049afb7a6d0023bca1253/os-services/disable-log-reason => generated 136 bytes in 14 msecs (HTTP/1.1 400) 7 headers in 294 bytes (1 switches on core 0)
Apr 14 00:05:05 user devstack@c-api.service[83269]: DEBUG cinder.api.middleware.request_id [None req-66574f32-f399-4bb5-8bd8-639367b1a73d None None] RequestId filter calling following filter/app {{(pid=83269) _context_setter /opt/stack/cinder/cinder/api/middleware/request_id.py:62}}
Apr 14 00:05:05 user devstack@c-api.service[83269]: INFO cinder.api.openstack.wsgi [None req-66574f32-f399-4bb5-8bd8-639367b1a73d tempest-VolumeServicesNegativeTest-1550504461 tempest-VolumeServicesNegativeTest-1550504461-project-admin] PUT http://10.0.0.210/volume/v3/aac378df8c1049afb7a6d0023bca1253/os-services/disable
Apr 14 00:05:05 user devstack@c-api.service[83269]: DEBUG cinder.api.openstack.wsgi [None req-66574f32-f399-4bb5-8bd8-639367b1a73d tempest-VolumeServicesNegativeTest-1550504461 tempest-VolumeServicesNegativeTest-1550504461-project-admin] Action: 'update', calling method: update, body: {"host": "user", "binary": "invalid_binary"} {{(pid=83269) _process_stack /opt/stack/cinder/cinder/api/openstack/wsgi.py:866}}
Apr 14 00:05:05 user devstack@c-api.service[83269]: INFO cinder.api.openstack.wsgi [None req-66574f32-f399-4bb5-8bd8-639367b1a73d tempest-VolumeServicesNegativeTest-1550504461 tempest-VolumeServicesNegativeTest-1550504461-project-admin] http://10.0.0.210/volume/v3/aac378df8c1049afb7a6d0023bca1253/os-services/disable returned with HTTP 404
Apr 14 00:05:05 user devstack@c-api.service[83269]: [pid: 83269|app: 0|req: 50/159] 10.0.0.210 () {64 vars in 1347 bytes} [Fri Apr 14 00:05:05 2023] PUT /volume/v3/aac378df8c1049afb7a6d0023bca1253/os-services/disable => generated 101 bytes in 24 msecs (HTTP/1.1 404) 7 headers in 292 bytes (1 switches on core 0)
Apr 14 00:05:05 user devstack@c-api.service[83271]: DEBUG cinder.api.middleware.request_id [None req-b50ffec8-5265-4242-b8fd-c6eed68f95f8 None None] RequestId filter calling following filter/app {{(pid=83271) _context_setter /opt/stack/cinder/cinder/api/middleware/request_id.py:62}}
Apr 14 00:05:05 user devstack@c-api.service[83271]: INFO cinder.api.openstack.wsgi [None req-b50ffec8-5265-4242-b8fd-c6eed68f95f8 tempest-VolumeServicesNegativeTest-1550504461 tempest-VolumeServicesNegativeTest-1550504461-project-admin] PUT http://10.0.0.210/volume/v3/aac378df8c1049afb7a6d0023bca1253/os-services/enable
Apr 14 00:05:05 user devstack@c-api.service[83271]: DEBUG cinder.api.openstack.wsgi [None req-b50ffec8-5265-4242-b8fd-c6eed68f95f8 tempest-VolumeServicesNegativeTest-1550504461 tempest-VolumeServicesNegativeTest-1550504461-project-admin] Action: 'update', calling method: update, body: {"host": "invalid_host", "binary": "cinder-scheduler"} {{(pid=83271) _process_stack /opt/stack/cinder/cinder/api/openstack/wsgi.py:866}}
Apr 14 00:05:05 user devstack@c-api.service[83271]: INFO cinder.api.openstack.wsgi [None req-b50ffec8-5265-4242-b8fd-c6eed68f95f8 tempest-VolumeServicesNegativeTest-1550504461 tempest-VolumeServicesNegativeTest-1550504461-project-admin] http://10.0.0.210/volume/v3/aac378df8c1049afb7a6d0023bca1253/os-services/enable returned with HTTP 404
Apr 14 00:05:05 user devstack@c-api.service[83271]: [pid: 83271|app: 0|req: 57/160] 10.0.0.210 () {64 vars in 1344 bytes} [Fri Apr 14 00:05:05 2023] PUT /volume/v3/aac378df8c1049afb7a6d0023bca1253/os-services/enable => generated 111 bytes in 40 msecs (HTTP/1.1 404) 7 headers in 292 bytes (1 switches on core 0)
Apr 14 00:05:05 user devstack@c-api.service[83270]: DEBUG cinder.api.middleware.request_id [None req-9f694ed5-a28f-4a31-a24c-ebc45efe2250 None None] RequestId filter calling following filter/app {{(pid=83270) _context_setter /opt/stack/cinder/cinder/api/middleware/request_id.py:62}}
Apr 14 00:05:05 user devstack@c-api.service[83269]: DEBUG cinder.api.middleware.request_id [None req-2f4dcc23-dc7a-42ca-9838-c0fc33329ac8 None None] RequestId filter calling following filter/app {{(pid=83269) _context_setter /opt/stack/cinder/cinder/api/middleware/request_id.py:62}}
Apr 14 00:05:05 user devstack@c-api.service[83269]: INFO cinder.api.openstack.wsgi [None req-2f4dcc23-dc7a-42ca-9838-c0fc33329ac8 tempest-GroupSnapshotsTest-1353205053 tempest-GroupSnapshotsTest-1353205053-project-member] GET http://10.0.0.210/volume/v3/d5cb49fad79f4c72a0b8b651b3849f7d/volumes/016572e1-35e3-4d29-9839-d3c83b43e831
Apr 14 00:05:05 user devstack@c-api.service[83269]: DEBUG cinder.api.openstack.wsgi [None req-2f4dcc23-dc7a-42ca-9838-c0fc33329ac8 tempest-GroupSnapshotsTest-1353205053 tempest-GroupSnapshotsTest-1353205053-project-member] Empty body provided in request {{(pid=83269) get_body /opt/stack/cinder/cinder/api/openstack/wsgi.py:715}}
Apr 14 00:05:05 user devstack@c-api.service[83269]: DEBUG cinder.api.openstack.wsgi [None req-2f4dcc23-dc7a-42ca-9838-c0fc33329ac8 tempest-GroupSnapshotsTest-1353205053 tempest-GroupSnapshotsTest-1353205053-project-member] Calling method 'show' {{(pid=83269) _process_stack /opt/stack/cinder/cinder/api/openstack/wsgi.py:868}}
Apr 14 00:05:05 user devstack@c-api.service[83270]: INFO cinder.api.openstack.wsgi [None req-9f694ed5-a28f-4a31-a24c-ebc45efe2250 tempest-VolumeServicesNegativeTest-1550504461 tempest-VolumeServicesNegativeTest-1550504461-project-admin] PUT http://10.0.0.210/volume/v3/aac378df8c1049afb7a6d0023bca1253/os-services/freeze
Apr 14 00:05:05 user devstack@c-api.service[83270]: DEBUG cinder.api.openstack.wsgi [None req-9f694ed5-a28f-4a31-a24c-ebc45efe2250 tempest-VolumeServicesNegativeTest-1550504461 tempest-VolumeServicesNegativeTest-1550504461-project-admin] Action: 'update', calling method: update, body: {"host": "invalid_host"} {{(pid=83270) _process_stack /opt/stack/cinder/cinder/api/openstack/wsgi.py:866}}
Apr 14 00:05:05 user devstack@c-api.service[83269]: /usr/local/lib/python3.10/dist-packages/oslo_context/context.py:100: DeprecationWarning: Policy enforcement is depending on the value of is_admin. This key is deprecated. Please update your policy file to use the standard policy values.
Apr 14 00:05:05 user devstack@c-api.service[83269]: warnings.warn('Policy enforcement is depending on the value of '
Apr 14 00:05:05 user devstack@c-api.service[83270]: INFO cinder.api.openstack.wsgi [None req-9f694ed5-a28f-4a31-a24c-ebc45efe2250 tempest-VolumeServicesNegativeTest-1550504461 tempest-VolumeServicesNegativeTest-1550504461-project-admin] http://10.0.0.210/volume/v3/aac378df8c1049afb7a6d0023bca1253/os-services/freeze returned with HTTP 400
Apr 14 00:05:05 user devstack@c-api.service[83270]: [pid: 83270|app: 0|req: 54/161] 10.0.0.210 () {64 vars in 1344 bytes} [Fri Apr 14 00:05:05 2023] PUT /volume/v3/aac378df8c1049afb7a6d0023bca1253/os-services/freeze => generated 83 bytes in 55 msecs (HTTP/1.1 400) 7 headers in 293 bytes (1 switches on core 0)
Apr 14 00:05:05 user devstack@c-api.service[83269]: INFO cinder.volume.api [None req-2f4dcc23-dc7a-42ca-9838-c0fc33329ac8 tempest-GroupSnapshotsTest-1353205053 tempest-GroupSnapshotsTest-1353205053-project-member] Volume info retrieved successfully.
Apr 14 00:05:05 user devstack@c-api.service[83269]: WARNING stevedore.named [None req-2f4dcc23-dc7a-42ca-9838-c0fc33329ac8 tempest-GroupSnapshotsTest-1353205053 tempest-GroupSnapshotsTest-1353205053-project-member] Could not load cinder.keymgr.conf_key_mgr.ConfKeyManager
Apr 14 00:05:05 user devstack@c-api.service[83271]: DEBUG cinder.api.middleware.request_id [None req-90e17ec8-2a66-470a-82be-a997a6bca19e None None] RequestId filter calling following filter/app {{(pid=83271) _context_setter /opt/stack/cinder/cinder/api/middleware/request_id.py:62}}
Apr 14 00:05:05 user devstack@c-api.service[83269]: WARNING castellan.key_manager [None req-2f4dcc23-dc7a-42ca-9838-c0fc33329ac8 tempest-GroupSnapshotsTest-1353205053 tempest-GroupSnapshotsTest-1353205053-project-member] Deprecation Warning : cinder.keymgr.conf_key_mgr.ConfKeyManager is not a stevedore based driver, trying to load it as a class: stevedore.exception.NoMatches: No 'castellan.drivers' driver found, looking for 'cinder.keymgr.conf_key_mgr.ConfKeyManager'
Apr 14 00:05:05 user devstack@c-api.service[83271]: INFO cinder.api.openstack.wsgi [None req-90e17ec8-2a66-470a-82be-a997a6bca19e tempest-VolumeServicesNegativeTest-1550504461 tempest-VolumeServicesNegativeTest-1550504461-project-admin] PUT http://10.0.0.210/volume/v3/aac378df8c1049afb7a6d0023bca1253/os-services/thaw
Apr 14 00:05:05 user devstack@c-api.service[83271]: DEBUG cinder.api.openstack.wsgi [None req-90e17ec8-2a66-470a-82be-a997a6bca19e tempest-VolumeServicesNegativeTest-1550504461 tempest-VolumeServicesNegativeTest-1550504461-project-admin] Action: 'update', calling method: update, body: {"host": "invalid_host"} {{(pid=83271) _process_stack /opt/stack/cinder/cinder/api/openstack/wsgi.py:866}}
Apr 14 00:05:05 user devstack@c-api.service[83269]: DEBUG oslo_db.sqlalchemy.engines [None req-2f4dcc23-dc7a-42ca-9838-c0fc33329ac8 tempest-GroupSnapshotsTest-1353205053 tempest-GroupSnapshotsTest-1353205053-project-member] MySQL server mode set to STRICT_TRANS_TABLES,STRICT_ALL_TABLES,NO_ZERO_IN_DATE,NO_ZERO_DATE,ERROR_FOR_DIVISION_BY_ZERO,TRADITIONAL,NO_ENGINE_SUBSTITUTION {{(pid=83269) _check_effective_sql_mode /usr/local/lib/python3.10/dist-packages/oslo_db/sqlalchemy/engines.py:335}}
Apr 14 00:05:05 user devstack@c-api.service[83271]: INFO cinder.api.openstack.wsgi [None req-90e17ec8-2a66-470a-82be-a997a6bca19e tempest-VolumeServicesNegativeTest-1550504461 tempest-VolumeServicesNegativeTest-1550504461-project-admin] http://10.0.0.210/volume/v3/aac378df8c1049afb7a6d0023bca1253/os-services/thaw returned with HTTP 400
Apr 14 00:05:05 user devstack@c-api.service[83271]: [pid: 83271|app: 0|req: 58/162] 10.0.0.210 () {64 vars in 1338 bytes} [Fri Apr 14 00:05:05 2023] PUT /volume/v3/aac378df8c1049afb7a6d0023bca1253/os-services/thaw => generated 83 bytes in 31 msecs (HTTP/1.1 400) 7 headers in 293 bytes (1 switches on core 0)
Apr 14 00:05:05 user devstack@c-api.service[83269]: /usr/local/lib/python3.10/dist-packages/oslo_context/context.py:100: DeprecationWarning: Policy enforcement is depending on the value of is_admin. This key is deprecated. Please update your policy file to use the standard policy values.
Apr 14 00:05:05 user devstack@c-api.service[83269]: warnings.warn('Policy enforcement is depending on the value of '
Apr 14 00:05:05 user devstack@c-api.service[83269]: INFO cinder.api.openstack.wsgi [None req-2f4dcc23-dc7a-42ca-9838-c0fc33329ac8 tempest-GroupSnapshotsTest-1353205053 tempest-GroupSnapshotsTest-1353205053-project-member] http://10.0.0.210/volume/v3/d5cb49fad79f4c72a0b8b651b3849f7d/volumes/016572e1-35e3-4d29-9839-d3c83b43e831 returned with HTTP 200
Apr 14 00:05:05 user devstack@c-api.service[83269]: [pid: 83269|app: 0|req: 51/163] 10.0.0.210 () {64 vars in 1443 bytes} [Fri Apr 14 00:05:05 2023] GET /volume/v3/d5cb49fad79f4c72a0b8b651b3849f7d/volumes/016572e1-35e3-4d29-9839-d3c83b43e831 => generated 979 bytes in 105 msecs (HTTP/1.1 200) 7 headers in 286 bytes (1 switches on core 0)
Apr 14 00:05:05 user devstack@c-api.service[83270]: DEBUG cinder.api.middleware.request_id [None req-8068e488-3070-4783-8640-4ba12c93b14a None None] RequestId filter calling following filter/app {{(pid=83270) _context_setter /opt/stack/cinder/cinder/api/middleware/request_id.py:62}}
Apr 14 00:05:05 user devstack@c-api.service[83270]: INFO cinder.api.openstack.wsgi [None req-8068e488-3070-4783-8640-4ba12c93b14a tempest-GroupSnapshotsTest-1353205053 tempest-GroupSnapshotsTest-1353205053-project-member] POST http://10.0.0.210/volume/v3/d5cb49fad79f4c72a0b8b651b3849f7d/volumes
Apr 14 00:05:05 user devstack@c-api.service[83270]: DEBUG cinder.api.openstack.wsgi [None req-8068e488-3070-4783-8640-4ba12c93b14a tempest-GroupSnapshotsTest-1353205053 tempest-GroupSnapshotsTest-1353205053-project-member] Action: 'create', calling method: create, body: {"volume": {"name": "tempest-volume-2089430681", "volume_type": "c5a16547-c407-470d-9c87-bfb6a3839aee", "group_id": "cf2607ac-e80e-4b69-91d4-83bc07a15652", "size": 1}} {{(pid=83270) _process_stack /opt/stack/cinder/cinder/api/openstack/wsgi.py:866}}
Apr 14 00:05:05 user devstack@c-api.service[83270]: DEBUG cinder.api.v3.volumes [None req-8068e488-3070-4783-8640-4ba12c93b14a tempest-GroupSnapshotsTest-1353205053 tempest-GroupSnapshotsTest-1353205053-project-member] Create volume request body: {'volume': {'name': 'tempest-volume-2089430681', 'volume_type': 'c5a16547-c407-470d-9c87-bfb6a3839aee', 'group_id': 'cf2607ac-e80e-4b69-91d4-83bc07a15652', 'size': 1}} {{(pid=83270) create /opt/stack/cinder/cinder/api/v3/volumes.py:297}}
Apr 14 00:05:05 user devstack@c-api.service[83270]: /usr/local/lib/python3.10/dist-packages/oslo_context/context.py:100: DeprecationWarning: Policy enforcement is depending on the value of is_admin. This key is deprecated. Please update your policy file to use the standard policy values.
Apr 14 00:05:05 user devstack@c-api.service[83270]: warnings.warn('Policy enforcement is depending on the value of '
Apr 14 00:05:05 user devstack@c-api.service[83270]: INFO cinder.api.v3.volumes [None req-8068e488-3070-4783-8640-4ba12c93b14a tempest-GroupSnapshotsTest-1353205053 tempest-GroupSnapshotsTest-1353205053-project-member] Create volume of 1 GB
Apr 14 00:05:05 user devstack@c-api.service[83270]: INFO cinder.volume.api [None req-8068e488-3070-4783-8640-4ba12c93b14a tempest-GroupSnapshotsTest-1353205053 tempest-GroupSnapshotsTest-1353205053-project-member] Availability Zones retrieved successfully.
Apr 14 00:05:05 user devstack@c-api.service[83270]: DEBUG cinder.volume.api [None req-8068e488-3070-4783-8640-4ba12c93b14a tempest-GroupSnapshotsTest-1353205053 tempest-GroupSnapshotsTest-1353205053-project-member] Flow 'volume_create_api' (5c782775-5488-4d36-a1f6-74fbffa17666) transitioned into state 'RUNNING' from state 'PENDING' {{(pid=83270) _flow_receiver /usr/local/lib/python3.10/dist-packages/taskflow/listeners/logging.py:141}}
Apr 14 00:05:05 user devstack@c-api.service[83270]: DEBUG cinder.volume.api [None req-8068e488-3070-4783-8640-4ba12c93b14a tempest-GroupSnapshotsTest-1353205053 tempest-GroupSnapshotsTest-1353205053-project-member] Task 'cinder.volume.flows.api.create_volume.ExtractVolumeRequestTask;volume:create' (088c2e61-cfc8-4433-a83c-4949bb704480) transitioned into state 'RUNNING' from state 'PENDING' {{(pid=83270) _task_receiver /usr/local/lib/python3.10/dist-packages/taskflow/listeners/logging.py:190}}
Apr 14 00:05:05 user devstack@c-api.service[83270]: /usr/local/lib/python3.10/dist-packages/oslo_context/context.py:100: DeprecationWarning: Policy enforcement is depending on the value of is_admin. This key is deprecated. Please update your policy file to use the standard policy values.
Apr 14 00:05:05 user devstack@c-api.service[83270]: warnings.warn('Policy enforcement is depending on the value of '
Apr 14 00:05:05 user devstack@c-api.service[83270]: DEBUG cinder.volume.flows.api.create_volume [None req-8068e488-3070-4783-8640-4ba12c93b14a tempest-GroupSnapshotsTest-1353205053 tempest-GroupSnapshotsTest-1353205053-project-member] Validating volume size '1' using validate_int {{(pid=83270) _extract_size /opt/stack/cinder/cinder/volume/flows/api/create_volume.py:228}}
Apr 14 00:05:05 user devstack@c-api.service[83270]: DEBUG cinder.volume.api [None req-8068e488-3070-4783-8640-4ba12c93b14a tempest-GroupSnapshotsTest-1353205053 tempest-GroupSnapshotsTest-1353205053-project-member] Task 'cinder.volume.flows.api.create_volume.ExtractVolumeRequestTask;volume:create' (088c2e61-cfc8-4433-a83c-4949bb704480) transitioned into state 'SUCCESS' from state 'RUNNING' with result '{'size': 1, 'snapshot_id': None, 'source_volid': None, 'volume_type': VolumeType(created_at=2023-04-14T00:05:02Z,deleted=False,deleted_at=None,description=None,extra_specs={},id=c5a16547-c407-470d-9c87-bfb6a3839aee,is_public=True,name='tempest-GroupSnapshotsTest-volume-type-1526482602',projects=[],qos_specs=,qos_specs_id=None,updated_at=None), 'volume_type_id': 'c5a16547-c407-470d-9c87-bfb6a3839aee', 'encryption_key_id': None, 'qos_specs': None, 'consistencygroup_id': None, 'cgsnapshot_id': None, 'group_id': 'cf2607ac-e80e-4b69-91d4-83bc07a15652', 'replication_status': 'disabled', 'refresh_az': False, 'backup_id': None, 'multiattach': False, 'availability_zones': ['nova']}' {{(pid=83270) _task_receiver /usr/local/lib/python3.10/dist-packages/taskflow/listeners/logging.py:178}}
Apr 14 00:05:05 user devstack@c-api.service[83270]: DEBUG cinder.volume.api [None req-8068e488-3070-4783-8640-4ba12c93b14a tempest-GroupSnapshotsTest-1353205053 tempest-GroupSnapshotsTest-1353205053-project-member] Task 'cinder.volume.flows.api.create_volume.QuotaReserveTask;volume:create' (bb6574b5-2818-480b-8b0f-d274e487a27d) transitioned into state 'RUNNING' from state 'PENDING' {{(pid=83270) _task_receiver /usr/local/lib/python3.10/dist-packages/taskflow/listeners/logging.py:190}}
Apr 14 00:05:05 user devstack@c-api.service[83270]: WARNING cinder.quota [None req-8068e488-3070-4783-8640-4ba12c93b14a tempest-GroupSnapshotsTest-1353205053 tempest-GroupSnapshotsTest-1353205053-project-member] Deprecated: Default quota for resource: volumes_tempest-GroupSnapshotsTest-volume-type-1526482602 is set by the default quota flag: quota_volumes_tempest-GroupSnapshotsTest-volume-type-1526482602, it is now deprecated. Please use the default quota class for default quota.
Apr 14 00:05:05 user devstack@c-api.service[83270]: WARNING cinder.quota [None req-8068e488-3070-4783-8640-4ba12c93b14a tempest-GroupSnapshotsTest-1353205053 tempest-GroupSnapshotsTest-1353205053-project-member] Deprecated: Default quota for resource: gigabytes_tempest-GroupSnapshotsTest-volume-type-1526482602 is set by the default quota flag: quota_gigabytes_tempest-GroupSnapshotsTest-volume-type-1526482602, it is now deprecated. Please use the default quota class for default quota.
Apr 14 00:05:05 user devstack@c-api.service[83270]: DEBUG dbcounter [-] [83270] Writing DB stats cinder:SELECT=75,cinder:INSERT=12,cinder:UPDATE=13 {{(pid=83270) stat_writer /usr/local/lib/python3.10/dist-packages/dbcounter.py:117}}
Apr 14 00:05:05 user devstack@c-api.service[83270]: DEBUG cinder.quota [None req-8068e488-3070-4783-8640-4ba12c93b14a tempest-GroupSnapshotsTest-1353205053 tempest-GroupSnapshotsTest-1353205053-project-member] Created reservations ['9002ec1b-8a0e-4327-80b5-3107ec5366b8', '6a868727-f8e2-424d-9ee5-735472447832', '8cd8d013-0ebd-4320-86cc-5bb8b4de1738', '75cfa445-92fd-4ae4-8413-3cbefc74d251'] {{(pid=83270) reserve /opt/stack/cinder/cinder/quota.py:755}}
