Apr 13 23:54:55 user devstack@keystone.service[53904]: DEBUG keystone.server.flask.request_processing.req_logging [None req-3562a78c-a471-4bc0-9be5-dab40f5e213e None admin] REQUEST_METHOD: `GET` {{(pid=53904) log_request_info /opt/stack/keystone/keystone/server/flask/request_processing/req_logging.py:27}}
Apr 13 23:54:55 user devstack@keystone.service[53904]: DEBUG keystone.server.flask.request_processing.req_logging [None req-3562a78c-a471-4bc0-9be5-dab40f5e213e None admin] SCRIPT_NAME: `/identity` {{(pid=53904) log_request_info /opt/stack/keystone/keystone/server/flask/request_processing/req_logging.py:28}}
Apr 13 23:54:55 user devstack@keystone.service[53904]: DEBUG keystone.server.flask.request_processing.req_logging [None req-3562a78c-a471-4bc0-9be5-dab40f5e213e None admin] PATH_INFO: `/v3/roles` {{(pid=53904) log_request_info /opt/stack/keystone/keystone/server/flask/request_processing/req_logging.py:29}}
Apr 13 23:54:55 user devstack@keystone.service[53902]: DEBUG dbcounter [-] [53902] Writing DB stats keystone:SELECT=100 {{(pid=53902) stat_writer /usr/local/lib/python3.10/dist-packages/dbcounter.py:117}}
Apr 13 23:54:55 user devstack@keystone.service[53904]: DEBUG keystone.common.rbac_enforcer.enforcer [None req-3562a78c-a471-4bc0-9be5-dab40f5e213e None admin] RBAC: Adding query filter params (name=anotherrole) {{(pid=53904) _extract_filter_values /opt/stack/keystone/keystone/common/rbac_enforcer/enforcer.py:167}}
Apr 13 23:54:55 user devstack@keystone.service[53904]: DEBUG keystone.common.rbac_enforcer.enforcer [None req-3562a78c-a471-4bc0-9be5-dab40f5e213e None admin] RBAC: Authorizing `identity:list_roles()` {{(pid=53904) enforce_call /opt/stack/keystone/keystone/common/rbac_enforcer/enforcer.py:449}}
Apr 13 23:54:55 user devstack@keystone.service[53904]: DEBUG keystone.common.rbac_enforcer.enforcer [None req-3562a78c-a471-4bc0-9be5-dab40f5e213e None admin] RBAC: Authorization granted {{(pid=53904) enforce_call /opt/stack/keystone/keystone/common/rbac_enforcer/enforcer.py:457}}
Apr 13 23:54:55 user devstack@keystone.service[53904]: [pid: 53904|app: 0|req: 23/71] 10.0.0.210 () {56 vars in 1106 bytes} [Thu Apr 13 23:54:55 2023] GET /identity/v3/roles?name=anotherrole => generated 332 bytes in 129 msecs (HTTP/1.1 200) 5 headers in 177 bytes (1 switches on core 0)
Apr 13 23:54:55 user devstack@keystone.service[53904]: DEBUG keystone.server.flask.request_processing.middleware.auth_context [None req-3562a78c-a471-4bc0-9be5-dab40f5e213e None admin] Authenticating user token {{(pid=53904) process_request /usr/local/lib/python3.10/dist-packages/keystonemiddleware/auth_token/__init__.py:406}}
Apr 13 23:54:55 user devstack@keystone.service[53903]: DEBUG keystone.server.flask.request_processing.middleware.auth_context [None req-535e857b-4e21-4d09-9747-08a6909f0728 None admin] Validating token access rules against request {{(pid=53903) validate_allowed_request /usr/local/lib/python3.10/dist-packages/keystonemiddleware/auth_token/__init__.py:544}}
Apr 13 23:54:55 user devstack@keystone.service[53903]: DEBUG dbcounter [-] [53903] Writing DB stats keystone:SELECT=100 {{(pid=53903) stat_writer /usr/local/lib/python3.10/dist-packages/dbcounter.py:117}}
Apr 13 23:54:55 user devstack@keystone.service[53904]: DEBUG dbcounter [-] [53904] Writing DB stats keystone:SELECT=100 {{(pid=53904) stat_writer /usr/local/lib/python3.10/dist-packages/dbcounter.py:117}}
Apr 13 23:54:55 user devstack@keystone.service[53903]: DEBUG keystone.server.flask.request_processing.middleware.auth_context [None req-cd500570-5886-46a1-85c4-2978e0e9a728 None admin] RBAC: auth_context: {'token': , 'domain_id': None, 'trust_id': None, 'trustor_id': None, 'trustee_id': None, 'domain_name': None, 'group_ids': [], 'user_id': 'f325ccf29fd048568d7bfb0b1904cf8b', 'user_domain_id': 'default', 'system_scope': 'all', 'project_id': None, 'project_domain_id': None, 'roles': ['admin', 'member', 'reader'], 'is_admin_project': True, 'service_user_id': None, 'service_user_domain_id': None, 'service_project_id': None, 'service_project_domain_id': None, 'service_roles': []} {{(pid=53903) fill_context /opt/stack/keystone/keystone/server/flask/request_processing/middleware/auth_context.py:478}}
Apr 13 23:54:55 user devstack@keystone.service[53903]: DEBUG keystone.server.flask.request_processing.req_logging [None req-cd500570-5886-46a1-85c4-2978e0e9a728 None admin] REQUEST_METHOD: `GET` {{(pid=53903) log_request_info /opt/stack/keystone/keystone/server/flask/request_processing/req_logging.py:27}}
Apr 13 23:54:55 user devstack@keystone.service[53903]: DEBUG keystone.server.flask.request_processing.req_logging [None req-cd500570-5886-46a1-85c4-2978e0e9a728 None admin] SCRIPT_NAME: `/identity` {{(pid=53903) log_request_info /opt/stack/keystone/keystone/server/flask/request_processing/req_logging.py:28}}
Apr 13 23:54:55 user devstack@keystone.service[53903]: DEBUG keystone.server.flask.request_processing.req_logging [None req-cd500570-5886-46a1-85c4-2978e0e9a728 None admin] PATH_INFO: `/v3/users/f325ccf29fd048568d7bfb0b1904cf8b` {{(pid=53903) log_request_info /opt/stack/keystone/keystone/server/flask/request_processing/req_logging.py:29}}
Apr 13 23:54:55 user devstack@keystone.service[53903]: DEBUG keystone.common.rbac_enforcer.enforcer [None req-cd500570-5886-46a1-85c4-2978e0e9a728 None admin] RBAC: Authorizing `identity:get_user(user_id=f325ccf29fd048568d7bfb0b1904cf8b)` {{(pid=53903) enforce_call /opt/stack/keystone/keystone/common/rbac_enforcer/enforcer.py:449}}
Apr 13 23:54:55 user devstack@keystone.service[53903]: DEBUG keystone.common.rbac_enforcer.enforcer [None req-cd500570-5886-46a1-85c4-2978e0e9a728 None admin] RBAC: Authorization granted {{(pid=53903) enforce_call /opt/stack/keystone/keystone/common/rbac_enforcer/enforcer.py:457}}
Apr 13 23:54:55 user devstack@keystone.service[53903]: [pid: 53903|app: 0|req: 23/72] 10.0.0.210 () {56 vars in 1172 bytes} [Thu Apr 13 23:54:55 2023] GET /identity/v3/users/f325ccf29fd048568d7bfb0b1904cf8b => generated 246 bytes in 122 msecs (HTTP/1.1 200) 5 headers in 177 bytes (1 switches on core 0)
Apr 13 23:54:55 user devstack@keystone.service[53902]: DEBUG keystone.server.flask.request_processing.middleware.auth_context [None req-3f197e21-0858-4f0f-907a-dc948e7f3890 None None] Validating token access rules against request {{(pid=53902) validate_allowed_request /usr/local/lib/python3.10/dist-packages/keystonemiddleware/auth_token/__init__.py:544}}
Apr 13 23:54:55 user devstack@keystone.service[53903]: DEBUG keystone.server.flask.request_processing.middleware.auth_context [None req-cd500570-5886-46a1-85c4-2978e0e9a728 None admin] Authenticating user token {{(pid=53903) process_request /usr/local/lib/python3.10/dist-packages/keystonemiddleware/auth_token/__init__.py:406}}
Apr 13 23:54:55 user devstack@keystone.service[53902]: DEBUG keystone.server.flask.request_processing.middleware.auth_context [None req-d23dc5a2-09a7-4605-87c5-b75c0b938bb1 None admin] RBAC: auth_context: {'token': , 'domain_id': None, 'trust_id': None, 'trustor_id': None, 'trustee_id': None, 'domain_name': None, 'group_ids': [], 'user_id': 'f325ccf29fd048568d7bfb0b1904cf8b', 'user_domain_id': 'default', 'system_scope': 'all', 'project_id': None, 'project_domain_id': None, 'roles': ['admin', 'member', 'reader'], 'is_admin_project': True, 'service_user_id': None, 'service_user_domain_id': None, 'service_project_id': None, 'service_project_domain_id': None, 'service_roles': []} {{(pid=53902) fill_context /opt/stack/keystone/keystone/server/flask/request_processing/middleware/auth_context.py:478}}
Apr 13 23:54:55 user devstack@keystone.service[53902]: DEBUG keystone.server.flask.request_processing.req_logging [None req-d23dc5a2-09a7-4605-87c5-b75c0b938bb1 None admin] REQUEST_METHOD: `GET` {{(pid=53902) log_request_info /opt/stack/keystone/keystone/server/flask/request_processing/req_logging.py:27}}
Apr 13 23:54:55 user devstack@keystone.service[53902]: DEBUG keystone.server.flask.request_processing.req_logging [None req-d23dc5a2-09a7-4605-87c5-b75c0b938bb1 None admin] SCRIPT_NAME: `/identity` {{(pid=53902) log_request_info /opt/stack/keystone/keystone/server/flask/request_processing/req_logging.py:28}}
Apr 13 23:54:55 user devstack@keystone.service[53902]: DEBUG keystone.server.flask.request_processing.req_logging [None req-d23dc5a2-09a7-4605-87c5-b75c0b938bb1 None admin] PATH_INFO: `/v3/roles/member` {{(pid=53902) log_request_info /opt/stack/keystone/keystone/server/flask/request_processing/req_logging.py:29}}
Apr 13 23:54:55 user devstack@keystone.service[53904]: DEBUG keystone.server.flask.request_processing.middleware.auth_context [None req-3562a78c-a471-4bc0-9be5-dab40f5e213e None admin] Validating token access rules against request {{(pid=53904) validate_allowed_request /usr/local/lib/python3.10/dist-packages/keystonemiddleware/auth_token/__init__.py:544}}
Apr 13 23:54:55 user devstack@keystone.service[53902]: DEBUG keystone.common.rbac_enforcer.enforcer [None req-d23dc5a2-09a7-4605-87c5-b75c0b938bb1 None admin] Extracting inferred target data resulted in "NOT FOUND (404)". {{(pid=53902) enforce_call /opt/stack/keystone/keystone/common/rbac_enforcer/enforcer.py:409}}
Apr 13 23:54:55 user devstack@keystone.service[53902]: ERROR keystone.server.flask.application [None req-d23dc5a2-09a7-4605-87c5-b75c0b938bb1 None admin] Could not find role: member.: keystone.exception.RoleNotFound: Could not find role: member.
Apr 13 23:54:55 user devstack@keystone.service[53902]: ERROR keystone.server.flask.application
Traceback (most recent call last):
Apr 13 23:54:55 user devstack@keystone.service[53902]: ERROR keystone.server.flask.application
File "/usr/local/lib/python3.10/dist-packages/flask/app.py", line 1823, in full_dispatch_request
Apr 13 23:54:55 user devstack@keystone.service[53902]: ERROR keystone.server.flask.application rv = self.dispatch_request()
Apr 13 23:54:55 user devstack@keystone.service[53902]: ERROR keystone.server.flask.application
File "/usr/local/lib/python3.10/dist-packages/flask/app.py", line 1799, in dispatch_request
Apr 13 23:54:55 user devstack@keystone.service[53902]: ERROR keystone.server.flask.application return self.ensure_sync(self.view_functions[rule.endpoint])(**view_args)
Apr 13 23:54:55 user devstack@keystone.service[53902]: ERROR keystone.server.flask.application
File "/usr/local/lib/python3.10/dist-packages/flask_restful/__init__.py", line 467, in wrapper
Apr 13 23:54:55 user devstack@keystone.service[53902]: ERROR keystone.server.flask.application resp = resource(*args, **kwargs)
Apr 13 23:54:55 user devstack@keystone.service[53902]: ERROR keystone.server.flask.application
File "/usr/local/lib/python3.10/dist-packages/flask/views.py", line 107, in view
Apr 13 23:54:55 user devstack@keystone.service[53902]: ERROR keystone.server.flask.application return current_app.ensure_sync(self.dispatch_request)(**kwargs)
Apr 13 23:54:55 user devstack@keystone.service[53902]: ERROR keystone.server.flask.application
File "/usr/local/lib/python3.10/dist-packages/flask_restful/__init__.py", line 582, in dispatch_request
Apr 13 23:54:55 user devstack@keystone.service[53902]: ERROR keystone.server.flask.application resp = meth(*args, **kwargs)
Apr 13 23:54:55 user devstack@keystone.service[53902]: ERROR keystone.server.flask.application
File "/opt/stack/keystone/keystone/api/roles.py", line 50, in get
Apr 13 23:54:55 user devstack@keystone.service[53902]: ERROR keystone.server.flask.application return self._get_role(role_id)
Apr 13 23:54:55 user devstack@keystone.service[53902]: ERROR keystone.server.flask.application
File "/opt/stack/keystone/keystone/api/roles.py", line 70, in _get_role
Apr 13 23:54:55 user devstack@keystone.service[53902]: ERROR keystone.server.flask.application ENFORCER.enforce_call(action='identity:get_role')
Apr 13 23:54:55 user devstack@keystone.service[53902]: ERROR keystone.server.flask.application
File "/opt/stack/keystone/keystone/common/rbac_enforcer/enforcer.py", line 402, in enforce_call
Apr 13 23:54:55 user devstack@keystone.service[53902]: ERROR keystone.server.flask.application policy_dict.update(cls._extract_member_target_data(
Apr 13 23:54:55 user devstack@keystone.service[53902]: ERROR keystone.server.flask.application
File "/opt/stack/keystone/keystone/common/rbac_enforcer/enforcer.py", line 234, in _extract_member_target_data
Apr 13 23:54:55 user devstack@keystone.service[53902]: ERROR keystone.server.flask.application member_name: func(flask.request.view_args[key])
Apr 13 23:54:55 user devstack@keystone.service[53902]: ERROR keystone.server.flask.application
File "/opt/stack/keystone/keystone/common/manager.py", line 115, in wrapped
Apr 13 23:54:55 user devstack@keystone.service[53902]: ERROR keystone.server.flask.application __ret_val = __f(*args, **kwargs)
Apr 13 23:54:55 user devstack@keystone.service[53902]: ERROR keystone.server.flask.application
File "/usr/local/lib/python3.10/dist-packages/decorator.py", line 232, in fun
Apr 13 23:54:55 user devstack@keystone.service[53902]: ERROR keystone.server.flask.application return caller(func, *(extras + args), **kw)
Apr 13 23:54:55 user devstack@keystone.service[53902]: ERROR keystone.server.flask.application
File "/usr/local/lib/python3.10/dist-packages/dogpile/cache/region.py", line 1577, in get_or_create_for_user_func
Apr 13 23:54:55 user devstack@keystone.service[53902]: ERROR keystone.server.flask.application return self.get_or_create(
Apr 13 23:54:55 user devstack@keystone.service[53902]: ERROR keystone.server.flask.application
File "/usr/local/lib/python3.10/dist-packages/dogpile/cache/region.py", line 1042, in get_or_create
Apr 13 23:54:55 user devstack@keystone.service[53902]: ERROR keystone.server.flask.application with Lock(
Apr 13 23:54:55 user devstack@keystone.service[53902]: ERROR keystone.server.flask.application
File "/usr/local/lib/python3.10/dist-packages/dogpile/lock.py", line 185, in __enter__
Apr 13 23:54:55 user devstack@keystone.service[53902]: ERROR keystone.server.flask.application return self._enter()
Apr 13 23:54:55 user devstack@keystone.service[53902]: ERROR keystone.server.flask.application
File "/usr/local/lib/python3.10/dist-packages/dogpile/lock.py", line 94, in _enter
Apr 13 23:54:55 user devstack@keystone.service[53902]: ERROR keystone.server.flask.application generated = self._enter_create(value, createdtime)
Apr 13 23:54:55 user devstack@keystone.service[53902]: ERROR keystone.server.flask.application
File "/usr/local/lib/python3.10/dist-packages/dogpile/lock.py", line 178, in _enter_create
Apr 13 23:54:55 user devstack@keystone.service[53902]: ERROR keystone.server.flask.application return self.creator()
Apr 13 23:54:55 user devstack@keystone.service[53902]: ERROR keystone.server.flask.application
File "/usr/local/lib/python3.10/dist-packages/dogpile/cache/region.py", line 995, in gen_value
Apr 13 23:54:55 user devstack@keystone.service[53902]: ERROR keystone.server.flask.application created_value = creator(
Apr 13 23:54:55 user devstack@keystone.service[53902]: ERROR keystone.server.flask.application
File "/opt/stack/keystone/keystone/assignment/core.py", line 1276, in get_role
Apr 13 23:54:55 user devstack@keystone.service[53902]: ERROR keystone.server.flask.application return self.driver.get_role(role_id)
Apr 13 23:54:55 user devstack@keystone.service[53902]: ERROR keystone.server.flask.application
File "/opt/stack/keystone/keystone/assignment/role_backends/sql.py", line 70, in get_role
Apr 13 23:54:55 user devstack@keystone.service[53902]: ERROR keystone.server.flask.application return self._get_role(session, role_id).to_dict()
Apr 13 23:54:55 user devstack@keystone.service[53902]: ERROR keystone.server.flask.application
File "/opt/stack/keystone/keystone/assignment/role_backends/sql.py", line 65, in _get_role
Apr 13 23:54:55 user devstack@keystone.service[53902]: ERROR keystone.server.flask.application raise exception.RoleNotFound(role_id=role_id)
Apr 13 23:54:55 user devstack@keystone.service[53902]: ERROR keystone.server.flask.application keystone.exception.RoleNotFound: Could not find role: member.
Apr 13 23:54:55 user devstack@keystone.service[53902]: ERROR keystone.server.flask.application
Apr 13 23:54:55 user devstack@keystone.service[53902]: [pid: 53902|app: 0|req: 27/73] 10.0.0.210 () {56 vars in 1094 bytes} [Thu Apr 13 23:54:55 2023] GET /identity/v3/roles/member => generated 84 bytes in 140 msecs (HTTP/1.1 404) 5 headers in 183 bytes (1 switches on core 0)
Apr 13 23:54:55 user devstack@keystone.service[53902]: DEBUG keystone.server.flask.request_processing.middleware.auth_context [None req-d23dc5a2-09a7-4605-87c5-b75c0b938bb1 None admin] Authenticating user token {{(pid=53902) process_request /usr/local/lib/python3.10/dist-packages/keystonemiddleware/auth_token/__init__.py:406}}
Apr 13 23:54:55 user devstack@keystone.service[53904]: DEBUG keystone.server.flask.request_processing.middleware.auth_context [None req-40584d95-6f7a-42ad-a142-14b9e61fdd92 None admin] RBAC: auth_context: {'token': , 'domain_id': None, 'trust_id': None, 'trustor_id': None, 'trustee_id': None, 'domain_name': None, 'group_ids': [], 'user_id': 'f325ccf29fd048568d7bfb0b1904cf8b', 'user_domain_id': 'default', 'system_scope': 'all', 'project_id': None, 'project_domain_id': None, 'roles': ['admin', 'member', 'reader'], 'is_admin_project': True, 'service_user_id': None, 'service_user_domain_id': None, 'service_project_id': None, 'service_project_domain_id': None, 'service_roles': []} {{(pid=53904) fill_context /opt/stack/keystone/keystone/server/flask/request_processing/middleware/auth_context.py:478}}
Apr 13 23:54:55 user devstack@keystone.service[53904]: DEBUG keystone.server.flask.request_processing.req_logging [None req-40584d95-6f7a-42ad-a142-14b9e61fdd92 None admin] REQUEST_METHOD: `GET` {{(pid=53904) log_request_info /opt/stack/keystone/keystone/server/flask/request_processing/req_logging.py:27}}
Apr 13 23:54:55 user devstack@keystone.service[53904]: DEBUG keystone.server.flask.request_processing.req_logging [None req-40584d95-6f7a-42ad-a142-14b9e61fdd92 None admin] SCRIPT_NAME: `/identity` {{(pid=53904) log_request_info /opt/stack/keystone/keystone/server/flask/request_processing/req_logging.py:28}}
Apr 13 23:54:55 user devstack@keystone.service[53904]: DEBUG keystone.server.flask.request_processing.req_logging [None req-40584d95-6f7a-42ad-a142-14b9e61fdd92 None admin] PATH_INFO: `/v3/projects/e5bda3e963c84d71b0ca9d7ad138388b` {{(pid=53904) log_request_info /opt/stack/keystone/keystone/server/flask/request_processing/req_logging.py:29}}
Apr 13 23:54:55 user devstack@keystone.service[53904]: DEBUG keystone.common.rbac_enforcer.enforcer [None req-40584d95-6f7a-42ad-a142-14b9e61fdd92 None admin] RBAC: Authorizing `identity:get_project(project_id=e5bda3e963c84d71b0ca9d7ad138388b)` {{(pid=53904) enforce_call /opt/stack/keystone/keystone/common/rbac_enforcer/enforcer.py:449}}
Apr 13 23:54:55 user devstack@keystone.service[53904]: DEBUG keystone.common.rbac_enforcer.enforcer [None req-40584d95-6f7a-42ad-a142-14b9e61fdd92 None admin] RBAC: Authorization granted {{(pid=53904) enforce_call /opt/stack/keystone/keystone/common/rbac_enforcer/enforcer.py:457}}
Apr 13 23:54:55 user devstack@keystone.service[53904]: [pid: 53904|app: 0|req: 24/74] 10.0.0.210 () {56 vars in 1181 bytes} [Thu Apr 13 23:54:55 2023] GET /identity/v3/projects/e5bda3e963c84d71b0ca9d7ad138388b => generated 297 bytes in 125 msecs (HTTP/1.1 200) 5 headers in 177 bytes (1 switches on core 0)
Apr 13 23:54:55 user devstack@keystone.service[53904]: DEBUG keystone.server.flask.request_processing.middleware.auth_context [None req-40584d95-6f7a-42ad-a142-14b9e61fdd92 None admin] Authenticating user token {{(pid=53904) process_request /usr/local/lib/python3.10/dist-packages/keystonemiddleware/auth_token/__init__.py:406}}
Apr 13 23:54:55 user devstack@keystone.service[53903]: DEBUG keystone.server.flask.request_processing.middleware.auth_context [None req-cd500570-5886-46a1-85c4-2978e0e9a728 None admin] Validating token access rules against request {{(pid=53903) validate_allowed_request /usr/local/lib/python3.10/dist-packages/keystonemiddleware/auth_token/__init__.py:544}}
Apr 13 23:54:55 user devstack@keystone.service[53903]: DEBUG keystone.server.flask.request_processing.middleware.auth_context [None req-817af768-361a-407c-910d-1ede7f4f0a37 None admin] RBAC: auth_context: {'token': , 'domain_id': None, 'trust_id': None, 'trustor_id': None, 'trustee_id': None, 'domain_name': None, 'group_ids': [], 'user_id': 'f325ccf29fd048568d7bfb0b1904cf8b', 'user_domain_id': 'default', 'system_scope': 'all', 'project_id': None, 'project_domain_id': None, 'roles': ['admin', 'member', 'reader'], 'is_admin_project': True, 'service_user_id': None, 'service_user_domain_id': None, 'service_project_id': None, 'service_project_domain_id': None, 'service_roles': []} {{(pid=53903) fill_context /opt/stack/keystone/keystone/server/flask/request_processing/middleware/auth_context.py:478}}
Apr 13 23:54:55 user devstack@keystone.service[53903]: DEBUG keystone.server.flask.request_processing.req_logging [None req-817af768-361a-407c-910d-1ede7f4f0a37 None admin] REQUEST_METHOD: `GET` {{(pid=53903) log_request_info /opt/stack/keystone/keystone/server/flask/request_processing/req_logging.py:27}}
Apr 13 23:54:55 user devstack@keystone.service[53903]: DEBUG keystone.server.flask.request_processing.req_logging [None req-817af768-361a-407c-910d-1ede7f4f0a37 None admin] SCRIPT_NAME: `/identity` {{(pid=53903) log_request_info /opt/stack/keystone/keystone/server/flask/request_processing/req_logging.py:28}}
Apr 13 23:54:55 user devstack@keystone.service[53903]: DEBUG keystone.server.flask.request_processing.req_logging [None req-817af768-361a-407c-910d-1ede7f4f0a37 None admin] PATH_INFO: `/v3/users/14542928885945f1acb2e81c817da916` {{(pid=53903) log_request_info /opt/stack/keystone/keystone/server/flask/request_processing/req_logging.py:29}}
Apr 13 23:54:55 user devstack@keystone.service[53903]: DEBUG keystone.common.rbac_enforcer.enforcer [None req-817af768-361a-407c-910d-1ede7f4f0a37 None admin] RBAC: Authorizing `identity:get_user(user_id=14542928885945f1acb2e81c817da916)` {{(pid=53903) enforce_call /opt/stack/keystone/keystone/common/rbac_enforcer/enforcer.py:449}}
Apr 13 23:54:55 user devstack@keystone.service[53903]: DEBUG keystone.common.rbac_enforcer.enforcer [None req-817af768-361a-407c-910d-1ede7f4f0a37 None admin] RBAC: Authorization granted {{(pid=53903) enforce_call /opt/stack/keystone/keystone/common/rbac_enforcer/enforcer.py:457}}
Apr 13 23:54:55 user devstack@keystone.service[53903]: [pid: 53903|app: 0|req: 24/75] 10.0.0.210 () {56 vars in 1172 bytes} [Thu Apr 13 23:54:55 2023] GET /identity/v3/users/14542928885945f1acb2e81c817da916 => generated 274 bytes in 122 msecs (HTTP/1.1 200) 5 headers in 177 bytes (1 switches on core 0)
Apr 13 23:54:55 user devstack@keystone.service[53903]: DEBUG keystone.server.flask.request_processing.middleware.auth_context [None req-817af768-361a-407c-910d-1ede7f4f0a37 None admin] Authenticating user token {{(pid=53903) process_request /usr/local/lib/python3.10/dist-packages/keystonemiddleware/auth_token/__init__.py:406}}
Apr 13 23:54:55 user devstack@keystone.service[53902]: DEBUG dbcounter [-] [53902] Writing DB stats keystone:SELECT=100 {{(pid=53902) stat_writer /usr/local/lib/python3.10/dist-packages/dbcounter.py:117}}
Apr 13 23:54:55 user devstack@keystone.service[53902]: DEBUG keystone.server.flask.request_processing.middleware.auth_context [None req-d23dc5a2-09a7-4605-87c5-b75c0b938bb1 None admin] Validating token access rules against request {{(pid=53902) validate_allowed_request /usr/local/lib/python3.10/dist-packages/keystonemiddleware/auth_token/__init__.py:544}}
Apr 13 23:54:55 user devstack@keystone.service[53904]: DEBUG dbcounter [-] [53904] Writing DB stats keystone:SELECT=100 {{(pid=53904) stat_writer /usr/local/lib/python3.10/dist-packages/dbcounter.py:117}}
Apr 13 23:54:55 user devstack@keystone.service[53903]: DEBUG dbcounter [-] [53903] Writing DB stats keystone:SELECT=100 {{(pid=53903) stat_writer /usr/local/lib/python3.10/dist-packages/dbcounter.py:117}}
Apr 13 23:54:55 user devstack@keystone.service[53902]: DEBUG keystone.server.flask.request_processing.middleware.auth_context [None req-72049687-90e7-4791-8558-8cd96bb2fbc2 None admin] RBAC: auth_context: {'token': , 'domain_id': None, 'trust_id': None, 'trustor_id': None, 'trustee_id': None, 'domain_name': None, 'group_ids': [], 'user_id': 'f325ccf29fd048568d7bfb0b1904cf8b', 'user_domain_id': 'default', 'system_scope': 'all', 'project_id': None, 'project_domain_id': None, 'roles': ['admin', 'member', 'reader'], 'is_admin_project': True, 'service_user_id': None, 'service_user_domain_id': None, 'service_project_id': None, 'service_project_domain_id': None, 'service_roles': []} {{(pid=53902) fill_context /opt/stack/keystone/keystone/server/flask/request_processing/middleware/auth_context.py:478}}
Apr 13 23:54:55 user devstack@keystone.service[53902]: DEBUG keystone.server.flask.request_processing.req_logging [None req-72049687-90e7-4791-8558-8cd96bb2fbc2 None admin] REQUEST_METHOD: `GET` {{(pid=53902) log_request_info /opt/stack/keystone/keystone/server/flask/request_processing/req_logging.py:27}}
Apr 13 23:54:55 user devstack@keystone.service[53902]: DEBUG keystone.server.flask.request_processing.req_logging [None req-72049687-90e7-4791-8558-8cd96bb2fbc2 None admin] SCRIPT_NAME: `/identity` {{(pid=53902) log_request_info /opt/stack/keystone/keystone/server/flask/request_processing/req_logging.py:28}}
Apr 13 23:54:55 user devstack@keystone.service[53902]: DEBUG keystone.server.flask.request_processing.req_logging [None req-72049687-90e7-4791-8558-8cd96bb2fbc2 None admin] PATH_INFO: `/v3/projects/e5bda3e963c84d71b0ca9d7ad138388b` {{(pid=53902) log_request_info /opt/stack/keystone/keystone/server/flask/request_processing/req_logging.py:29}}
Apr 13 23:54:55 user devstack@keystone.service[53904]: DEBUG keystone.server.flask.request_processing.middleware.auth_context [None req-40584d95-6f7a-42ad-a142-14b9e61fdd92 None admin] Validating token access rules against request {{(pid=53904) validate_allowed_request /usr/local/lib/python3.10/dist-packages/keystonemiddleware/auth_token/__init__.py:544}}
Apr 13 23:54:55 user devstack@keystone.service[53902]: DEBUG keystone.common.rbac_enforcer.enforcer [None req-72049687-90e7-4791-8558-8cd96bb2fbc2 None admin] RBAC: Authorizing `identity:get_project(project_id=e5bda3e963c84d71b0ca9d7ad138388b)` {{(pid=53902) enforce_call /opt/stack/keystone/keystone/common/rbac_enforcer/enforcer.py:449}}
Apr 13 23:54:55 user devstack@keystone.service[53902]: DEBUG keystone.common.rbac_enforcer.enforcer [None req-72049687-90e7-4791-8558-8cd96bb2fbc2 None admin] RBAC: Authorization granted {{(pid=53902) enforce_call /opt/stack/keystone/keystone/common/rbac_enforcer/enforcer.py:457}}
Apr 13 23:54:55 user devstack@keystone.service[53902]: [pid: 53902|app: 0|req: 28/76] 10.0.0.210 () {56 vars in 1181 bytes} [Thu Apr 13 23:54:55 2023] GET /identity/v3/projects/e5bda3e963c84d71b0ca9d7ad138388b => generated 297 bytes in 126 msecs (HTTP/1.1 200) 5 headers in 177 bytes (1 switches on core 0)
Apr 13 23:54:55 user devstack@keystone.service[53902]: DEBUG keystone.server.flask.request_processing.middleware.auth_context [None req-72049687-90e7-4791-8558-8cd96bb2fbc2 None admin] Authenticating user token {{(pid=53902) process_request /usr/local/lib/python3.10/dist-packages/keystonemiddleware/auth_token/__init__.py:406}}
Apr 13 23:54:55 user devstack@keystone.service[53904]: DEBUG keystone.server.flask.request_processing.middleware.auth_context [None req-4961544d-8b22-4465-aebc-9f59ded4ab64 None admin] RBAC: auth_context: {'token': , 'domain_id': None, 'trust_id': None, 'trustor_id': None, 'trustee_id': None, 'domain_name': None, 'group_ids': [], 'user_id': 'f325ccf29fd048568d7bfb0b1904cf8b', 'user_domain_id': 'default', 'system_scope': 'all', 'project_id': None, 'project_domain_id': None, 'roles': ['admin', 'member', 'reader'], 'is_admin_project': True, 'service_user_id': None, 'service_user_domain_id': None, 'service_project_id': None, 'service_project_domain_id': None, 'service_roles': []} {{(pid=53904) fill_context /opt/stack/keystone/keystone/server/flask/request_processing/middleware/auth_context.py:478}}
Apr 13 23:54:55 user devstack@keystone.service[53904]: DEBUG keystone.server.flask.request_processing.req_logging [None req-4961544d-8b22-4465-aebc-9f59ded4ab64 None admin] REQUEST_METHOD: `GET` {{(pid=53904) log_request_info /opt/stack/keystone/keystone/server/flask/request_processing/req_logging.py:27}}
Apr 13 23:54:55 user devstack@keystone.service[53904]: DEBUG keystone.server.flask.request_processing.req_logging [None req-4961544d-8b22-4465-aebc-9f59ded4ab64 None admin] SCRIPT_NAME: `/identity` {{(pid=53904) log_request_info /opt/stack/keystone/keystone/server/flask/request_processing/req_logging.py:28}}
Apr 13 23:54:55 user devstack@keystone.service[53904]: DEBUG keystone.server.flask.request_processing.req_logging [None req-4961544d-8b22-4465-aebc-9f59ded4ab64 None admin] PATH_INFO: `/v3/roles` {{(pid=53904) log_request_info /opt/stack/keystone/keystone/server/flask/request_processing/req_logging.py:29}}
Apr 13 23:54:55 user devstack@keystone.service[53904]: DEBUG keystone.common.rbac_enforcer.enforcer [None req-4961544d-8b22-4465-aebc-9f59ded4ab64 None admin] RBAC: Adding query filter params (name=member) {{(pid=53904) _extract_filter_values /opt/stack/keystone/keystone/common/rbac_enforcer/enforcer.py:167}}
Apr 13 23:54:55 user devstack@keystone.service[53904]: DEBUG keystone.common.rbac_enforcer.enforcer [None req-4961544d-8b22-4465-aebc-9f59ded4ab64 None admin] RBAC: Authorizing `identity:list_roles()` {{(pid=53904) enforce_call /opt/stack/keystone/keystone/common/rbac_enforcer/enforcer.py:449}}
Apr 13 23:54:55 user devstack@keystone.service[53904]: DEBUG keystone.common.rbac_enforcer.enforcer [None req-4961544d-8b22-4465-aebc-9f59ded4ab64 None admin] RBAC: Authorization granted {{(pid=53904) enforce_call /opt/stack/keystone/keystone/common/rbac_enforcer/enforcer.py:457}}
Apr 13 23:54:55 user devstack@keystone.service[53903]: DEBUG keystone.server.flask.request_processing.middleware.auth_context [None req-817af768-361a-407c-910d-1ede7f4f0a37 None admin] Validating token access rules against request {{(pid=53903) validate_allowed_request /usr/local/lib/python3.10/dist-packages/keystonemiddleware/auth_token/__init__.py:544}}
Apr 13 23:54:55 user devstack@keystone.service[53904]: [pid: 53904|app: 0|req: 25/77] 10.0.0.210 () {56 vars in 1096 bytes} [Thu Apr 13 23:54:55 2023] GET /identity/v3/roles?name=member => generated 339 bytes in 138 msecs (HTTP/1.1 200) 5 headers in 177 bytes (1 switches on core 0)
Apr 13 23:54:55 user devstack@keystone.service[53904]: DEBUG keystone.server.flask.request_processing.middleware.auth_context [None req-4961544d-8b22-4465-aebc-9f59ded4ab64 None admin] Authenticating user token {{(pid=53904) process_request /usr/local/lib/python3.10/dist-packages/keystonemiddleware/auth_token/__init__.py:406}}
Apr 13 23:54:55 user devstack@keystone.service[53903]: DEBUG keystone.server.flask.request_processing.middleware.auth_context [None req-8f741e9c-1ad9-4bad-9fa3-4c1319453022 None admin] RBAC: auth_context: {'token': , 'domain_id': None, 'trust_id': None, 'trustor_id': None, 'trustee_id': None, 'domain_name': None, 'group_ids': [], 'user_id': 'f325ccf29fd048568d7bfb0b1904cf8b', 'user_domain_id': 'default', 'system_scope': 'all', 'project_id': None, 'project_domain_id': None, 'roles': ['admin', 'member', 'reader'], 'is_admin_project': True, 'service_user_id': None, 'service_user_domain_id': None, 'service_project_id': None, 'service_project_domain_id': None, 'service_roles': []} {{(pid=53903) fill_context /opt/stack/keystone/keystone/server/flask/request_processing/middleware/auth_context.py:478}}
Apr 13 23:54:55 user devstack@keystone.service[53903]: DEBUG keystone.server.flask.request_processing.req_logging [None req-8f741e9c-1ad9-4bad-9fa3-4c1319453022 None admin] REQUEST_METHOD: `PUT` {{(pid=53903) log_request_info /opt/stack/keystone/keystone/server/flask/request_processing/req_logging.py:27}}
Apr 13 23:54:55 user devstack@keystone.service[53903]: DEBUG keystone.server.flask.request_processing.req_logging [None req-8f741e9c-1ad9-4bad-9fa3-4c1319453022 None admin] SCRIPT_NAME: `/identity` {{(pid=53903) log_request_info /opt/stack/keystone/keystone/server/flask/request_processing/req_logging.py:28}}
Apr 13 23:54:55 user devstack@keystone.service[53903]: DEBUG keystone.server.flask.request_processing.req_logging [None req-8f741e9c-1ad9-4bad-9fa3-4c1319453022 None admin] PATH_INFO: `/v3/projects/e5bda3e963c84d71b0ca9d7ad138388b/users/14542928885945f1acb2e81c817da916/roles/da50505a056e49c8ba6eb73a2455617c` {{(pid=53903) log_request_info /opt/stack/keystone/keystone/server/flask/request_processing/req_logging.py:29}}
Apr 13 23:54:55 user devstack@keystone.service[53903]: DEBUG keystone.common.rbac_enforcer.enforcer [None req-8f741e9c-1ad9-4bad-9fa3-4c1319453022 None admin] RBAC: Authorizing `identity:create_grant(project_id=e5bda3e963c84d71b0ca9d7ad138388b, user_id=14542928885945f1acb2e81c817da916, role_id=da50505a056e49c8ba6eb73a2455617c)` {{(pid=53903) enforce_call /opt/stack/keystone/keystone/common/rbac_enforcer/enforcer.py:449}}
Apr 13 23:54:55 user devstack@keystone.service[53903]: DEBUG keystone.common.rbac_enforcer.enforcer [None req-8f741e9c-1ad9-4bad-9fa3-4c1319453022 None admin] RBAC: Authorization granted {{(pid=53903) enforce_call /opt/stack/keystone/keystone/common/rbac_enforcer/enforcer.py:457}}
Apr 13 23:54:55 user devstack@keystone.service[53902]: DEBUG keystone.server.flask.request_processing.middleware.auth_context [None req-72049687-90e7-4791-8558-8cd96bb2fbc2 None admin] Validating token access rules against request {{(pid=53902) validate_allowed_request /usr/local/lib/python3.10/dist-packages/keystonemiddleware/auth_token/__init__.py:544}}
Apr 13 23:54:55 user devstack@keystone.service[53903]: [pid: 53903|app: 0|req: 25/78] 10.0.0.210 () {58 vars in 1434 bytes} [Thu Apr 13 23:54:55 2023] PUT /identity/v3/projects/e5bda3e963c84d71b0ca9d7ad138388b/users/14542928885945f1acb2e81c817da916/roles/da50505a056e49c8ba6eb73a2455617c => generated 0 bytes in 144 msecs (HTTP/1.1 204) 3 headers in 132 bytes (0 switches on core 0)
Apr 13 23:54:55 user devstack@keystone.service[53903]: DEBUG keystone.server.flask.request_processing.middleware.auth_context [None req-8f741e9c-1ad9-4bad-9fa3-4c1319453022 None admin] Authenticating user token {{(pid=53903) process_request /usr/local/lib/python3.10/dist-packages/keystonemiddleware/auth_token/__init__.py:406}}
Apr 13 23:54:55 user devstack@keystone.service[53902]: DEBUG keystone.server.flask.request_processing.middleware.auth_context [None req-336f4bb2-7872-4945-9376-cd2d2ceb3df2 None admin] RBAC: auth_context: {'token': , 'domain_id': None, 'trust_id': None, 'trustor_id': None, 'trustee_id': None, 'domain_name': None, 'group_ids': [], 'user_id': 'f325ccf29fd048568d7bfb0b1904cf8b', 'user_domain_id': 'default', 'system_scope': 'all', 'project_id': None, 'project_domain_id': None, 'roles': ['admin', 'member', 'reader'], 'is_admin_project': True, 'service_user_id': None, 'service_user_domain_id': None, 'service_project_id': None, 'service_project_domain_id': None, 'service_roles': []} {{(pid=53902) fill_context /opt/stack/keystone/keystone/server/flask/request_processing/middleware/auth_context.py:478}}
Apr 13 23:54:55 user devstack@keystone.service[53902]: DEBUG keystone.server.flask.request_processing.req_logging [None req-336f4bb2-7872-4945-9376-cd2d2ceb3df2 None admin] REQUEST_METHOD: `GET` {{(pid=53902) log_request_info /opt/stack/keystone/keystone/server/flask/request_processing/req_logging.py:27}}
Apr 13 23:54:55 user devstack@keystone.service[53902]: DEBUG keystone.server.flask.request_processing.req_logging [None req-336f4bb2-7872-4945-9376-cd2d2ceb3df2 None admin] SCRIPT_NAME: `/identity` {{(pid=53902) log_request_info /opt/stack/keystone/keystone/server/flask/request_processing/req_logging.py:28}}
Apr 13 23:54:55 user devstack@keystone.service[53902]: DEBUG keystone.server.flask.request_processing.req_logging [None req-336f4bb2-7872-4945-9376-cd2d2ceb3df2 None admin] PATH_INFO: `/v3/domains/default` {{(pid=53902) log_request_info /opt/stack/keystone/keystone/server/flask/request_processing/req_logging.py:29}}
Apr 13 23:54:55 user devstack@keystone.service[53902]: DEBUG keystone.common.rbac_enforcer.enforcer [None req-336f4bb2-7872-4945-9376-cd2d2ceb3df2 None admin] RBAC: Authorizing `identity:get_domain(domain_id=default)` {{(pid=53902) enforce_call /opt/stack/keystone/keystone/common/rbac_enforcer/enforcer.py:449}}
Apr 13 23:54:55 user devstack@keystone.service[53902]: DEBUG keystone.common.rbac_enforcer.enforcer [None req-336f4bb2-7872-4945-9376-cd2d2ceb3df2 None admin] RBAC: Authorization granted {{(pid=53902) enforce_call /opt/stack/keystone/keystone/common/rbac_enforcer/enforcer.py:457}}
Apr 13 23:54:55 user devstack@keystone.service[53902]: [pid: 53902|app: 0|req: 29/79] 10.0.0.210 () {56 vars in 1103 bytes} [Thu Apr 13 23:54:55 2023] GET /identity/v3/domains/default => generated 198 bytes in 124 msecs (HTTP/1.1 200) 5 headers in 177 bytes (1 switches on core 0)
Apr 13 23:54:55 user devstack@keystone.service[53902]: DEBUG keystone.server.flask.request_processing.middleware.auth_context [None req-336f4bb2-7872-4945-9376-cd2d2ceb3df2 None admin] Authenticating user token {{(pid=53902) process_request /usr/local/lib/python3.10/dist-packages/keystonemiddleware/auth_token/__init__.py:406}}
Apr 13 23:54:55 user devstack@keystone.service[53904]: DEBUG keystone.server.flask.request_processing.middleware.auth_context [None req-4961544d-8b22-4465-aebc-9f59ded4ab64 None admin] Validating token access rules against request {{(pid=53904) validate_allowed_request /usr/local/lib/python3.10/dist-packages/keystonemiddleware/auth_token/__init__.py:544}}
Apr 13 23:54:55 user devstack@keystone.service[53902]: DEBUG dbcounter [-] [53902] Writing DB stats keystone:SELECT=100 {{(pid=53902) stat_writer /usr/local/lib/python3.10/dist-packages/dbcounter.py:117}}
Apr 13 23:54:55 user devstack@keystone.service[53904]: DEBUG keystone.server.flask.request_processing.middleware.auth_context [None req-75383d23-72f0-4d5f-bcd0-eb8e19de7b94 None admin] RBAC: auth_context: {'token': , 'domain_id': None, 'trust_id': None, 'trustor_id': None, 'trustee_id': None, 'domain_name': None, 'group_ids': [], 'user_id': 'f325ccf29fd048568d7bfb0b1904cf8b', 'user_domain_id': 'default', 'system_scope': 'all', 'project_id': None, 'project_domain_id': None, 'roles': ['admin', 'member', 'reader'], 'is_admin_project': True, 'service_user_id': None, 'service_user_domain_id': None, 'service_project_id': None, 'service_project_domain_id': None, 'service_roles': []} {{(pid=53904) fill_context /opt/stack/keystone/keystone/server/flask/request_processing/middleware/auth_context.py:478}}
Apr 13 23:54:55 user devstack@keystone.service[53904]: DEBUG keystone.server.flask.request_processing.req_logging [None req-75383d23-72f0-4d5f-bcd0-eb8e19de7b94 None admin] REQUEST_METHOD: `GET` {{(pid=53904) log_request_info /opt/stack/keystone/keystone/server/flask/request_processing/req_logging.py:27}}
Apr 13 23:54:55 user devstack@keystone.service[53904]: DEBUG keystone.server.flask.request_processing.req_logging [None req-75383d23-72f0-4d5f-bcd0-eb8e19de7b94 None admin] SCRIPT_NAME: `/identity` {{(pid=53904) log_request_info /opt/stack/keystone/keystone/server/flask/request_processing/req_logging.py:28}}
Apr 13 23:54:55 user devstack@keystone.service[53904]: DEBUG keystone.server.flask.request_processing.req_logging [None req-75383d23-72f0-4d5f-bcd0-eb8e19de7b94 None admin] PATH_INFO: `/v3/projects/e5bda3e963c84d71b0ca9d7ad138388b` {{(pid=53904) log_request_info /opt/stack/keystone/keystone/server/flask/request_processing/req_logging.py:29}}
Apr 13 23:54:55 user devstack@keystone.service[53904]: DEBUG keystone.common.rbac_enforcer.enforcer [None req-75383d23-72f0-4d5f-bcd0-eb8e19de7b94 None admin] RBAC: Authorizing `identity:get_project(project_id=e5bda3e963c84d71b0ca9d7ad138388b)` {{(pid=53904) enforce_call /opt/stack/keystone/keystone/common/rbac_enforcer/enforcer.py:449}}
Apr 13 23:54:55 user devstack@keystone.service[53904]: DEBUG keystone.common.rbac_enforcer.enforcer [None req-75383d23-72f0-4d5f-bcd0-eb8e19de7b94 None admin] RBAC: Authorization granted {{(pid=53904) enforce_call /opt/stack/keystone/keystone/common/rbac_enforcer/enforcer.py:457}}
Apr 13 23:54:55 user devstack@keystone.service[53903]: DEBUG dbcounter [-] [53903] Writing DB stats keystone:SELECT=99,keystone:INSERT=1 {{(pid=53903) stat_writer /usr/local/lib/python3.10/dist-packages/dbcounter.py:117}}
Apr 13 23:54:55 user devstack@keystone.service[53904]: [pid: 53904|app: 0|req: 26/80] 10.0.0.210 () {56 vars in 1181 bytes} [Thu Apr 13 23:54:55 2023] GET /identity/v3/projects/e5bda3e963c84d71b0ca9d7ad138388b => generated 297 bytes in 142 msecs (HTTP/1.1 200) 5 headers in 177 bytes (1 switches on core 0)
Apr 13 23:54:55 user devstack@keystone.service[53904]: DEBUG keystone.server.flask.request_processing.middleware.auth_context [None req-75383d23-72f0-4d5f-bcd0-eb8e19de7b94 None admin] Authenticating user token {{(pid=53904) process_request /usr/local/lib/python3.10/dist-packages/keystonemiddleware/auth_token/__init__.py:406}}
Apr 13 23:54:55 user devstack@keystone.service[53903]: DEBUG keystone.server.flask.request_processing.middleware.auth_context [None req-8f741e9c-1ad9-4bad-9fa3-4c1319453022 None admin] Validating token access rules against request {{(pid=53903) validate_allowed_request /usr/local/lib/python3.10/dist-packages/keystonemiddleware/auth_token/__init__.py:544}}
Apr 13 23:54:55 user devstack@keystone.service[53904]: DEBUG dbcounter [-] [53904] Writing DB stats keystone:SELECT=100 {{(pid=53904) stat_writer /usr/local/lib/python3.10/dist-packages/dbcounter.py:117}}
Apr 13 23:54:55 user devstack@keystone.service[53903]: DEBUG keystone.server.flask.request_processing.middleware.auth_context [None req-6ce5c0d8-9291-40b1-892e-c672f0caffb2 None admin] RBAC: auth_context: {'token': , 'domain_id': None, 'trust_id': None, 'trustor_id': None, 'trustee_id': None, 'domain_name': None, 'group_ids': [], 'user_id': 'f325ccf29fd048568d7bfb0b1904cf8b', 'user_domain_id': 'default', 'system_scope': 'all', 'project_id': None, 'project_domain_id': None, 'roles': ['admin', 'member', 'reader'], 'is_admin_project': True, 'service_user_id': None, 'service_user_domain_id': None, 'service_project_id': None, 'service_project_domain_id': None, 'service_roles': []} {{(pid=53903) fill_context /opt/stack/keystone/keystone/server/flask/request_processing/middleware/auth_context.py:478}}
Apr 13 23:54:55 user devstack@keystone.service[53903]: DEBUG keystone.server.flask.request_processing.req_logging [None req-6ce5c0d8-9291-40b1-892e-c672f0caffb2 None admin] REQUEST_METHOD: `PUT` {{(pid=53903) log_request_info /opt/stack/keystone/keystone/server/flask/request_processing/req_logging.py:27}}
Apr 13 23:54:55 user devstack@keystone.service[53903]: DEBUG keystone.server.flask.request_processing.req_logging [None req-6ce5c0d8-9291-40b1-892e-c672f0caffb2 None admin] SCRIPT_NAME: `/identity` {{(pid=53903) log_request_info /opt/stack/keystone/keystone/server/flask/request_processing/req_logging.py:28}}
Apr 13 23:54:55 user devstack@keystone.service[53903]: DEBUG keystone.server.flask.request_processing.req_logging [None req-6ce5c0d8-9291-40b1-892e-c672f0caffb2 None admin] PATH_INFO: `/v3/projects/e5bda3e963c84d71b0ca9d7ad138388b/users/f325ccf29fd048568d7bfb0b1904cf8b/roles/33f0209eb93c4b4ca8e35b2559feffce` {{(pid=53903) log_request_info /opt/stack/keystone/keystone/server/flask/request_processing/req_logging.py:29}}
Apr 13 23:54:55 user devstack@keystone.service[53903]: DEBUG keystone.common.rbac_enforcer.enforcer [None req-6ce5c0d8-9291-40b1-892e-c672f0caffb2 None admin] RBAC: Authorizing `identity:create_grant(project_id=e5bda3e963c84d71b0ca9d7ad138388b, user_id=f325ccf29fd048568d7bfb0b1904cf8b, role_id=33f0209eb93c4b4ca8e35b2559feffce)` {{(pid=53903) enforce_call /opt/stack/keystone/keystone/common/rbac_enforcer/enforcer.py:449}}
Apr 13 23:54:55 user devstack@keystone.service[53903]: DEBUG keystone.common.rbac_enforcer.enforcer [None req-6ce5c0d8-9291-40b1-892e-c672f0caffb2 None admin] RBAC: Authorization granted {{(pid=53903) enforce_call /opt/stack/keystone/keystone/common/rbac_enforcer/enforcer.py:457}}
Apr 13 23:54:55 user devstack@keystone.service[53903]: [pid: 53903|app: 0|req: 26/81] 10.0.0.210 () {58 vars in 1434 bytes} [Thu Apr 13 23:54:55 2023] PUT /identity/v3/projects/e5bda3e963c84d71b0ca9d7ad138388b/users/f325ccf29fd048568d7bfb0b1904cf8b/roles/33f0209eb93c4b4ca8e35b2559feffce => generated 0 bytes in 143 msecs (HTTP/1.1 204) 3 headers in 132 bytes (0 switches on core 0)
Apr 13 23:54:55 user devstack@keystone.service[53903]: DEBUG keystone.server.flask.request_processing.middleware.auth_context [None req-6ce5c0d8-9291-40b1-892e-c672f0caffb2 None admin] Authenticating user token {{(pid=53903) process_request /usr/local/lib/python3.10/dist-packages/keystonemiddleware/auth_token/__init__.py:406}}
Apr 13 23:54:55 user devstack@keystone.service[53902]: DEBUG keystone.server.flask.request_processing.middleware.auth_context [None req-336f4bb2-7872-4945-9376-cd2d2ceb3df2 None admin] Validating token access rules against request {{(pid=53902) validate_allowed_request /usr/local/lib/python3.10/dist-packages/keystonemiddleware/auth_token/__init__.py:544}}
Apr 13 23:54:55 user devstack@keystone.service[53904]: DEBUG keystone.server.flask.request_processing.middleware.auth_context [None req-75383d23-72f0-4d5f-bcd0-eb8e19de7b94 None admin] Validating token access rules against request {{(pid=53904) validate_allowed_request /usr/local/lib/python3.10/dist-packages/keystonemiddleware/auth_token/__init__.py:544}}
Apr 13 23:54:55 user devstack@keystone.service[53902]: DEBUG keystone.server.flask.request_processing.middleware.auth_context [None req-2afe554f-cebd-4cdc-80af-df22bdf334f3 None admin] RBAC: auth_context: {'token': , 'domain_id': None, 'trust_id': None, 'trustor_id': None, 'trustee_id': None, 'domain_name': None, 'group_ids': [], 'user_id': 'f325ccf29fd048568d7bfb0b1904cf8b', 'user_domain_id': 'default', 'system_scope': 'all', 'project_id': None, 'project_domain_id': None, 'roles': ['admin', 'member', 'reader'], 'is_admin_project': True, 'service_user_id': None, 'service_user_domain_id': None, 'service_project_id': None, 'service_project_domain_id': None, 'service_roles': []} {{(pid=53902) fill_context /opt/stack/keystone/keystone/server/flask/request_processing/middleware/auth_context.py:478}}
Apr 13 23:54:55 user devstack@keystone.service[53902]: DEBUG keystone.server.flask.request_processing.req_logging [None req-2afe554f-cebd-4cdc-80af-df22bdf334f3 None admin] REQUEST_METHOD: `GET` {{(pid=53902) log_request_info /opt/stack/keystone/keystone/server/flask/request_processing/req_logging.py:27}}
Apr 13 23:54:55 user devstack@keystone.service[53902]: DEBUG keystone.server.flask.request_processing.req_logging [None req-2afe554f-cebd-4cdc-80af-df22bdf334f3 None admin] SCRIPT_NAME: `/identity` {{(pid=53902) log_request_info /opt/stack/keystone/keystone/server/flask/request_processing/req_logging.py:28}}
Apr 13 23:54:55 user devstack@keystone.service[53902]: DEBUG keystone.server.flask.request_processing.req_logging [None req-2afe554f-cebd-4cdc-80af-df22bdf334f3 None admin] PATH_INFO: `/v3/users/14542928885945f1acb2e81c817da916` {{(pid=53902) log_request_info /opt/stack/keystone/keystone/server/flask/request_processing/req_logging.py:29}}
Apr 13 23:54:55 user devstack@keystone.service[53902]: DEBUG keystone.common.rbac_enforcer.enforcer [None req-2afe554f-cebd-4cdc-80af-df22bdf334f3 None admin] RBAC: Authorizing `identity:get_user(user_id=14542928885945f1acb2e81c817da916)` {{(pid=53902) enforce_call /opt/stack/keystone/keystone/common/rbac_enforcer/enforcer.py:449}}
Apr 13 23:54:55 user devstack@keystone.service[53904]: DEBUG keystone.server.flask.request_processing.middleware.auth_context [None req-277c8421-7d96-4d0c-82a7-c26162f19760 None admin] RBAC: auth_context: {'token': , 'domain_id': None, 'trust_id': None, 'trustor_id': None, 'trustee_id': None, 'domain_name': None, 'group_ids': [], 'user_id': 'f325ccf29fd048568d7bfb0b1904cf8b', 'user_domain_id': 'default', 'system_scope': 'all', 'project_id': None, 'project_domain_id': None, 'roles': ['admin', 'member', 'reader'], 'is_admin_project': True, 'service_user_id': None, 'service_user_domain_id': None, 'service_project_id': None, 'service_project_domain_id': None, 'service_roles': []} {{(pid=53904) fill_context /opt/stack/keystone/keystone/server/flask/request_processing/middleware/auth_context.py:478}}
Apr 13 23:54:55 user devstack@keystone.service[53904]: DEBUG keystone.server.flask.request_processing.req_logging [None req-277c8421-7d96-4d0c-82a7-c26162f19760 None admin] REQUEST_METHOD: `POST` {{(pid=53904) log_request_info /opt/stack/keystone/keystone/server/flask/request_processing/req_logging.py:27}}
Apr 13 23:54:55 user devstack@keystone.service[53904]: DEBUG keystone.server.flask.request_processing.req_logging [None req-277c8421-7d96-4d0c-82a7-c26162f19760 None admin] SCRIPT_NAME: `/identity` {{(pid=53904) log_request_info /opt/stack/keystone/keystone/server/flask/request_processing/req_logging.py:28}}
Apr 13 23:54:55 user devstack@keystone.service[53904]: DEBUG keystone.server.flask.request_processing.req_logging [None req-277c8421-7d96-4d0c-82a7-c26162f19760 None admin] PATH_INFO: `/v3/users` {{(pid=53904) log_request_info /opt/stack/keystone/keystone/server/flask/request_processing/req_logging.py:29}}
