Jul 20 03:57:12 user devstack@c-api.service[70993]: INFO cinder.api.openstack.wsgi [None req-3208ad9a-8925-4b84-92a8-265cb06a5df5 tempest-GroupSnapshotsTest-107114384 tempest-GroupSnapshotsTest-107114384-project-member] GET http://10.0.0.210/volume/v3/98947800cdb2405093a8736eecb9c3b5/volumes/90162492-b276-4be9-86c4-31215107224f
Jul 20 03:57:12 user devstack@c-api.service[70993]: DEBUG cinder.api.openstack.wsgi [None req-3208ad9a-8925-4b84-92a8-265cb06a5df5 tempest-GroupSnapshotsTest-107114384 tempest-GroupSnapshotsTest-107114384-project-member] Empty body provided in request {{(pid=70993) get_body /opt/stack/cinder/cinder/api/openstack/wsgi.py:715}}
Jul 20 03:57:12 user devstack@c-api.service[70993]: DEBUG cinder.api.openstack.wsgi [None req-3208ad9a-8925-4b84-92a8-265cb06a5df5 tempest-GroupSnapshotsTest-107114384 tempest-GroupSnapshotsTest-107114384-project-member] Calling method 'show' {{(pid=70993) _process_stack /opt/stack/cinder/cinder/api/openstack/wsgi.py:868}}
Jul 20 03:57:12 user devstack@c-api.service[70993]: /usr/local/lib/python3.10/dist-packages/oslo_context/context.py:100: DeprecationWarning: Policy enforcement is depending on the value of is_admin. This key is deprecated. Please update your policy file to use the standard policy values.
Jul 20 03:57:12 user devstack@c-api.service[70993]: warnings.warn('Policy enforcement is depending on the value of '
Jul 20 03:57:12 user devstack@c-api.service[70993]: INFO cinder.volume.api [None req-3208ad9a-8925-4b84-92a8-265cb06a5df5 tempest-GroupSnapshotsTest-107114384 tempest-GroupSnapshotsTest-107114384-project-member] Volume info retrieved successfully.
Jul 20 03:57:12 user devstack@c-api.service[70993]: WARNING stevedore.named [None req-3208ad9a-8925-4b84-92a8-265cb06a5df5 tempest-GroupSnapshotsTest-107114384 tempest-GroupSnapshotsTest-107114384-project-member] Could not load cinder.keymgr.conf_key_mgr.ConfKeyManager
Jul 20 03:57:12 user devstack@c-api.service[70993]: WARNING castellan.key_manager [None req-3208ad9a-8925-4b84-92a8-265cb06a5df5 tempest-GroupSnapshotsTest-107114384 tempest-GroupSnapshotsTest-107114384-project-member] Deprecation Warning : cinder.keymgr.conf_key_mgr.ConfKeyManager is not a stevedore based driver, trying to load it as a class: stevedore.exception.NoMatches: No 'castellan.drivers' driver found, looking for 'cinder.keymgr.conf_key_mgr.ConfKeyManager'
Jul 20 03:57:12 user devstack@c-api.service[70993]: DEBUG oslo_db.sqlalchemy.engines [None req-3208ad9a-8925-4b84-92a8-265cb06a5df5 tempest-GroupSnapshotsTest-107114384 tempest-GroupSnapshotsTest-107114384-project-member] MySQL server mode set to STRICT_TRANS_TABLES,STRICT_ALL_TABLES,NO_ZERO_IN_DATE,NO_ZERO_DATE,ERROR_FOR_DIVISION_BY_ZERO,TRADITIONAL,NO_ENGINE_SUBSTITUTION {{(pid=70993) _check_effective_sql_mode /usr/local/lib/python3.10/dist-packages/oslo_db/sqlalchemy/engines.py:335}}
Jul 20 03:57:12 user devstack@c-api.service[70993]: /usr/local/lib/python3.10/dist-packages/oslo_context/context.py:100: DeprecationWarning: Policy enforcement is depending on the value of is_admin. This key is deprecated. Please update your policy file to use the standard policy values.
Jul 20 03:57:12 user devstack@c-api.service[70993]: warnings.warn('Policy enforcement is depending on the value of '
Jul 20 03:57:12 user devstack@c-api.service[70993]: INFO cinder.api.openstack.wsgi [None req-3208ad9a-8925-4b84-92a8-265cb06a5df5 tempest-GroupSnapshotsTest-107114384 tempest-GroupSnapshotsTest-107114384-project-member] http://10.0.0.210/volume/v3/98947800cdb2405093a8736eecb9c3b5/volumes/90162492-b276-4be9-86c4-31215107224f returned with HTTP 200
Jul 20 03:57:12 user devstack@c-api.service[70993]: [pid: 70993|app: 0|req: 101/313] 10.0.0.210 () {64 vars in 1443 bytes} [Thu Jul 20 03:57:12 2023] GET /volume/v3/98947800cdb2405093a8736eecb9c3b5/volumes/90162492-b276-4be9-86c4-31215107224f => generated 979 bytes in 76 msecs (HTTP/1.1 200) 7 headers in 286 bytes (1 switches on core 0)
Jul 20 03:57:12 user devstack@c-api.service[70992]: DEBUG cinder.api.middleware.request_id [None req-1f6928ba-1ba3-4217-9d7c-0d0883c4b68e None None] RequestId filter calling following filter/app {{(pid=70992) _context_setter /opt/stack/cinder/cinder/api/middleware/request_id.py:62}}
Jul 20 03:57:12 user devstack@c-api.service[70992]: INFO cinder.api.openstack.wsgi [None req-1f6928ba-1ba3-4217-9d7c-0d0883c4b68e tempest-AbsoluteLimitsTests-1911486418 tempest-AbsoluteLimitsTests-1911486418-project-member] GET http://10.0.0.210/volume/v3/0d96b9b0852b4fa5b20cf32797cc9c6c/volumes/110d3ef1-c144-4545-b7d6-928086d19764
Jul 20 03:57:12 user devstack@c-api.service[70992]: DEBUG cinder.api.openstack.wsgi [None req-1f6928ba-1ba3-4217-9d7c-0d0883c4b68e tempest-AbsoluteLimitsTests-1911486418 tempest-AbsoluteLimitsTests-1911486418-project-member] Empty body provided in request {{(pid=70992) get_body /opt/stack/cinder/cinder/api/openstack/wsgi.py:715}}
Jul 20 03:57:12 user devstack@c-api.service[70992]: DEBUG cinder.api.openstack.wsgi [None req-1f6928ba-1ba3-4217-9d7c-0d0883c4b68e tempest-AbsoluteLimitsTests-1911486418 tempest-AbsoluteLimitsTests-1911486418-project-member] Calling method 'show' {{(pid=70992) _process_stack /opt/stack/cinder/cinder/api/openstack/wsgi.py:868}}
Jul 20 03:57:12 user devstack@c-api.service[70992]: /usr/local/lib/python3.10/dist-packages/oslo_context/context.py:100: DeprecationWarning: Policy enforcement is depending on the value of is_admin. This key is deprecated. Please update your policy file to use the standard policy values.
Jul 20 03:57:12 user devstack@c-api.service[70992]: warnings.warn('Policy enforcement is depending on the value of '
Jul 20 03:57:12 user devstack@c-api.service[70992]: INFO cinder.volume.api [None req-1f6928ba-1ba3-4217-9d7c-0d0883c4b68e tempest-AbsoluteLimitsTests-1911486418 tempest-AbsoluteLimitsTests-1911486418-project-member] Volume info retrieved successfully.
Jul 20 03:57:12 user devstack@c-api.service[70992]: INFO cinder.api.openstack.wsgi [None req-1f6928ba-1ba3-4217-9d7c-0d0883c4b68e tempest-AbsoluteLimitsTests-1911486418 tempest-AbsoluteLimitsTests-1911486418-project-member] http://10.0.0.210/volume/v3/0d96b9b0852b4fa5b20cf32797cc9c6c/volumes/110d3ef1-c144-4545-b7d6-928086d19764 returned with HTTP 200
Jul 20 03:57:12 user devstack@c-api.service[70992]: [pid: 70992|app: 0|req: 110/314] 10.0.0.210 () {62 vars in 1402 bytes} [Thu Jul 20 03:57:12 2023] GET /volume/v3/0d96b9b0852b4fa5b20cf32797cc9c6c/volumes/110d3ef1-c144-4545-b7d6-928086d19764 => generated 906 bytes in 67 msecs (HTTP/1.1 200) 7 headers in 285 bytes (1 switches on core 0)
Jul 20 03:57:12 user devstack@c-api.service[70994]: DEBUG cinder.api.middleware.request_id [None req-aaa9b180-7db8-4a98-902d-5bd02b973d7e None None] RequestId filter calling following filter/app {{(pid=70994) _context_setter /opt/stack/cinder/cinder/api/middleware/request_id.py:62}}
Jul 20 03:57:12 user devstack@c-api.service[70994]: INFO cinder.api.openstack.wsgi [None req-aaa9b180-7db8-4a98-902d-5bd02b973d7e tempest-TaggedBootDevicesTest-2062848229 tempest-TaggedBootDevicesTest-2062848229-project-member] GET http://10.0.0.210/volume/v3/a0d88d95232040eda85c980d206a8179/volumes/153382d6-52f4-49ff-99de-6ab908057545
Jul 20 03:57:12 user devstack@c-api.service[70994]: DEBUG cinder.api.openstack.wsgi [None req-aaa9b180-7db8-4a98-902d-5bd02b973d7e tempest-TaggedBootDevicesTest-2062848229 tempest-TaggedBootDevicesTest-2062848229-project-member] Empty body provided in request {{(pid=70994) get_body /opt/stack/cinder/cinder/api/openstack/wsgi.py:715}}
Jul 20 03:57:12 user devstack@c-api.service[70993]: DEBUG cinder.api.middleware.request_id [None req-ad1551e8-c738-477d-b528-b003efe50913 None None] RequestId filter calling following filter/app {{(pid=70993) _context_setter /opt/stack/cinder/cinder/api/middleware/request_id.py:62}}
Jul 20 03:57:12 user devstack@c-api.service[70994]: DEBUG cinder.api.openstack.wsgi [None req-aaa9b180-7db8-4a98-902d-5bd02b973d7e tempest-TaggedBootDevicesTest-2062848229 tempest-TaggedBootDevicesTest-2062848229-project-member] Calling method 'show' {{(pid=70994) _process_stack /opt/stack/cinder/cinder/api/openstack/wsgi.py:868}}
Jul 20 03:57:12 user devstack@c-api.service[70994]: /usr/local/lib/python3.10/dist-packages/oslo_context/context.py:100: DeprecationWarning: Policy enforcement is depending on the value of is_admin. This key is deprecated. Please update your policy file to use the standard policy values.
Jul 20 03:57:12 user devstack@c-api.service[70994]: warnings.warn('Policy enforcement is depending on the value of '
Jul 20 03:57:12 user devstack@c-api.service[70994]: INFO cinder.volume.api [None req-aaa9b180-7db8-4a98-902d-5bd02b973d7e tempest-TaggedBootDevicesTest-2062848229 tempest-TaggedBootDevicesTest-2062848229-project-member] Volume info retrieved successfully.
Jul 20 03:57:12 user devstack@c-api.service[70992]: DEBUG cinder.api.middleware.request_id [None req-77b427f3-b908-4c83-b851-1d50436d641c None None] RequestId filter calling following filter/app {{(pid=70992) _context_setter /opt/stack/cinder/cinder/api/middleware/request_id.py:62}}
Jul 20 03:57:12 user devstack@c-api.service[70994]: INFO cinder.api.openstack.wsgi [None req-aaa9b180-7db8-4a98-902d-5bd02b973d7e tempest-TaggedBootDevicesTest-2062848229 tempest-TaggedBootDevicesTest-2062848229-project-member] http://10.0.0.210/volume/v3/a0d88d95232040eda85c980d206a8179/volumes/153382d6-52f4-49ff-99de-6ab908057545 returned with HTTP 200
Jul 20 03:57:12 user devstack@c-api.service[70994]: [pid: 70994|app: 0|req: 104/315] 10.0.0.210 () {62 vars in 1402 bytes} [Thu Jul 20 03:57:12 2023] GET /volume/v3/a0d88d95232040eda85c980d206a8179/volumes/153382d6-52f4-49ff-99de-6ab908057545 => generated 911 bytes in 39 msecs (HTTP/1.1 200) 7 headers in 285 bytes (1 switches on core 0)
Jul 20 03:57:12 user devstack@c-api.service[70992]: INFO cinder.api.openstack.wsgi [None req-77b427f3-b908-4c83-b851-1d50436d641c tempest-VolumesTestJSON-264928342 tempest-VolumesTestJSON-264928342-project-member] GET http://10.0.0.210/volume/v3/28508920143f4655807c1aa6aabb9908/volumes/97c5f1f4-50cb-4e9e-b5b5-17b2937ea74a
Jul 20 03:57:12 user devstack@c-api.service[70992]: DEBUG cinder.api.openstack.wsgi [None req-77b427f3-b908-4c83-b851-1d50436d641c tempest-VolumesTestJSON-264928342 tempest-VolumesTestJSON-264928342-project-member] Empty body provided in request {{(pid=70992) get_body /opt/stack/cinder/cinder/api/openstack/wsgi.py:715}}
Jul 20 03:57:12 user devstack@c-api.service[70992]: DEBUG cinder.api.openstack.wsgi [None req-77b427f3-b908-4c83-b851-1d50436d641c tempest-VolumesTestJSON-264928342 tempest-VolumesTestJSON-264928342-project-member] Calling method 'show' {{(pid=70992) _process_stack /opt/stack/cinder/cinder/api/openstack/wsgi.py:868}}
Jul 20 03:57:12 user devstack@c-api.service[70992]: /usr/local/lib/python3.10/dist-packages/oslo_context/context.py:100: DeprecationWarning: Policy enforcement is depending on the value of is_admin. This key is deprecated. Please update your policy file to use the standard policy values.
Jul 20 03:57:12 user devstack@c-api.service[70992]: warnings.warn('Policy enforcement is depending on the value of '
Jul 20 03:57:12 user devstack@c-api.service[70992]: INFO cinder.volume.api [None req-77b427f3-b908-4c83-b851-1d50436d641c tempest-VolumesTestJSON-264928342 tempest-VolumesTestJSON-264928342-project-member] Volume info retrieved successfully.
Jul 20 03:57:12 user devstack@c-api.service[70992]: INFO cinder.api.openstack.wsgi [None req-77b427f3-b908-4c83-b851-1d50436d641c tempest-VolumesTestJSON-264928342 tempest-VolumesTestJSON-264928342-project-member] http://10.0.0.210/volume/v3/28508920143f4655807c1aa6aabb9908/volumes/97c5f1f4-50cb-4e9e-b5b5-17b2937ea74a returned with HTTP 200
Jul 20 03:57:12 user devstack@c-api.service[70992]: [pid: 70992|app: 0|req: 111/316] 10.0.0.210 () {62 vars in 1402 bytes} [Thu Jul 20 03:57:12 2023] GET /volume/v3/28508920143f4655807c1aa6aabb9908/volumes/97c5f1f4-50cb-4e9e-b5b5-17b2937ea74a => generated 919 bytes in 57 msecs (HTTP/1.1 200) 7 headers in 285 bytes (1 switches on core 0)
Jul 20 03:57:12 user devstack@c-api.service[70994]: DEBUG cinder.api.middleware.request_id [None req-15db9c4c-f84b-4160-bed9-8f29ff1165bb None None] RequestId filter calling following filter/app {{(pid=70994) _context_setter /opt/stack/cinder/cinder/api/middleware/request_id.py:62}}
Jul 20 03:57:12 user devstack@c-api.service[70994]: INFO cinder.api.openstack.wsgi [None req-15db9c4c-f84b-4160-bed9-8f29ff1165bb tempest-VolumesListAdminTestJSON-966442881 tempest-VolumesListAdminTestJSON-966442881-project-admin] GET http://10.0.0.210/volume/v3/54190caacec048e9bf2cbec9cda04615/volumes/71971ab5-447b-402c-ac43-87bbab060fa5
Jul 20 03:57:12 user devstack@c-api.service[70994]: DEBUG cinder.api.openstack.wsgi [None req-15db9c4c-f84b-4160-bed9-8f29ff1165bb tempest-VolumesListAdminTestJSON-966442881 tempest-VolumesListAdminTestJSON-966442881-project-admin] Empty body provided in request {{(pid=70994) get_body /opt/stack/cinder/cinder/api/openstack/wsgi.py:715}}
Jul 20 03:57:12 user devstack@c-api.service[70994]: DEBUG cinder.api.openstack.wsgi [None req-15db9c4c-f84b-4160-bed9-8f29ff1165bb tempest-VolumesListAdminTestJSON-966442881 tempest-VolumesListAdminTestJSON-966442881-project-admin] Calling method 'show' {{(pid=70994) _process_stack /opt/stack/cinder/cinder/api/openstack/wsgi.py:868}}
Jul 20 03:57:12 user devstack@c-api.service[70993]: INFO cinder.api.openstack.wsgi [None req-ad1551e8-c738-477d-b528-b003efe50913 tempest-VolumesNegativeTest-1446851414 tempest-VolumesNegativeTest-1446851414-project-member] POST http://10.0.0.210/volume/v3/87d8e82c7eb84bf2b166d047484995f4/volumes
Jul 20 03:57:12 user devstack@c-api.service[70994]: /usr/local/lib/python3.10/dist-packages/oslo_context/context.py:100: DeprecationWarning: Policy enforcement is depending on the value of is_admin. This key is deprecated. Please update your policy file to use the standard policy values.
Jul 20 03:57:12 user devstack@c-api.service[70994]: warnings.warn('Policy enforcement is depending on the value of '
Jul 20 03:57:12 user devstack@c-api.service[70993]: DEBUG cinder.api.openstack.wsgi [None req-ad1551e8-c738-477d-b528-b003efe50913 tempest-VolumesNegativeTest-1446851414 tempest-VolumesNegativeTest-1446851414-project-member] Action: 'create', calling method: create, body: {"volume": {"size": 1, "name": "tempest-VolumesNegativeTest-Volume-1925114176"}} {{(pid=70993) _process_stack /opt/stack/cinder/cinder/api/openstack/wsgi.py:866}}
Jul 20 03:57:12 user devstack@c-api.service[70993]: DEBUG cinder.api.v3.volumes [None req-ad1551e8-c738-477d-b528-b003efe50913 tempest-VolumesNegativeTest-1446851414 tempest-VolumesNegativeTest-1446851414-project-member] Create volume request body: {'volume': {'size': 1, 'name': 'tempest-VolumesNegativeTest-Volume-1925114176'}} {{(pid=70993) create /opt/stack/cinder/cinder/api/v3/volumes.py:297}}
Jul 20 03:57:12 user devstack@c-api.service[70994]: INFO cinder.volume.api [None req-15db9c4c-f84b-4160-bed9-8f29ff1165bb tempest-VolumesListAdminTestJSON-966442881 tempest-VolumesListAdminTestJSON-966442881-project-admin] Volume info retrieved successfully.
Jul 20 03:57:12 user devstack@c-api.service[70993]: INFO cinder.api.v3.volumes [None req-ad1551e8-c738-477d-b528-b003efe50913 tempest-VolumesNegativeTest-1446851414 tempest-VolumesNegativeTest-1446851414-project-member] Create volume of 1 GB
Jul 20 03:57:12 user devstack@c-api.service[70994]: INFO cinder.api.openstack.wsgi [None req-15db9c4c-f84b-4160-bed9-8f29ff1165bb tempest-VolumesListAdminTestJSON-966442881 tempest-VolumesListAdminTestJSON-966442881-project-admin] http://10.0.0.210/volume/v3/54190caacec048e9bf2cbec9cda04615/volumes/71971ab5-447b-402c-ac43-87bbab060fa5 returned with HTTP 200
Jul 20 03:57:12 user devstack@c-api.service[70994]: [pid: 70994|app: 0|req: 105/317] 10.0.0.210 () {62 vars in 1402 bytes} [Thu Jul 20 03:57:12 2023] GET /volume/v3/54190caacec048e9bf2cbec9cda04615/volumes/71971ab5-447b-402c-ac43-87bbab060fa5 => generated 1029 bytes in 40 msecs (HTTP/1.1 200) 7 headers in 286 bytes (2 switches on core 0)
Jul 20 03:57:12 user devstack@c-api.service[70993]: INFO cinder.volume.api [None req-ad1551e8-c738-477d-b528-b003efe50913 tempest-VolumesNegativeTest-1446851414 tempest-VolumesNegativeTest-1446851414-project-member] Availability Zones retrieved successfully.
Jul 20 03:57:12 user devstack@c-api.service[70993]: DEBUG cinder.volume.api [None req-ad1551e8-c738-477d-b528-b003efe50913 tempest-VolumesNegativeTest-1446851414 tempest-VolumesNegativeTest-1446851414-project-member] Flow 'volume_create_api' (fd015d30-6fd1-42f6-84ba-d5b94df97144) transitioned into state 'RUNNING' from state 'PENDING' {{(pid=70993) _flow_receiver /usr/local/lib/python3.10/dist-packages/taskflow/listeners/logging.py:141}}
Jul 20 03:57:12 user devstack@c-api.service[70993]: DEBUG cinder.volume.api [None req-ad1551e8-c738-477d-b528-b003efe50913 tempest-VolumesNegativeTest-1446851414 tempest-VolumesNegativeTest-1446851414-project-member] Task 'cinder.volume.flows.api.create_volume.ExtractVolumeRequestTask;volume:create' (1e25aca8-2c63-470b-8a10-08bc69bad6d3) transitioned into state 'RUNNING' from state 'PENDING' {{(pid=70993) _task_receiver /usr/local/lib/python3.10/dist-packages/taskflow/listeners/logging.py:190}}
Jul 20 03:57:12 user devstack@c-api.service[70993]: DEBUG cinder.volume.flows.api.create_volume [None req-ad1551e8-c738-477d-b528-b003efe50913 tempest-VolumesNegativeTest-1446851414 tempest-VolumesNegativeTest-1446851414-project-member] Validating volume size '1' using validate_int {{(pid=70993) _extract_size /opt/stack/cinder/cinder/volume/flows/api/create_volume.py:228}}
Jul 20 03:57:12 user devstack@c-api.service[70993]: DEBUG cinder.volume.api [None req-ad1551e8-c738-477d-b528-b003efe50913 tempest-VolumesNegativeTest-1446851414 tempest-VolumesNegativeTest-1446851414-project-member] Task 'cinder.volume.flows.api.create_volume.ExtractVolumeRequestTask;volume:create' (1e25aca8-2c63-470b-8a10-08bc69bad6d3) transitioned into state 'SUCCESS' from state 'RUNNING' with result '{'size': 1, 'snapshot_id': None, 'source_volid': None, 'volume_type': VolumeType(created_at=2023-07-20T03:52:27Z,deleted=False,deleted_at=None,description=None,extra_specs={volume_backend_name='joviandss-2'},id=0ed50e4d-2937-4aa1-978e-82801cbc3f7c,is_public=True,name='joviandss-2',projects=[],qos_specs=,qos_specs_id=None,updated_at=None), 'volume_type_id': '0ed50e4d-2937-4aa1-978e-82801cbc3f7c', 'encryption_key_id': None, 'qos_specs': None, 'consistencygroup_id': None, 'cgsnapshot_id': None, 'group_id': None, 'replication_status': 'disabled', 'refresh_az': False, 'backup_id': None, 'multiattach': False, 'availability_zones': ['nova']}' {{(pid=70993) _task_receiver /usr/local/lib/python3.10/dist-packages/taskflow/listeners/logging.py:178}}
Jul 20 03:57:12 user devstack@c-api.service[70993]: DEBUG cinder.volume.api [None req-ad1551e8-c738-477d-b528-b003efe50913 tempest-VolumesNegativeTest-1446851414 tempest-VolumesNegativeTest-1446851414-project-member] Task 'cinder.volume.flows.api.create_volume.QuotaReserveTask;volume:create' (1c0e48a3-c195-4d28-ad5e-399d85498a32) transitioned into state 'RUNNING' from state 'PENDING' {{(pid=70993) _task_receiver /usr/local/lib/python3.10/dist-packages/taskflow/listeners/logging.py:190}}
Jul 20 03:57:13 user devstack@c-api.service[70993]: DEBUG dbcounter [-] [70993] Writing DB stats cinder:INSERT=15,cinder:SELECT=73,cinder:UPDATE=12 {{(pid=70993) stat_writer /usr/local/lib/python3.10/dist-packages/dbcounter.py:117}}
Jul 20 03:57:13 user devstack@c-api.service[70993]: DEBUG cinder.quota [None req-ad1551e8-c738-477d-b528-b003efe50913 tempest-VolumesNegativeTest-1446851414 tempest-VolumesNegativeTest-1446851414-project-member] Created reservations ['ddaf7ad1-308e-4319-b3d0-88333a41878c', '03858bd5-7b77-4a81-8bdf-ee4f5405dde2', '364154ec-6ea3-41dc-885e-eeaf91d6aeb2', '52dd2960-bffd-4c4c-93db-0fe63e1fab67'] {{(pid=70993) reserve /opt/stack/cinder/cinder/quota.py:755}}
Jul 20 03:57:13 user devstack@c-api.service[70993]: DEBUG cinder.volume.api [None req-ad1551e8-c738-477d-b528-b003efe50913 tempest-VolumesNegativeTest-1446851414 tempest-VolumesNegativeTest-1446851414-project-member] Task 'cinder.volume.flows.api.create_volume.QuotaReserveTask;volume:create' (1c0e48a3-c195-4d28-ad5e-399d85498a32) transitioned into state 'SUCCESS' from state 'RUNNING' with result '{'reservations': ['ddaf7ad1-308e-4319-b3d0-88333a41878c', '03858bd5-7b77-4a81-8bdf-ee4f5405dde2', '364154ec-6ea3-41dc-885e-eeaf91d6aeb2', '52dd2960-bffd-4c4c-93db-0fe63e1fab67']}' {{(pid=70993) _task_receiver /usr/local/lib/python3.10/dist-packages/taskflow/listeners/logging.py:178}}
Jul 20 03:57:13 user devstack@c-api.service[70993]: DEBUG cinder.volume.api [None req-ad1551e8-c738-477d-b528-b003efe50913 tempest-VolumesNegativeTest-1446851414 tempest-VolumesNegativeTest-1446851414-project-member] Task 'cinder.volume.flows.api.create_volume.EntryCreateTask;volume:create' (165f165c-e2bc-4257-81f4-416fffae21b7) transitioned into state 'RUNNING' from state 'PENDING' {{(pid=70993) _task_receiver /usr/local/lib/python3.10/dist-packages/taskflow/listeners/logging.py:190}}
Jul 20 03:57:13 user devstack@c-api.service[70993]: DEBUG cinder.volume.api [None req-ad1551e8-c738-477d-b528-b003efe50913 tempest-VolumesNegativeTest-1446851414 tempest-VolumesNegativeTest-1446851414-project-member] Task 'cinder.volume.flows.api.create_volume.EntryCreateTask;volume:create' (165f165c-e2bc-4257-81f4-416fffae21b7) transitioned into state 'SUCCESS' from state 'RUNNING' with result '{'volume_id': 'a1cb87ea-d5d4-41ca-ad69-f3ef7c2b6d7d', 'volume_properties': VolumeProperties(attach_status='detached',availability_zone='nova',cgsnapshot_id=None,consistencygroup_id=None,display_description=None,display_name='tempest-VolumesNegativeTest-Volume-1925114176',encryption_key_id=None,group_id=None,group_type_id=,metadata={},multiattach=False,project_id='87d8e82c7eb84bf2b166d047484995f4',qos_specs=None,replication_status=,reservations=['ddaf7ad1-308e-4319-b3d0-88333a41878c','03858bd5-7b77-4a81-8bdf-ee4f5405dde2','364154ec-6ea3-41dc-885e-eeaf91d6aeb2','52dd2960-bffd-4c4c-93db-0fe63e1fab67'],size=1,snapshot_id=None,source_replicaid=,source_volid=None,status='creating',user_id='7fe2e0ef5e8249e3985af99d54af210a',volume_type_id=0ed50e4d-2937-4aa1-978e-82801cbc3f7c), 'volume': Volume(_name_id=None,admin_metadata=,attach_status='detached',availability_zone='nova',bootable=False,cluster=,cluster_name=None,consistencygroup=,consistencygroup_id=None,created_at=2023-07-20T03:57:13Z,deleted=False,deleted_at=None,display_description=None,display_name='tempest-VolumesNegativeTest-Volume-1925114176',ec2_id=None,encryption_key_id=None,glance_metadata=,group=,group_id=None,host=None,id=a1cb87ea-d5d4-41ca-ad69-f3ef7c2b6d7d,launched_at=None,metadata={},migration_status=None,multiattach=False,previous_status=None,project_id='87d8e82c7eb84bf2b166d047484995f4',provider_auth=None,provider_geometry=None,provider_id=None,provider_location=None,replication_driver_data=None,replication_extended_status=None,replication_status=None,scheduled_at=None,service_uuid=None,shared_targets=True,size=1,snapshot_id=None,snapshots=,source_volid=None,status='creating',terminated_at=None,updated_at=None,use_quota=True,user_id='7fe2e0ef5e8249e3985af99d54af210a',volume_attachment=VolumeAttachmentList,volume_type=VolumeType(0ed50e4d-2937-4aa1-978e-82801cbc3f7c),volume_type_id=0ed50e4d-2937-4aa1-978e-82801cbc3f7c)}' {{(pid=70993) _task_receiver /usr/local/lib/python3.10/dist-packages/taskflow/listeners/logging.py:178}}
Jul 20 03:57:13 user devstack@c-api.service[70993]: DEBUG cinder.volume.api [None req-ad1551e8-c738-477d-b528-b003efe50913 tempest-VolumesNegativeTest-1446851414 tempest-VolumesNegativeTest-1446851414-project-member] Task 'cinder.volume.flows.api.create_volume.QuotaCommitTask;volume:create' (cf03381a-fec3-476c-935c-c50a69fb04b6) transitioned into state 'RUNNING' from state 'PENDING' {{(pid=70993) _task_receiver /usr/local/lib/python3.10/dist-packages/taskflow/listeners/logging.py:190}}
Jul 20 03:57:13 user devstack@c-api.service[70993]: DEBUG cinder.volume.api [None req-ad1551e8-c738-477d-b528-b003efe50913 tempest-VolumesNegativeTest-1446851414 tempest-VolumesNegativeTest-1446851414-project-member] Task 'cinder.volume.flows.api.create_volume.QuotaCommitTask;volume:create' (cf03381a-fec3-476c-935c-c50a69fb04b6) transitioned into state 'SUCCESS' from state 'RUNNING' with result '{'volume_properties': VolumeProperties(attach_status='detached',availability_zone='nova',cgsnapshot_id=None,consistencygroup_id=None,display_description=None,display_name='tempest-VolumesNegativeTest-Volume-1925114176',encryption_key_id=None,group_id=None,group_type_id=,metadata={},multiattach=False,project_id='87d8e82c7eb84bf2b166d047484995f4',qos_specs=None,replication_status=,reservations=['ddaf7ad1-308e-4319-b3d0-88333a41878c','03858bd5-7b77-4a81-8bdf-ee4f5405dde2','364154ec-6ea3-41dc-885e-eeaf91d6aeb2','52dd2960-bffd-4c4c-93db-0fe63e1fab67'],size=1,snapshot_id=None,source_replicaid=,source_volid=None,status='creating',user_id='7fe2e0ef5e8249e3985af99d54af210a',volume_type_id=0ed50e4d-2937-4aa1-978e-82801cbc3f7c)}' {{(pid=70993) _task_receiver /usr/local/lib/python3.10/dist-packages/taskflow/listeners/logging.py:178}}
Jul 20 03:57:13 user devstack@c-api.service[70993]: DEBUG cinder.volume.api [None req-ad1551e8-c738-477d-b528-b003efe50913 tempest-VolumesNegativeTest-1446851414 tempest-VolumesNegativeTest-1446851414-project-member] Task 'cinder.volume.flows.api.create_volume.VolumeCastTask;volume:create' (3c566b43-b239-48a9-9d61-03a55dbeb3df) transitioned into state 'RUNNING' from state 'PENDING' {{(pid=70993) _task_receiver /usr/local/lib/python3.10/dist-packages/taskflow/listeners/logging.py:190}}
Jul 20 03:57:13 user devstack@c-api.service[70993]: DEBUG cinder.volume.api [None req-ad1551e8-c738-477d-b528-b003efe50913 tempest-VolumesNegativeTest-1446851414 tempest-VolumesNegativeTest-1446851414-project-member] Task 'cinder.volume.flows.api.create_volume.VolumeCastTask;volume:create' (3c566b43-b239-48a9-9d61-03a55dbeb3df) transitioned into state 'SUCCESS' from state 'RUNNING' with result 'None' {{(pid=70993) _task_receiver /usr/local/lib/python3.10/dist-packages/taskflow/listeners/logging.py:178}}
Jul 20 03:57:13 user devstack@c-api.service[70993]: DEBUG cinder.volume.api [None req-ad1551e8-c738-477d-b528-b003efe50913 tempest-VolumesNegativeTest-1446851414 tempest-VolumesNegativeTest-1446851414-project-member] Flow 'volume_create_api' (fd015d30-6fd1-42f6-84ba-d5b94df97144) transitioned into state 'SUCCESS' from state 'RUNNING' {{(pid=70993) _flow_receiver /usr/local/lib/python3.10/dist-packages/taskflow/listeners/logging.py:141}}
Jul 20 03:57:13 user devstack@c-api.service[70993]: INFO cinder.volume.api [None req-ad1551e8-c738-477d-b528-b003efe50913 tempest-VolumesNegativeTest-1446851414 tempest-VolumesNegativeTest-1446851414-project-member] Create volume request issued successfully.
Jul 20 03:57:13 user devstack@c-api.service[70993]: INFO cinder.api.openstack.wsgi [None req-ad1551e8-c738-477d-b528-b003efe50913 tempest-VolumesNegativeTest-1446851414 tempest-VolumesNegativeTest-1446851414-project-member] http://10.0.0.210/volume/v3/87d8e82c7eb84bf2b166d047484995f4/volumes returned with HTTP 202
Jul 20 03:57:13 user devstack@c-api.service[70993]: [pid: 70993|app: 0|req: 102/318] 10.0.0.210 () {64 vars in 1312 bytes} [Thu Jul 20 03:57:12 2023] POST /volume/v3/87d8e82c7eb84bf2b166d047484995f4/volumes => generated 817 bytes in 598 msecs (HTTP/1.1 202) 7 headers in 291 bytes (1 switches on core 0)
Jul 20 03:57:13 user devstack@c-api.service[70992]: DEBUG cinder.api.middleware.request_id [None req-af57bb5f-161b-4ae6-b53d-aabd2314a943 None None] RequestId filter calling following filter/app {{(pid=70992) _context_setter /opt/stack/cinder/cinder/api/middleware/request_id.py:62}}
Jul 20 03:57:13 user devstack@c-api.service[70992]: INFO cinder.api.openstack.wsgi [None req-af57bb5f-161b-4ae6-b53d-aabd2314a943 tempest-VolumesNegativeTest-1446851414 tempest-VolumesNegativeTest-1446851414-project-member] GET http://10.0.0.210/volume/v3/87d8e82c7eb84bf2b166d047484995f4/volumes/a1cb87ea-d5d4-41ca-ad69-f3ef7c2b6d7d
Jul 20 03:57:13 user devstack@c-api.service[70992]: DEBUG cinder.api.openstack.wsgi [None req-af57bb5f-161b-4ae6-b53d-aabd2314a943 tempest-VolumesNegativeTest-1446851414 tempest-VolumesNegativeTest-1446851414-project-member] Empty body provided in request {{(pid=70992) get_body /opt/stack/cinder/cinder/api/openstack/wsgi.py:715}}
Jul 20 03:57:13 user devstack@c-api.service[70992]: DEBUG cinder.api.openstack.wsgi [None req-af57bb5f-161b-4ae6-b53d-aabd2314a943 tempest-VolumesNegativeTest-1446851414 tempest-VolumesNegativeTest-1446851414-project-member] Calling method 'show' {{(pid=70992) _process_stack /opt/stack/cinder/cinder/api/openstack/wsgi.py:868}}
Jul 20 03:57:13 user devstack@c-api.service[70992]: /usr/local/lib/python3.10/dist-packages/oslo_context/context.py:100: DeprecationWarning: Policy enforcement is depending on the value of is_admin. This key is deprecated. Please update your policy file to use the standard policy values.
Jul 20 03:57:13 user devstack@c-api.service[70992]: warnings.warn('Policy enforcement is depending on the value of '
Jul 20 03:57:13 user devstack@c-api.service[70994]: DEBUG cinder.api.middleware.request_id [None req-4186cd3a-0877-4a30-bbf2-9a6ebf6704e9 None None] RequestId filter calling following filter/app {{(pid=70994) _context_setter /opt/stack/cinder/cinder/api/middleware/request_id.py:62}}
Jul 20 03:57:13 user devstack@c-api.service[70992]: INFO cinder.volume.api [None req-af57bb5f-161b-4ae6-b53d-aabd2314a943 tempest-VolumesNegativeTest-1446851414 tempest-VolumesNegativeTest-1446851414-project-member] Volume info retrieved successfully.
Jul 20 03:57:13 user devstack@c-api.service[70994]: INFO cinder.api.openstack.wsgi [None req-4186cd3a-0877-4a30-bbf2-9a6ebf6704e9 tempest-TaggedBootDevicesTest_v242-1191732269 tempest-TaggedBootDevicesTest_v242-1191732269-project-member] GET http://10.0.0.210/volume/v3/8e8c02161e3e4807a3f044d59a617c61/volumes/59c06c60-81f9-4fe6-bef1-73f6a1f2a171
Jul 20 03:57:13 user devstack@c-api.service[70994]: DEBUG cinder.api.openstack.wsgi [None req-4186cd3a-0877-4a30-bbf2-9a6ebf6704e9 tempest-TaggedBootDevicesTest_v242-1191732269 tempest-TaggedBootDevicesTest_v242-1191732269-project-member] Empty body provided in request {{(pid=70994) get_body /opt/stack/cinder/cinder/api/openstack/wsgi.py:715}}
Jul 20 03:57:13 user devstack@c-api.service[70994]: DEBUG cinder.api.openstack.wsgi [None req-4186cd3a-0877-4a30-bbf2-9a6ebf6704e9 tempest-TaggedBootDevicesTest_v242-1191732269 tempest-TaggedBootDevicesTest_v242-1191732269-project-member] Calling method 'show' {{(pid=70994) _process_stack /opt/stack/cinder/cinder/api/openstack/wsgi.py:868}}
Jul 20 03:57:13 user devstack@c-api.service[70992]: INFO cinder.api.openstack.wsgi [None req-af57bb5f-161b-4ae6-b53d-aabd2314a943 tempest-VolumesNegativeTest-1446851414 tempest-VolumesNegativeTest-1446851414-project-member] http://10.0.0.210/volume/v3/87d8e82c7eb84bf2b166d047484995f4/volumes/a1cb87ea-d5d4-41ca-ad69-f3ef7c2b6d7d returned with HTTP 200
Jul 20 03:57:13 user devstack@c-api.service[70992]: [pid: 70992|app: 0|req: 112/319] 10.0.0.210 () {62 vars in 1402 bytes} [Thu Jul 20 03:57:13 2023] GET /volume/v3/87d8e82c7eb84bf2b166d047484995f4/volumes/a1cb87ea-d5d4-41ca-ad69-f3ef7c2b6d7d => generated 885 bytes in 63 msecs (HTTP/1.1 200) 7 headers in 285 bytes (1 switches on core 0)
Jul 20 03:57:13 user devstack@c-api.service[70994]: /usr/local/lib/python3.10/dist-packages/oslo_context/context.py:100: DeprecationWarning: Policy enforcement is depending on the value of is_admin. This key is deprecated. Please update your policy file to use the standard policy values.
Jul 20 03:57:13 user devstack@c-api.service[70994]: warnings.warn('Policy enforcement is depending on the value of '
Jul 20 03:57:13 user devstack@c-api.service[70994]: INFO cinder.volume.api [None req-4186cd3a-0877-4a30-bbf2-9a6ebf6704e9 tempest-TaggedBootDevicesTest_v242-1191732269 tempest-TaggedBootDevicesTest_v242-1191732269-project-member] Volume info retrieved successfully.
Jul 20 03:57:13 user devstack@c-api.service[70994]: INFO cinder.api.openstack.wsgi [None req-4186cd3a-0877-4a30-bbf2-9a6ebf6704e9 tempest-TaggedBootDevicesTest_v242-1191732269 tempest-TaggedBootDevicesTest_v242-1191732269-project-member] http://10.0.0.210/volume/v3/8e8c02161e3e4807a3f044d59a617c61/volumes/59c06c60-81f9-4fe6-bef1-73f6a1f2a171 returned with HTTP 200
Jul 20 03:57:13 user devstack@c-api.service[70994]: [pid: 70994|app: 0|req: 106/320] 10.0.0.210 () {62 vars in 1402 bytes} [Thu Jul 20 03:57:13 2023] GET /volume/v3/8e8c02161e3e4807a3f044d59a617c61/volumes/59c06c60-81f9-4fe6-bef1-73f6a1f2a171 => generated 977 bytes in 39 msecs (HTTP/1.1 200) 7 headers in 285 bytes (1 switches on core 0)
Jul 20 03:57:13 user devstack@c-api.service[70993]: DEBUG cinder.api.middleware.request_id [None req-a8b1951c-2cb4-4edc-a173-33084577689f None None] RequestId filter calling following filter/app {{(pid=70993) _context_setter /opt/stack/cinder/cinder/api/middleware/request_id.py:62}}
Jul 20 03:57:13 user devstack@c-api.service[70993]: INFO cinder.api.openstack.wsgi [None req-a8b1951c-2cb4-4edc-a173-33084577689f tempest-GroupSnapshotsTest-107114384 tempest-GroupSnapshotsTest-107114384-project-member] GET http://10.0.0.210/volume/v3/98947800cdb2405093a8736eecb9c3b5/volumes/90162492-b276-4be9-86c4-31215107224f
Jul 20 03:57:13 user devstack@c-api.service[70993]: DEBUG cinder.api.openstack.wsgi [None req-a8b1951c-2cb4-4edc-a173-33084577689f tempest-GroupSnapshotsTest-107114384 tempest-GroupSnapshotsTest-107114384-project-member] Empty body provided in request {{(pid=70993) get_body /opt/stack/cinder/cinder/api/openstack/wsgi.py:715}}
Jul 20 03:57:13 user devstack@c-api.service[70993]: DEBUG cinder.api.openstack.wsgi [None req-a8b1951c-2cb4-4edc-a173-33084577689f tempest-GroupSnapshotsTest-107114384 tempest-GroupSnapshotsTest-107114384-project-member] Calling method 'show' {{(pid=70993) _process_stack /opt/stack/cinder/cinder/api/openstack/wsgi.py:868}}
Jul 20 03:57:13 user devstack@c-api.service[70993]: /usr/local/lib/python3.10/dist-packages/oslo_context/context.py:100: DeprecationWarning: Policy enforcement is depending on the value of is_admin. This key is deprecated. Please update your policy file to use the standard policy values.
Jul 20 03:57:13 user devstack@c-api.service[70993]: warnings.warn('Policy enforcement is depending on the value of '
Jul 20 03:57:13 user devstack@c-api.service[70993]: INFO cinder.volume.api [None req-a8b1951c-2cb4-4edc-a173-33084577689f tempest-GroupSnapshotsTest-107114384 tempest-GroupSnapshotsTest-107114384-project-member] Volume info retrieved successfully.
Jul 20 03:57:13 user devstack@c-api.service[70993]: WARNING stevedore.named [None req-a8b1951c-2cb4-4edc-a173-33084577689f tempest-GroupSnapshotsTest-107114384 tempest-GroupSnapshotsTest-107114384-project-member] Could not load cinder.keymgr.conf_key_mgr.ConfKeyManager
Jul 20 03:57:13 user devstack@c-api.service[70993]: WARNING castellan.key_manager [None req-a8b1951c-2cb4-4edc-a173-33084577689f tempest-GroupSnapshotsTest-107114384 tempest-GroupSnapshotsTest-107114384-project-member] Deprecation Warning : cinder.keymgr.conf_key_mgr.ConfKeyManager is not a stevedore based driver, trying to load it as a class: stevedore.exception.NoMatches: No 'castellan.drivers' driver found, looking for 'cinder.keymgr.conf_key_mgr.ConfKeyManager'
Jul 20 03:57:13 user devstack@c-api.service[70993]: DEBUG oslo_db.sqlalchemy.engines [None req-a8b1951c-2cb4-4edc-a173-33084577689f tempest-GroupSnapshotsTest-107114384 tempest-GroupSnapshotsTest-107114384-project-member] MySQL server mode set to STRICT_TRANS_TABLES,STRICT_ALL_TABLES,NO_ZERO_IN_DATE,NO_ZERO_DATE,ERROR_FOR_DIVISION_BY_ZERO,TRADITIONAL,NO_ENGINE_SUBSTITUTION {{(pid=70993) _check_effective_sql_mode /usr/local/lib/python3.10/dist-packages/oslo_db/sqlalchemy/engines.py:335}}
Jul 20 03:57:13 user devstack@c-api.service[70993]: /usr/local/lib/python3.10/dist-packages/oslo_context/context.py:100: DeprecationWarning: Policy enforcement is depending on the value of is_admin. This key is deprecated. Please update your policy file to use the standard policy values.
Jul 20 03:57:13 user devstack@c-api.service[70993]: warnings.warn('Policy enforcement is depending on the value of '
Jul 20 03:57:13 user devstack@c-api.service[70993]: INFO cinder.api.openstack.wsgi [None req-a8b1951c-2cb4-4edc-a173-33084577689f tempest-GroupSnapshotsTest-107114384 tempest-GroupSnapshotsTest-107114384-project-member] http://10.0.0.210/volume/v3/98947800cdb2405093a8736eecb9c3b5/volumes/90162492-b276-4be9-86c4-31215107224f returned with HTTP 200
Jul 20 03:57:13 user devstack@c-api.service[70993]: [pid: 70993|app: 0|req: 103/321] 10.0.0.210 () {64 vars in 1443 bytes} [Thu Jul 20 03:57:13 2023] GET /volume/v3/98947800cdb2405093a8736eecb9c3b5/volumes/90162492-b276-4be9-86c4-31215107224f => generated 980 bytes in 83 msecs (HTTP/1.1 200) 7 headers in 286 bytes (1 switches on core 0)
Jul 20 03:57:13 user devstack@c-api.service[70992]: DEBUG cinder.api.middleware.request_id [None req-45538118-b742-4228-a561-5fbc26457b6e None None] RequestId filter calling following filter/app {{(pid=70992) _context_setter /opt/stack/cinder/cinder/api/middleware/request_id.py:62}}
Jul 20 03:57:13 user devstack@c-api.service[70992]: INFO cinder.api.openstack.wsgi [None req-45538118-b742-4228-a561-5fbc26457b6e tempest-GroupSnapshotsTest-107114384 tempest-GroupSnapshotsTest-107114384-project-member] POST http://10.0.0.210/volume/v3/98947800cdb2405093a8736eecb9c3b5/group_snapshots
Jul 20 03:57:13 user devstack@c-api.service[70992]: DEBUG cinder.api.openstack.wsgi [None req-45538118-b742-4228-a561-5fbc26457b6e tempest-GroupSnapshotsTest-107114384 tempest-GroupSnapshotsTest-107114384-project-member] Action: 'create', calling method: version_select, body: {"group_snapshot": {"group_id": "f6cabfe4-cf2a-4f61-bae6-f341b10512d3", "name": "tempest-group_snapshot-550596310"}} {{(pid=70992) _process_stack /opt/stack/cinder/cinder/api/openstack/wsgi.py:866}}
Jul 20 03:57:13 user devstack@c-api.service[70992]: DEBUG cinder.api.v3.group_snapshots [None req-45538118-b742-4228-a561-5fbc26457b6e tempest-GroupSnapshotsTest-107114384 tempest-GroupSnapshotsTest-107114384-project-member] Creating new group_snapshot {'group_snapshot': {'group_id': 'f6cabfe4-cf2a-4f61-bae6-f341b10512d3', 'name': 'tempest-group_snapshot-550596310'}} {{(pid=70992) create /opt/stack/cinder/cinder/api/v3/group_snapshots.py:154}}
Jul 20 03:57:13 user devstack@c-api.service[70992]: /usr/local/lib/python3.10/dist-packages/oslo_context/context.py:100: DeprecationWarning: Policy enforcement is depending on the value of is_admin. This key is deprecated. Please update your policy file to use the standard policy values.
Jul 20 03:57:13 user devstack@c-api.service[70992]: warnings.warn('Policy enforcement is depending on the value of '
Jul 20 03:57:13 user devstack@c-api.service[70992]: INFO cinder.api.v3.group_snapshots [None req-45538118-b742-4228-a561-5fbc26457b6e tempest-GroupSnapshotsTest-107114384 tempest-GroupSnapshotsTest-107114384-project-member] Creating group_snapshot tempest-group_snapshot-550596310.
Jul 20 03:57:13 user devstack@c-api.service[70994]: DEBUG cinder.api.middleware.request_id [None req-48931a59-f22f-47f5-a92c-d1b112ce3166 None None] RequestId filter calling following filter/app {{(pid=70994) _context_setter /opt/stack/cinder/cinder/api/middleware/request_id.py:62}}
Jul 20 03:57:13 user devstack@c-api.service[70994]: INFO cinder.api.openstack.wsgi [None req-48931a59-f22f-47f5-a92c-d1b112ce3166 tempest-AbsoluteLimitsTests-1911486418 tempest-AbsoluteLimitsTests-1911486418-project-member] GET http://10.0.0.210/volume/v3/0d96b9b0852b4fa5b20cf32797cc9c6c/volumes/110d3ef1-c144-4545-b7d6-928086d19764
Jul 20 03:57:13 user devstack@c-api.service[70994]: DEBUG cinder.api.openstack.wsgi [None req-48931a59-f22f-47f5-a92c-d1b112ce3166 tempest-AbsoluteLimitsTests-1911486418 tempest-AbsoluteLimitsTests-1911486418-project-member] Empty body provided in request {{(pid=70994) get_body /opt/stack/cinder/cinder/api/openstack/wsgi.py:715}}
Jul 20 03:57:13 user devstack@c-api.service[70994]: DEBUG cinder.api.openstack.wsgi [None req-48931a59-f22f-47f5-a92c-d1b112ce3166 tempest-AbsoluteLimitsTests-1911486418 tempest-AbsoluteLimitsTests-1911486418-project-member] Calling method 'show' {{(pid=70994) _process_stack /opt/stack/cinder/cinder/api/openstack/wsgi.py:868}}
Jul 20 03:57:13 user devstack@c-api.service[70992]: /usr/local/lib/python3.10/dist-packages/oslo_context/context.py:100: DeprecationWarning: Policy enforcement is depending on the value of is_admin. This key is deprecated. Please update your policy file to use the standard policy values.
Jul 20 03:57:13 user devstack@c-api.service[70992]: warnings.warn('Policy enforcement is depending on the value of '
Jul 20 03:57:13 user devstack@c-api.service[70992]: DEBUG dbcounter [-] [70992] Writing DB stats cinder:UPDATE=10,cinder:SELECT=88,cinder:INSERT=2 {{(pid=70992) stat_writer /usr/local/lib/python3.10/dist-packages/dbcounter.py:117}}
Jul 20 03:57:13 user devstack@c-api.service[70994]: /usr/local/lib/python3.10/dist-packages/oslo_context/context.py:100: DeprecationWarning: Policy enforcement is depending on the value of is_admin. This key is deprecated. Please update your policy file to use the standard policy values.
Jul 20 03:57:13 user devstack@c-api.service[70994]: warnings.warn('Policy enforcement is depending on the value of '
Jul 20 03:57:13 user devstack@c-api.service[70994]: INFO cinder.volume.api [None req-48931a59-f22f-47f5-a92c-d1b112ce3166 tempest-AbsoluteLimitsTests-1911486418 tempest-AbsoluteLimitsTests-1911486418-project-member] Volume info retrieved successfully.
Jul 20 03:57:13 user devstack@c-api.service[70994]: INFO cinder.api.openstack.wsgi [None req-48931a59-f22f-47f5-a92c-d1b112ce3166 tempest-AbsoluteLimitsTests-1911486418 tempest-AbsoluteLimitsTests-1911486418-project-member] http://10.0.0.210/volume/v3/0d96b9b0852b4fa5b20cf32797cc9c6c/volumes/110d3ef1-c144-4545-b7d6-928086d19764 returned with HTTP 200
Jul 20 03:57:13 user devstack@c-api.service[70994]: [pid: 70994|app: 0|req: 107/322] 10.0.0.210 () {62 vars in 1402 bytes} [Thu Jul 20 03:57:13 2023] GET /volume/v3/0d96b9b0852b4fa5b20cf32797cc9c6c/volumes/110d3ef1-c144-4545-b7d6-928086d19764 => generated 906 bytes in 41 msecs (HTTP/1.1 200) 7 headers in 285 bytes (1 switches on core 0)
Jul 20 03:57:13 user devstack@c-api.service[70992]: WARNING cinder.quota [None req-45538118-b742-4228-a561-5fbc26457b6e tempest-GroupSnapshotsTest-107114384 tempest-GroupSnapshotsTest-107114384-project-member] Deprecated: Default quota for resource: snapshots_tempest-GroupSnapshotsTest-volume-type-1640286247 is set by the default quota flag: quota_snapshots_tempest-GroupSnapshotsTest-volume-type-1640286247, it is now deprecated. Please use the default quota class for default quota.
Jul 20 03:57:13 user devstack@c-api.service[70993]: DEBUG cinder.api.middleware.request_id [None req-26d726e1-0b1a-4176-94a4-dccf46df82cb None None] RequestId filter calling following filter/app {{(pid=70993) _context_setter /opt/stack/cinder/cinder/api/middleware/request_id.py:62}}
Jul 20 03:57:13 user devstack@c-api.service[70993]: INFO cinder.api.openstack.wsgi [None req-26d726e1-0b1a-4176-94a4-dccf46df82cb tempest-TaggedBootDevicesTest-2062848229 tempest-TaggedBootDevicesTest-2062848229-project-member] GET http://10.0.0.210/volume/v3/a0d88d95232040eda85c980d206a8179/volumes/153382d6-52f4-49ff-99de-6ab908057545
Jul 20 03:57:13 user devstack@c-api.service[70993]: DEBUG cinder.api.openstack.wsgi [None req-26d726e1-0b1a-4176-94a4-dccf46df82cb tempest-TaggedBootDevicesTest-2062848229 tempest-TaggedBootDevicesTest-2062848229-project-member] Empty body provided in request {{(pid=70993) get_body /opt/stack/cinder/cinder/api/openstack/wsgi.py:715}}
Jul 20 03:57:13 user devstack@c-api.service[70993]: DEBUG cinder.api.openstack.wsgi [None req-26d726e1-0b1a-4176-94a4-dccf46df82cb tempest-TaggedBootDevicesTest-2062848229 tempest-TaggedBootDevicesTest-2062848229-project-member] Calling method 'show' {{(pid=70993) _process_stack /opt/stack/cinder/cinder/api/openstack/wsgi.py:868}}
Jul 20 03:57:13 user devstack@c-api.service[70993]: /usr/local/lib/python3.10/dist-packages/oslo_context/context.py:100: DeprecationWarning: Policy enforcement is depending on the value of is_admin. This key is deprecated. Please update your policy file to use the standard policy values.
Jul 20 03:57:13 user devstack@c-api.service[70993]: warnings.warn('Policy enforcement is depending on the value of '
Jul 20 03:57:13 user devstack@c-api.service[70993]: INFO cinder.volume.api [None req-26d726e1-0b1a-4176-94a4-dccf46df82cb tempest-TaggedBootDevicesTest-2062848229 tempest-TaggedBootDevicesTest-2062848229-project-member] Volume info retrieved successfully.
Jul 20 03:57:13 user devstack@c-api.service[70992]: DEBUG cinder.quota [None req-45538118-b742-4228-a561-5fbc26457b6e tempest-GroupSnapshotsTest-107114384 tempest-GroupSnapshotsTest-107114384-project-member] Created reservations ['404cdea6-8119-4699-b883-e8abbee3d92d', 'c0a08f31-a6bb-4fbf-864b-3ebf8486a0e7', '2fd92cb5-69a0-4d03-bf20-952d1882aa51', '8586d555-619f-466b-a0e0-c6dfc04216db'] {{(pid=70992) reserve /opt/stack/cinder/cinder/quota.py:755}}
Jul 20 03:57:13 user devstack@c-api.service[70994]: DEBUG cinder.api.middleware.request_id [None req-6baad13e-afbf-4285-9efd-0ddc73685845 None None] RequestId filter calling following filter/app {{(pid=70994) _context_setter /opt/stack/cinder/cinder/api/middleware/request_id.py:62}}
Jul 20 03:57:13 user devstack@c-api.service[70994]: INFO cinder.api.openstack.wsgi [None req-6baad13e-afbf-4285-9efd-0ddc73685845 tempest-VolumesTestJSON-264928342 tempest-VolumesTestJSON-264928342-project-member] GET http://10.0.0.210/volume/v3/28508920143f4655807c1aa6aabb9908/volumes/97c5f1f4-50cb-4e9e-b5b5-17b2937ea74a
Jul 20 03:57:13 user devstack@c-api.service[70994]: DEBUG cinder.api.openstack.wsgi [None req-6baad13e-afbf-4285-9efd-0ddc73685845 tempest-VolumesTestJSON-264928342 tempest-VolumesTestJSON-264928342-project-member] Empty body provided in request {{(pid=70994) get_body /opt/stack/cinder/cinder/api/openstack/wsgi.py:715}}
Jul 20 03:57:13 user devstack@c-api.service[70994]: DEBUG cinder.api.openstack.wsgi [None req-6baad13e-afbf-4285-9efd-0ddc73685845 tempest-VolumesTestJSON-264928342 tempest-VolumesTestJSON-264928342-project-member] Calling method 'show' {{(pid=70994) _process_stack /opt/stack/cinder/cinder/api/openstack/wsgi.py:868}}
Jul 20 03:57:13 user devstack@c-api.service[70993]: INFO cinder.api.openstack.wsgi [None req-26d726e1-0b1a-4176-94a4-dccf46df82cb tempest-TaggedBootDevicesTest-2062848229 tempest-TaggedBootDevicesTest-2062848229-project-member] http://10.0.0.210/volume/v3/a0d88d95232040eda85c980d206a8179/volumes/153382d6-52f4-49ff-99de-6ab908057545 returned with HTTP 200
Jul 20 03:57:13 user devstack@c-api.service[70993]: [pid: 70993|app: 0|req: 104/323] 10.0.0.210 () {62 vars in 1402 bytes} [Thu Jul 20 03:57:13 2023] GET /volume/v3/a0d88d95232040eda85c980d206a8179/volumes/153382d6-52f4-49ff-99de-6ab908057545 => generated 911 bytes in 48 msecs (HTTP/1.1 200) 7 headers in 285 bytes (1 switches on core 0)
Jul 20 03:57:13 user devstack@c-api.service[70994]: /usr/local/lib/python3.10/dist-packages/oslo_context/context.py:100: DeprecationWarning: Policy enforcement is depending on the value of is_admin. This key is deprecated. Please update your policy file to use the standard policy values.
Jul 20 03:57:13 user devstack@c-api.service[70994]: warnings.warn('Policy enforcement is depending on the value of '
Jul 20 03:57:13 user devstack@c-api.service[70994]: INFO cinder.volume.api [None req-6baad13e-afbf-4285-9efd-0ddc73685845 tempest-VolumesTestJSON-264928342 tempest-VolumesTestJSON-264928342-project-member] Volume info retrieved successfully.
Jul 20 03:57:13 user devstack@c-api.service[70994]: DEBUG dbcounter [-] [70994] Writing DB stats cinder:SELECT=86,cinder:INSERT=2,cinder:UPDATE=12 {{(pid=70994) stat_writer /usr/local/lib/python3.10/dist-packages/dbcounter.py:117}}
Jul 20 03:57:13 user devstack@c-api.service[70994]: INFO cinder.api.openstack.wsgi [None req-6baad13e-afbf-4285-9efd-0ddc73685845 tempest-VolumesTestJSON-264928342 tempest-VolumesTestJSON-264928342-project-member] http://10.0.0.210/volume/v3/28508920143f4655807c1aa6aabb9908/volumes/97c5f1f4-50cb-4e9e-b5b5-17b2937ea74a returned with HTTP 200
Jul 20 03:57:13 user devstack@c-api.service[70994]: [pid: 70994|app: 0|req: 108/324] 10.0.0.210 () {62 vars in 1402 bytes} [Thu Jul 20 03:57:13 2023] GET /volume/v3/28508920143f4655807c1aa6aabb9908/volumes/97c5f1f4-50cb-4e9e-b5b5-17b2937ea74a => generated 919 bytes in 42 msecs (HTTP/1.1 200) 7 headers in 285 bytes (1 switches on core 0)
Jul 20 03:57:13 user devstack@c-api.service[70992]: INFO cinder.api.openstack.wsgi [None req-45538118-b742-4228-a561-5fbc26457b6e tempest-GroupSnapshotsTest-107114384 tempest-GroupSnapshotsTest-107114384-project-member] http://10.0.0.210/volume/v3/98947800cdb2405093a8736eecb9c3b5/group_snapshots returned with HTTP 202
Jul 20 03:57:13 user devstack@c-api.service[70992]: [pid: 70992|app: 0|req: 113/325] 10.0.0.210 () {66 vars in 1378 bytes} [Thu Jul 20 03:57:13 2023] POST /volume/v3/98947800cdb2405093a8736eecb9c3b5/group_snapshots => generated 167 bytes in 282 msecs (HTTP/1.1 202) 7 headers in 292 bytes (1 switches on core 0)
