Jul 21 07:22:59 user devstack@keystone.service[42002]: DEBUG keystone.server.flask.request_processing.req_logging [None req-af174d1c-7d61-47f0-ad3d-97840d5aed50 admin admin] SCRIPT_NAME: `/identity` {{(pid=42002) log_request_info /opt/stack/keystone/keystone/server/flask/request_processing/req_logging.py:28}}
Jul 21 07:22:59 user devstack@keystone.service[42002]: DEBUG keystone.server.flask.request_processing.req_logging [None req-af174d1c-7d61-47f0-ad3d-97840d5aed50 admin admin] PATH_INFO: `/v3/groups/b2c3ba56135a4ad49ad9df2afd4818b8` {{(pid=42002) log_request_info /opt/stack/keystone/keystone/server/flask/request_processing/req_logging.py:29}}
Jul 21 07:22:59 user devstack@keystone.service[42003]: [pid: 42003|app: 0|req: 96/290] 10.0.0.210 () {56 vars in 1202 bytes} [Fri Jul 21 07:22:59 2023] GET /identity/v3/projects/e51cde75ac18419885b67cef261fc01a => generated 301 bytes in 19 msecs (HTTP/1.1 200) 5 headers in 177 bytes (1 switches on core 0)
Jul 21 07:22:59 user devstack@keystone.service[42002]: DEBUG keystone.common.rbac_enforcer.enforcer [None req-af174d1c-7d61-47f0-ad3d-97840d5aed50 admin admin] RBAC: Authorizing `identity:get_group(group_id=b2c3ba56135a4ad49ad9df2afd4818b8)` {{(pid=42002) enforce_call /opt/stack/keystone/keystone/common/rbac_enforcer/enforcer.py:449}}
Jul 21 07:22:59 user devstack@keystone.service[42003]: DEBUG keystone.server.flask.request_processing.middleware.auth_context [None req-f1fd2f6c-29c6-41c2-848b-a352356b14d8 admin admin] Authenticating user token {{(pid=42003) process_request /usr/local/lib/python3.10/dist-packages/keystonemiddleware/auth_token/__init__.py:406}}
Jul 21 07:22:59 user devstack@keystone.service[42002]: DEBUG keystone.common.rbac_enforcer.enforcer [None req-af174d1c-7d61-47f0-ad3d-97840d5aed50 admin admin] RBAC: Authorization granted {{(pid=42002) enforce_call /opt/stack/keystone/keystone/common/rbac_enforcer/enforcer.py:457}}
Jul 21 07:22:59 user devstack@keystone.service[42002]: [pid: 42002|app: 0|req: 98/291] 10.0.0.210 () {56 vars in 1196 bytes} [Fri Jul 21 07:22:59 2023] GET /identity/v3/groups/b2c3ba56135a4ad49ad9df2afd4818b8 => generated 228 bytes in 24 msecs (HTTP/1.1 200) 5 headers in 177 bytes (1 switches on core 0)
Jul 21 07:22:59 user devstack@keystone.service[42001]: DEBUG keystone.server.flask.request_processing.middleware.auth_context [None req-bd527491-9e9d-4d7f-a33a-355f56cd63b2 None admin] Validating token access rules against request {{(pid=42001) validate_allowed_request /usr/local/lib/python3.10/dist-packages/keystonemiddleware/auth_token/__init__.py:544}}
Jul 21 07:22:59 user devstack@keystone.service[42003]: DEBUG keystone.server.flask.request_processing.middleware.auth_context [None req-f1fd2f6c-29c6-41c2-848b-a352356b14d8 admin admin] Validating token access rules against request {{(pid=42003) validate_allowed_request /usr/local/lib/python3.10/dist-packages/keystonemiddleware/auth_token/__init__.py:544}}
Jul 21 07:22:59 user devstack@keystone.service[42002]: DEBUG keystone.server.flask.request_processing.middleware.auth_context [None req-af174d1c-7d61-47f0-ad3d-97840d5aed50 admin admin] Authenticating user token {{(pid=42002) process_request /usr/local/lib/python3.10/dist-packages/keystonemiddleware/auth_token/__init__.py:406}}
Jul 21 07:22:59 user devstack@keystone.service[42003]: DEBUG keystone.server.flask.request_processing.middleware.auth_context [None req-ea6bd7a0-5e4a-4829-b6ba-b8e91df37250 admin admin] RBAC: auth_context: {'token': , 'domain_id': None, 'trust_id': None, 'trustor_id': None, 'trustee_id': None, 'domain_name': None, 'group_ids': [], 'user_id': '8898eedee61c4f1c956a750cb99e38cf', 'user_domain_id': 'default', 'system_scope': None, 'project_id': '151f17d139c64854a85f1a51e71d4533', 'project_domain_id': 'default', 'roles': ['member', 'admin', 'reader'], 'is_admin_project': True, 'service_user_id': None, 'service_user_domain_id': None, 'service_project_id': None, 'service_project_domain_id': None, 'service_roles': []} {{(pid=42003) fill_context /opt/stack/keystone/keystone/server/flask/request_processing/middleware/auth_context.py:480}}
Jul 21 07:22:59 user devstack@keystone.service[42003]: DEBUG keystone.server.flask.request_processing.req_logging [None req-ea6bd7a0-5e4a-4829-b6ba-b8e91df37250 admin admin] REQUEST_METHOD: `PUT` {{(pid=42003) log_request_info /opt/stack/keystone/keystone/server/flask/request_processing/req_logging.py:27}}
Jul 21 07:22:59 user devstack@keystone.service[42003]: DEBUG keystone.server.flask.request_processing.req_logging [None req-ea6bd7a0-5e4a-4829-b6ba-b8e91df37250 admin admin] SCRIPT_NAME: `/identity` {{(pid=42003) log_request_info /opt/stack/keystone/keystone/server/flask/request_processing/req_logging.py:28}}
Jul 21 07:22:59 user devstack@keystone.service[42003]: DEBUG keystone.server.flask.request_processing.req_logging [None req-ea6bd7a0-5e4a-4829-b6ba-b8e91df37250 admin admin] PATH_INFO: `/v3/projects/e51cde75ac18419885b67cef261fc01a/groups/8ac2662b6343411e95de118f779b1e81/roles/662c7da3d4014adc9fcd25dbb28d498f` {{(pid=42003) log_request_info /opt/stack/keystone/keystone/server/flask/request_processing/req_logging.py:29}}
Jul 21 07:22:59 user devstack@keystone.service[42003]: DEBUG keystone.common.rbac_enforcer.enforcer [None req-ea6bd7a0-5e4a-4829-b6ba-b8e91df37250 admin admin] RBAC: Authorizing `identity:create_grant(project_id=e51cde75ac18419885b67cef261fc01a, group_id=8ac2662b6343411e95de118f779b1e81, role_id=662c7da3d4014adc9fcd25dbb28d498f)` {{(pid=42003) enforce_call /opt/stack/keystone/keystone/common/rbac_enforcer/enforcer.py:449}}
Jul 21 07:22:59 user devstack@keystone.service[42003]: DEBUG keystone.common.rbac_enforcer.enforcer [None req-ea6bd7a0-5e4a-4829-b6ba-b8e91df37250 admin admin] RBAC: Authorization granted {{(pid=42003) enforce_call /opt/stack/keystone/keystone/common/rbac_enforcer/enforcer.py:457}}
Jul 21 07:22:59 user devstack@keystone.service[42002]: DEBUG keystone.server.flask.request_processing.middleware.auth_context [None req-af174d1c-7d61-47f0-ad3d-97840d5aed50 admin admin] Validating token access rules against request {{(pid=42002) validate_allowed_request /usr/local/lib/python3.10/dist-packages/keystonemiddleware/auth_token/__init__.py:544}}
Jul 21 07:22:59 user devstack@keystone.service[42002]: DEBUG keystone.server.flask.request_processing.middleware.auth_context [None req-ebc140e4-b6f8-4722-a679-9086b48fc2d3 admin admin] RBAC: auth_context: {'token': , 'domain_id': None, 'trust_id': None, 'trustor_id': None, 'trustee_id': None, 'domain_name': None, 'group_ids': [], 'user_id': '8898eedee61c4f1c956a750cb99e38cf', 'user_domain_id': 'default', 'system_scope': None, 'project_id': '151f17d139c64854a85f1a51e71d4533', 'project_domain_id': 'default', 'roles': ['member', 'admin', 'reader'], 'is_admin_project': True, 'service_user_id': None, 'service_user_domain_id': None, 'service_project_id': None, 'service_project_domain_id': None, 'service_roles': []} {{(pid=42002) fill_context /opt/stack/keystone/keystone/server/flask/request_processing/middleware/auth_context.py:480}}
Jul 21 07:22:59 user devstack@keystone.service[42002]: DEBUG keystone.server.flask.request_processing.req_logging [None req-ebc140e4-b6f8-4722-a679-9086b48fc2d3 admin admin] REQUEST_METHOD: `GET` {{(pid=42002) log_request_info /opt/stack/keystone/keystone/server/flask/request_processing/req_logging.py:27}}
Jul 21 07:22:59 user devstack@keystone.service[42002]: DEBUG keystone.server.flask.request_processing.req_logging [None req-ebc140e4-b6f8-4722-a679-9086b48fc2d3 admin admin] SCRIPT_NAME: `/identity` {{(pid=42002) log_request_info /opt/stack/keystone/keystone/server/flask/request_processing/req_logging.py:28}}
Jul 21 07:22:59 user devstack@keystone.service[42002]: DEBUG keystone.server.flask.request_processing.req_logging [None req-ebc140e4-b6f8-4722-a679-9086b48fc2d3 admin admin] PATH_INFO: `/v3/projects/151f17d139c64854a85f1a51e71d4533` {{(pid=42002) log_request_info /opt/stack/keystone/keystone/server/flask/request_processing/req_logging.py:29}}
Jul 21 07:22:59 user devstack@keystone.service[42002]: DEBUG keystone.common.rbac_enforcer.enforcer [None req-ebc140e4-b6f8-4722-a679-9086b48fc2d3 admin admin] RBAC: Authorizing `identity:get_project(project_id=151f17d139c64854a85f1a51e71d4533)` {{(pid=42002) enforce_call /opt/stack/keystone/keystone/common/rbac_enforcer/enforcer.py:449}}
Jul 21 07:22:59 user devstack@keystone.service[42003]: [pid: 42003|app: 0|req: 97/292] 10.0.0.210 () {58 vars in 1458 bytes} [Fri Jul 21 07:22:59 2023] PUT /identity/v3/projects/e51cde75ac18419885b67cef261fc01a/groups/8ac2662b6343411e95de118f779b1e81/roles/662c7da3d4014adc9fcd25dbb28d498f => generated 0 bytes in 29 msecs (HTTP/1.1 204) 3 headers in 132 bytes (1 switches on core 0)
Jul 21 07:22:59 user devstack@keystone.service[42002]: DEBUG keystone.common.rbac_enforcer.enforcer [None req-ebc140e4-b6f8-4722-a679-9086b48fc2d3 admin admin] RBAC: Authorization granted {{(pid=42002) enforce_call /opt/stack/keystone/keystone/common/rbac_enforcer/enforcer.py:457}}
Jul 21 07:22:59 user devstack@keystone.service[42002]: [pid: 42002|app: 0|req: 99/293] 10.0.0.210 () {56 vars in 1202 bytes} [Fri Jul 21 07:22:59 2023] GET /identity/v3/projects/151f17d139c64854a85f1a51e71d4533 => generated 343 bytes in 24 msecs (HTTP/1.1 200) 5 headers in 177 bytes (1 switches on core 0)
Jul 21 07:22:59 user devstack@keystone.service[42003]: DEBUG keystone.server.flask.request_processing.middleware.auth_context [None req-ea6bd7a0-5e4a-4829-b6ba-b8e91df37250 admin admin] Authenticating user token {{(pid=42003) process_request /usr/local/lib/python3.10/dist-packages/keystonemiddleware/auth_token/__init__.py:406}}
Jul 21 07:22:59 user devstack@keystone.service[42001]: DEBUG keystone.server.flask.request_processing.middleware.auth_context [None req-25a9ff93-c957-46bd-8b14-710cde9b2d33 None admin] RBAC: auth_context: {'token': , 'domain_id': None, 'trust_id': None, 'trustor_id': None, 'trustee_id': None, 'domain_name': None, 'group_ids': [], 'user_id': '8898eedee61c4f1c956a750cb99e38cf', 'user_domain_id': 'default', 'system_scope': 'all', 'project_id': None, 'project_domain_id': None, 'roles': ['admin', 'member', 'reader'], 'is_admin_project': True, 'service_user_id': None, 'service_user_domain_id': None, 'service_project_id': None, 'service_project_domain_id': None, 'service_roles': []} {{(pid=42001) fill_context /opt/stack/keystone/keystone/server/flask/request_processing/middleware/auth_context.py:480}}
Jul 21 07:22:59 user devstack@keystone.service[42001]: DEBUG keystone.server.flask.request_processing.req_logging [None req-25a9ff93-c957-46bd-8b14-710cde9b2d33 None admin] REQUEST_METHOD: `GET` {{(pid=42001) log_request_info /opt/stack/keystone/keystone/server/flask/request_processing/req_logging.py:27}}
Jul 21 07:22:59 user devstack@keystone.service[42001]: DEBUG keystone.server.flask.request_processing.req_logging [None req-25a9ff93-c957-46bd-8b14-710cde9b2d33 None admin] SCRIPT_NAME: `/identity` {{(pid=42001) log_request_info /opt/stack/keystone/keystone/server/flask/request_processing/req_logging.py:28}}
Jul 21 07:22:59 user devstack@keystone.service[42001]: DEBUG keystone.server.flask.request_processing.req_logging [None req-25a9ff93-c957-46bd-8b14-710cde9b2d33 None admin] PATH_INFO: `/v3/users/64182aeb6ac64c4cb43d85257740b670` {{(pid=42001) log_request_info /opt/stack/keystone/keystone/server/flask/request_processing/req_logging.py:29}}
Jul 21 07:22:59 user devstack@keystone.service[42001]: DEBUG keystone.common.rbac_enforcer.enforcer [None req-25a9ff93-c957-46bd-8b14-710cde9b2d33 None admin] RBAC: Authorizing `identity:get_user(user_id=64182aeb6ac64c4cb43d85257740b670)` {{(pid=42001) enforce_call /opt/stack/keystone/keystone/common/rbac_enforcer/enforcer.py:449}}
Jul 21 07:22:59 user devstack@keystone.service[42001]: DEBUG keystone.common.rbac_enforcer.enforcer [None req-25a9ff93-c957-46bd-8b14-710cde9b2d33 None admin] RBAC: Authorization granted {{(pid=42001) enforce_call /opt/stack/keystone/keystone/common/rbac_enforcer/enforcer.py:457}}
Jul 21 07:22:59 user devstack@keystone.service[42001]: [pid: 42001|app: 0|req: 98/294] 10.0.0.210 () {56 vars in 1172 bytes} [Fri Jul 21 07:22:59 2023] GET /identity/v3/users/64182aeb6ac64c4cb43d85257740b670 => generated 292 bytes in 136 msecs (HTTP/1.1 200) 5 headers in 177 bytes (2 switches on core 0)
Jul 21 07:22:59 user devstack@keystone.service[42002]: DEBUG keystone.server.flask.request_processing.middleware.auth_context [None req-ebc140e4-b6f8-4722-a679-9086b48fc2d3 admin admin] Authenticating user token {{(pid=42002) process_request /usr/local/lib/python3.10/dist-packages/keystonemiddleware/auth_token/__init__.py:406}}
Jul 21 07:22:59 user devstack@keystone.service[42003]: DEBUG keystone.server.flask.request_processing.middleware.auth_context [None req-ea6bd7a0-5e4a-4829-b6ba-b8e91df37250 admin admin] Validating token access rules against request {{(pid=42003) validate_allowed_request /usr/local/lib/python3.10/dist-packages/keystonemiddleware/auth_token/__init__.py:544}}
Jul 21 07:22:59 user devstack@keystone.service[42003]: DEBUG keystone.server.flask.request_processing.middleware.auth_context [None req-6fc26337-b8d3-48bd-a16b-3dd1c9617f1b admin admin] RBAC: auth_context: {'token': , 'domain_id': None, 'trust_id': None, 'trustor_id': None, 'trustee_id': None, 'domain_name': None, 'group_ids': [], 'user_id': '8898eedee61c4f1c956a750cb99e38cf', 'user_domain_id': 'default', 'system_scope': None, 'project_id': '151f17d139c64854a85f1a51e71d4533', 'project_domain_id': 'default', 'roles': ['member', 'admin', 'reader'], 'is_admin_project': True, 'service_user_id': None, 'service_user_domain_id': None, 'service_project_id': None, 'service_project_domain_id': None, 'service_roles': []} {{(pid=42003) fill_context /opt/stack/keystone/keystone/server/flask/request_processing/middleware/auth_context.py:480}}
Jul 21 07:22:59 user devstack@keystone.service[42003]: DEBUG keystone.server.flask.request_processing.req_logging [None req-6fc26337-b8d3-48bd-a16b-3dd1c9617f1b admin admin] REQUEST_METHOD: `PUT` {{(pid=42003) log_request_info /opt/stack/keystone/keystone/server/flask/request_processing/req_logging.py:27}}
Jul 21 07:22:59 user devstack@keystone.service[42003]: DEBUG keystone.server.flask.request_processing.req_logging [None req-6fc26337-b8d3-48bd-a16b-3dd1c9617f1b admin admin] SCRIPT_NAME: `/identity` {{(pid=42003) log_request_info /opt/stack/keystone/keystone/server/flask/request_processing/req_logging.py:28}}
Jul 21 07:22:59 user devstack@keystone.service[42003]: DEBUG keystone.server.flask.request_processing.req_logging [None req-6fc26337-b8d3-48bd-a16b-3dd1c9617f1b admin admin] PATH_INFO: `/v3/projects/151f17d139c64854a85f1a51e71d4533/groups/b2c3ba56135a4ad49ad9df2afd4818b8/roles/a173c1d49a4a404fb48d5387c2905305` {{(pid=42003) log_request_info /opt/stack/keystone/keystone/server/flask/request_processing/req_logging.py:29}}
Jul 21 07:22:59 user devstack@keystone.service[42003]: DEBUG keystone.common.rbac_enforcer.enforcer [None req-6fc26337-b8d3-48bd-a16b-3dd1c9617f1b admin admin] RBAC: Authorizing `identity:create_grant(project_id=151f17d139c64854a85f1a51e71d4533, group_id=b2c3ba56135a4ad49ad9df2afd4818b8, role_id=a173c1d49a4a404fb48d5387c2905305)` {{(pid=42003) enforce_call /opt/stack/keystone/keystone/common/rbac_enforcer/enforcer.py:449}}
Jul 21 07:22:59 user devstack@keystone.service[42003]: DEBUG keystone.common.rbac_enforcer.enforcer [None req-6fc26337-b8d3-48bd-a16b-3dd1c9617f1b admin admin] RBAC: Authorization granted {{(pid=42003) enforce_call /opt/stack/keystone/keystone/common/rbac_enforcer/enforcer.py:457}}
Jul 21 07:22:59 user devstack@keystone.service[42003]: [pid: 42003|app: 0|req: 98/295] 10.0.0.210 () {58 vars in 1458 bytes} [Fri Jul 21 07:22:59 2023] PUT /identity/v3/projects/151f17d139c64854a85f1a51e71d4533/groups/b2c3ba56135a4ad49ad9df2afd4818b8/roles/a173c1d49a4a404fb48d5387c2905305 => generated 0 bytes in 76 msecs (HTTP/1.1 204) 3 headers in 132 bytes (0 switches on core 0)
Jul 21 07:22:59 user devstack@keystone.service[42002]: DEBUG dbcounter [-] [42002] Writing DB stats keystone:SELECT=100 {{(pid=42002) stat_writer /usr/local/lib/python3.10/dist-packages/dbcounter.py:117}}
Jul 21 07:22:59 user devstack@keystone.service[42002]: DEBUG keystone.server.flask.request_processing.middleware.auth_context [None req-ebc140e4-b6f8-4722-a679-9086b48fc2d3 admin admin] Validating token access rules against request {{(pid=42002) validate_allowed_request /usr/local/lib/python3.10/dist-packages/keystonemiddleware/auth_token/__init__.py:544}}
Jul 21 07:22:59 user devstack@keystone.service[42002]: DEBUG keystone.server.flask.request_processing.middleware.auth_context [None req-30f2361d-d2b7-4686-985e-173663b017be None admin] RBAC: auth_context: {'token': , 'domain_id': None, 'trust_id': None, 'trustor_id': None, 'trustee_id': None, 'domain_name': None, 'group_ids': [], 'user_id': '8898eedee61c4f1c956a750cb99e38cf', 'user_domain_id': 'default', 'system_scope': 'all', 'project_id': None, 'project_domain_id': None, 'roles': ['admin', 'member', 'reader'], 'is_admin_project': True, 'service_user_id': None, 'service_user_domain_id': None, 'service_project_id': None, 'service_project_domain_id': None, 'service_roles': []} {{(pid=42002) fill_context /opt/stack/keystone/keystone/server/flask/request_processing/middleware/auth_context.py:480}}
Jul 21 07:22:59 user devstack@keystone.service[42002]: DEBUG keystone.server.flask.request_processing.req_logging [None req-30f2361d-d2b7-4686-985e-173663b017be None admin] REQUEST_METHOD: `GET` {{(pid=42002) log_request_info /opt/stack/keystone/keystone/server/flask/request_processing/req_logging.py:27}}
Jul 21 07:22:59 user devstack@keystone.service[42002]: DEBUG keystone.server.flask.request_processing.req_logging [None req-30f2361d-d2b7-4686-985e-173663b017be None admin] SCRIPT_NAME: `/identity` {{(pid=42002) log_request_info /opt/stack/keystone/keystone/server/flask/request_processing/req_logging.py:28}}
Jul 21 07:22:59 user devstack@keystone.service[42002]: DEBUG keystone.server.flask.request_processing.req_logging [None req-30f2361d-d2b7-4686-985e-173663b017be None admin] PATH_INFO: `/v3/role_assignments` {{(pid=42002) log_request_info /opt/stack/keystone/keystone/server/flask/request_processing/req_logging.py:29}}
Jul 21 07:22:59 user devstack@keystone.service[42002]: DEBUG keystone.common.rbac_enforcer.enforcer [None req-30f2361d-d2b7-4686-985e-173663b017be None admin] RBAC: Adding query filter params (role.id=bfbdf5eebe3242ba9868e952c9db967c, user.id=64182aeb6ac64c4cb43d85257740b670, scope.system=all) {{(pid=42002) _extract_filter_values /opt/stack/keystone/keystone/common/rbac_enforcer/enforcer.py:167}}
Jul 21 07:22:59 user devstack@keystone.service[42002]: DEBUG keystone.common.rbac_enforcer.enforcer [None req-30f2361d-d2b7-4686-985e-173663b017be None admin] RBAC: Authorizing `identity:list_role_assignments()` {{(pid=42002) enforce_call /opt/stack/keystone/keystone/common/rbac_enforcer/enforcer.py:449}}
Jul 21 07:22:59 user devstack@keystone.service[42002]: DEBUG keystone.common.rbac_enforcer.enforcer [None req-30f2361d-d2b7-4686-985e-173663b017be None admin] RBAC: Authorization granted {{(pid=42002) enforce_call /opt/stack/keystone/keystone/common/rbac_enforcer/enforcer.py:457}}
Jul 21 07:22:59 user devstack@keystone.service[42002]: [pid: 42002|app: 0|req: 100/296] 10.0.0.210 () {56 vars in 1303 bytes} [Fri Jul 21 07:22:59 2023] GET /identity/v3/role_assignments?user.id=64182aeb6ac64c4cb43d85257740b670&scope.system=all&role.id=bfbdf5eebe3242ba9868e952c9db967c => generated 508 bytes in 172 msecs (HTTP/1.1 200) 5 headers in 177 bytes (1 switches on core 0)
Jul 21 07:23:00 user devstack@keystone.service[42001]: DEBUG keystone.server.flask.request_processing.req_logging [None req-73cd65ca-0edd-42ee-b626-0c45bbf56e49 None None] REQUEST_METHOD: `GET` {{(pid=42001) log_request_info /opt/stack/keystone/keystone/server/flask/request_processing/req_logging.py:27}}
Jul 21 07:23:00 user devstack@keystone.service[42001]: DEBUG keystone.server.flask.request_processing.req_logging [None req-73cd65ca-0edd-42ee-b626-0c45bbf56e49 None None] SCRIPT_NAME: `/identity` {{(pid=42001) log_request_info /opt/stack/keystone/keystone/server/flask/request_processing/req_logging.py:28}}
Jul 21 07:23:00 user devstack@keystone.service[42001]: DEBUG keystone.server.flask.request_processing.req_logging [None req-73cd65ca-0edd-42ee-b626-0c45bbf56e49 None None] PATH_INFO: `/` {{(pid=42001) log_request_info /opt/stack/keystone/keystone/server/flask/request_processing/req_logging.py:29}}
Jul 21 07:23:00 user devstack@keystone.service[42001]: [pid: 42001|app: 0|req: 99/297] 10.0.0.210 () {54 vars in 920 bytes} [Fri Jul 21 07:23:00 2023] GET /identity => generated 269 bytes in 3 msecs (HTTP/1.1 300) 6 headers in 233 bytes (1 switches on core 0)
Jul 21 07:23:00 user devstack@keystone.service[42003]: DEBUG keystone.server.flask.request_processing.req_logging [None req-85c7a200-66a7-441b-a16d-3177920dcfac None None] REQUEST_METHOD: `POST` {{(pid=42003) log_request_info /opt/stack/keystone/keystone/server/flask/request_processing/req_logging.py:27}}
Jul 21 07:23:00 user devstack@keystone.service[42003]: DEBUG keystone.server.flask.request_processing.req_logging [None req-85c7a200-66a7-441b-a16d-3177920dcfac None None] SCRIPT_NAME: `/identity` {{(pid=42003) log_request_info /opt/stack/keystone/keystone/server/flask/request_processing/req_logging.py:28}}
Jul 21 07:23:00 user devstack@keystone.service[42003]: DEBUG keystone.server.flask.request_processing.req_logging [None req-85c7a200-66a7-441b-a16d-3177920dcfac None None] PATH_INFO: `/v3/auth/tokens` {{(pid=42003) log_request_info /opt/stack/keystone/keystone/server/flask/request_processing/req_logging.py:29}}
Jul 21 07:23:00 user devstack@keystone.service[42003]: WARNING keystone.common.password_hashing [None req-85c7a200-66a7-441b-a16d-3177920dcfac None None] Truncating password to algorithm specific maximum length 54 characters.
Jul 21 07:23:00 user devstack@keystone.service[42003]: DEBUG keystone.auth.core [None req-85c7a200-66a7-441b-a16d-3177920dcfac None None] MFA Rules not processed for user `8898eedee61c4f1c956a750cb99e38cf`. Rule list: `[]` (Enabled: `True`). {{(pid=42003) check_auth_methods_against_rules /opt/stack/keystone/keystone/auth/core.py:438}}
Jul 21 07:23:00 user devstack@keystone.service[42003]: DEBUG keystone.common.fernet_utils [None req-85c7a200-66a7-441b-a16d-3177920dcfac None None] Loaded 2 Fernet keys from /etc/keystone/fernet-keys/, but `[fernet_tokens] max_active_keys = 3`; perhaps there have not been enough key rotations to reach `max_active_keys` yet? {{(pid=42003) load_keys /opt/stack/keystone/keystone/common/fernet_utils.py:286}}
Jul 21 07:23:00 user devstack@keystone.service[42003]: DEBUG dbcounter [-] [42003] Writing DB stats keystone:INSERT=3,keystone:SELECT=97 {{(pid=42003) stat_writer /usr/local/lib/python3.10/dist-packages/dbcounter.py:117}}
Jul 21 07:23:00 user devstack@keystone.service[42003]: [pid: 42003|app: 0|req: 99/298] 10.0.0.210 () {58 vars in 1017 bytes} [Fri Jul 21 07:23:00 2023] POST /identity/v3/auth/tokens => generated 798 bytes in 106 msecs (HTTP/1.1 201) 6 headers in 363 bytes (1 switches on core 0)
Jul 21 07:23:00 user devstack@keystone.service[42001]: DEBUG keystone.server.flask.request_processing.req_logging [None req-c79015e2-340e-4630-ad8f-393486d157f9 None None] REQUEST_METHOD: `GET` {{(pid=42001) log_request_info /opt/stack/keystone/keystone/server/flask/request_processing/req_logging.py:27}}
Jul 21 07:23:00 user devstack@keystone.service[42001]: DEBUG keystone.server.flask.request_processing.req_logging [None req-c79015e2-340e-4630-ad8f-393486d157f9 None None] SCRIPT_NAME: `/identity` {{(pid=42001) log_request_info /opt/stack/keystone/keystone/server/flask/request_processing/req_logging.py:28}}
Jul 21 07:23:00 user devstack@keystone.service[42001]: DEBUG keystone.server.flask.request_processing.req_logging [None req-c79015e2-340e-4630-ad8f-393486d157f9 None None] PATH_INFO: `/` {{(pid=42001) log_request_info /opt/stack/keystone/keystone/server/flask/request_processing/req_logging.py:29}}
Jul 21 07:23:00 user devstack@keystone.service[42001]: [pid: 42001|app: 0|req: 100/299] 10.0.0.210 () {54 vars in 920 bytes} [Fri Jul 21 07:23:00 2023] GET /identity => generated 269 bytes in 2 msecs (HTTP/1.1 300) 6 headers in 233 bytes (1 switches on core 0)
Jul 21 07:23:00 user devstack@keystone.service[42002]: DEBUG keystone.server.flask.request_processing.req_logging [None req-dfaaaab7-8df2-442b-8297-c4b6ace96d3b None None] REQUEST_METHOD: `GET` {{(pid=42002) log_request_info /opt/stack/keystone/keystone/server/flask/request_processing/req_logging.py:27}}
Jul 21 07:23:00 user devstack@keystone.service[42002]: DEBUG keystone.server.flask.request_processing.req_logging [None req-dfaaaab7-8df2-442b-8297-c4b6ace96d3b None None] SCRIPT_NAME: `/identity` {{(pid=42002) log_request_info /opt/stack/keystone/keystone/server/flask/request_processing/req_logging.py:28}}
Jul 21 07:23:00 user devstack@keystone.service[42002]: DEBUG keystone.server.flask.request_processing.req_logging [None req-dfaaaab7-8df2-442b-8297-c4b6ace96d3b None None] PATH_INFO: `/` {{(pid=42002) log_request_info /opt/stack/keystone/keystone/server/flask/request_processing/req_logging.py:29}}
Jul 21 07:23:00 user devstack@keystone.service[42002]: [pid: 42002|app: 0|req: 101/300] 10.0.0.210 () {54 vars in 920 bytes} [Fri Jul 21 07:23:00 2023] GET /identity => generated 269 bytes in 6 msecs (HTTP/1.1 300) 6 headers in 233 bytes (1 switches on core 0)
Jul 21 07:23:00 user devstack@keystone.service[42003]: DEBUG keystone.server.flask.request_processing.req_logging [None req-69e16b64-9d6f-44da-96f3-c4bfac1c3cb3 None None] REQUEST_METHOD: `POST` {{(pid=42003) log_request_info /opt/stack/keystone/keystone/server/flask/request_processing/req_logging.py:27}}
Jul 21 07:23:00 user devstack@keystone.service[42003]: DEBUG keystone.server.flask.request_processing.req_logging [None req-69e16b64-9d6f-44da-96f3-c4bfac1c3cb3 None None] SCRIPT_NAME: `/identity` {{(pid=42003) log_request_info /opt/stack/keystone/keystone/server/flask/request_processing/req_logging.py:28}}
Jul 21 07:23:00 user devstack@keystone.service[42003]: DEBUG keystone.server.flask.request_processing.req_logging [None req-69e16b64-9d6f-44da-96f3-c4bfac1c3cb3 None None] PATH_INFO: `/v3/auth/tokens` {{(pid=42003) log_request_info /opt/stack/keystone/keystone/server/flask/request_processing/req_logging.py:29}}
Jul 21 07:23:00 user devstack@keystone.service[42001]: DEBUG keystone.server.flask.request_processing.req_logging [None req-8a15b155-467d-43c1-91ce-1f9f7f3b0a6a None None] REQUEST_METHOD: `POST` {{(pid=42001) log_request_info /opt/stack/keystone/keystone/server/flask/request_processing/req_logging.py:27}}
Jul 21 07:23:00 user devstack@keystone.service[42001]: DEBUG keystone.server.flask.request_processing.req_logging [None req-8a15b155-467d-43c1-91ce-1f9f7f3b0a6a None None] SCRIPT_NAME: `/identity` {{(pid=42001) log_request_info /opt/stack/keystone/keystone/server/flask/request_processing/req_logging.py:28}}
Jul 21 07:23:00 user devstack@keystone.service[42001]: DEBUG keystone.server.flask.request_processing.req_logging [None req-8a15b155-467d-43c1-91ce-1f9f7f3b0a6a None None] PATH_INFO: `/v3/auth/tokens` {{(pid=42001) log_request_info /opt/stack/keystone/keystone/server/flask/request_processing/req_logging.py:29}}
Jul 21 07:23:00 user devstack@keystone.service[42003]: WARNING keystone.common.password_hashing [None req-69e16b64-9d6f-44da-96f3-c4bfac1c3cb3 None None] Truncating password to algorithm specific maximum length 54 characters.
Jul 21 07:23:00 user devstack@keystone.service[42003]: DEBUG keystone.auth.core [None req-69e16b64-9d6f-44da-96f3-c4bfac1c3cb3 None None] MFA Rules not processed for user `8898eedee61c4f1c956a750cb99e38cf`. Rule list: `[]` (Enabled: `True`). {{(pid=42003) check_auth_methods_against_rules /opt/stack/keystone/keystone/auth/core.py:438}}
Jul 21 07:23:00 user devstack@keystone.service[42001]: WARNING keystone.common.password_hashing [None req-8a15b155-467d-43c1-91ce-1f9f7f3b0a6a None None] Truncating password to algorithm specific maximum length 54 characters.
Jul 21 07:23:00 user devstack@keystone.service[42003]: DEBUG keystone.common.fernet_utils [None req-69e16b64-9d6f-44da-96f3-c4bfac1c3cb3 None None] Loaded 2 Fernet keys from /etc/keystone/fernet-keys/, but `[fernet_tokens] max_active_keys = 3`; perhaps there have not been enough key rotations to reach `max_active_keys` yet? {{(pid=42003) load_keys /opt/stack/keystone/keystone/common/fernet_utils.py:286}}
Jul 21 07:23:00 user devstack@keystone.service[42001]: DEBUG keystone.auth.core [None req-8a15b155-467d-43c1-91ce-1f9f7f3b0a6a None None] MFA Rules not processed for user `8898eedee61c4f1c956a750cb99e38cf`. Rule list: `[]` (Enabled: `True`). {{(pid=42001) check_auth_methods_against_rules /opt/stack/keystone/keystone/auth/core.py:438}}
Jul 21 07:23:00 user devstack@keystone.service[42001]: DEBUG keystone.common.fernet_utils [None req-8a15b155-467d-43c1-91ce-1f9f7f3b0a6a None None] Loaded 2 Fernet keys from /etc/keystone/fernet-keys/, but `[fernet_tokens] max_active_keys = 3`; perhaps there have not been enough key rotations to reach `max_active_keys` yet? {{(pid=42001) load_keys /opt/stack/keystone/keystone/common/fernet_utils.py:286}}
Jul 21 07:23:00 user devstack@keystone.service[42003]: [pid: 42003|app: 0|req: 100/301] 10.0.0.210 () {58 vars in 1017 bytes} [Fri Jul 21 07:23:00 2023] POST /identity/v3/auth/tokens => generated 798 bytes in 77 msecs (HTTP/1.1 201) 6 headers in 363 bytes (1 switches on core 0)
Jul 21 07:23:00 user devstack@keystone.service[42001]: DEBUG dbcounter [-] [42001] Writing DB stats keystone:SELECT=100 {{(pid=42001) stat_writer /usr/local/lib/python3.10/dist-packages/dbcounter.py:117}}
Jul 21 07:23:00 user devstack@keystone.service[42001]: [pid: 42001|app: 0|req: 101/302] 10.0.0.210 () {58 vars in 1017 bytes} [Fri Jul 21 07:23:00 2023] POST /identity/v3/auth/tokens => generated 798 bytes in 81 msecs (HTTP/1.1 201) 6 headers in 363 bytes (1 switches on core 0)
Jul 21 07:23:00 user devstack@keystone.service[42002]: DEBUG keystone.server.flask.request_processing.middleware.auth_context [None req-dfaaaab7-8df2-442b-8297-c4b6ace96d3b None None] Authenticating user token {{(pid=42002) process_request /usr/local/lib/python3.10/dist-packages/keystonemiddleware/auth_token/__init__.py:406}}
Jul 21 07:23:00 user devstack@keystone.service[42002]: DEBUG keystone.server.flask.request_processing.middleware.auth_context [None req-dfaaaab7-8df2-442b-8297-c4b6ace96d3b None None] Validating token access rules against request {{(pid=42002) validate_allowed_request /usr/local/lib/python3.10/dist-packages/keystonemiddleware/auth_token/__init__.py:544}}
Jul 21 07:23:01 user devstack@keystone.service[42002]: DEBUG keystone.server.flask.request_processing.middleware.auth_context [None req-dd429b7b-7520-4a51-99f7-809b6047ae29 None admin] RBAC: auth_context: {'token': , 'domain_id': None, 'trust_id': None, 'trustor_id': None, 'trustee_id': None, 'domain_name': None, 'group_ids': [], 'user_id': '8898eedee61c4f1c956a750cb99e38cf', 'user_domain_id': 'default', 'system_scope': 'all', 'project_id': None, 'project_domain_id': None, 'roles': ['admin', 'member', 'reader'], 'is_admin_project': True, 'service_user_id': None, 'service_user_domain_id': None, 'service_project_id': None, 'service_project_domain_id': None, 'service_roles': []} {{(pid=42002) fill_context /opt/stack/keystone/keystone/server/flask/request_processing/middleware/auth_context.py:480}}
Jul 21 07:23:01 user devstack@keystone.service[42002]: DEBUG keystone.server.flask.request_processing.req_logging [None req-dd429b7b-7520-4a51-99f7-809b6047ae29 None admin] REQUEST_METHOD: `GET` {{(pid=42002) log_request_info /opt/stack/keystone/keystone/server/flask/request_processing/req_logging.py:27}}
Jul 21 07:23:01 user devstack@keystone.service[42002]: DEBUG keystone.server.flask.request_processing.req_logging [None req-dd429b7b-7520-4a51-99f7-809b6047ae29 None admin] SCRIPT_NAME: `/identity` {{(pid=42002) log_request_info /opt/stack/keystone/keystone/server/flask/request_processing/req_logging.py:28}}
Jul 21 07:23:01 user devstack@keystone.service[42002]: DEBUG keystone.server.flask.request_processing.req_logging [None req-dd429b7b-7520-4a51-99f7-809b6047ae29 None admin] PATH_INFO: `/v3/roles/member` {{(pid=42002) log_request_info /opt/stack/keystone/keystone/server/flask/request_processing/req_logging.py:29}}
Jul 21 07:23:01 user devstack@keystone.service[42002]: DEBUG keystone.common.rbac_enforcer.enforcer [None req-dd429b7b-7520-4a51-99f7-809b6047ae29 None admin] Extracting inferred target data resulted in "NOT FOUND (404)". {{(pid=42002) enforce_call /opt/stack/keystone/keystone/common/rbac_enforcer/enforcer.py:409}}
Jul 21 07:23:01 user devstack@keystone.service[42002]: ERROR keystone.server.flask.application [None req-dd429b7b-7520-4a51-99f7-809b6047ae29 None admin] Could not find role: member.: keystone.exception.RoleNotFound: Could not find role: member.
Jul 21 07:23:01 user devstack@keystone.service[42002]: ERROR keystone.server.flask.application
Traceback (most recent call last):
Jul 21 07:23:01 user devstack@keystone.service[42002]: ERROR keystone.server.flask.application
File "/usr/local/lib/python3.10/dist-packages/flask/app.py", line 1823, in full_dispatch_request
Jul 21 07:23:01 user devstack@keystone.service[42002]: ERROR keystone.server.flask.application rv = self.dispatch_request()
Jul 21 07:23:01 user devstack@keystone.service[42002]: ERROR keystone.server.flask.application
File "/usr/local/lib/python3.10/dist-packages/flask/app.py", line 1799, in dispatch_request
Jul 21 07:23:01 user devstack@keystone.service[42002]: ERROR keystone.server.flask.application return self.ensure_sync(self.view_functions[rule.endpoint])(**view_args)
Jul 21 07:23:01 user devstack@keystone.service[42002]: ERROR keystone.server.flask.application
File "/usr/local/lib/python3.10/dist-packages/flask_restful/__init__.py", line 467, in wrapper
Jul 21 07:23:01 user devstack@keystone.service[42002]: ERROR keystone.server.flask.application resp = resource(*args, **kwargs)
Jul 21 07:23:01 user devstack@keystone.service[42002]: ERROR keystone.server.flask.application
File "/usr/local/lib/python3.10/dist-packages/flask/views.py", line 107, in view
Jul 21 07:23:01 user devstack@keystone.service[42002]: ERROR keystone.server.flask.application return current_app.ensure_sync(self.dispatch_request)(**kwargs)
Jul 21 07:23:01 user devstack@keystone.service[42002]: ERROR keystone.server.flask.application
File "/usr/local/lib/python3.10/dist-packages/flask_restful/__init__.py", line 582, in dispatch_request
Jul 21 07:23:01 user devstack@keystone.service[42002]: ERROR keystone.server.flask.application resp = meth(*args, **kwargs)
Jul 21 07:23:01 user devstack@keystone.service[42002]: ERROR keystone.server.flask.application
File "/opt/stack/keystone/keystone/api/roles.py", line 50, in get
Jul 21 07:23:01 user devstack@keystone.service[42002]: ERROR keystone.server.flask.application return self._get_role(role_id)
Jul 21 07:23:01 user devstack@keystone.service[42002]: ERROR keystone.server.flask.application
File "/opt/stack/keystone/keystone/api/roles.py", line 70, in _get_role
Jul 21 07:23:01 user devstack@keystone.service[42002]: ERROR keystone.server.flask.application ENFORCER.enforce_call(action='identity:get_role')
Jul 21 07:23:01 user devstack@keystone.service[42002]: ERROR keystone.server.flask.application
File "/opt/stack/keystone/keystone/common/rbac_enforcer/enforcer.py", line 402, in enforce_call
Jul 21 07:23:01 user devstack@keystone.service[42002]: ERROR keystone.server.flask.application policy_dict.update(cls._extract_member_target_data(
Jul 21 07:23:01 user devstack@keystone.service[42002]: ERROR keystone.server.flask.application
File "/opt/stack/keystone/keystone/common/rbac_enforcer/enforcer.py", line 234, in _extract_member_target_data
Jul 21 07:23:01 user devstack@keystone.service[42002]: ERROR keystone.server.flask.application member_name: func(flask.request.view_args[key])
Jul 21 07:23:01 user devstack@keystone.service[42002]: ERROR keystone.server.flask.application
File "/opt/stack/keystone/keystone/common/manager.py", line 115, in wrapped
Jul 21 07:23:01 user devstack@keystone.service[42002]: ERROR keystone.server.flask.application __ret_val = __f(*args, **kwargs)
Jul 21 07:23:01 user devstack@keystone.service[42002]: ERROR keystone.server.flask.application
File "/usr/local/lib/python3.10/dist-packages/decorator.py", line 232, in fun
Jul 21 07:23:01 user devstack@keystone.service[42002]: ERROR keystone.server.flask.application return caller(func, *(extras + args), **kw)
Jul 21 07:23:01 user devstack@keystone.service[42002]: ERROR keystone.server.flask.application
File "/usr/local/lib/python3.10/dist-packages/dogpile/cache/region.py", line 1577, in get_or_create_for_user_func
Jul 21 07:23:01 user devstack@keystone.service[42002]: ERROR keystone.server.flask.application return self.get_or_create(
Jul 21 07:23:01 user devstack@keystone.service[42002]: ERROR keystone.server.flask.application
File "/usr/local/lib/python3.10/dist-packages/dogpile/cache/region.py", line 1042, in get_or_create
Jul 21 07:23:01 user devstack@keystone.service[42002]: ERROR keystone.server.flask.application with Lock(
Jul 21 07:23:01 user devstack@keystone.service[42002]: ERROR keystone.server.flask.application
File "/usr/local/lib/python3.10/dist-packages/dogpile/lock.py", line 185, in __enter__
Jul 21 07:23:01 user devstack@keystone.service[42002]: ERROR keystone.server.flask.application return self._enter()
Jul 21 07:23:01 user devstack@keystone.service[42002]: ERROR keystone.server.flask.application
File "/usr/local/lib/python3.10/dist-packages/dogpile/lock.py", line 94, in _enter
Jul 21 07:23:01 user devstack@keystone.service[42002]: ERROR keystone.server.flask.application generated = self._enter_create(value, createdtime)
Jul 21 07:23:01 user devstack@keystone.service[42002]: ERROR keystone.server.flask.application
File "/usr/local/lib/python3.10/dist-packages/dogpile/lock.py", line 178, in _enter_create
Jul 21 07:23:01 user devstack@keystone.service[42002]: ERROR keystone.server.flask.application return self.creator()
Jul 21 07:23:01 user devstack@keystone.service[42002]: ERROR keystone.server.flask.application
File "/usr/local/lib/python3.10/dist-packages/dogpile/cache/region.py", line 995, in gen_value
Jul 21 07:23:01 user devstack@keystone.service[42002]: ERROR keystone.server.flask.application created_value = creator(
Jul 21 07:23:01 user devstack@keystone.service[42002]: ERROR keystone.server.flask.application
File "/opt/stack/keystone/keystone/assignment/core.py", line 1276, in get_role
Jul 21 07:23:01 user devstack@keystone.service[42002]: ERROR keystone.server.flask.application return self.driver.get_role(role_id)
Jul 21 07:23:01 user devstack@keystone.service[42002]: ERROR keystone.server.flask.application
File "/opt/stack/keystone/keystone/assignment/role_backends/sql.py", line 70, in get_role
Jul 21 07:23:01 user devstack@keystone.service[42002]: ERROR keystone.server.flask.application return self._get_role(session, role_id).to_dict()
Jul 21 07:23:01 user devstack@keystone.service[42002]: ERROR keystone.server.flask.application
File "/opt/stack/keystone/keystone/assignment/role_backends/sql.py", line 65, in _get_role
Jul 21 07:23:01 user devstack@keystone.service[42002]: ERROR keystone.server.flask.application raise exception.RoleNotFound(role_id=role_id)
Jul 21 07:23:01 user devstack@keystone.service[42002]: ERROR keystone.server.flask.application keystone.exception.RoleNotFound: Could not find role: member.
Jul 21 07:23:01 user devstack@keystone.service[42002]: ERROR keystone.server.flask.application
Jul 21 07:23:01 user devstack@keystone.service[42002]: [pid: 42002|app: 0|req: 102/303] 10.0.0.210 () {56 vars in 1094 bytes} [Fri Jul 21 07:23:00 2023] GET /identity/v3/roles/member => generated 84 bytes in 143 msecs (HTTP/1.1 404) 5 headers in 183 bytes (1 switches on core 0)
Jul 21 07:23:01 user devstack@keystone.service[42003]: DEBUG keystone.server.flask.request_processing.middleware.auth_context [None req-69e16b64-9d6f-44da-96f3-c4bfac1c3cb3 None None] Authenticating user token {{(pid=42003) process_request /usr/local/lib/python3.10/dist-packages/keystonemiddleware/auth_token/__init__.py:406}}
Jul 21 07:23:01 user devstack@keystone.service[42001]: DEBUG keystone.server.flask.request_processing.middleware.auth_context [None req-8a15b155-467d-43c1-91ce-1f9f7f3b0a6a None None] Authenticating user token {{(pid=42001) process_request /usr/local/lib/python3.10/dist-packages/keystonemiddleware/auth_token/__init__.py:406}}
Jul 21 07:23:01 user devstack@keystone.service[42002]: DEBUG keystone.server.flask.request_processing.middleware.auth_context [None req-dd429b7b-7520-4a51-99f7-809b6047ae29 None admin] Authenticating user token {{(pid=42002) process_request /usr/local/lib/python3.10/dist-packages/keystonemiddleware/auth_token/__init__.py:406}}
Jul 21 07:23:01 user devstack@keystone.service[42002]: DEBUG dbcounter [-] [42002] Writing DB stats keystone:SELECT=100 {{(pid=42002) stat_writer /usr/local/lib/python3.10/dist-packages/dbcounter.py:117}}
Jul 21 07:23:01 user devstack@keystone.service[42003]: DEBUG keystone.server.flask.request_processing.middleware.auth_context [None req-69e16b64-9d6f-44da-96f3-c4bfac1c3cb3 None None] Validating token access rules against request {{(pid=42003) validate_allowed_request /usr/local/lib/python3.10/dist-packages/keystonemiddleware/auth_token/__init__.py:544}}
Jul 21 07:23:01 user devstack@keystone.service[42003]: DEBUG dbcounter [-] [42003] Writing DB stats keystone:SELECT=100 {{(pid=42003) stat_writer /usr/local/lib/python3.10/dist-packages/dbcounter.py:117}}
Jul 21 07:23:01 user devstack@keystone.service[42003]: DEBUG keystone.server.flask.request_processing.middleware.auth_context [None req-2c7dd011-8f5f-4e39-a157-d74478f82bb4 None admin] RBAC: auth_context: {'token': , 'domain_id': None, 'trust_id': None, 'trustor_id': None, 'trustee_id': None, 'domain_name': None, 'group_ids': [], 'user_id': '8898eedee61c4f1c956a750cb99e38cf', 'user_domain_id': 'default', 'system_scope': 'all', 'project_id': None, 'project_domain_id': None, 'roles': ['admin', 'member', 'reader'], 'is_admin_project': True, 'service_user_id': None, 'service_user_domain_id': None, 'service_project_id': None, 'service_project_domain_id': None, 'service_roles': []} {{(pid=42003) fill_context /opt/stack/keystone/keystone/server/flask/request_processing/middleware/auth_context.py:480}}
Jul 21 07:23:01 user devstack@keystone.service[42003]: DEBUG keystone.server.flask.request_processing.req_logging [None req-2c7dd011-8f5f-4e39-a157-d74478f82bb4 None admin] REQUEST_METHOD: `GET` {{(pid=42003) log_request_info /opt/stack/keystone/keystone/server/flask/request_processing/req_logging.py:27}}
Jul 21 07:23:01 user devstack@keystone.service[42003]: DEBUG keystone.server.flask.request_processing.req_logging [None req-2c7dd011-8f5f-4e39-a157-d74478f82bb4 None admin] SCRIPT_NAME: `/identity` {{(pid=42003) log_request_info /opt/stack/keystone/keystone/server/flask/request_processing/req_logging.py:28}}
Jul 21 07:23:01 user devstack@keystone.service[42003]: DEBUG keystone.server.flask.request_processing.req_logging [None req-2c7dd011-8f5f-4e39-a157-d74478f82bb4 None admin] PATH_INFO: `/v3/roles` {{(pid=42003) log_request_info /opt/stack/keystone/keystone/server/flask/request_processing/req_logging.py:29}}
Jul 21 07:23:01 user devstack@keystone.service[42003]: DEBUG keystone.common.rbac_enforcer.enforcer [None req-2c7dd011-8f5f-4e39-a157-d74478f82bb4 None admin] RBAC: Adding query filter params (name=member) {{(pid=42003) _extract_filter_values /opt/stack/keystone/keystone/common/rbac_enforcer/enforcer.py:167}}
Jul 21 07:23:01 user devstack@keystone.service[42003]: DEBUG keystone.common.rbac_enforcer.enforcer [None req-2c7dd011-8f5f-4e39-a157-d74478f82bb4 None admin] RBAC: Authorizing `identity:list_roles()` {{(pid=42003) enforce_call /opt/stack/keystone/keystone/common/rbac_enforcer/enforcer.py:449}}
Jul 21 07:23:01 user devstack@keystone.service[42003]: DEBUG keystone.common.rbac_enforcer.enforcer [None req-2c7dd011-8f5f-4e39-a157-d74478f82bb4 None admin] RBAC: Authorization granted {{(pid=42003) enforce_call /opt/stack/keystone/keystone/common/rbac_enforcer/enforcer.py:457}}
Jul 21 07:23:01 user devstack@keystone.service[42003]: [pid: 42003|app: 0|req: 101/304] 10.0.0.210 () {56 vars in 1096 bytes} [Fri Jul 21 07:23:01 2023] GET /identity/v3/roles?name=member => generated 339 bytes in 122 msecs (HTTP/1.1 200) 5 headers in 177 bytes (1 switches on core 0)
Jul 21 07:23:01 user devstack@keystone.service[42003]: DEBUG keystone.server.flask.request_processing.middleware.auth_context [None req-2c7dd011-8f5f-4e39-a157-d74478f82bb4 None admin] Authenticating user token {{(pid=42003) process_request /usr/local/lib/python3.10/dist-packages/keystonemiddleware/auth_token/__init__.py:406}}
Jul 21 07:23:01 user devstack@keystone.service[42001]: DEBUG keystone.server.flask.request_processing.middleware.auth_context [None req-8a15b155-467d-43c1-91ce-1f9f7f3b0a6a None None] Validating token access rules against request {{(pid=42001) validate_allowed_request /usr/local/lib/python3.10/dist-packages/keystonemiddleware/auth_token/__init__.py:544}}
Jul 21 07:23:01 user devstack@keystone.service[42002]: DEBUG keystone.server.flask.request_processing.middleware.auth_context [None req-dd429b7b-7520-4a51-99f7-809b6047ae29 None admin] Validating token access rules against request {{(pid=42002) validate_allowed_request /usr/local/lib/python3.10/dist-packages/keystonemiddleware/auth_token/__init__.py:544}}
Jul 21 07:23:01 user devstack@keystone.service[42001]: DEBUG keystone.server.flask.request_processing.middleware.auth_context [None req-2fb9dca8-4b98-453e-9491-d847a8fd1ecc None admin] RBAC: auth_context: {'token': , 'domain_id': None, 'trust_id': None, 'trustor_id': None, 'trustee_id': None, 'domain_name': None, 'group_ids': [], 'user_id': '8898eedee61c4f1c956a750cb99e38cf', 'user_domain_id': 'default', 'system_scope': 'all', 'project_id': None, 'project_domain_id': None, 'roles': ['admin', 'member', 'reader'], 'is_admin_project': True, 'service_user_id': None, 'service_user_domain_id': None, 'service_project_id': None, 'service_project_domain_id': None, 'service_roles': []} {{(pid=42001) fill_context /opt/stack/keystone/keystone/server/flask/request_processing/middleware/auth_context.py:480}}
Jul 21 07:23:01 user devstack@keystone.service[42001]: DEBUG keystone.server.flask.request_processing.req_logging [None req-2fb9dca8-4b98-453e-9491-d847a8fd1ecc None admin] REQUEST_METHOD: `GET` {{(pid=42001) log_request_info /opt/stack/keystone/keystone/server/flask/request_processing/req_logging.py:27}}
Jul 21 07:23:01 user devstack@keystone.service[42001]: DEBUG keystone.server.flask.request_processing.req_logging [None req-2fb9dca8-4b98-453e-9491-d847a8fd1ecc None admin] SCRIPT_NAME: `/identity` {{(pid=42001) log_request_info /opt/stack/keystone/keystone/server/flask/request_processing/req_logging.py:28}}
Jul 21 07:23:01 user devstack@keystone.service[42001]: DEBUG keystone.server.flask.request_processing.req_logging [None req-2fb9dca8-4b98-453e-9491-d847a8fd1ecc None admin] PATH_INFO: `/v3/roles/anotherrole` {{(pid=42001) log_request_info /opt/stack/keystone/keystone/server/flask/request_processing/req_logging.py:29}}
Jul 21 07:23:01 user devstack@keystone.service[42001]: DEBUG keystone.common.rbac_enforcer.enforcer [None req-2fb9dca8-4b98-453e-9491-d847a8fd1ecc None admin] Extracting inferred target data resulted in "NOT FOUND (404)". {{(pid=42001) enforce_call /opt/stack/keystone/keystone/common/rbac_enforcer/enforcer.py:409}}
Jul 21 07:23:01 user devstack@keystone.service[42002]: DEBUG keystone.server.flask.request_processing.middleware.auth_context [None req-a9e8a8a2-faaf-43c0-8276-1a8727c2bbd3 None admin] RBAC: auth_context: {'token': , 'domain_id': None, 'trust_id': None, 'trustor_id': None, 'trustee_id': None, 'domain_name': None, 'group_ids': [], 'user_id': '8898eedee61c4f1c956a750cb99e38cf', 'user_domain_id': 'default', 'system_scope': 'all', 'project_id': None, 'project_domain_id': None, 'roles': ['admin', 'member', 'reader'], 'is_admin_project': True, 'service_user_id': None, 'service_user_domain_id': None, 'service_project_id': None, 'service_project_domain_id': None, 'service_roles': []} {{(pid=42002) fill_context /opt/stack/keystone/keystone/server/flask/request_processing/middleware/auth_context.py:480}}
Jul 21 07:23:01 user devstack@keystone.service[42002]: DEBUG keystone.server.flask.request_processing.req_logging [None req-a9e8a8a2-faaf-43c0-8276-1a8727c2bbd3 None admin] REQUEST_METHOD: `GET` {{(pid=42002) log_request_info /opt/stack/keystone/keystone/server/flask/request_processing/req_logging.py:27}}
Jul 21 07:23:01 user devstack@keystone.service[42002]: DEBUG keystone.server.flask.request_processing.req_logging [None req-a9e8a8a2-faaf-43c0-8276-1a8727c2bbd3 None admin] SCRIPT_NAME: `/identity` {{(pid=42002) log_request_info /opt/stack/keystone/keystone/server/flask/request_processing/req_logging.py:28}}
Jul 21 07:23:01 user devstack@keystone.service[42002]: DEBUG keystone.server.flask.request_processing.req_logging [None req-a9e8a8a2-faaf-43c0-8276-1a8727c2bbd3 None admin] PATH_INFO: `/v3/roles/member` {{(pid=42002) log_request_info /opt/stack/keystone/keystone/server/flask/request_processing/req_logging.py:29}}
Jul 21 07:23:01 user devstack@keystone.service[42001]: ERROR keystone.server.flask.application [None req-2fb9dca8-4b98-453e-9491-d847a8fd1ecc None admin] Could not find role: anotherrole.: keystone.exception.RoleNotFound: Could not find role: anotherrole.
