Jul 21 07:32:09 user neutron-server[64583]: DEBUG neutron.plugins.ml2.drivers.ovn.mech_driver.ovsdb.ovsdb_monitor [None req-8f5b1e53-d293-4e93-ad7a-09c9c07d3f35 None None] Hash Ring: Node 9bfe829d-b50f-40de-b77a-aaedbc74cdf2 (host: user) handling event "create" for row 8b5c6a95-c8ef-418a-be80-f4a0ff5495cb (table: Logical_Router_Static_Route) {{(pid=64583) notify /opt/stack/neutron/neutron/plugins/ml2/drivers/ovn/mech_driver/ovsdb/ovsdb_monitor.py:750}}
Jul 21 07:32:09 user neutron-server[64583]: DEBUG neutron.plugins.ml2.drivers.ovn.mech_driver.ovsdb.ovsdb_monitor [None req-8f5b1e53-d293-4e93-ad7a-09c9c07d3f35 None None] Hash Ring: Node 9bfe829d-b50f-40de-b77a-aaedbc74cdf2 (host: user) handling event "update" for row b0a6d129-ec72-45af-818c-86648e7fd7e9 (table: Logical_Switch_Port) {{(pid=64583) notify /opt/stack/neutron/neutron/plugins/ml2/drivers/ovn/mech_driver/ovsdb/ovsdb_monitor.py:750}}
Jul 21 07:32:09 user neutron-server[64583]: INFO neutron.plugins.ml2.drivers.ovn.mech_driver.ovsdb.ovsdb_monitor [None req-f8feb54d-1166-4a2c-9d5d-7eef202ecd8d None None] Router cebf6c9b-3a79-46fe-8361-6d8526d5b892 is bound to host user
Jul 21 07:32:09 user neutron-server[64583]: DEBUG neutron.plugins.ml2.drivers.ovn.mech_driver.ovsdb.ovsdb_monitor [None req-8f5b1e53-d293-4e93-ad7a-09c9c07d3f35 None None] Hash Ring: Node 9bfe829d-b50f-40de-b77a-aaedbc74cdf2 (host: user) handling event "update" for row b0a6d129-ec72-45af-818c-86648e7fd7e9 (table: Logical_Switch_Port) {{(pid=64583) notify /opt/stack/neutron/neutron/plugins/ml2/drivers/ovn/mech_driver/ovsdb/ovsdb_monitor.py:750}}
Jul 21 07:32:09 user neutron-server[64585]: INFO neutron.db.ovn_revision_numbers_db [None req-56c9788c-2cb3-44c0-a701-9f7eae252dcb admin admin] Successfully bumped revision number for resource df16ed53-3138-4f24-97c8-e51c1ae517b7 (type: router_ports) to 1
Jul 21 07:32:09 user neutron-server[64583]: DEBUG ovsdbapp.backend.ovs_idl.event [None req-8f5b1e53-d293-4e93-ad7a-09c9c07d3f35 None None] Matched UPDATE: LogicalSwitchPortUpdateUpEvent(events=('update',), table='Logical_Switch_Port', conditions=(('up', '=', True),), old_conditions=(('up', '!=', True),)), priority=20 to row=Logical_Switch_Port(up=[True], name=df16ed53-3138-4f24-97c8-e51c1ae517b7, external_ids={'neutron:cidrs': '172.24.4.238/24 2001:db8::207/64', 'neutron:device_id': 'cebf6c9b-3a79-46fe-8361-6d8526d5b892', 'neutron:device_owner': 'network:router_gateway', 'neutron:network_name': 'neutron-4f7c4b7c-7764-487a-88c2-38a2e6a19b4c', 'neutron:port_capabilities': '', 'neutron:port_name': '', 'neutron:project_id': '', 'neutron:revision_number': '1', 'neutron:security_group_ids': '', 'neutron:subnet_pool_addr_scope4': '', 'neutron:subnet_pool_addr_scope6': '', 'neutron:vnic_type': 'normal'}, ha_chassis_group=[], options={'exclude-lb-vips-from-garp': 'true', 'nat-addresses': 'router', 'router-port': 'lrp-df16ed53-3138-4f24-97c8-e51c1ae517b7'}, parent_name=[], enabled=[True], type=router, dhcpv6_options=[], tag_request=[], port_security=[], addresses=['router'], dynamic_addresses=[], dhcpv4_options=[], tag=[]) old=Logical_Switch_Port(up=[False]) {{(pid=64583) matches /usr/local/lib/python3.10/dist-packages/ovsdbapp/backend/ovs_idl/event.py:43}}
Jul 21 07:32:09 user neutron-server[64583]: DEBUG neutron_lib.callbacks.manager [None req-32ec7f73-6f3b-48fb-a22f-04505ec64548 admin admin] Publish callbacks [] for router_gateway (a0894298-f3e5-43ff-9870-4bc67790c387), precommit_update {{(pid=64583) _notify_loop /usr/local/lib/python3.10/dist-packages/neutron_lib/callbacks/manager.py:176}}
Jul 21 07:32:09 user neutron-server[64583]: INFO neutron.plugins.ml2.drivers.ovn.mech_driver.mech_driver [None req-e1d25c6c-c184-4698-8d79-d04af899b497 None None] OVN reports status up for port: df16ed53-3138-4f24-97c8-e51c1ae517b7
Jul 21 07:32:09 user neutron-server[64584]: DEBUG neutron.plugins.ml2.drivers.ovn.mech_driver.ovsdb.ovsdb_monitor [None req-77d605f6-c8e5-42ce-94ee-ddf55823e606 None None] Hash Ring: Node c0ee6a15-8b49-424e-9555-4694e0d5c4c5 (host: user) handling event "create" for row 07e63dc9-2416-4e68-83d7-b762e8887d25 (table: Logical_Router) {{(pid=64584) notify /opt/stack/neutron/neutron/plugins/ml2/drivers/ovn/mech_driver/ovsdb/ovsdb_monitor.py:750}}
Jul 21 07:32:09 user neutron-server[64584]: DEBUG neutron_lib.callbacks.manager [None req-2e36b7e0-a625-49e3-a94c-c432a75d8ade admin admin] Publish callbacks [] for router (afc81aff-e34e-4923-8bce-c22629c199c5), after_create {{(pid=64584) _notify_loop /usr/local/lib/python3.10/dist-packages/neutron_lib/callbacks/manager.py:176}}
Jul 21 07:32:09 user neutron-server[64583]: DEBUG neutron.db.provisioning_blocks [None req-e1d25c6c-c184-4698-8d79-d04af899b497 None None] Provisioning complete for port df16ed53-3138-4f24-97c8-e51c1ae517b7 triggered by entity L2. {{(pid=64583) provisioning_complete /opt/stack/neutron/neutron/db/provisioning_blocks.py:144}}
Jul 21 07:32:09 user neutron-server[64583]: DEBUG neutron_lib.callbacks.manager [None req-e1d25c6c-c184-4698-8d79-d04af899b497 None None] Publish callbacks ['neutron.plugins.ml2.plugin.Ml2Plugin._port_provisioned-1214890'] for port (df16ed53-3138-4f24-97c8-e51c1ae517b7), provisioning_complete {{(pid=64583) _notify_loop /usr/local/lib/python3.10/dist-packages/neutron_lib/callbacks/manager.py:176}}
Jul 21 07:32:09 user neutron-server[64583]: INFO neutron.plugins.ml2.plugin [None req-e1d25c6c-c184-4698-8d79-d04af899b497 None None] Attempt 1 to provision port df16ed53-3138-4f24-97c8-e51c1ae517b7
Jul 21 07:32:09 user neutron-server[64585]: DEBUG dbcounter [-] [64585] Writing DB stats neutron:SELECT=96,neutron:INSERT=3,neutron:UPDATE=1 {{(pid=64585) stat_writer /usr/local/lib/python3.10/dist-packages/dbcounter.py:117}}
Jul 21 07:32:09 user neutron-server[64585]: DEBUG neutron_lib.callbacks.manager [None req-3701afbb-d32c-4d90-8f40-3fdcb1bf460a admin admin] Publish callbacks [] for router (98298378-ee7c-4b67-b3cb-68afd9b811ea), after_create {{(pid=64585) _notify_loop /usr/local/lib/python3.10/dist-packages/neutron_lib/callbacks/manager.py:176}}
Jul 21 07:32:09 user neutron-server[64583]: DEBUG dbcounter [-] [64583] Writing DB stats neutron:SELECT=90,neutron:UPDATE=4,neutron:INSERT=4,neutron:DELETE=2 {{(pid=64583) stat_writer /usr/local/lib/python3.10/dist-packages/dbcounter.py:117}}
Jul 21 07:32:09 user neutron-server[64583]: DEBUG neutron_lib.callbacks.manager [None req-821d989a-f9d1-4d7e-87a3-0df9f4268a05 admin admin] Publish callbacks [] for router_gateway (1bab87cb-598d-4c64-a267-729d506fb076), after_create {{(pid=64583) _notify_loop /usr/local/lib/python3.10/dist-packages/neutron_lib/callbacks/manager.py:176}}
Jul 21 07:32:09 user neutron-server[64584]: DEBUG neutron_lib.callbacks.manager [None req-7244f122-2fee-47bf-82ed-371f5760e67e admin admin] Publish callbacks [] for router_gateway (f64e938b-2091-4b8d-8ebd-62c741e8c984), precommit_update {{(pid=64584) _notify_loop /usr/local/lib/python3.10/dist-packages/neutron_lib/callbacks/manager.py:176}}
Jul 21 07:32:09 user neutron-server[64585]: DEBUG neutron_lib.callbacks.manager [None req-37866768-23c8-459f-9030-4c1140084063 admin admin] Publish callbacks [] for router_gateway (1ef65cca-f592-4cac-a2b0-263ef12b11b8), before_create {{(pid=64585) _notify_loop /usr/local/lib/python3.10/dist-packages/neutron_lib/callbacks/manager.py:176}}
Jul 21 07:32:09 user neutron-server[64585]: DEBUG neutron_lib.callbacks.manager [None req-37866768-23c8-459f-9030-4c1140084063 admin admin] Publish callbacks ['neutron.plugins.ml2.plugin.SecurityGroupDbMixin._ensure_default_security_group_handler-1325874'] for port (None), before_create {{(pid=64585) _notify_loop /usr/local/lib/python3.10/dist-packages/neutron_lib/callbacks/manager.py:176}}
Jul 21 07:32:09 user neutron-server[64585]: INFO neutron.db.ovn_revision_numbers_db [None req-56c9788c-2cb3-44c0-a701-9f7eae252dcb admin admin] Successfully bumped revision number for resource cebf6c9b-3a79-46fe-8361-6d8526d5b892 (type: routers) to 3
Jul 21 07:32:09 user neutron-server[64585]: DEBUG neutron_lib.callbacks.manager [None req-56c9788c-2cb3-44c0-a701-9f7eae252dcb admin admin] Publish callbacks [] for router (None), before_response {{(pid=64585) _notify_loop /usr/local/lib/python3.10/dist-packages/neutron_lib/callbacks/manager.py:176}}
Jul 21 07:32:09 user neutron-server[64585]: INFO neutron.wsgi [None req-56c9788c-2cb3-44c0-a701-9f7eae252dcb admin admin] 10.0.0.210 "POST /networking/v2.0/routers HTTP/1.1" status: 201 len: 955 time: 4.4074321
Jul 21 07:32:09 user neutron-server[64583]: DEBUG neutron.plugins.ml2.plugin [None req-e1d25c6c-c184-4698-8d79-d04af899b497 None None] Port df16ed53-3138-4f24-97c8-e51c1ae517b7 cannot update to ACTIVE because it is not bound. {{(pid=64583) _port_provisioned /opt/stack/neutron/neutron/plugins/ml2/plugin.py:361}}
Jul 21 07:32:09 user neutron-server[64585]: DEBUG neutron.wsgi [-] (64585) accepted ('10.0.0.210', 50660) {{(pid=64585) server /usr/local/lib/python3.10/dist-packages/eventlet/wsgi.py:1004}}
Jul 21 07:32:09 user neutron-server[64583]: DEBUG neutron_lib.callbacks.manager [None req-f8feb54d-1166-4a2c-9d5d-7eef202ecd8d None None] Publish callbacks ['neutron.plugins.ml2.plugin.SecurityGroupDbMixin._ensure_default_security_group_handler-1325874', 'neutron.services.ovn_l3.plugin.OVNL3RouterPlugin._port_update-8755768253194'] for port (df16ed53-3138-4f24-97c8-e51c1ae517b7), before_update {{(pid=64583) _notify_loop /usr/local/lib/python3.10/dist-packages/neutron_lib/callbacks/manager.py:176}}
Jul 21 07:32:09 user neutron-server[64583]: DEBUG dbcounter [-] [64583] Writing DB stats neutron:SELECT=97,neutron:INSERT=2,neutron:UPDATE=1 {{(pid=64583) stat_writer /usr/local/lib/python3.10/dist-packages/dbcounter.py:117}}
Jul 21 07:32:09 user neutron-server[64584]: DEBUG dbcounter [-] [64584] Writing DB stats neutron:SELECT=93,neutron:INSERT=5,neutron:UPDATE=2 {{(pid=64584) stat_writer /usr/local/lib/python3.10/dist-packages/dbcounter.py:117}}
Jul 21 07:32:09 user neutron-server[64584]: DEBUG dbcounter [-] [64584] Writing DB stats neutron:SELECT=99,neutron:INSERT=1 {{(pid=64584) stat_writer /usr/local/lib/python3.10/dist-packages/dbcounter.py:117}}
Jul 21 07:32:09 user neutron-server[64584]: DEBUG neutron_lib.callbacks.manager [None req-7244f122-2fee-47bf-82ed-371f5760e67e admin admin] Publish callbacks [] for router_gateway (f64e938b-2091-4b8d-8ebd-62c741e8c984), before_create {{(pid=64584) _notify_loop /usr/local/lib/python3.10/dist-packages/neutron_lib/callbacks/manager.py:176}}
Jul 21 07:32:09 user neutron-server[64584]: DEBUG neutron_lib.callbacks.manager [None req-7244f122-2fee-47bf-82ed-371f5760e67e admin admin] Publish callbacks ['neutron.plugins.ml2.plugin.SecurityGroupDbMixin._ensure_default_security_group_handler-1325874'] for port (None), before_create {{(pid=64584) _notify_loop /usr/local/lib/python3.10/dist-packages/neutron_lib/callbacks/manager.py:176}}
Jul 21 07:32:09 user neutron-server[64584]: DEBUG neutron.plugins.ml2.drivers.ovn.mech_driver.ovsdb.ovn_client [None req-1f134b9a-1bc8-484c-b981-99cb507c9fc0 admin admin] Chassis candidates for scheduling gateway router ports: ['749dfd12-eed7-4ee1-991e-5daf72fd1a00'] {{(pid=64584) get_candidates_for_scheduling /opt/stack/neutron/neutron/plugins/ml2/drivers/ovn/mech_driver/ovsdb/ovn_client.py:1447}}
Jul 21 07:32:09 user neutron-server[64584]: DEBUG neutron.scheduler.l3_ovn_scheduler [None req-1f134b9a-1bc8-484c-b981-99cb507c9fc0 admin admin] Gateway lrp-cb100b05-4fcb-4f93-913d-0b10d65d0ed9 scheduled on chassis ['749dfd12-eed7-4ee1-991e-5daf72fd1a00'] {{(pid=64584) _schedule_gateway /opt/stack/neutron/neutron/scheduler/l3_ovn_scheduler.py:85}}
Jul 21 07:32:09 user neutron-server[64584]: DEBUG ovsdbapp.backend.ovs_idl.transaction [None req-77d605f6-c8e5-42ce-94ee-ddf55823e606 None None] Running txn n=1 command(idx=0): AddLRouterCommand(_result=None, name=neutron-b802b0c5-1786-45e4-a337-b4a5bc598cfd, columns={'external_ids': {'neutron:router_name': 'tempest-AttachVolumeNegativeTest-78275426-router', 'neutron:revision_number': '3', 'neutron:availability_zone_hints': ''}, 'enabled': True, 'options': {'always_learn_from_arp_request': 'false', 'dynamic_neigh_routers': 'true'}}, may_exist=True) {{(pid=64584) do_commit /usr/local/lib/python3.10/dist-packages/ovsdbapp/backend/ovs_idl/transaction.py:89}}
Jul 21 07:32:09 user neutron-server[64584]: DEBUG ovsdbapp.backend.ovs_idl.transaction [None req-77d605f6-c8e5-42ce-94ee-ddf55823e606 None None] Running txn n=1 command(idx=1): AddLRouterPortCommand(_result=None, name=lrp-cb100b05-4fcb-4f93-913d-0b10d65d0ed9, lrouter=neutron-b802b0c5-1786-45e4-a337-b4a5bc598cfd, may_e