Jul 24 06:40:05 user devstack@c-api.service[71356]: INFO cinder.api.openstack.wsgi [None req-ad78594d-bbdf-4e5a-87af-6f97a2d246b7 tempest-SnapshotsActionsTest-1659086254 tempest-SnapshotsActionsTest-1659086254-project-member] GET http://10.0.0.210/volume/v3/fec0fbb1f8234245afd54654fe53473c/volumes/4ad8f9de-4461-49ef-9472-b32b2d34ca08
Jul 24 06:40:05 user devstack@c-api.service[71356]: DEBUG cinder.api.openstack.wsgi [None req-ad78594d-bbdf-4e5a-87af-6f97a2d246b7 tempest-SnapshotsActionsTest-1659086254 tempest-SnapshotsActionsTest-1659086254-project-member] Empty body provided in request {{(pid=71356) get_body /opt/stack/cinder/cinder/api/openstack/wsgi.py:715}}
Jul 24 06:40:05 user devstack@c-api.service[71356]: DEBUG cinder.api.openstack.wsgi [None req-ad78594d-bbdf-4e5a-87af-6f97a2d246b7 tempest-SnapshotsActionsTest-1659086254 tempest-SnapshotsActionsTest-1659086254-project-member] Calling method 'show' {{(pid=71356) _process_stack /opt/stack/cinder/cinder/api/openstack/wsgi.py:868}}
Jul 24 06:40:05 user devstack@c-api.service[71355]: INFO cinder.volume.api [None req-63c010cd-be6e-42d0-926e-bf4cf09ac4df tempest-VolumesTransfersTest-1000416428 tempest-VolumesTransfersTest-1000416428-project-admin] Volume info retrieved successfully.
Jul 24 06:40:05 user devstack@c-api.service[71356]: /usr/local/lib/python3.10/dist-packages/oslo_context/context.py:100: DeprecationWarning: Policy enforcement is depending on the value of is_admin. This key is deprecated. Please update your policy file to use the standard policy values.
Jul 24 06:40:05 user devstack@c-api.service[71356]: warnings.warn('Policy enforcement is depending on the value of '
Jul 24 06:40:05 user devstack@c-api.service[71355]: INFO cinder.api.openstack.wsgi [None req-63c010cd-be6e-42d0-926e-bf4cf09ac4df tempest-VolumesTransfersTest-1000416428 tempest-VolumesTransfersTest-1000416428-project-admin] http://10.0.0.210/volume/v3/81c1c613dab047d382614d96af09d622/volumes/c841e58b-0530-47e8-894f-d9f9896ed3bb returned with HTTP 200
Jul 24 06:40:05 user devstack@c-api.service[71355]: [pid: 71355|app: 0|req: 120/379] 10.0.0.210 () {62 vars in 1402 bytes} [Mon Jul 24 06:40:05 2023] GET /volume/v3/81c1c613dab047d382614d96af09d622/volumes/c841e58b-0530-47e8-894f-d9f9896ed3bb => generated 1072 bytes in 67 msecs (HTTP/1.1 200) 7 headers in 286 bytes (1 switches on core 0)
Jul 24 06:40:05 user devstack@c-api.service[71356]: INFO cinder.volume.api [None req-ad78594d-bbdf-4e5a-87af-6f97a2d246b7 tempest-SnapshotsActionsTest-1659086254 tempest-SnapshotsActionsTest-1659086254-project-member] Volume info retrieved successfully.
Jul 24 06:40:05 user devstack@c-api.service[71356]: INFO cinder.api.openstack.wsgi [None req-ad78594d-bbdf-4e5a-87af-6f97a2d246b7 tempest-SnapshotsActionsTest-1659086254 tempest-SnapshotsActionsTest-1659086254-project-member] http://10.0.0.210/volume/v3/fec0fbb1f8234245afd54654fe53473c/volumes/4ad8f9de-4461-49ef-9472-b32b2d34ca08 returned with HTTP 200
Jul 24 06:40:05 user devstack@c-api.service[71356]: [pid: 71356|app: 0|req: 141/380] 10.0.0.210 () {62 vars in 1402 bytes} [Mon Jul 24 06:40:05 2023] GET /volume/v3/fec0fbb1f8234245afd54654fe53473c/volumes/4ad8f9de-4461-49ef-9472-b32b2d34ca08 => generated 886 bytes in 41 msecs (HTTP/1.1 200) 7 headers in 285 bytes (1 switches on core 0)
Jul 24 06:40:05 user devstack@c-api.service[71354]: DEBUG cinder.api.middleware.request_id [None req-a719cfdb-855b-4221-9817-f7f756e8783d None None] RequestId filter calling following filter/app {{(pid=71354) _context_setter /opt/stack/cinder/cinder/api/middleware/request_id.py:62}}
Jul 24 06:40:05 user devstack@c-api.service[71354]: INFO cinder.api.openstack.wsgi [None req-a719cfdb-855b-4221-9817-f7f756e8783d tempest-GroupSnapshotsV319Test-1886728847 tempest-GroupSnapshotsV319Test-1886728847-project-member] GET http://10.0.0.210/volume/v3/9f6d2401de8f4b0d9d879a6b07c5c105/groups/51d9cadc-bc02-43fc-a892-c4a408fff39b
Jul 24 06:40:05 user devstack@c-api.service[71354]: DEBUG cinder.api.openstack.wsgi [None req-a719cfdb-855b-4221-9817-f7f756e8783d tempest-GroupSnapshotsV319Test-1886728847 tempest-GroupSnapshotsV319Test-1886728847-project-member] Empty body provided in request {{(pid=71354) get_body /opt/stack/cinder/cinder/api/openstack/wsgi.py:715}}
Jul 24 06:40:05 user devstack@c-api.service[71354]: DEBUG cinder.api.openstack.wsgi [None req-a719cfdb-855b-4221-9817-f7f756e8783d tempest-GroupSnapshotsV319Test-1886728847 tempest-GroupSnapshotsV319Test-1886728847-project-member] Calling method 'version_select' {{(pid=71354) _process_stack /opt/stack/cinder/cinder/api/openstack/wsgi.py:868}}
Jul 24 06:40:05 user devstack@c-api.service[71354]: DEBUG cinder.api.v3.groups [None req-a719cfdb-855b-4221-9817-f7f756e8783d tempest-GroupSnapshotsV319Test-1886728847 tempest-GroupSnapshotsV319Test-1886728847-project-member] show called for member 51d9cadc-bc02-43fc-a892-c4a408fff39b {{(pid=71354) show /opt/stack/cinder/cinder/api/v3/groups.py:58}}
Jul 24 06:40:05 user devstack@c-api.service[71354]: /usr/local/lib/python3.10/dist-packages/oslo_context/context.py:100: DeprecationWarning: Policy enforcement is depending on the value of is_admin. This key is deprecated. Please update your policy file to use the standard policy values.
Jul 24 06:40:05 user devstack@c-api.service[71354]: warnings.warn('Policy enforcement is depending on the value of '
Jul 24 06:40:05 user devstack@c-api.service[71354]: INFO cinder.api.openstack.wsgi [None req-a719cfdb-855b-4221-9817-f7f756e8783d tempest-GroupSnapshotsV319Test-1886728847 tempest-GroupSnapshotsV319Test-1886728847-project-member] http://10.0.0.210/volume/v3/9f6d2401de8f4b0d9d879a6b07c5c105/groups/51d9cadc-bc02-43fc-a892-c4a408fff39b returned with HTTP 200
Jul 24 06:40:05 user devstack@c-api.service[71354]: [pid: 71354|app: 0|req: 120/381] 10.0.0.210 () {64 vars in 1440 bytes} [Mon Jul 24 06:40:05 2023] GET /volume/v3/9f6d2401de8f4b0d9d879a6b07c5c105/groups/51d9cadc-bc02-43fc-a892-c4a408fff39b => generated 396 bytes in 35 msecs (HTTP/1.1 200) 7 headers in 286 bytes (1 switches on core 0)
Jul 24 06:40:05 user devstack@c-api.service[71355]: DEBUG cinder.api.middleware.request_id [None req-a6c78a04-4542-4e1a-ba3c-9375ab7b1b24 None None] RequestId filter calling following filter/app {{(pid=71355) _context_setter /opt/stack/cinder/cinder/api/middleware/request_id.py:62}}
Jul 24 06:40:05 user devstack@c-api.service[71355]: INFO cinder.api.openstack.wsgi [None req-a6c78a04-4542-4e1a-ba3c-9375ab7b1b24 tempest-GroupSnapshotsV319Test-1886728847 tempest-GroupSnapshotsV319Test-1886728847-project-member] POST http://10.0.0.210/volume/v3/9f6d2401de8f4b0d9d879a6b07c5c105/volumes
Jul 24 06:40:05 user devstack@c-api.service[71355]: DEBUG cinder.api.openstack.wsgi [None req-a6c78a04-4542-4e1a-ba3c-9375ab7b1b24 tempest-GroupSnapshotsV319Test-1886728847 tempest-GroupSnapshotsV319Test-1886728847-project-member] Action: 'create', calling method: create, body: {"volume": {"name": "tempest-volume-872667273", "volume_type": "56897167-8a17-4865-b294-efe32485a5e1", "group_id": "51d9cadc-bc02-43fc-a892-c4a408fff39b", "size": 1}} {{(pid=71355) _process_stack /opt/stack/cinder/cinder/api/openstack/wsgi.py:866}}
Jul 24 06:40:05 user devstack@c-api.service[71355]: DEBUG cinder.api.v3.volumes [None req-a6c78a04-4542-4e1a-ba3c-9375ab7b1b24 tempest-GroupSnapshotsV319Test-1886728847 tempest-GroupSnapshotsV319Test-1886728847-project-member] Create volume request body: {'volume': {'name': 'tempest-volume-872667273', 'volume_type': '56897167-8a17-4865-b294-efe32485a5e1', 'group_id': '51d9cadc-bc02-43fc-a892-c4a408fff39b', 'size': 1}} {{(pid=71355) create /opt/stack/cinder/cinder/api/v3/volumes.py:297}}
Jul 24 06:40:05 user devstack@c-api.service[71355]: /usr/local/lib/python3.10/dist-packages/oslo_context/context.py:100: DeprecationWarning: Policy enforcement is depending on the value of is_admin. This key is deprecated. Please update your policy file to use the standard policy values.
Jul 24 06:40:05 user devstack@c-api.service[71355]: warnings.warn('Policy enforcement is depending on the value of '
Jul 24 06:40:05 user devstack@c-api.service[71355]: INFO cinder.api.v3.volumes [None req-a6c78a04-4542-4e1a-ba3c-9375ab7b1b24 tempest-GroupSnapshotsV319Test-1886728847 tempest-GroupSnapshotsV319Test-1886728847-project-member] Create volume of 1 GB
Jul 24 06:40:05 user devstack@c-api.service[71355]: INFO cinder.volume.api [None req-a6c78a04-4542-4e1a-ba3c-9375ab7b1b24 tempest-GroupSnapshotsV319Test-1886728847 tempest-GroupSnapshotsV319Test-1886728847-project-member] Availability Zones retrieved successfully.
Jul 24 06:40:05 user devstack@c-api.service[71355]: DEBUG cinder.volume.api [None req-a6c78a04-4542-4e1a-ba3c-9375ab7b1b24 tempest-GroupSnapshotsV319Test-1886728847 tempest-GroupSnapshotsV319Test-1886728847-project-member] Flow 'volume_create_api' (373e4eb4-ac52-4ce6-81af-cbf66d6f0970) transitioned into state 'RUNNING' from state 'PENDING' {{(pid=71355) _flow_receiver /usr/local/lib/python3.10/dist-packages/taskflow/listeners/logging.py:141}}
Jul 24 06:40:05 user devstack@c-api.service[71355]: DEBUG cinder.volume.api [None req-a6c78a04-4542-4e1a-ba3c-9375ab7b1b24 tempest-GroupSnapshotsV319Test-1886728847 tempest-GroupSnapshotsV319Test-1886728847-project-member] Task 'cinder.volume.flows.api.create_volume.ExtractVolumeRequestTask;volume:create' (b5d1ab02-2c0a-4475-81ae-447377b3d844) transitioned into state 'RUNNING' from state 'PENDING' {{(pid=71355) _task_receiver /usr/local/lib/python3.10/dist-packages/taskflow/listeners/logging.py:190}}
Jul 24 06:40:05 user devstack@c-api.service[71355]: /usr/local/lib/python3.10/dist-packages/oslo_context/context.py:100: DeprecationWarning: Policy enforcement is depending on the value of is_admin. This key is deprecated. Please update your policy file to use the standard policy values.
Jul 24 06:40:05 user devstack@c-api.service[71355]: warnings.warn('Policy enforcement is depending on the value of '
Jul 24 06:40:05 user devstack@c-api.service[71355]: DEBUG cinder.volume.flows.api.create_volume [None req-a6c78a04-4542-4e1a-ba3c-9375ab7b1b24 tempest-GroupSnapshotsV319Test-1886728847 tempest-GroupSnapshotsV319Test-1886728847-project-member] Validating volume size '1' using validate_int {{(pid=71355) _extract_size /opt/stack/cinder/cinder/volume/flows/api/create_volume.py:228}}
Jul 24 06:40:05 user devstack@c-api.service[71355]: DEBUG cinder.volume.api [None req-a6c78a04-4542-4e1a-ba3c-9375ab7b1b24 tempest-GroupSnapshotsV319Test-1886728847 tempest-GroupSnapshotsV319Test-1886728847-project-member] Task 'cinder.volume.flows.api.create_volume.ExtractVolumeRequestTask;volume:create' (b5d1ab02-2c0a-4475-81ae-447377b3d844) transitioned into state 'SUCCESS' from state 'RUNNING' with result '{'size': 1, 'snapshot_id': None, 'source_volid': None, 'volume_type': VolumeType(created_at=2023-07-24T06:40:04Z,deleted=False,deleted_at=None,description=None,extra_specs={},id=56897167-8a17-4865-b294-efe32485a5e1,is_public=True,name='tempest-GroupSnapshotsV319Test-volume-type-1592679369',projects=[],qos_specs=,qos_specs_id=None,updated_at=None), 'volume_type_id': '56897167-8a17-4865-b294-efe32485a5e1', 'encryption_key_id': None, 'qos_specs': None, 'consistencygroup_id': None, 'cgsnapshot_id': None, 'group_id': '51d9cadc-bc02-43fc-a892-c4a408fff39b', 'replication_status': 'disabled', 'refresh_az': False, 'backup_id': None, 'multiattach': False, 'availability_zones': ['nova']}' {{(pid=71355) _task_receiver /usr/local/lib/python3.10/dist-packages/taskflow/listeners/logging.py:178}}
Jul 24 06:40:05 user devstack@c-api.service[71355]: DEBUG cinder.volume.api [None req-a6c78a04-4542-4e1a-ba3c-9375ab7b1b24 tempest-GroupSnapshotsV319Test-1886728847 tempest-GroupSnapshotsV319Test-1886728847-project-member] Task 'cinder.volume.flows.api.create_volume.QuotaReserveTask;volume:create' (73b9240e-9809-4ced-b026-63a051cb2b2f) transitioned into state 'RUNNING' from state 'PENDING' {{(pid=71355) _task_receiver /usr/local/lib/python3.10/dist-packages/taskflow/listeners/logging.py:190}}
Jul 24 06:40:05 user devstack@c-api.service[71356]: DEBUG cinder.api.middleware.request_id [None req-5655f892-42ba-4611-992c-229fb41ffde5 None None] RequestId filter calling following filter/app {{(pid=71356) _context_setter /opt/stack/cinder/cinder/api/middleware/request_id.py:62}}
Jul 24 06:40:05 user devstack@c-api.service[71356]: INFO cinder.api.openstack.wsgi [None req-5655f892-42ba-4611-992c-229fb41ffde5 tempest-TestVolumeSwap-833922711 tempest-TestVolumeSwap-833922711-project-member] GET http://10.0.0.210/volume/v3/809e1b855f844f51aa930380ec2ce08a/volumes/72d3b05a-e318-4ed1-a5b9-b260c5cbcfa6
Jul 24 06:40:05 user devstack@c-api.service[71356]: DEBUG cinder.api.openstack.wsgi [None req-5655f892-42ba-4611-992c-229fb41ffde5 tempest-TestVolumeSwap-833922711 tempest-TestVolumeSwap-833922711-project-member] Empty body provided in request {{(pid=71356) get_body /opt/stack/cinder/cinder/api/openstack/wsgi.py:715}}
Jul 24 06:40:05 user devstack@c-api.service[71356]: DEBUG cinder.api.openstack.wsgi [None req-5655f892-42ba-4611-992c-229fb41ffde5 tempest-TestVolumeSwap-833922711 tempest-TestVolumeSwap-833922711-project-member] Calling method 'show' {{(pid=71356) _process_stack /opt/stack/cinder/cinder/api/openstack/wsgi.py:868}}
Jul 24 06:40:05 user devstack@c-api.service[71354]: DEBUG cinder.api.middleware.request_id [None req-d9dbc762-2217-49e0-b5d8-540ba7f5eb5b None None] RequestId filter calling following filter/app {{(pid=71354) _context_setter /opt/stack/cinder/cinder/api/middleware/request_id.py:62}}
Jul 24 06:40:05 user devstack@c-api.service[71356]: /usr/local/lib/python3.10/dist-packages/oslo_context/context.py:100: DeprecationWarning: Policy enforcement is depending on the value of is_admin. This key is deprecated. Please update your policy file to use the standard policy values.
Jul 24 06:40:05 user devstack@c-api.service[71356]: warnings.warn('Policy enforcement is depending on the value of '
Jul 24 06:40:05 user devstack@c-api.service[71354]: INFO cinder.api.openstack.wsgi [None req-d9dbc762-2217-49e0-b5d8-540ba7f5eb5b tempest-GroupsV320Test-1024613280 tempest-GroupsV320Test-1024613280-project-member] GET http://10.0.0.210/volume/v3/88718a815eb24a34aa51c17303ccd151/groups/24db436d-dbf0-4d1e-a01f-a07ac4e51057
Jul 24 06:40:05 user devstack@c-api.service[71354]: DEBUG cinder.api.openstack.wsgi [None req-d9dbc762-2217-49e0-b5d8-540ba7f5eb5b tempest-GroupsV320Test-1024613280 tempest-GroupsV320Test-1024613280-project-member] Empty body provided in request {{(pid=71354) get_body /opt/stack/cinder/cinder/api/openstack/wsgi.py:715}}
Jul 24 06:40:05 user devstack@c-api.service[71354]: DEBUG cinder.api.openstack.wsgi [None req-d9dbc762-2217-49e0-b5d8-540ba7f5eb5b tempest-GroupsV320Test-1024613280 tempest-GroupsV320Test-1024613280-project-member] Calling method 'version_select' {{(pid=71354) _process_stack /opt/stack/cinder/cinder/api/openstack/wsgi.py:868}}
Jul 24 06:40:05 user devstack@c-api.service[71354]: DEBUG cinder.api.v3.groups [None req-d9dbc762-2217-49e0-b5d8-540ba7f5eb5b tempest-GroupsV320Test-1024613280 tempest-GroupsV320Test-1024613280-project-member] show called for member 24db436d-dbf0-4d1e-a01f-a07ac4e51057 {{(pid=71354) show /opt/stack/cinder/cinder/api/v3/groups.py:58}}
Jul 24 06:40:05 user devstack@c-api.service[71356]: INFO cinder.volume.api [None req-5655f892-42ba-4611-992c-229fb41ffde5 tempest-TestVolumeSwap-833922711 tempest-TestVolumeSwap-833922711-project-member] Volume info retrieved successfully.
Jul 24 06:40:05 user devstack@c-api.service[71354]: /usr/local/lib/python3.10/dist-packages/oslo_context/context.py:100: DeprecationWarning: Policy enforcement is depending on the value of is_admin. This key is deprecated. Please update your policy file to use the standard policy values.
Jul 24 06:40:05 user devstack@c-api.service[71354]: warnings.warn('Policy enforcement is depending on the value of '
Jul 24 06:40:05 user devstack@c-api.service[71355]: WARNING cinder.quota [None req-a6c78a04-4542-4e1a-ba3c-9375ab7b1b24 tempest-GroupSnapshotsV319Test-1886728847 tempest-GroupSnapshotsV319Test-1886728847-project-member] Deprecated: Default quota for resource: volumes_tempest-GroupSnapshotsV319Test-volume-type-1592679369 is set by the default quota flag: quota_volumes_tempest-GroupSnapshotsV319Test-volume-type-1592679369, it is now deprecated. Please use the default quota class for default quota.
Jul 24 06:40:05 user devstack@c-api.service[71355]: WARNING cinder.quota [None req-a6c78a04-4542-4e1a-ba3c-9375ab7b1b24 tempest-GroupSnapshotsV319Test-1886728847 tempest-GroupSnapshotsV319Test-1886728847-project-member] Deprecated: Default quota for resource: gigabytes_tempest-GroupSnapshotsV319Test-volume-type-1592679369 is set by the default quota flag: quota_gigabytes_tempest-GroupSnapshotsV319Test-volume-type-1592679369, it is now deprecated. Please use the default quota class for default quota.
Jul 24 06:40:05 user devstack@c-api.service[71356]: INFO cinder.api.openstack.wsgi [None req-5655f892-42ba-4611-992c-229fb41ffde5 tempest-TestVolumeSwap-833922711 tempest-TestVolumeSwap-833922711-project-member] http://10.0.0.210/volume/v3/809e1b855f844f51aa930380ec2ce08a/volumes/72d3b05a-e318-4ed1-a5b9-b260c5cbcfa6 returned with HTTP 200
Jul 24 06:40:05 user devstack@c-api.service[71356]: [pid: 71356|app: 0|req: 142/382] 10.0.0.210 () {62 vars in 1402 bytes} [Mon Jul 24 06:40:05 2023] GET /volume/v3/809e1b855f844f51aa930380ec2ce08a/volumes/72d3b05a-e318-4ed1-a5b9-b260c5cbcfa6 => generated 903 bytes in 74 msecs (HTTP/1.1 200) 7 headers in 285 bytes (1 switches on core 0)
Jul 24 06:40:05 user devstack@c-api.service[71354]: INFO cinder.api.openstack.wsgi [None req-d9dbc762-2217-49e0-b5d8-540ba7f5eb5b tempest-GroupsV320Test-1024613280 tempest-GroupsV320Test-1024613280-project-member] http://10.0.0.210/volume/v3/88718a815eb24a34aa51c17303ccd151/groups/24db436d-dbf0-4d1e-a01f-a07ac4e51057 returned with HTTP 200
Jul 24 06:40:05 user devstack@c-api.service[71354]: [pid: 71354|app: 0|req: 121/383] 10.0.0.210 () {64 vars in 1440 bytes} [Mon Jul 24 06:40:05 2023] GET /volume/v3/88718a815eb24a34aa51c17303ccd151/groups/24db436d-dbf0-4d1e-a01f-a07ac4e51057 => generated 389 bytes in 64 msecs (HTTP/1.1 200) 7 headers in 286 bytes (2 switches on core 0)
Jul 24 06:40:05 user devstack@c-api.service[71356]: DEBUG cinder.api.middleware.request_id [None req-8d0e6cd0-fdc5-4954-9524-13e9679c978f None None] RequestId filter calling following filter/app {{(pid=71356) _context_setter /opt/stack/cinder/cinder/api/middleware/request_id.py:62}}
Jul 24 06:40:05 user devstack@c-api.service[71356]: INFO cinder.api.openstack.wsgi [None req-8d0e6cd0-fdc5-4954-9524-13e9679c978f tempest-GroupsV320Test-2029950944 tempest-GroupsV320Test-2029950944-project-admin] POST http://10.0.0.210/volume/v3/0131c70eb52d4d46b0ab4a5bc73f2267/groups/24db436d-dbf0-4d1e-a01f-a07ac4e51057/action
Jul 24 06:40:05 user devstack@c-api.service[71356]: DEBUG cinder.api.openstack.wsgi [None req-8d0e6cd0-fdc5-4954-9524-13e9679c978f tempest-GroupsV320Test-2029950944 tempest-GroupsV320Test-2029950944-project-admin] Action body: b'{"reset_status": {"status": "creating"}}' {{(pid=71356) get_method /opt/stack/cinder/cinder/api/openstack/wsgi.py:983}}
Jul 24 06:40:05 user devstack@c-api.service[71356]: DEBUG cinder.api.openstack.wsgi [None req-8d0e6cd0-fdc5-4954-9524-13e9679c978f tempest-GroupsV320Test-2029950944 tempest-GroupsV320Test-2029950944-project-admin] Action: 'action', calling method: version_select, body: {"reset_status": {"status": "creating"}} {{(pid=71356) _process_stack /opt/stack/cinder/cinder/api/openstack/wsgi.py:866}}
Jul 24 06:40:05 user devstack@c-api.service[71356]: DEBUG cinder.api.v3.groups [None req-8d0e6cd0-fdc5-4954-9524-13e9679c978f tempest-GroupsV320Test-2029950944 tempest-GroupsV320Test-2029950944-project-admin] Updating group '24db436d-dbf0-4d1e-a01f-a07ac4e51057' with 'creating' {{(pid=71356) _reset_status /opt/stack/cinder/cinder/api/v3/groups.py:82}}
Jul 24 06:40:05 user devstack@c-api.service[71356]: /usr/local/lib/python3.10/dist-packages/oslo_context/context.py:100: DeprecationWarning: Policy enforcement is depending on the value of is_admin. This key is deprecated. Please update your policy file to use the standard policy values.
Jul 24 06:40:05 user devstack@c-api.service[71356]: warnings.warn('Policy enforcement is depending on the value of '
Jul 24 06:40:05 user devstack@c-api.service[71355]: DEBUG cinder.quota [None req-a6c78a04-4542-4e1a-ba3c-9375ab7b1b24 tempest-GroupSnapshotsV319Test-1886728847 tempest-GroupSnapshotsV319Test-1886728847-project-member] Created reservations ['17151f41-9903-40a0-83a4-d740e645360b', 'b410d257-81d9-4b5a-af6a-cff2d77e7017', '040a251e-aa15-4709-82f7-56ee5a8dd300', '371d6b84-f2b3-419a-bafd-472c4fd57e58'] {{(pid=71355) reserve /opt/stack/cinder/cinder/quota.py:755}}
Jul 24 06:40:05 user devstack@c-api.service[71355]: DEBUG cinder.volume.api [None req-a6c78a04-4542-4e1a-ba3c-9375ab7b1b24 tempest-GroupSnapshotsV319Test-1886728847 tempest-GroupSnapshotsV319Test-1886728847-project-member] Task 'cinder.volume.flows.api.create_volume.QuotaReserveTask;volume:create' (73b9240e-9809-4ced-b026-63a051cb2b2f) transitioned into state 'SUCCESS' from state 'RUNNING' with result '{'reservations': ['17151f41-9903-40a0-83a4-d740e645360b', 'b410d257-81d9-4b5a-af6a-cff2d77e7017', '040a251e-aa15-4709-82f7-56ee5a8dd300', '371d6b84-f2b3-419a-bafd-472c4fd57e58']}' {{(pid=71355) _task_receiver /usr/local/lib/python3.10/dist-packages/taskflow/listeners/logging.py:178}}
Jul 24 06:40:05 user devstack@c-api.service[71355]: DEBUG cinder.volume.api [None req-a6c78a04-4542-4e1a-ba3c-9375ab7b1b24 tempest-GroupSnapshotsV319Test-1886728847 tempest-GroupSnapshotsV319Test-1886728847-project-member] Task 'cinder.volume.flows.api.create_volume.EntryCreateTask;volume:create' (b656a0e0-4dba-4ccd-bb5e-71faaba6b744) transitioned into state 'RUNNING' from state 'PENDING' {{(pid=71355) _task_receiver /usr/local/lib/python3.10/dist-packages/taskflow/listeners/logging.py:190}}
Jul 24 06:40:05 user devstack@c-api.service[71356]: INFO cinder.api.openstack.wsgi [None req-8d0e6cd0-fdc5-4954-9524-13e9679c978f tempest-GroupsV320Test-2029950944 tempest-GroupsV320Test-2029950944-project-admin] http://10.0.0.210/volume/v3/0131c70eb52d4d46b0ab4a5bc73f2267/groups/24db436d-dbf0-4d1e-a01f-a07ac4e51057/action returned with HTTP 202
Jul 24 06:40:05 user devstack@c-api.service[71356]: [pid: 71356|app: 0|req: 143/384] 10.0.0.210 () {66 vars in 1482 bytes} [Mon Jul 24 06:40:05 2023] POST /volume/v3/0131c70eb52d4d46b0ab4a5bc73f2267/groups/24db436d-dbf0-4d1e-a01f-a07ac4e51057/action => generated 0 bytes in 39 msecs (HTTP/1.1 202) 6 headers in 234 bytes (1 switches on core 0)
Jul 24 06:40:05 user devstack@c-api.service[71354]: DEBUG cinder.api.middleware.request_id [None req-286ccdfd-8d56-4556-9be2-566c0a08db62 None None] RequestId filter calling following filter/app {{(pid=71354) _context_setter /opt/stack/cinder/cinder/api/middleware/request_id.py:62}}
Jul 24 06:40:05 user devstack@c-api.service[71354]: INFO cinder.api.openstack.wsgi [None req-286ccdfd-8d56-4556-9be2-566c0a08db62 tempest-GroupsV320Test-1024613280 tempest-GroupsV320Test-1024613280-project-member] GET http://10.0.0.210/volume/v3/88718a815eb24a34aa51c17303ccd151/groups/24db436d-dbf0-4d1e-a01f-a07ac4e51057
Jul 24 06:40:05 user devstack@c-api.service[71354]: DEBUG cinder.api.openstack.wsgi [None req-286ccdfd-8d56-4556-9be2-566c0a08db62 tempest-GroupsV320Test-1024613280 tempest-GroupsV320Test-1024613280-project-member] Empty body provided in request {{(pid=71354) get_body /opt/stack/cinder/cinder/api/openstack/wsgi.py:715}}
Jul 24 06:40:05 user devstack@c-api.service[71354]: DEBUG cinder.api.openstack.wsgi [None req-286ccdfd-8d56-4556-9be2-566c0a08db62 tempest-GroupsV320Test-1024613280 tempest-GroupsV320Test-1024613280-project-member] Calling method 'version_select' {{(pid=71354) _process_stack /opt/stack/cinder/cinder/api/openstack/wsgi.py:868}}
Jul 24 06:40:05 user devstack@c-api.service[71354]: DEBUG cinder.api.v3.groups [None req-286ccdfd-8d56-4556-9be2-566c0a08db62 tempest-GroupsV320Test-1024613280 tempest-GroupsV320Test-1024613280-project-member] show called for member 24db436d-dbf0-4d1e-a01f-a07ac4e51057 {{(pid=71354) show /opt/stack/cinder/cinder/api/v3/groups.py:58}}
Jul 24 06:40:05 user devstack@c-api.service[71355]: DEBUG cinder.volume.api [None req-a6c78a04-4542-4e1a-ba3c-9375ab7b1b24 tempest-GroupSnapshotsV319Test-1886728847 tempest-GroupSnapshotsV319Test-1886728847-project-member] Task 'cinder.volume.flows.api.create_volume.EntryCreateTask;volume:create' (b656a0e0-4dba-4ccd-bb5e-71faaba6b744) transitioned into state 'SUCCESS' from state 'RUNNING' with result '{'volume_id': 'ff9695fc-7515-41bb-a392-e245f26f5686', 'volume_properties': VolumeProperties(attach_status='detached',availability_zone='nova',cgsnapshot_id=None,consistencygroup_id=None,display_description=None,display_name='tempest-volume-872667273',encryption_key_id=None,group_id=51d9cadc-bc02-43fc-a892-c4a408fff39b,group_type_id=,metadata={},multiattach=False,project_id='9f6d2401de8f4b0d9d879a6b07c5c105',qos_specs=None,replication_status=,reservations=['17151f41-9903-40a0-83a4-d740e645360b','b410d257-81d9-4b5a-af6a-cff2d77e7017','040a251e-aa15-4709-82f7-56ee5a8dd300','371d6b84-f2b3-419a-bafd-472c4fd57e58'],size=1,snapshot_id=None,source_replicaid=,source_volid=None,status='creating',user_id='0b94f4b32a71467aab11521cb34b9bf2',volume_type_id=56897167-8a17-4865-b294-efe32485a5e1), 'volume': Volume(_name_id=None,admin_metadata=,attach_status='detached',availability_zone='nova',bootable=False,cluster=,cluster_name=None,consistencygroup=,consistencygroup_id=None,created_at=2023-07-24T06:40:05Z,deleted=False,deleted_at=None,display_description=None,display_name='tempest-volume-872667273',ec2_id=None,encryption_key_id=None,glance_metadata=,group=,group_id=51d9cadc-bc02-43fc-a892-c4a408fff39b,host=None,id=ff9695fc-7515-41bb-a392-e245f26f5686,launched_at=None,metadata={},migration_status=None,multiattach=False,previous_status=None,project_id='9f6d2401de8f4b0d9d879a6b07c5c105',provider_auth=None,provider_geometry=None,provider_id=None,provider_location=None,replication_driver_data=None,replication_extended_status=None,replication_status=None,scheduled_at=None,service_uuid=None,shared_targets=True,size=1,snapshot_id=None,snapshots=,source_volid=None,status='creating',terminated_at=None,updated_at=None,use_quota=True,user_id='0b94f4b32a71467aab11521cb34b9bf2',volume_attachment=VolumeAttachmentList,volume_type=VolumeType(56897167-8a17-4865-b294-efe32485a5e1),volume_type_id=56897167-8a17-4865-b294-efe32485a5e1)}' {{(pid=71355) _task_receiver /usr/local/lib/python3.10/dist-packages/taskflow/listeners/logging.py:178}}
Jul 24 06:40:05 user devstack@c-api.service[71355]: DEBUG cinder.volume.api [None req-a6c78a04-4542-4e1a-ba3c-9375ab7b1b24 tempest-GroupSnapshotsV319Test-1886728847 tempest-GroupSnapshotsV319Test-1886728847-project-member] Task 'cinder.volume.flows.api.create_volume.QuotaCommitTask;volume:create' (22b97df9-7a1a-4d98-908a-af8351af282a) transitioned into state 'RUNNING' from state 'PENDING' {{(pid=71355) _task_receiver /usr/local/lib/python3.10/dist-packages/taskflow/listeners/logging.py:190}}
Jul 24 06:40:05 user devstack@c-api.service[71354]: /usr/local/lib/python3.10/dist-packages/oslo_context/context.py:100: DeprecationWarning: Policy enforcement is depending on the value of is_admin. This key is deprecated. Please update your policy file to use the standard policy values.
Jul 24 06:40:05 user devstack@c-api.service[71354]: warnings.warn('Policy enforcement is depending on the value of '
Jul 24 06:40:05 user devstack@c-api.service[71356]: DEBUG cinder.api.middleware.request_id [None req-229db4dc-18fe-4d19-bc47-3b7a9ce52b66 None None] RequestId filter calling following filter/app {{(pid=71356) _context_setter /opt/stack/cinder/cinder/api/middleware/request_id.py:62}}
Jul 24 06:40:05 user devstack@c-api.service[71356]: INFO cinder.api.openstack.wsgi [None req-229db4dc-18fe-4d19-bc47-3b7a9ce52b66 tempest-TaggedBootDevicesTest-878742811 tempest-TaggedBootDevicesTest-878742811-project-member] GET http://10.0.0.210/volume/v3/ca824d3b228f4ba8a22aa3be0c746744/volumes/6eab9c49-b7b4-409d-b208-fbc0b6334961
Jul 24 06:40:05 user devstack@c-api.service[71356]: DEBUG cinder.api.openstack.wsgi [None req-229db4dc-18fe-4d19-bc47-3b7a9ce52b66 tempest-TaggedBootDevicesTest-878742811 tempest-TaggedBootDevicesTest-878742811-project-member] Empty body provided in request {{(pid=71356) get_body /opt/stack/cinder/cinder/api/openstack/wsgi.py:715}}
Jul 24 06:40:05 user devstack@c-api.service[71356]: DEBUG cinder.api.openstack.wsgi [None req-229db4dc-18fe-4d19-bc47-3b7a9ce52b66 tempest-TaggedBootDevicesTest-878742811 tempest-TaggedBootDevicesTest-878742811-project-member] Calling method 'show' {{(pid=71356) _process_stack /opt/stack/cinder/cinder/api/openstack/wsgi.py:868}}
Jul 24 06:40:05 user devstack@c-api.service[71354]: INFO cinder.api.openstack.wsgi [None req-286ccdfd-8d56-4556-9be2-566c0a08db62 tempest-GroupsV320Test-1024613280 tempest-GroupsV320Test-1024613280-project-member] http://10.0.0.210/volume/v3/88718a815eb24a34aa51c17303ccd151/groups/24db436d-dbf0-4d1e-a01f-a07ac4e51057 returned with HTTP 200
Jul 24 06:40:05 user devstack@c-api.service[71355]: DEBUG cinder.volume.api [None req-a6c78a04-4542-4e1a-ba3c-9375ab7b1b24 tempest-GroupSnapshotsV319Test-1886728847 tempest-GroupSnapshotsV319Test-1886728847-project-member] Task 'cinder.volume.flows.api.create_volume.QuotaCommitTask;volume:create' (22b97df9-7a1a-4d98-908a-af8351af282a) transitioned into state 'SUCCESS' from state 'RUNNING' with result '{'volume_properties': VolumeProperties(attach_status='detached',availability_zone='nova',cgsnapshot_id=None,consistencygroup_id=None,display_description=None,display_name='tempest-volume-872667273',encryption_key_id=None,group_id=51d9cadc-bc02-43fc-a892-c4a408fff39b,group_type_id=,metadata={},multiattach=False,project_id='9f6d2401de8f4b0d9d879a6b07c5c105',qos_specs=None,replication_status=,reservations=['17151f41-9903-40a0-83a4-d740e645360b','b410d257-81d9-4b5a-af6a-cff2d77e7017','040a251e-aa15-4709-82f7-56ee5a8dd300','371d6b84-f2b3-419a-bafd-472c4fd57e58'],size=1,snapshot_id=None,source_replicaid=,source_volid=None,status='creating',user_id='0b94f4b32a71467aab11521cb34b9bf2',volume_type_id=56897167-8a17-4865-b294-efe32485a5e1)}' {{(pid=71355) _task_receiver /usr/local/lib/python3.10/dist-packages/taskflow/listeners/logging.py:178}}
Jul 24 06:40:05 user devstack@c-api.service[71354]: [pid: 71354|app: 0|req: 122/385] 10.0.0.210 () {64 vars in 1440 bytes} [Mon Jul 24 06:40:05 2023] GET /volume/v3/88718a815eb24a34aa51c17303ccd151/groups/24db436d-dbf0-4d1e-a01f-a07ac4e51057 => generated 388 bytes in 63 msecs (HTTP/1.1 200) 7 headers in 286 bytes (1 switches on core 0)
Jul 24 06:40:05 user devstack@c-api.service[71355]: DEBUG cinder.volume.api [None req-a6c78a04-4542-4e1a-ba3c-9375ab7b1b24 tempest-GroupSnapshotsV319Test-1886728847 tempest-GroupSnapshotsV319Test-1886728847-project-member] Task 'cinder.volume.flows.api.create_volume.VolumeCastTask;volume:create' (361ab8a6-0bbc-4239-a827-fdb7ef249fd1) transitioned into state 'RUNNING' from state 'PENDING' {{(pid=71355) _task_receiver /usr/local/lib/python3.10/dist-packages/taskflow/listeners/logging.py:190}}
Jul 24 06:40:05 user devstack@c-api.service[71354]: DEBUG cinder.api.middleware.request_id [None req-e5aa530e-86b0-4f61-b650-4bdbdef68d4f None None] RequestId filter calling following filter/app {{(pid=71354) _context_setter /opt/stack/cinder/cinder/api/middleware/request_id.py:62}}
Jul 24 06:40:05 user devstack@c-api.service[71356]: /usr/local/lib/python3.10/dist-packages/oslo_context/context.py:100: DeprecationWarning: Policy enforcement is depending on the value of is_admin. This key is deprecated. Please update your policy file to use the standard policy values.
Jul 24 06:40:05 user devstack@c-api.service[71356]: warnings.warn('Policy enforcement is depending on the value of '
Jul 24 06:40:05 user devstack@c-api.service[71354]: INFO cinder.api.openstack.wsgi [None req-e5aa530e-86b0-4f61-b650-4bdbdef68d4f tempest-GroupSnapshotsTest-1026108942 tempest-GroupSnapshotsTest-1026108942-project-member] GET http://10.0.0.210/volume/v3/7fd1020bb54b4120a8e858a5f31633d9/snapshots/bb251334-b8bc-4970-b9dd-8ac628706b7f
Jul 24 06:40:05 user devstack@c-api.service[71354]: DEBUG cinder.api.openstack.wsgi [None req-e5aa530e-86b0-4f61-b650-4bdbdef68d4f tempest-GroupSnapshotsTest-1026108942 tempest-GroupSnapshotsTest-1026108942-project-member] Empty body provided in request {{(pid=71354) get_body /opt/stack/cinder/cinder/api/openstack/wsgi.py:715}}
Jul 24 06:40:05 user devstack@c-api.service[71354]: DEBUG cinder.api.openstack.wsgi [None req-e5aa530e-86b0-4f61-b650-4bdbdef68d4f tempest-GroupSnapshotsTest-1026108942 tempest-GroupSnapshotsTest-1026108942-project-member] Calling method 'show' {{(pid=71354) _process_stack /opt/stack/cinder/cinder/api/openstack/wsgi.py:868}}
Jul 24 06:40:05 user devstack@c-api.service[71356]: INFO cinder.volume.api [None req-229db4dc-18fe-4d19-bc47-3b7a9ce52b66 tempest-TaggedBootDevicesTest-878742811 tempest-TaggedBootDevicesTest-878742811-project-member] Volume info retrieved successfully.
Jul 24 06:40:05 user devstack@c-api.service[71355]: DEBUG cinder.volume.api [None req-a6c78a04-4542-4e1a-ba3c-9375ab7b1b24 tempest-GroupSnapshotsV319Test-1886728847 tempest-GroupSnapshotsV319Test-1886728847-project-member] Task 'cinder.volume.flows.api.create_volume.VolumeCastTask;volume:create' (361ab8a6-0bbc-4239-a827-fdb7ef249fd1) transitioned into state 'SUCCESS' from state 'RUNNING' with result 'None' {{(pid=71355) _task_receiver /usr/local/lib/python3.10/dist-packages/taskflow/listeners/logging.py:178}}
Jul 24 06:40:05 user devstack@c-api.service[71354]: /usr/local/lib/python3.10/dist-packages/oslo_context/context.py:100: DeprecationWarning: Policy enforcement is depending on the value of is_admin. This key is deprecated. Please update your policy file to use the standard policy values.
Jul 24 06:40:05 user devstack@c-api.service[71354]: warnings.warn('Policy enforcement is depending on the value of '
Jul 24 06:40:05 user devstack@c-api.service[71356]: INFO cinder.api.openstack.wsgi [None req-229db4dc-18fe-4d19-bc47-3b7a9ce52b66 tempest-TaggedBootDevicesTest-878742811 tempest-TaggedBootDevicesTest-878742811-project-member] http://10.0.0.210/volume/v3/ca824d3b228f4ba8a22aa3be0c746744/volumes/6eab9c49-b7b4-409d-b208-fbc0b6334961 returned with HTTP 200
Jul 24 06:40:05 user devstack@c-api.service[71355]: DEBUG cinder.volume.api [None req-a6c78a04-4542-4e1a-ba3c-9375ab7b1b24 tempest-GroupSnapshotsV319Test-1886728847 tempest-GroupSnapshotsV319Test-1886728847-project-member] Flow 'volume_create_api' (373e4eb4-ac52-4ce6-81af-cbf66d6f0970) transitioned into state 'SUCCESS' from state 'RUNNING' {{(pid=71355) _flow_receiver /usr/local/lib/python3.10/dist-packages/taskflow/listeners/logging.py:141}}
Jul 24 06:40:05 user devstack@c-api.service[71356]: [pid: 71356|app: 0|req: 144/386] 10.0.0.210 () {62 vars in 1402 bytes} [Mon Jul 24 06:40:05 2023] GET /volume/v3/ca824d3b228f4ba8a22aa3be0c746744/volumes/6eab9c49-b7b4-409d-b208-fbc0b6334961 => generated 971 bytes in 42 msecs (HTTP/1.1 200) 7 headers in 285 bytes (1 switches on core 0)
Jul 24 06:40:05 user devstack@c-api.service[71354]: INFO cinder.volume.api [None req-e5aa530e-86b0-4f61-b650-4bdbdef68d4f tempest-GroupSnapshotsTest-1026108942 tempest-GroupSnapshotsTest-1026108942-project-member] Snapshot retrieved successfully.
Jul 24 06:40:05 user devstack@c-api.service[71355]: INFO cinder.volume.api [None req-a6c78a04-4542-4e1a-ba3c-9375ab7b1b24 tempest-GroupSnapshotsV319Test-1886728847 tempest-GroupSnapshotsV319Test-1886728847-project-member] Create volume request issued successfully.
Jul 24 06:40:05 user devstack@c-api.service[71356]: DEBUG cinder.api.middleware.request_id [None req-fc99b431-63f8-4b79-ac7d-14ec04b9f03e None None] RequestId filter calling following filter/app {{(pid=71356) _context_setter /opt/stack/cinder/cinder/api/middleware/request_id.py:62}}
Jul 24 06:40:05 user devstack@c-api.service[71354]: INFO cinder.api.openstack.wsgi [None req-e5aa530e-86b0-4f61-b650-4bdbdef68d4f tempest-GroupSnapshotsTest-1026108942 tempest-GroupSnapshotsTest-1026108942-project-member] http://10.0.0.210/volume/v3/7fd1020bb54b4120a8e858a5f31633d9/snapshots/bb251334-b8bc-4970-b9dd-8ac628706b7f returned with HTTP 200
Jul 24 06:40:05 user devstack@c-api.service[71355]: WARNING stevedore.named [None req-a6c78a04-4542-4e1a-ba3c-9375ab7b1b24 tempest-GroupSnapshotsV319Test-1886728847 tempest-GroupSnapshotsV319Test-1886728847-project-member] Could not load cinder.keymgr.conf_key_mgr.ConfKeyManager
Jul 24 06:40:05 user devstack@c-api.service[71354]: [pid: 71354|app: 0|req: 123/387] 10.0.0.210 () {62 vars in 1408 bytes} [Mon Jul 24 06:40:05 2023] GET /volume/v3/7fd1020bb54b4120a8e858a5f31633d9/snapshots/bb251334-b8bc-4970-b9dd-8ac628706b7f => generated 469 bytes in 24 msecs (HTTP/1.1 200) 7 headers in 285 bytes (1 switches on core 0)
Jul 24 06:40:05 user devstack@c-api.service[71355]: WARNING castellan.key_manager [None req-a6c78a04-4542-4e1a-ba3c-9375ab7b1b24 tempest-GroupSnapshotsV319Test-1886728847 tempest-GroupSnapshotsV319Test-1886728847-project-member] Deprecation Warning : cinder.keymgr.conf_key_mgr.ConfKeyManager is not a stevedore based driver, trying to load it as a class: stevedore.exception.NoMatches: No 'castellan.drivers' driver found, looking for 'cinder.keymgr.conf_key_mgr.ConfKeyManager'
Jul 24 06:40:05 user devstack@c-api.service[71356]: INFO cinder.api.openstack.wsgi [None req-fc99b431-63f8-4b79-ac7d-14ec04b9f03e tempest-GroupsV320Test-2029950944 tempest-GroupsV320Test-2029950944-project-admin] POST http://10.0.0.210/volume/v3/0131c70eb52d4d46b0ab4a5bc73f2267/groups/24db436d-dbf0-4d1e-a01f-a07ac4e51057/action
Jul 24 06:40:05 user devstack@c-api.service[71356]: DEBUG cinder.api.openstack.wsgi [None req-fc99b431-63f8-4b79-ac7d-14ec04b9f03e tempest-GroupsV320Test-2029950944 tempest-GroupsV320Test-2029950944-project-admin] Action body: b'{"reset_status": {"status": "available"}}' {{(pid=71356) get_method /opt/stack/cinder/cinder/api/openstack/wsgi.py:983}}
Jul 24 06:40:05 user devstack@c-api.service[71356]: DEBUG cinder.api.openstack.wsgi [None req-fc99b431-63f8-4b79-ac7d-14ec04b9f03e tempest-GroupsV320Test-2029950944 tempest-GroupsV320Test-2029950944-project-admin] Action: 'action', calling method: reset_status, body: {"reset_status": {"status": "available"}} {{(pid=71356) _process_stack /opt/stack/cinder/cinder/api/openstack/wsgi.py:866}}
Jul 24 06:40:05 user devstack@c-api.service[71356]: DEBUG cinder.api.v3.groups [None req-fc99b431-63f8-4b79-ac7d-14ec04b9f03e tempest-GroupsV320Test-2029950944 tempest-GroupsV320Test-2029950944-project-admin] Updating group '24db436d-dbf0-4d1e-a01f-a07ac4e51057' with 'available' {{(pid=71356) _reset_status /opt/stack/cinder/cinder/api/v3/groups.py:82}}
Jul 24 06:40:05 user devstack@c-api.service[71355]: DEBUG oslo_db.sqlalchemy.engines [None req-a6c78a04-4542-4e1a-ba3c-9375ab7b1b24 tempest-GroupSnapshotsV319Test-1886728847 tempest-GroupSnapshotsV319Test-1886728847-project-member] MySQL server mode set to STRICT_TRANS_TABLES,STRICT_ALL_TABLES,NO_ZERO_IN_DATE,NO_ZERO_DATE,ERROR_FOR_DIVISION_BY_ZERO,TRADITIONAL,NO_ENGINE_SUBSTITUTION {{(pid=71355) _check_effective_sql_mode /usr/local/lib/python3.10/dist-packages/oslo_db/sqlalchemy/engines.py:335}}
Jul 24 06:40:05 user devstack@c-api.service[71356]: /usr/local/lib/python3.10/dist-packages/oslo_context/context.py:100: DeprecationWarning: Policy enforcement is depending on the value of is_admin. This key is deprecated. Please update your policy file to use the standard policy values.
Jul 24 06:40:05 user devstack@c-api.service[71356]: warnings.warn('Policy enforcement is depending on the value of '
Jul 24 06:40:05 user devstack@c-api.service[71355]: /usr/local/lib/python3.10/dist-packages/oslo_context/context.py:100: DeprecationWarning: Policy enforcement is depending on the value of is_admin. This key is deprecated. Please update your policy file to use the standard policy values.
Jul 24 06:40:05 user devstack@c-api.service[71355]: warnings.warn('Policy enforcement is depending on the value of '
Jul 24 06:40:05 user devstack@c-api.service[71356]: INFO cinder.api.openstack.wsgi [None req-fc99b431-63f8-4b79-ac7d-14ec04b9f03e tempest-GroupsV320Test-2029950944 tempest-GroupsV320Test-2029950944-project-admin] http://10.0.0.210/volume/v3/0131c70eb52d4d46b0ab4a5bc73f2267/groups/24db436d-dbf0-4d1e-a01f-a07ac4e51057/action returned with HTTP 202
Jul 24 06:40:05 user devstack@c-api.service[71356]: [pid: 71356|app: 0|req: 145/388] 10.0.0.210 () {66 vars in 1482 bytes} [Mon Jul 24 06:40:05 2023] POST /volume/v3/0131c70eb52d4d46b0ab4a5bc73f2267/groups/24db436d-dbf0-4d1e-a01f-a07ac4e51057/action => generated 0 bytes in 37 msecs (HTTP/1.1 202) 6 headers in 234 bytes (1 switches on core 0)
Jul 24 06:40:05 user devstack@c-api.service[71354]: DEBUG cinder.api.middleware.request_id [None req-6663c328-54d8-4d0d-befd-6a534682e290 None None] RequestId filter calling following filter/app {{(pid=71354) _context_setter /opt/stack/cinder/cinder/api/middleware/request_id.py:62}}
Jul 24 06:40:05 user devstack@c-api.service[71355]: INFO cinder.api.openstack.wsgi [None req-a6c78a04-4542-4e1a-ba3c-9375ab7b1b24 tempest-GroupSnapshotsV319Test-1886728847 tempest-GroupSnapshotsV319Test-1886728847-project-member] http://10.0.0.210/volume/v3/9f6d2401de8f4b0d9d879a6b07c5c105/volumes returned with HTTP 202
Jul 24 06:40:05 user devstack@c-api.service[71354]: INFO cinder.api.openstack.wsgi [None req-6663c328-54d8-4d0d-befd-6a534682e290 tempest-GroupsV320Test-1024613280 tempest-GroupsV320Test-1024613280-project-member] GET http://10.0.0.210/volume/v3/88718a815eb24a34aa51c17303ccd151/groups/24db436d-dbf0-4d1e-a01f-a07ac4e51057
Jul 24 06:40:05 user devstack@c-api.service[71354]: DEBUG cinder.api.openstack.wsgi [None req-6663c328-54d8-4d0d-befd-6a534682e290 tempest-GroupsV320Test-1024613280 tempest-GroupsV320Test-1024613280-project-member] Empty body provided in request {{(pid=71354) get_body /opt/stack/cinder/cinder/api/openstack/wsgi.py:715}}
Jul 24 06:40:05 user devstack@c-api.service[71355]: [pid: 71355|app: 0|req: 121/389] 10.0.0.210 () {66 vars in 1354 bytes} [Mon Jul 24 06:40:05 2023] POST /volume/v3/9f6d2401de8f4b0d9d879a6b07c5c105/volumes => generated 890 bytes in 438 msecs (HTTP/1.1 202) 7 headers in 292 bytes (1 switches on core 0)
Jul 24 06:40:05 user devstack@c-api.service[71354]: DEBUG cinder.api.openstack.wsgi [None req-6663c328-54d8-4d0d-befd-6a534682e290 tempest-GroupsV320Test-1024613280 tempest-GroupsV320Test-1024613280-project-member] Calling method 'version_select' {{(pid=71354) _process_stack /opt/stack/cinder/cinder/api/openstack/wsgi.py:868}}
Jul 24 06:40:05 user devstack@c-api.service[71354]: DEBUG cinder.api.v3.groups [None req-6663c328-54d8-4d0d-befd-6a534682e290 tempest-GroupsV320Test-1024613280 tempest-GroupsV320Test-1024613280-project-member] show called for member 24db436d-dbf0-4d1e-a01f-a07ac4e51057 {{(pid=71354) show /opt/stack/cinder/cinder/api/v3/groups.py:58}}
Jul 24 06:40:05 user devstack@c-api.service[71354]: /usr/local/lib/python3.10/dist-packages/oslo_context/context.py:100: DeprecationWarning: Policy enforcement is depending on the value of is_admin. This key is deprecated. Please update your policy file to use the standard policy values.
Jul 24 06:40:05 user devstack@c-api.service[71354]: warnings.warn('Policy enforcement is depending on the value of '
Jul 24 06:40:05 user devstack@c-api.service[71356]: DEBUG cinder.api.middleware.request_id [None req-a9f92bce-344d-4aeb-9c38-a8964f086fad None None] RequestId filter calling following filter/app {{(pid=71356) _context_setter /opt/stack/cinder/cinder/api/middleware/request_id.py:62}}
Jul 24 06:40:05 user devstack@c-api.service[71356]: INFO cinder.api.openstack.wsgi [None req-a9f92bce-344d-4aeb-9c38-a8964f086fad tempest-GroupSnapshotsV319Test-1886728847 tempest-GroupSnapshotsV319Test-1886728847-project-member] GET http://10.0.0.210/volume/v3/9f6d2401de8f4b0d9d879a6b07c5c105/volumes/ff9695fc-7515-41bb-a392-e245f26f5686
Jul 24 06:40:05 user devstack@c-api.service[71356]: DEBUG cinder.api.openstack.wsgi [None req-a9f92bce-344d-4aeb-9c38-a8964f086fad tempest-GroupSnapshotsV319Test-1886728847 tempest-GroupSnapshotsV319Test-1886728847-project-member] Empty body provided in request {{(pid=71356) get_body /opt/stack/cinder/cinder/api/openstack/wsgi.py:715}}
Jul 24 06:40:05 user devstack@c-api.service[71356]: DEBUG cinder.api.openstack.wsgi [None req-a9f92bce-344d-4aeb-9c38-a8964f086fad tempest-GroupSnapshotsV319Test-1886728847 tempest-GroupSnapshotsV319Test-1886728847-project-member] Calling method 'show' {{(pid=71356) _process_stack /opt/stack/cinder/cinder/api/openstack/wsgi.py:868}}
Jul 24 06:40:06 user devstack@c-api.service[71354]: INFO cinder.api.openstack.wsgi [None req-6663c328-54d8-4d0d-befd-6a534682e290 tempest-GroupsV320Test-1024613280 tempest-GroupsV320Test-1024613280-project-member] http://10.0.0.210/volume/v3/88718a815eb24a34aa51c17303ccd151/groups/24db436d-dbf0-4d1e-a01f-a07ac4e51057 returned with HTTP 200
Jul 24 06:40:06 user devstack@c-api.service[71354]: [pid: 71354|app: 0|req: 124/390] 10.0.0.210 () {64 vars in 1440 bytes} [Mon Jul 24 06:40:05 2023] GET /volume/v3/88718a815eb24a34aa51c17303ccd151/groups/24db436d-dbf0-4d1e-a01f-a07ac4e51057 => generated 389 bytes in 40 msecs (HTTP/1.1 200) 7 headers in 286 bytes (1 switches on core 0)
Jul 24 06:40:06 user devstack@c-api.service[71356]: /usr/local/lib/python3.10/dist-packages/oslo_context/context.py:100: DeprecationWarning: Policy enforcement is depending on the value of is_admin. This key is deprecated. Please update your policy file to use the standard policy values.
Jul 24 06:40:06 user devstack@c-api.service[71356]: warnings.warn('Policy enforcement is depending on the value of '
Jul 24 06:40:06 user devstack@c-api.service[71355]: DEBUG cinder.api.middleware.request_id [None req-c20e3ddb-b3a4-4e25-9f5e-d7fe9bea3e1a None None] RequestId filter calling following filter/app {{(pid=71355) _context_setter /opt/stack/cinder/cinder/api/middleware/request_id.py:62}}
Jul 24 06:40:06 user devstack@c-api.service[71356]: INFO cinder.volume.api [None req-a9f92bce-344d-4aeb-9c38-a8964f086fad tempest-GroupSnapshotsV319Test-1886728847 tempest-GroupSnapshotsV319Test-1886728847-project-member] Volume info retrieved successfully.
Jul 24 06:40:06 user devstack@c-api.service[71356]: WARNING stevedore.named [None req-a9f92bce-344d-4aeb-9c38-a8964f086fad tempest-GroupSnapshotsV319Test-1886728847 tempest-GroupSnapshotsV319Test-1886728847-project-member] Could not load cinder.keymgr.conf_key_mgr.ConfKeyManager
Jul 24 06:40:06 user devstack@c-api.service[71356]: WARNING castellan.key_manager [None req-a9f92bce-344d-4aeb-9c38-a8964f086fad tempest-GroupSnapshotsV319Test-1886728847 tempest-GroupSnapshotsV319Test-1886728847-project-member] Deprecation Warning : cinder.keymgr.conf_key_mgr.ConfKeyManager is not a stevedore based driver, trying to load it as a class: stevedore.exception.NoMatches: No 'castellan.drivers' driver found, looking for 'cinder.keymgr.conf_key_mgr.ConfKeyManager'
Jul 24 06:40:06 user devstack@c-api.service[71355]: INFO cinder.api.openstack.wsgi [None req-c20e3ddb-b3a4-4e25-9f5e-d7fe9bea3e1a tempest-GroupsV320Test-2029950944 tempest-GroupsV320Test-2029950944-project-admin] POST http://10.0.0.210/volume/v3/0131c70eb52d4d46b0ab4a5bc73f2267/groups/24db436d-dbf0-4d1e-a01f-a07ac4e51057/action
Jul 24 06:40:06 user devstack@c-api.service[71355]: DEBUG cinder.api.openstack.wsgi [None req-c20e3ddb-b3a4-4e25-9f5e-d7fe9bea3e1a tempest-GroupsV320Test-2029950944 tempest-GroupsV320Test-2029950944-project-admin] Action body: b'{"reset_status": {"status": "error"}}' {{(pid=71355) get_method /opt/stack/cinder/cinder/api/openstack/wsgi.py:983}}
Jul 24 06:40:06 user devstack@c-api.service[71355]: DEBUG cinder.api.openstack.wsgi [None req-c20e3ddb-b3a4-4e25-9f5e-d7fe9bea3e1a tempest-GroupsV320Test-2029950944 tempest-GroupsV320Test-2029950944-project-admin] Action: 'action', calling method: version_select, body: {"reset_status": {"status": "error"}} {{(pid=71355) _process_stack /opt/stack/cinder/cinder/api/openstack/wsgi.py:866}}
Jul 24 06:40:06 user devstack@c-api.service[71355]: DEBUG cinder.api.v3.groups [None req-c20e3ddb-b3a4-4e25-9f5e-d7fe9bea3e1a tempest-GroupsV320Test-2029950944 tempest-GroupsV320Test-2029950944-project-admin] Updating group '24db436d-dbf0-4d1e-a01f-a07ac4e51057' with 'error' {{(pid=71355) _reset_status /opt/stack/cinder/cinder/api/v3/groups.py:82}}
Jul 24 06:40:06 user devstack@c-api.service[71356]: DEBUG oslo_db.sqlalchemy.engines [None req-a9f92bce-344d-4aeb-9c38-a8964f086fad tempest-GroupSnapshotsV319Test-1886728847 tempest-GroupSnapshotsV319Test-1886728847-project-member] MySQL server mode set to STRICT_TRANS_TABLES,STRICT_ALL_TABLES,NO_ZERO_IN_DATE,NO_ZERO_DATE,ERROR_FOR_DIVISION_BY_ZERO,TRADITIONAL,NO_ENGINE_SUBSTITUTION {{(pid=71356) _check_effective_sql_mode /usr/local/lib/python3.10/dist-packages/oslo_db/sqlalchemy/engines.py:335}}
Jul 24 06:40:06 user devstack@c-api.service[71355]: /usr/local/lib/python3.10/dist-packages/oslo_context/context.py:100: DeprecationWarning: Policy enforcement is depending on the value of is_admin. This key is deprecated. Please update your policy file to use the standard policy values.
Jul 24 06:40:06 user devstack@c-api.service[71355]: warnings.warn('Policy enforcement is depending on the value of '
