Aug 09 19:07:56 user devstack@keystone.service[44131]: DEBUG keystone.server.flask.request_processing.req_logging [None req-f0a0baf2-bb0c-4450-8e64-24f5b14a2de7 None admin] REQUEST_METHOD: `PUT` {{(pid=44131) log_request_info /opt/stack/keystone/keystone/server/flask/request_processing/req_logging.py:27}}
Aug 09 19:07:56 user devstack@keystone.service[44131]: DEBUG keystone.server.flask.request_processing.req_logging [None req-f0a0baf2-bb0c-4450-8e64-24f5b14a2de7 None admin] SCRIPT_NAME: `/identity` {{(pid=44131) log_request_info /opt/stack/keystone/keystone/server/flask/request_processing/req_logging.py:28}}
Aug 09 19:07:56 user devstack@keystone.service[44131]: DEBUG keystone.server.flask.request_processing.req_logging [None req-f0a0baf2-bb0c-4450-8e64-24f5b14a2de7 None admin] PATH_INFO: `/v3/system/users/4458c43b50454029a975bab07d2e30a5/roles/241e50e7070844a3abfa084bb0592029` {{(pid=44131) log_request_info /opt/stack/keystone/keystone/server/flask/request_processing/req_logging.py:29}}
Aug 09 19:07:56 user devstack@keystone.service[44131]: DEBUG keystone.common.rbac_enforcer.enforcer [None req-f0a0baf2-bb0c-4450-8e64-24f5b14a2de7 None admin] RBAC: Authorizing `identity:create_system_grant_for_user(user_id=4458c43b50454029a975bab07d2e30a5, role_id=241e50e7070844a3abfa084bb0592029)` {{(pid=44131) enforce_call /opt/stack/keystone/keystone/common/rbac_enforcer/enforcer.py:449}}
Aug 09 19:07:56 user devstack@keystone.service[44131]: DEBUG keystone.common.rbac_enforcer.enforcer [None req-f0a0baf2-bb0c-4450-8e64-24f5b14a2de7 None admin] RBAC: Authorization granted {{(pid=44131) enforce_call /opt/stack/keystone/keystone/common/rbac_enforcer/enforcer.py:457}}
Aug 09 19:07:56 user devstack@keystone.service[44131]: [pid: 44131|app: 0|req: 85/255] 10.0.0.210 () {58 vars in 1329 bytes} [Wed Aug 9 19:07:56 2023] PUT /identity/v3/system/users/4458c43b50454029a975bab07d2e30a5/roles/241e50e7070844a3abfa084bb0592029 => generated 0 bytes in 133 msecs (HTTP/1.1 204) 3 headers in 132 bytes (0 switches on core 0)
Aug 09 19:07:56 user devstack@keystone.service[44133]: DEBUG keystone.server.flask.request_processing.middleware.auth_context [None req-cc453381-ae7d-4550-b923-024284964a59 None admin] RBAC: auth_context: {'token': , 'domain_id': None, 'trust_id': None, 'trustor_id': None, 'trustee_id': None, 'domain_name': None, 'group_ids': [], 'user_id': 'f15c69eed51545ac906b0b5d748fb6a8', 'user_domain_id': 'default', 'system_scope': 'all', 'project_id': None, 'project_domain_id': None, 'roles': ['admin', 'member', 'reader'], 'is_admin_project': True, 'service_user_id': None, 'service_user_domain_id': None, 'service_project_id': None, 'service_project_domain_id': None, 'service_roles': []} {{(pid=44133) fill_context /opt/stack/keystone/keystone/server/flask/request_processing/middleware/auth_context.py:480}}
Aug 09 19:07:56 user devstack@keystone.service[44133]: DEBUG keystone.server.flask.request_processing.req_logging [None req-cc453381-ae7d-4550-b923-024284964a59 None admin] REQUEST_METHOD: `GET` {{(pid=44133) log_request_info /opt/stack/keystone/keystone/server/flask/request_processing/req_logging.py:27}}
Aug 09 19:07:56 user devstack@keystone.service[44133]: DEBUG keystone.server.flask.request_processing.req_logging [None req-cc453381-ae7d-4550-b923-024284964a59 None admin] SCRIPT_NAME: `/identity` {{(pid=44133) log_request_info /opt/stack/keystone/keystone/server/flask/request_processing/req_logging.py:28}}
Aug 09 19:07:56 user devstack@keystone.service[44133]: DEBUG keystone.server.flask.request_processing.req_logging [None req-cc453381-ae7d-4550-b923-024284964a59 None admin] PATH_INFO: `/v3/users/e410b803c2d64a89bf55ecfb50d265ba` {{(pid=44133) log_request_info /opt/stack/keystone/keystone/server/flask/request_processing/req_logging.py:29}}
Aug 09 19:07:56 user devstack@keystone.service[44133]: DEBUG keystone.common.rbac_enforcer.enforcer [None req-cc453381-ae7d-4550-b923-024284964a59 None admin] RBAC: Authorizing `identity:get_user(user_id=e410b803c2d64a89bf55ecfb50d265ba)` {{(pid=44133) enforce_call /opt/stack/keystone/keystone/common/rbac_enforcer/enforcer.py:449}}
Aug 09 19:07:56 user devstack@keystone.service[44133]: DEBUG keystone.common.rbac_enforcer.enforcer [None req-cc453381-ae7d-4550-b923-024284964a59 None admin] RBAC: Authorization granted {{(pid=44133) enforce_call /opt/stack/keystone/keystone/common/rbac_enforcer/enforcer.py:457}}
Aug 09 19:07:56 user devstack@keystone.service[44133]: [pid: 44133|app: 0|req: 87/256] 10.0.0.210 () {56 vars in 1172 bytes} [Wed Aug 9 19:07:56 2023] GET /identity/v3/users/e410b803c2d64a89bf55ecfb50d265ba => generated 292 bytes in 123 msecs (HTTP/1.1 200) 5 headers in 177 bytes (1 switches on core 0)
Aug 09 19:07:56 user devstack@keystone.service[44132]: DEBUG keystone.server.flask.request_processing.middleware.auth_context [None req-3c7a4278-4912-4c66-ad39-7150f5ebf505 None admin] Authenticating user token {{(pid=44132) process_request /usr/local/lib/python3.10/dist-packages/keystonemiddleware/auth_token/__init__.py:406}}
Aug 09 19:07:56 user devstack@keystone.service[44132]: DEBUG keystone.server.flask.request_processing.middleware.auth_context [None req-3c7a4278-4912-4c66-ad39-7150f5ebf505 None admin] Validating token access rules against request {{(pid=44132) validate_allowed_request /usr/local/lib/python3.10/dist-packages/keystonemiddleware/auth_token/__init__.py:544}}
Aug 09 19:07:56 user devstack@keystone.service[44132]: DEBUG keystone.server.flask.request_processing.middleware.auth_context [None req-c0f32e78-7a64-468a-9bf2-0c9aa12bb379 None admin] RBAC: auth_context: {'token': , 'domain_id': None, 'trust_id': None, 'trustor_id': None, 'trustee_id': None, 'domain_name': None, 'group_ids': [], 'user_id': 'f15c69eed51545ac906b0b5d748fb6a8', 'user_domain_id': 'default', 'system_scope': 'all', 'project_id': None, 'project_domain_id': None, 'roles': ['admin', 'member', 'reader'], 'is_admin_project': True, 'service_user_id': None, 'service_user_domain_id': None, 'service_project_id': None, 'service_project_domain_id': None, 'service_roles': []} {{(pid=44132) fill_context /opt/stack/keystone/keystone/server/flask/request_processing/middleware/auth_context.py:480}}
Aug 09 19:07:56 user devstack@keystone.service[44132]: DEBUG keystone.server.flask.request_processing.req_logging [None req-c0f32e78-7a64-468a-9bf2-0c9aa12bb379 None admin] REQUEST_METHOD: `GET` {{(pid=44132) log_request_info /opt/stack/keystone/keystone/server/flask/request_processing/req_logging.py:27}}
Aug 09 19:07:56 user devstack@keystone.service[44132]: DEBUG keystone.server.flask.request_processing.req_logging [None req-c0f32e78-7a64-468a-9bf2-0c9aa12bb379 None admin] SCRIPT_NAME: `/identity` {{(pid=44132) log_request_info /opt/stack/keystone/keystone/server/flask/request_processing/req_logging.py:28}}
Aug 09 19:07:56 user devstack@keystone.service[44132]: DEBUG keystone.server.flask.request_processing.req_logging [None req-c0f32e78-7a64-468a-9bf2-0c9aa12bb379 None admin] PATH_INFO: `/v3/role_assignments` {{(pid=44132) log_request_info /opt/stack/keystone/keystone/server/flask/request_processing/req_logging.py:29}}
Aug 09 19:07:56 user devstack@keystone.service[44132]: DEBUG keystone.common.rbac_enforcer.enforcer [None req-c0f32e78-7a64-468a-9bf2-0c9aa12bb379 None admin] RBAC: Adding query filter params (role.id=62e6381aa0344cc6af775327a7ca27d7, user.id=e410b803c2d64a89bf55ecfb50d265ba, scope.system=all) {{(pid=44132) _extract_filter_values /opt/stack/keystone/keystone/common/rbac_enforcer/enforcer.py:167}}
Aug 09 19:07:56 user devstack@keystone.service[44132]: DEBUG keystone.common.rbac_enforcer.enforcer [None req-c0f32e78-7a64-468a-9bf2-0c9aa12bb379 None admin] RBAC: Authorizing `identity:list_role_assignments()` {{(pid=44132) enforce_call /opt/stack/keystone/keystone/common/rbac_enforcer/enforcer.py:449}}
Aug 09 19:07:56 user devstack@keystone.service[44132]: DEBUG keystone.common.rbac_enforcer.enforcer [None req-c0f32e78-7a64-468a-9bf2-0c9aa12bb379 None admin] RBAC: Authorization granted {{(pid=44132) enforce_call /opt/stack/keystone/keystone/common/rbac_enforcer/enforcer.py:457}}
Aug 09 19:07:56 user devstack@keystone.service[44132]: [pid: 44132|app: 0|req: 85/257] 10.0.0.210 () {56 vars in 1303 bytes} [Wed Aug 9 19:07:56 2023] GET /identity/v3/role_assignments?user.id=e410b803c2d64a89bf55ecfb50d265ba&scope.system=all&role.id=62e6381aa0344cc6af775327a7ca27d7 => generated 508 bytes in 132 msecs (HTTP/1.1 200) 5 headers in 177 bytes (1 switches on core 0)
Aug 09 19:07:58 user devstack@keystone.service[44131]: DEBUG keystone.server.flask.request_processing.req_logging [None req-1edb3e92-6242-4e3f-8993-4a8181e56cda None None] REQUEST_METHOD: `GET` {{(pid=44131) log_request_info /opt/stack/keystone/keystone/server/flask/request_processing/req_logging.py:27}}
Aug 09 19:07:58 user devstack@keystone.service[44131]: DEBUG keystone.server.flask.request_processing.req_logging [None req-1edb3e92-6242-4e3f-8993-4a8181e56cda None None] SCRIPT_NAME: `/identity` {{(pid=44131) log_request_info /opt/stack/keystone/keystone/server/flask/request_processing/req_logging.py:28}}
Aug 09 19:07:58 user devstack@keystone.service[44131]: DEBUG keystone.server.flask.request_processing.req_logging [None req-1edb3e92-6242-4e3f-8993-4a8181e56cda None None] PATH_INFO: `/` {{(pid=44131) log_request_info /opt/stack/keystone/keystone/server/flask/request_processing/req_logging.py:29}}
Aug 09 19:07:58 user devstack@keystone.service[44131]: [pid: 44131|app: 0|req: 86/258] 10.0.0.210 () {54 vars in 921 bytes} [Wed Aug 9 19:07:58 2023] GET /identity => generated 269 bytes in 3 msecs (HTTP/1.1 300) 6 headers in 233 bytes (1 switches on core 0)
Aug 09 19:07:58 user devstack@keystone.service[44133]: DEBUG keystone.server.flask.request_processing.req_logging [None req-a8578709-1f17-4c21-9588-ce3ff634682c None None] REQUEST_METHOD: `POST` {{(pid=44133) log_request_info /opt/stack/keystone/keystone/server/flask/request_processing/req_logging.py:27}}
Aug 09 19:07:58 user devstack@keystone.service[44133]: DEBUG keystone.server.flask.request_processing.req_logging [None req-a8578709-1f17-4c21-9588-ce3ff634682c None None] SCRIPT_NAME: `/identity` {{(pid=44133) log_request_info /opt/stack/keystone/keystone/server/flask/request_processing/req_logging.py:28}}
Aug 09 19:07:58 user devstack@keystone.service[44133]: DEBUG keystone.server.flask.request_processing.req_logging [None req-a8578709-1f17-4c21-9588-ce3ff634682c None None] PATH_INFO: `/v3/auth/tokens` {{(pid=44133) log_request_info /opt/stack/keystone/keystone/server/flask/request_processing/req_logging.py:29}}
Aug 09 19:07:58 user devstack@keystone.service[44133]: WARNING keystone.common.password_hashing [None req-a8578709-1f17-4c21-9588-ce3ff634682c None None] Truncating password to algorithm specific maximum length 54 characters.
Aug 09 19:07:58 user devstack@keystone.service[44133]: DEBUG keystone.auth.core [None req-a8578709-1f17-4c21-9588-ce3ff634682c None None] MFA Rules not processed for user `f15c69eed51545ac906b0b5d748fb6a8`. Rule list: `[]` (Enabled: `True`). {{(pid=44133) check_auth_methods_against_rules /opt/stack/keystone/keystone/auth/core.py:438}}
Aug 09 19:07:58 user devstack@keystone.service[44133]: DEBUG keystone.common.fernet_utils [None req-a8578709-1f17-4c21-9588-ce3ff634682c None None] Loaded 2 Fernet keys from /etc/keystone/fernet-keys/, but `[fernet_tokens] max_active_keys = 3`; perhaps there have not been enough key rotations to reach `max_active_keys` yet? {{(pid=44133) load_keys /opt/stack/keystone/keystone/common/fernet_utils.py:286}}
Aug 09 19:07:58 user devstack@keystone.service[44133]: [pid: 44133|app: 0|req: 88/259] 10.0.0.210 () {58 vars in 1018 bytes} [Wed Aug 9 19:07:58 2023] POST /identity/v3/auth/tokens => generated 913 bytes in 81 msecs (HTTP/1.1 201) 6 headers in 384 bytes (1 switches on core 0)
Aug 09 19:07:58 user devstack@keystone.service[44132]: DEBUG keystone.server.flask.request_processing.req_logging [None req-e3000557-099a-4d54-8188-b68a996a6435 None None] REQUEST_METHOD: `GET` {{(pid=44132) log_request_info /opt/stack/keystone/keystone/server/flask/request_processing/req_logging.py:27}}
Aug 09 19:07:58 user devstack@keystone.service[44132]: DEBUG keystone.server.flask.request_processing.req_logging [None req-e3000557-099a-4d54-8188-b68a996a6435 None None] SCRIPT_NAME: `/identity` {{(pid=44132) log_request_info /opt/stack/keystone/keystone/server/flask/request_processing/req_logging.py:28}}
Aug 09 19:07:58 user devstack@keystone.service[44132]: DEBUG keystone.server.flask.request_processing.req_logging [None req-e3000557-099a-4d54-8188-b68a996a6435 None None] PATH_INFO: `/` {{(pid=44132) log_request_info /opt/stack/keystone/keystone/server/flask/request_processing/req_logging.py:29}}
Aug 09 19:07:58 user devstack@keystone.service[44132]: [pid: 44132|app: 0|req: 86/260] 10.0.0.210 () {54 vars in 921 bytes} [Wed Aug 9 19:07:58 2023] GET /identity => generated 269 bytes in 3 msecs (HTTP/1.1 300) 6 headers in 233 bytes (1 switches on core 0)
Aug 09 19:07:58 user devstack@keystone.service[44131]: DEBUG keystone.server.flask.request_processing.req_logging [None req-ace0cdfb-58a2-4569-a9d3-9a55fe6f9f46 None None] REQUEST_METHOD: `POST` {{(pid=44131) log_request_info /opt/stack/keystone/keystone/server/flask/request_processing/req_logging.py:27}}
Aug 09 19:07:58 user devstack@keystone.service[44131]: DEBUG keystone.server.flask.request_processing.req_logging [None req-ace0cdfb-58a2-4569-a9d3-9a55fe6f9f46 None None] SCRIPT_NAME: `/identity` {{(pid=44131) log_request_info /opt/stack/keystone/keystone/server/flask/request_processing/req_logging.py:28}}
Aug 09 19:07:58 user devstack@keystone.service[44131]: DEBUG keystone.server.flask.request_processing.req_logging [None req-ace0cdfb-58a2-4569-a9d3-9a55fe6f9f46 None None] PATH_INFO: `/v3/auth/tokens` {{(pid=44131) log_request_info /opt/stack/keystone/keystone/server/flask/request_processing/req_logging.py:29}}
Aug 09 19:07:58 user devstack@keystone.service[44133]: DEBUG keystone.server.flask.request_processing.req_logging [None req-f4fa33e9-dc4f-439c-a323-cd71f1be5375 None None] REQUEST_METHOD: `GET` {{(pid=44133) log_request_info /opt/stack/keystone/keystone/server/flask/request_processing/req_logging.py:27}}
Aug 09 19:07:58 user devstack@keystone.service[44133]: DEBUG keystone.server.flask.request_processing.req_logging [None req-f4fa33e9-dc4f-439c-a323-cd71f1be5375 None None] SCRIPT_NAME: `/identity` {{(pid=44133) log_request_info /opt/stack/keystone/keystone/server/flask/request_processing/req_logging.py:28}}
Aug 09 19:07:58 user devstack@keystone.service[44133]: DEBUG keystone.server.flask.request_processing.req_logging [None req-f4fa33e9-dc4f-439c-a323-cd71f1be5375 None None] PATH_INFO: `/` {{(pid=44133) log_request_info /opt/stack/keystone/keystone/server/flask/request_processing/req_logging.py:29}}
Aug 09 19:07:58 user devstack@keystone.service[44133]: [pid: 44133|app: 0|req: 89/261] 10.0.0.210 () {54 vars in 921 bytes} [Wed Aug 9 19:07:58 2023] GET /identity => generated 269 bytes in 7 msecs (HTTP/1.1 300) 6 headers in 233 bytes (1 switches on core 0)
Aug 09 19:07:58 user devstack@keystone.service[44131]: WARNING keystone.common.password_hashing [None req-ace0cdfb-58a2-4569-a9d3-9a55fe6f9f46 None None] Truncating password to algorithm specific maximum length 54 characters.
Aug 09 19:07:58 user devstack@keystone.service[44132]: DEBUG keystone.server.flask.request_processing.req_logging [None req-ffc331e5-a56b-4009-bfb1-dd48e1d23654 None None] REQUEST_METHOD: `POST` {{(pid=44132) log_request_info /opt/stack/keystone/keystone/server/flask/request_processing/req_logging.py:27}}
Aug 09 19:07:58 user devstack@keystone.service[44132]: DEBUG keystone.server.flask.request_processing.req_logging [None req-ffc331e5-a56b-4009-bfb1-dd48e1d23654 None None] SCRIPT_NAME: `/identity` {{(pid=44132) log_request_info /opt/stack/keystone/keystone/server/flask/request_processing/req_logging.py:28}}
Aug 09 19:07:58 user devstack@keystone.service[44132]: DEBUG keystone.server.flask.request_processing.req_logging [None req-ffc331e5-a56b-4009-bfb1-dd48e1d23654 None None] PATH_INFO: `/v3/auth/tokens` {{(pid=44132) log_request_info /opt/stack/keystone/keystone/server/flask/request_processing/req_logging.py:29}}
Aug 09 19:07:58 user devstack@keystone.service[44131]: DEBUG keystone.auth.core [None req-ace0cdfb-58a2-4569-a9d3-9a55fe6f9f46 None None] MFA Rules not processed for user `f15c69eed51545ac906b0b5d748fb6a8`. Rule list: `[]` (Enabled: `True`). {{(pid=44131) check_auth_methods_against_rules /opt/stack/keystone/keystone/auth/core.py:438}}
Aug 09 19:07:58 user devstack@keystone.service[44131]: DEBUG keystone.common.fernet_utils [None req-ace0cdfb-58a2-4569-a9d3-9a55fe6f9f46 None None] Loaded 2 Fernet keys from /etc/keystone/fernet-keys/, but `[fernet_tokens] max_active_keys = 3`; perhaps there have not been enough key rotations to reach `max_active_keys` yet? {{(pid=44131) load_keys /opt/stack/keystone/keystone/common/fernet_utils.py:286}}
Aug 09 19:07:58 user devstack@keystone.service[44132]: WARNING keystone.common.password_hashing [None req-ffc331e5-a56b-4009-bfb1-dd48e1d23654 None None] Truncating password to algorithm specific maximum length 54 characters.
Aug 09 19:07:58 user devstack@keystone.service[44132]: DEBUG keystone.auth.core [None req-ffc331e5-a56b-4009-bfb1-dd48e1d23654 None None] MFA Rules not processed for user `f15c69eed51545ac906b0b5d748fb6a8`. Rule list: `[]` (Enabled: `True`). {{(pid=44132) check_auth_methods_against_rules /opt/stack/keystone/keystone/auth/core.py:438}}
Aug 09 19:07:58 user devstack@keystone.service[44132]: DEBUG keystone.common.fernet_utils [None req-ffc331e5-a56b-4009-bfb1-dd48e1d23654 None None] Loaded 2 Fernet keys from /etc/keystone/fernet-keys/, but `[fernet_tokens] max_active_keys = 3`; perhaps there have not been enough key rotations to reach `max_active_keys` yet? {{(pid=44132) load_keys /opt/stack/keystone/keystone/common/fernet_utils.py:286}}
Aug 09 19:07:58 user devstack@keystone.service[44133]: DEBUG keystone.server.flask.request_processing.middleware.auth_context [None req-f4fa33e9-dc4f-439c-a323-cd71f1be5375 None None] Authenticating user token {{(pid=44133) process_request /usr/local/lib/python3.10/dist-packages/keystonemiddleware/auth_token/__init__.py:406}}
Aug 09 19:07:58 user devstack@keystone.service[44132]: [pid: 44132|app: 0|req: 87/262] 10.0.0.210 () {58 vars in 1018 bytes} [Wed Aug 9 19:07:58 2023] POST /identity/v3/auth/tokens => generated 913 bytes in 36 msecs (HTTP/1.1 201) 6 headers in 384 bytes (1 switches on core 0)
Aug 09 19:07:58 user devstack@keystone.service[44133]: DEBUG keystone.server.flask.request_processing.middleware.auth_context [None req-f4fa33e9-dc4f-439c-a323-cd71f1be5375 None None] Validating token access rules against request {{(pid=44133) validate_allowed_request /usr/local/lib/python3.10/dist-packages/keystonemiddleware/auth_token/__init__.py:544}}
Aug 09 19:07:58 user devstack@keystone.service[44133]: DEBUG keystone.server.flask.request_processing.middleware.auth_context [None req-9221158e-e9cd-4ae9-b002-40fafa397e87 admin admin] RBAC: auth_context: {'token': , 'domain_id': None, 'trust_id': None, 'trustor_id': None, 'trustee_id': None, 'domain_name': None, 'group_ids': [], 'user_id': 'f15c69eed51545ac906b0b5d748fb6a8', 'user_domain_id': 'default', 'system_scope': None, 'project_id': '51e1de9317074b15852123bcf9d95af0', 'project_domain_id': 'default', 'roles': ['admin', 'member', 'reader'], 'is_admin_project': True, 'service_user_id': None, 'service_user_domain_id': None, 'service_project_id': None, 'service_project_domain_id': None, 'service_roles': []} {{(pid=44133) fill_context /opt/stack/keystone/keystone/server/flask/request_processing/middleware/auth_context.py:480}}
Aug 09 19:07:58 user devstack@keystone.service[44133]: DEBUG keystone.server.flask.request_processing.req_logging [None req-9221158e-e9cd-4ae9-b002-40fafa397e87 admin admin] REQUEST_METHOD: `GET` {{(pid=44133) log_request_info /opt/stack/keystone/keystone/server/flask/request_processing/req_logging.py:27}}
Aug 09 19:07:58 user devstack@keystone.service[44133]: DEBUG keystone.server.flask.request_processing.req_logging [None req-9221158e-e9cd-4ae9-b002-40fafa397e87 admin admin] SCRIPT_NAME: `/identity` {{(pid=44133) log_request_info /opt/stack/keystone/keystone/server/flask/request_processing/req_logging.py:28}}
Aug 09 19:07:58 user devstack@keystone.service[44133]: DEBUG keystone.server.flask.request_processing.req_logging [None req-9221158e-e9cd-4ae9-b002-40fafa397e87 admin admin] PATH_INFO: `/v3/roles/member` {{(pid=44133) log_request_info /opt/stack/keystone/keystone/server/flask/request_processing/req_logging.py:29}}
Aug 09 19:07:58 user devstack@keystone.service[44131]: [pid: 44131|app: 0|req: 87/263] 10.0.0.210 () {58 vars in 1018 bytes} [Wed Aug 9 19:07:58 2023] POST /identity/v3/auth/tokens => generated 798 bytes in 86 msecs (HTTP/1.1 201) 6 headers in 363 bytes (2 switches on core 0)
Aug 09 19:07:58 user devstack@keystone.service[44133]: DEBUG keystone.common.rbac_enforcer.enforcer [None req-9221158e-e9cd-4ae9-b002-40fafa397e87 admin admin] Extracting inferred target data resulted in "NOT FOUND (404)". {{(pid=44133) enforce_call /opt/stack/keystone/keystone/common/rbac_enforcer/enforcer.py:409}}
Aug 09 19:07:58 user devstack@keystone.service[44133]: ERROR keystone.server.flask.application [None req-9221158e-e9cd-4ae9-b002-40fafa397e87 admin admin] Could not find role: member.: keystone.exception.RoleNotFound: Could not find role: member.
Aug 09 19:07:58 user devstack@keystone.service[44133]: ERROR keystone.server.flask.application
Traceback (most recent call last):
Aug 09 19:07:58 user devstack@keystone.service[44133]: ERROR keystone.server.flask.application
File "/usr/local/lib/python3.10/dist-packages/flask/app.py", line 1823, in full_dispatch_request
Aug 09 19:07:58 user devstack@keystone.service[44133]: ERROR keystone.server.flask.application rv = self.dispatch_request()
Aug 09 19:07:58 user devstack@keystone.service[44133]: ERROR keystone.server.flask.application
File "/usr/local/lib/python3.10/dist-packages/flask/app.py", line 1799, in dispatch_request
Aug 09 19:07:58 user devstack@keystone.service[44133]: ERROR keystone.server.flask.application return self.ensure_sync(self.view_functions[rule.endpoint])(**view_args)
Aug 09 19:07:58 user devstack@keystone.service[44133]: ERROR keystone.server.flask.application
File "/usr/local/lib/python3.10/dist-packages/flask_restful/__init__.py", line 467, in wrapper
Aug 09 19:07:58 user devstack@keystone.service[44133]: ERROR keystone.server.flask.application resp = resource(*args, **kwargs)
Aug 09 19:07:58 user devstack@keystone.service[44133]: ERROR keystone.server.flask.application
File "/usr/local/lib/python3.10/dist-packages/flask/views.py", line 107, in view
Aug 09 19:07:58 user devstack@keystone.service[44133]: ERROR keystone.server.flask.application return current_app.ensure_sync(self.dispatch_request)(**kwargs)
Aug 09 19:07:58 user devstack@keystone.service[44133]: ERROR keystone.server.flask.application
File "/usr/local/lib/python3.10/dist-packages/flask_restful/__init__.py", line 582, in dispatch_request
Aug 09 19:07:58 user devstack@keystone.service[44133]: ERROR keystone.server.flask.application resp = meth(*args, **kwargs)
Aug 09 19:07:58 user devstack@keystone.service[44133]: ERROR keystone.server.flask.application
File "/opt/stack/keystone/keystone/api/roles.py", line 50, in get
Aug 09 19:07:58 user devstack@keystone.service[44133]: ERROR keystone.server.flask.application return self._get_role(role_id)
Aug 09 19:07:58 user devstack@keystone.service[44133]: ERROR keystone.server.flask.application
File "/opt/stack/keystone/keystone/api/roles.py", line 70, in _get_role
Aug 09 19:07:58 user devstack@keystone.service[44133]: ERROR keystone.server.flask.application ENFORCER.enforce_call(action='identity:get_role')
Aug 09 19:07:58 user devstack@keystone.service[44133]: ERROR keystone.server.flask.application
File "/opt/stack/keystone/keystone/common/rbac_enforcer/enforcer.py", line 402, in enforce_call
Aug 09 19:07:58 user devstack@keystone.service[44133]: ERROR keystone.server.flask.application policy_dict.update(cls._extract_member_target_data(
Aug 09 19:07:58 user devstack@keystone.service[44133]: ERROR keystone.server.flask.application
File "/opt/stack/keystone/keystone/common/rbac_enforcer/enforcer.py", line 234, in _extract_member_target_data
Aug 09 19:07:58 user devstack@keystone.service[44133]: ERROR keystone.server.flask.application member_name: func(flask.request.view_args[key])
Aug 09 19:07:58 user devstack@keystone.service[44133]: ERROR keystone.server.flask.application
File "/opt/stack/keystone/keystone/common/manager.py", line 115, in wrapped
Aug 09 19:07:58 user devstack@keystone.service[44133]: ERROR keystone.server.flask.application __ret_val = __f(*args, **kwargs)
Aug 09 19:07:58 user devstack@keystone.service[44133]: ERROR keystone.server.flask.application
File "/usr/local/lib/python3.10/dist-packages/decorator.py", line 232, in fun
Aug 09 19:07:58 user devstack@keystone.service[44133]: ERROR keystone.server.flask.application return caller(func, *(extras + args), **kw)
Aug 09 19:07:58 user devstack@keystone.service[44133]: ERROR keystone.server.flask.application
File "/usr/local/lib/python3.10/dist-packages/dogpile/cache/region.py", line 1577, in get_or_create_for_user_func
Aug 09 19:07:58 user devstack@keystone.service[44133]: ERROR keystone.server.flask.application return self.get_or_create(
Aug 09 19:07:58 user devstack@keystone.service[44133]: ERROR keystone.server.flask.application
File "/usr/local/lib/python3.10/dist-packages/dogpile/cache/region.py", line 1042, in get_or_create
Aug 09 19:07:58 user devstack@keystone.service[44133]: ERROR keystone.server.flask.application with Lock(
Aug 09 19:07:58 user devstack@keystone.service[44133]: ERROR keystone.server.flask.application
File "/usr/local/lib/python3.10/dist-packages/dogpile/lock.py", line 185, in __enter__
Aug 09 19:07:58 user devstack@keystone.service[44133]: ERROR keystone.server.flask.application return self._enter()
Aug 09 19:07:58 user devstack@keystone.service[44133]: ERROR keystone.server.flask.application
File "/usr/local/lib/python3.10/dist-packages/dogpile/lock.py", line 94, in _enter
Aug 09 19:07:58 user devstack@keystone.service[44133]: ERROR keystone.server.flask.application generated = self._enter_create(value, createdtime)
Aug 09 19:07:58 user devstack@keystone.service[44133]: ERROR keystone.server.flask.application
File "/usr/local/lib/python3.10/dist-packages/dogpile/lock.py", line 178, in _enter_create
Aug 09 19:07:58 user devstack@keystone.service[44133]: ERROR keystone.server.flask.application return self.creator()
Aug 09 19:07:58 user devstack@keystone.service[44133]: ERROR keystone.server.flask.application
File "/usr/local/lib/python3.10/dist-packages/dogpile/cache/region.py", line 995, in gen_value
Aug 09 19:07:58 user devstack@keystone.service[44133]: ERROR keystone.server.flask.application created_value = creator(
Aug 09 19:07:58 user devstack@keystone.service[44133]: ERROR keystone.server.flask.application
File "/opt/stack/keystone/keystone/assignment/core.py", line 1276, in get_role
Aug 09 19:07:58 user devstack@keystone.service[44133]: ERROR keystone.server.flask.application return self.driver.get_role(role_id)
Aug 09 19:07:58 user devstack@keystone.service[44133]: ERROR keystone.server.flask.application
File "/opt/stack/keystone/keystone/assignment/role_backends/sql.py", line 70, in get_role
Aug 09 19:07:58 user devstack@keystone.service[44133]: ERROR keystone.server.flask.application return self._get_role(session, role_id).to_dict()
Aug 09 19:07:58 user devstack@keystone.service[44133]: ERROR keystone.server.flask.application
File "/opt/stack/keystone/keystone/assignment/role_backends/sql.py", line 65, in _get_role
Aug 09 19:07:58 user devstack@keystone.service[44133]: ERROR keystone.server.flask.application raise exception.RoleNotFound(role_id=role_id)
Aug 09 19:07:58 user devstack@keystone.service[44133]: ERROR keystone.server.flask.application keystone.exception.RoleNotFound: Could not find role: member.
Aug 09 19:07:58 user devstack@keystone.service[44133]: ERROR keystone.server.flask.application
Aug 09 19:07:58 user devstack@keystone.service[44133]: [pid: 44133|app: 0|req: 90/264] 10.0.0.210 () {56 vars in 1115 bytes} [Wed Aug 9 19:07:58 2023] GET /identity/v3/roles/member => generated 84 bytes in 43 msecs (HTTP/1.1 404) 5 headers in 183 bytes (1 switches on core 0)
Aug 09 19:07:58 user devstack@keystone.service[44132]: DEBUG keystone.server.flask.request_processing.middleware.auth_context [None req-ffc331e5-a56b-4009-bfb1-dd48e1d23654 None None] Authenticating user token {{(pid=44132) process_request /usr/local/lib/python3.10/dist-packages/keystonemiddleware/auth_token/__init__.py:406}}
Aug 09 19:07:58 user devstack@keystone.service[44132]: DEBUG keystone.server.flask.request_processing.middleware.auth_context [None req-ffc331e5-a56b-4009-bfb1-dd48e1d23654 None None] Validating token access rules against request {{(pid=44132) validate_allowed_request /usr/local/lib/python3.10/dist-packages/keystonemiddleware/auth_token/__init__.py:544}}
Aug 09 19:07:58 user devstack@keystone.service[44132]: DEBUG keystone.server.flask.request_processing.middleware.auth_context [None req-f5ee1801-5f1a-4169-b76a-8caaf37a9cf6 admin admin] RBAC: auth_context: {'token': , 'domain_id': None, 'trust_id': None, 'trustor_id': None, 'trustee_id': None, 'domain_name': None, 'group_ids': [], 'user_id': 'f15c69eed51545ac906b0b5d748fb6a8', 'user_domain_id': 'default', 'system_scope': None, 'project_id': '51e1de9317074b15852123bcf9d95af0', 'project_domain_id': 'default', 'roles': ['admin', 'member', 'reader'], 'is_admin_project': True, 'service_user_id': None, 'service_user_domain_id': None, 'service_project_id': None, 'service_project_domain_id': None, 'service_roles': []} {{(pid=44132) fill_context /opt/stack/keystone/keystone/server/flask/request_processing/middleware/auth_context.py:480}}
Aug 09 19:07:58 user devstack@keystone.service[44132]: DEBUG keystone.server.flask.request_processing.req_logging [None req-f5ee1801-5f1a-4169-b76a-8caaf37a9cf6 admin admin] REQUEST_METHOD: `GET` {{(pid=44132) log_request_info /opt/stack/keystone/keystone/server/flask/request_processing/req_logging.py:27}}
Aug 09 19:07:58 user devstack@keystone.service[44132]: DEBUG keystone.server.flask.request_processing.req_logging [None req-f5ee1801-5f1a-4169-b76a-8caaf37a9cf6 admin admin] SCRIPT_NAME: `/identity` {{(pid=44132) log_request_info /opt/stack/keystone/keystone/server/flask/request_processing/req_logging.py:28}}
Aug 09 19:07:58 user devstack@keystone.service[44132]: DEBUG keystone.server.flask.request_processing.req_logging [None req-f5ee1801-5f1a-4169-b76a-8caaf37a9cf6 admin admin] PATH_INFO: `/v3/roles` {{(pid=44132) log_request_info /opt/stack/keystone/keystone/server/flask/request_processing/req_logging.py:29}}
Aug 09 19:07:58 user devstack@keystone.service[44132]: DEBUG keystone.common.rbac_enforcer.enforcer [None req-f5ee1801-5f1a-4169-b76a-8caaf37a9cf6 admin admin] RBAC: Adding query filter params (name=member) {{(pid=44132) _extract_filter_values /opt/stack/keystone/keystone/common/rbac_enforcer/enforcer.py:167}}
Aug 09 19:07:58 user devstack@keystone.service[44132]: DEBUG keystone.common.rbac_enforcer.enforcer [None req-f5ee1801-5f1a-4169-b76a-8caaf37a9cf6 admin admin] RBAC: Authorizing `identity:list_roles()` {{(pid=44132) enforce_call /opt/stack/keystone/keystone/common/rbac_enforcer/enforcer.py:449}}
Aug 09 19:07:58 user devstack@keystone.service[44132]: WARNING py.warnings [None req-f5ee1801-5f1a-4169-b76a-8caaf37a9cf6 admin admin] /usr/local/lib/python3.10/dist-packages/oslo_policy/policy.py:1130: UserWarning: Policy "identity:list_roles": "role:reader and system_scope:all" failed scope check. The token used to make the request was project scoped but the policy requires ['system'] scope. This behavior may change in the future where using the intended scope is required
Aug 09 19:07:58 user devstack@keystone.service[44132]: warnings.warn(msg)
Aug 09 19:07:58 user devstack@keystone.service[44132]:
Aug 09 19:07:58 user devstack@keystone.service[44132]: DEBUG keystone.common.rbac_enforcer.enforcer [None req-f5ee1801-5f1a-4169-b76a-8caaf37a9cf6 admin admin] RBAC: Authorization granted {{(pid=44132) enforce_call /opt/stack/keystone/keystone/common/rbac_enforcer/enforcer.py:457}}
Aug 09 19:07:58 user devstack@keystone.service[44132]: [pid: 44132|app: 0|req: 88/265] 10.0.0.210 () {56 vars in 1117 bytes} [Wed Aug 9 19:07:58 2023] GET /identity/v3/roles?name=member => generated 339 bytes in 42 msecs (HTTP/1.1 200) 5 headers in 177 bytes (1 switches on core 0)
Aug 09 19:07:58 user devstack@keystone.service[44131]: DEBUG keystone.server.flask.request_processing.middleware.auth_context [None req-ace0cdfb-58a2-4569-a9d3-9a55fe6f9f46 None None] Authenticating user token {{(pid=44131) process_request /usr/local/lib/python3.10/dist-packages/keystonemiddleware/auth_token/__init__.py:406}}
Aug 09 19:07:58 user devstack@keystone.service[44131]: DEBUG keystone.server.flask.request_processing.middleware.auth_context [None req-ace0cdfb-58a2-4569-a9d3-9a55fe6f9f46 None None] Validating token access rules against request {{(pid=44131) validate_allowed_request /usr/local/lib/python3.10/dist-packages/keystonemiddleware/auth_token/__init__.py:544}}
Aug 09 19:07:58 user devstack@keystone.service[44131]: DEBUG keystone.server.flask.request_processing.middleware.auth_context [None req-538015ec-6c25-4c5f-a091-74cd3f85a949 admin admin] RBAC: auth_context: {'token': , 'domain_id': None, 'trust_id': None, 'trustor_id': None, 'trustee_id': None, 'domain_name': None, 'group_ids': [], 'user_id': 'f15c69eed51545ac906b0b5d748fb6a8', 'user_domain_id': 'default', 'system_scope': None, 'project_id': '51e1de9317074b15852123bcf9d95af0', 'project_domain_id': 'default', 'roles': ['admin', 'member', 'reader'], 'is_admin_project': True, 'service_user_id': None, 'service_user_domain_id': None, 'service_project_id': None, 'service_project_domain_id': None, 'service_roles': []} {{(pid=44131) fill_context /opt/stack/keystone/keystone/server/flask/request_processing/middleware/auth_context.py:480}}
Aug 09 19:07:58 user devstack@keystone.service[44131]: DEBUG keystone.server.flask.request_processing.req_logging [None req-538015ec-6c25-4c5f-a091-74cd3f85a949 admin admin] REQUEST_METHOD: `GET` {{(pid=44131) log_request_info /opt/stack/keystone/keystone/server/flask/request_processing/req_logging.py:27}}
Aug 09 19:07:58 user devstack@keystone.service[44131]: DEBUG keystone.server.flask.request_processing.req_logging [None req-538015ec-6c25-4c5f-a091-74cd3f85a949 admin admin] SCRIPT_NAME: `/identity` {{(pid=44131) log_request_info /opt/stack/keystone/keystone/server/flask/request_processing/req_logging.py:28}}
Aug 09 19:07:58 user devstack@keystone.service[44131]: DEBUG keystone.server.flask.request_processing.req_logging [None req-538015ec-6c25-4c5f-a091-74cd3f85a949 admin admin] PATH_INFO: `/v3/groups/db8c127d4dd54ea7aff78346d3a94194` {{(pid=44131) log_request_info /opt/stack/keystone/keystone/server/flask/request_processing/req_logging.py:29}}
Aug 09 19:07:58 user devstack@keystone.service[44133]: DEBUG keystone.server.flask.request_processing.req_logging [None req-9ed780d6-cbe3-4ce8-92b2-1820f4c0b103 None None] REQUEST_METHOD: `GET` {{(pid=44133) log_request_info /opt/stack/keystone/keystone/server/flask/request_processing/req_logging.py:27}}
Aug 09 19:07:58 user devstack@keystone.service[44133]: DEBUG keystone.server.flask.request_processing.req_logging [None req-9ed780d6-cbe3-4ce8-92b2-1820f4c0b103 None None] SCRIPT_NAME: `/identity` {{(pid=44133) log_request_info /opt/stack/keystone/keystone/server/flask/request_processing/req_logging.py:28}}
Aug 09 19:07:58 user devstack@keystone.service[44133]: DEBUG keystone.server.flask.request_processing.req_logging [None req-9ed780d6-cbe3-4ce8-92b2-1820f4c0b103 None None] PATH_INFO: `/` {{(pid=44133) log_request_info /opt/stack/keystone/keystone/server/flask/request_processing/req_logging.py:29}}
Aug 09 19:07:58 user devstack@keystone.service[44133]: [pid: 44133|app: 0|req: 91/266] 10.0.0.210 () {54 vars in 921 bytes} [Wed Aug 9 19:07:58 2023] GET /identity => generated 269 bytes in 3 msecs (HTTP/1.1 300) 6 headers in 233 bytes (1 switches on core 0)
Aug 09 19:07:58 user devstack@keystone.service[44132]: DEBUG keystone.server.flask.request_processing.req_logging [None req-798e8473-864f-49b6-9928-1f1f9883da0f None None] REQUEST_METHOD: `POST` {{(pid=44132) log_request_info /opt/stack/keystone/keystone/server/flask/request_processing/req_logging.py:27}}
Aug 09 19:07:58 user devstack@keystone.service[44132]: DEBUG keystone.server.flask.request_processing.req_logging [None req-798e8473-864f-49b6-9928-1f1f9883da0f None None] SCRIPT_NAME: `/identity` {{(pid=44132) log_request_info /opt/stack/keystone/keystone/server/flask/request_processing/req_logging.py:28}}
Aug 09 19:07:58 user devstack@keystone.service[44132]: DEBUG keystone.server.flask.request_processing.req_logging [None req-798e8473-864f-49b6-9928-1f1f9883da0f None None] PATH_INFO: `/v3/auth/tokens` {{(pid=44132) log_request_info /opt/stack/keystone/keystone/server/flask/request_processing/req_logging.py:29}}
Aug 09 19:07:58 user devstack@keystone.service[44131]: DEBUG keystone.common.rbac_enforcer.enforcer [None req-538015ec-6c25-4c5f-a091-74cd3f85a949 admin admin] RBAC: Authorizing `identity:get_group(group_id=db8c127d4dd54ea7aff78346d3a94194)` {{(pid=44131) enforce_call /opt/stack/keystone/keystone/common/rbac_enforcer/enforcer.py:449}}
Aug 09 19:07:58 user devstack@keystone.service[44131]: WARNING py.warnings [None req-538015ec-6c25-4c5f-a091-74cd3f85a949 admin admin] /usr/local/lib/python3.10/dist-packages/oslo_policy/policy.py:1130: UserWarning: Policy "identity:get_group": "(role:reader and system_scope:all) or (role:reader and domain_id:%(target.group.domain_id)s)" failed scope check. The token used to make the request was project scoped but the policy requires ['system', 'domain'] scope. This behavior may change in the future where using the intended scope is required
Aug 09 19:07:58 user devstack@keystone.service[44131]: warnings.warn(msg)
Aug 09 19:07:58 user devstack@keystone.service[44131]:
Aug 09 19:07:58 user devstack@keystone.service[44131]: DEBUG keystone.common.rbac_enforcer.enforcer [None req-538015ec-6c25-4c5f-a091-74cd3f85a949 admin admin] RBAC: Authorization granted {{(pid=44131) enforce_call /opt/stack/keystone/keystone/common/rbac_enforcer/enforcer.py:457}}
Aug 09 19:07:58 user devstack@keystone.service[44131]: [pid: 44131|app: 0|req: 88/267] 10.0.0.210 () {56 vars in 1196 bytes} [Wed Aug 9 19:07:58 2023] GET /identity/v3/groups/db8c127d4dd54ea7aff78346d3a94194 => generated 225 bytes in 30 msecs (HTTP/1.1 200) 5 headers in 177 bytes (1 switches on core 0)
Aug 09 19:07:58 user devstack@keystone.service[44133]: DEBUG keystone.server.flask.request_processing.middleware.auth_context [None req-9ed780d6-cbe3-4ce8-92b2-1820f4c0b103 None None] Authenticating user token {{(pid=44133) process_request /usr/local/lib/python3.10/dist-packages/keystonemiddleware/auth_token/__init__.py:406}}
Aug 09 19:07:58 user devstack@keystone.service[44132]: WARNING keystone.common.password_hashing [None req-798e8473-864f-49b6-9928-1f1f9883da0f None None] Truncating password to algorithm specific maximum length 54 characters.
Aug 09 19:07:58 user devstack@keystone.service[44133]: DEBUG keystone.server.flask.request_processing.middleware.auth_context [None req-9ed780d6-cbe3-4ce8-92b2-1820f4c0b103 None None] Validating token access rules against request {{(pid=44133) validate_allowed_request /usr/local/lib/python3.10/dist-packages/keystonemiddleware/auth_token/__init__.py:544}}
Aug 09 19:07:58 user devstack@keystone.service[44132]: DEBUG keystone.auth.core [None req-798e8473-864f-49b6-9928-1f1f9883da0f None None] MFA Rules not processed for user `f15c69eed51545ac906b0b5d748fb6a8`. Rule list: `[]` (Enabled: `True`). {{(pid=44132) check_auth_methods_against_rules /opt/stack/keystone/keystone/auth/core.py:438}}
Aug 09 19:07:58 user devstack@keystone.service[44133]: DEBUG keystone.server.flask.request_processing.middleware.auth_context [None req-74c02d93-2e2a-42d4-b73a-f296e11ddc3a admin admin] RBAC: auth_context: {'token': , 'domain_id': None, 'trust_id': None, 'trustor_id': None, 'trustee_id': None, 'domain_name': None, 'group_ids': [], 'user_id': 'f15c69eed51545ac906b0b5d748fb6a8', 'user_domain_id': 'default', 'system_scope': None, 'project_id': '51e1de9317074b15852123bcf9d95af0', 'project_domain_id': 'default', 'roles': ['admin', 'member', 'reader'], 'is_admin_project': True, 'service_user_id': None, 'service_user_domain_id': None, 'service_project_id': None, 'service_project_domain_id': None, 'service_roles': []} {{(pid=44133) fill_context /opt/stack/keystone/keystone/server/flask/request_processing/middleware/auth_context.py:480}}
Aug 09 19:07:58 user devstack@keystone.service[44132]: DEBUG keystone.common.fernet_utils [None req-798e8473-864f-49b6-9928-1f1f9883da0f None None] Loaded 2 Fernet keys from /etc/keystone/fernet-keys/, but `[fernet_tokens] max_active_keys = 3`; perhaps there have not been enough key rotations to reach `max_active_keys` yet? {{(pid=44132) load_keys /opt/stack/keystone/keystone/common/fernet_utils.py:286}}
Aug 09 19:07:58 user devstack@keystone.service[44133]: DEBUG keystone.server.flask.request_processing.req_logging [None req-74c02d93-2e2a-42d4-b73a-f296e11ddc3a admin admin] REQUEST_METHOD: `GET` {{(pid=44133) log_request_info /opt/stack/keystone/keystone/server/flask/request_processing/req_logging.py:27}}
Aug 09 19:07:58 user devstack@keystone.service[44133]: DEBUG keystone.server.flask.request_processing.req_logging [None req-74c02d93-2e2a-42d4-b73a-f296e11ddc3a admin admin] SCRIPT_NAME: `/identity` {{(pid=44133) log_request_info /opt/stack/keystone/keystone/server/flask/request_processing/req_logging.py:28}}
Aug 09 19:07:58 user devstack@keystone.service[44133]: DEBUG keystone.server.flask.request_processing.req_logging [None req-74c02d93-2e2a-42d4-b73a-f296e11ddc3a admin admin] PATH_INFO: `/v3/projects/861c0f73644c42208dc2bc0b6dbff005` {{(pid=44133) log_request_info /opt/stack/keystone/keystone/server/flask/request_processing/req_logging.py:29}}
Aug 09 19:07:58 user devstack@keystone.service[44133]: DEBUG keystone.common.rbac_enforcer.enforcer [None req-74c02d93-2e2a-42d4-b73a-f296e11ddc3a admin admin] RBAC: Authorizing `identity:get_project(project_id=861c0f73644c42208dc2bc0b6dbff005)` {{(pid=44133) enforce_call /opt/stack/keystone/keystone/common/rbac_enforcer/enforcer.py:449}}
Aug 09 19:07:58 user devstack@keystone.service[44133]: DEBUG keystone.common.rbac_enforcer.enforcer [None req-74c02d93-2e2a-42d4-b73a-f296e11ddc3a admin admin] RBAC: Authorization granted {{(pid=44133) enforce_call /opt/stack/keystone/keystone/common/rbac_enforcer/enforcer.py:457}}
Aug 09 19:07:58 user devstack@keystone.service[44133]: [pid: 44133|app: 0|req: 92/268] 10.0.0.210 () {56 vars in 1202 bytes} [Wed Aug 9 19:07:58 2023] GET /identity/v3/projects/861c0f73644c42208dc2bc0b6dbff005 => generated 297 bytes in 23 msecs (HTTP/1.1 200) 5 headers in 177 bytes (1 switches on core 0)
Aug 09 19:07:58 user devstack@keystone.service[44132]: [pid: 44132|app: 0|req: 89/269] 10.0.0.210 () {58 vars in 1018 bytes} [Wed Aug 9 19:07:58 2023] POST /identity/v3/auth/tokens => generated 913 bytes in 36 msecs (HTTP/1.1 201) 6 headers in 384 bytes (1 switches on core 0)
Aug 09 19:07:58 user devstack@keystone.service[44131]: DEBUG keystone.server.flask.request_processing.middleware.auth_context [None req-538015ec-6c25-4c5f-a091-74cd3f85a949 admin admin] Authenticating user token {{(pid=44131) process_request /usr/local/lib/python3.10/dist-packages/keystonemiddleware/auth_token/__init__.py:406}}
Aug 09 19:07:58 user devstack@keystone.service[44131]: DEBUG keystone.server.flask.request_processing.middleware.auth_context [None req-538015ec-6c25-4c5f-a091-74cd3f85a949 admin admin] Validating token access rules against request {{(pid=44131) validate_allowed_request /usr/local/lib/python3.10/dist-packages/keystonemiddleware/auth_token/__init__.py:544}}
Aug 09 19:07:58 user devstack@keystone.service[44131]: DEBUG keystone.server.flask.request_processing.middleware.auth_context [None req-a67e5461-f56e-423a-b282-8bc7f6db0629 admin admin] RBAC: auth_context: {'token': , 'domain_id': None, 'trust_id': None, 'trustor_id': None, 'trustee_id': None, 'domain_name': None, 'group_ids': [], 'user_id': 'f15c69eed51545ac906b0b5d748fb6a8', 'user_domain_id': 'default', 'system_scope': None, 'project_id': '51e1de9317074b15852123bcf9d95af0', 'project_domain_id': 'default', 'roles': ['admin', 'member', 'reader'], 'is_admin_project': True, 'service_user_id': None, 'service_user_domain_id': None, 'service_project_id': None, 'service_project_domain_id': None, 'service_roles': []} {{(pid=44131) fill_context /opt/stack/keystone/keystone/server/flask/request_processing/middleware/auth_context.py:480}}
Aug 09 19:07:58 user devstack@keystone.service[44131]: DEBUG keystone.server.flask.request_processing.req_logging [None req-a67e5461-f56e-423a-b282-8bc7f6db0629 admin admin] REQUEST_METHOD: `PUT` {{(pid=44131) log_request_info /opt/stack/keystone/keystone/server/flask/request_processing/req_logging.py:27}}
Aug 09 19:07:58 user devstack@keystone.service[44131]: DEBUG keystone.server.flask.request_processing.req_logging [None req-a67e5461-f56e-423a-b282-8bc7f6db0629 admin admin] SCRIPT_NAME: `/identity` {{(pid=44131) log_request_info /opt/stack/keystone/keystone/server/flask/request_processing/req_logging.py:28}}
Aug 09 19:07:58 user devstack@keystone.service[44131]: DEBUG keystone.server.flask.request_processing.req_logging [None req-a67e5461-f56e-423a-b282-8bc7f6db0629 admin admin] PATH_INFO: `/v3/projects/861c0f73644c42208dc2bc0b6dbff005/groups/db8c127d4dd54ea7aff78346d3a94194/roles/62e6381aa0344cc6af775327a7ca27d7` {{(pid=44131) log_request_info /opt/stack/keystone/keystone/server/flask/request_processing/req_logging.py:29}}
Aug 09 19:07:58 user devstack@keystone.service[44131]: DEBUG keystone.common.rbac_enforcer.enforcer [None req-a67e5461-f56e-423a-b282-8bc7f6db0629 admin admin] RBAC: Authorizing `identity:create_grant(project_id=861c0f73644c42208dc2bc0b6dbff005, group_id=db8c127d4dd54ea7aff78346d3a94194, role_id=62e6381aa0344cc6af775327a7ca27d7)` {{(pid=44131) enforce_call /opt/stack/keystone/keystone/common/rbac_enforcer/enforcer.py:449}}
Aug 09 19:07:58 user devstack@keystone.service[44131]: WARNING py.warnings [None req-a67e5461-f56e-423a-b282-8bc7f6db0629 admin admin] /usr/local/lib/python3.10/dist-packages/oslo_policy/policy.py:1130: UserWarning: Policy "identity:create_grant": "(role:admin and system_scope:all) or ((role:admin and domain_id:%(target.user.domain_id)s and domain_id:%(target.project.domain_id)s) or (role:admin and domain_id:%(target.user.domain_id)s and domain_id:%(target.domain.id)s) or (role:admin and domain_id:%(target.group.domain_id)s and domain_id:%(target.project.domain_id)s) or (role:admin and domain_id:%(target.group.domain_id)s and domain_id:%(target.domain.id)s)) and (domain_id:%(target.role.domain_id)s or None:%(target.role.domain_id)s)" failed scope check. The token used to make the request was project scoped but the policy requires ['system', 'domain'] scope. This behavior may change in the future where using the intended scope is required
Aug 09 19:07:58 user devstack@keystone.service[44131]: warnings.warn(msg)
Aug 09 19:07:58 user devstack@keystone.service[44131]:
Aug 09 19:07:58 user devstack@keystone.service[44131]: DEBUG keystone.common.rbac_enforcer.enforcer [None req-a67e5461-f56e-423a-b282-8bc7f6db0629 admin admin] RBAC: Authorization granted {{(pid=44131) enforce_call /opt/stack/keystone/keystone/common/rbac_enforcer/enforcer.py:457}}
Aug 09 19:07:58 user devstack@keystone.service[44131]: [pid: 44131|app: 0|req: 89/270] 10.0.0.210 () {58 vars in 1458 bytes} [Wed Aug 9 19:07:58 2023] PUT /identity/v3/projects/861c0f73644c42208dc2bc0b6dbff005/groups/db8c127d4dd54ea7aff78346d3a94194/roles/62e6381aa0344cc6af775327a7ca27d7 => generated 0 bytes in 34 msecs (HTTP/1.1 204) 3 headers in 132 bytes (0 switches on core 0)
Aug 09 19:07:58 user devstack@keystone.service[44133]: DEBUG keystone.server.flask.request_processing.middleware.auth_context [None req-74c02d93-2e2a-42d4-b73a-f296e11ddc3a admin admin] Authenticating user token {{(pid=44133) process_request /usr/local/lib/python3.10/dist-packages/keystonemiddleware/auth_token/__init__.py:406}}
Aug 09 19:07:58 user devstack@keystone.service[44132]: DEBUG keystone.server.flask.request_processing.middleware.auth_context [None req-798e8473-864f-49b6-9928-1f1f9883da0f None None] Authenticating user token {{(pid=44132) process_request /usr/local/lib/python3.10/dist-packages/keystonemiddleware/auth_token/__init__.py:406}}
Aug 09 19:07:58 user devstack@keystone.service[44132]: DEBUG keystone.server.flask.request_processing.middleware.auth_context [None req-798e8473-864f-49b6-9928-1f1f9883da0f None None] Validating token access rules against request {{(pid=44132) validate_allowed_request /usr/local/lib/python3.10/dist-packages/keystonemiddleware/auth_token/__init__.py:544}}
Aug 09 19:07:58 user devstack@keystone.service[44131]: DEBUG keystone.server.flask.request_processing.req_logging [None req-ff97594f-1c7b-420d-9420-b7708f37f0bf None None] REQUEST_METHOD: `GET` {{(pid=44131) log_request_info /opt/stack/keystone/keystone/server/flask/request_processing/req_logging.py:27}}
